[INFO] fetching crate metaslang_bindings 0.18.3...
[INFO] testing metaslang_bindings-0.18.3 against nightly-2024-10-28 for randomize-layout
[INFO] extracting crate metaslang_bindings 0.18.3 into /workspace/builds/worker-4-tc1/source
[INFO] validating manifest of crates.io crate metaslang_bindings 0.18.3 on toolchain nightly-2024-10-28
[INFO] running `Command { std: CARGO_HOME="/workspace/cargo-home" RUSTUP_HOME="/workspace/rustup-home" "/workspace/cargo-home/bin/cargo" "+nightly-2024-10-28" "metadata" "--manifest-path" "Cargo.toml" "--no-deps", kill_on_drop: false }`
[INFO] started tweaking crates.io crate metaslang_bindings 0.18.3
[INFO] finished tweaking crates.io crate metaslang_bindings 0.18.3
[INFO] tweaked toml for crates.io crate metaslang_bindings 0.18.3 written to /workspace/builds/worker-4-tc1/source/Cargo.toml
[INFO] running `Command { std: CARGO_HOME="/workspace/cargo-home" RUSTUP_HOME="/workspace/rustup-home" "/workspace/cargo-home/bin/cargo" "+nightly-2024-10-28" "generate-lockfile" "--manifest-path" "Cargo.toml", kill_on_drop: false }`
[INFO] [stderr]     Updating crates.io index
[INFO] [stderr]      Locking 50 packages to latest compatible versions
[INFO] [stderr]       Adding stack-graphs v0.13.0 (available: v0.14.0)
[INFO] running `Command { std: CARGO_HOME="/workspace/cargo-home" RUSTUP_HOME="/workspace/rustup-home" "/workspace/cargo-home/bin/cargo" "+nightly-2024-10-28" "fetch" "--manifest-path" "Cargo.toml", kill_on_drop: false }`
[INFO] [stderr]  Downloading crates ...
[INFO] [stderr]   Downloaded lsp-positions v0.3.3
[INFO] [stderr]   Downloaded metaslang_cst v0.18.3
[INFO] [stderr]   Downloaded controlled-option-macros v0.2.2
[INFO] [stderr]   Downloaded controlled-option v0.4.1
[INFO] [stderr]   Downloaded metaslang_graph_builder v0.18.3
[INFO] [stderr]   Downloaded stack-graphs v0.13.0
[INFO] running `Command { std: "docker" "create" "-v" "/var/lib/crater-agent-workspace/builds/worker-4-tc1/target:/opt/rustwide/target:rw,Z" "-v" "/var/lib/crater-agent-workspace/builds/worker-4-tc1/source:/opt/rustwide/workdir:ro,Z" "-v" "/var/lib/crater-agent-workspace/cargo-home:/opt/rustwide/cargo-home:ro,Z" "-v" "/var/lib/crater-agent-workspace/rustup-home:/opt/rustwide/rustup-home:ro,Z" "-e" "SOURCE_DIR=/opt/rustwide/workdir" "-e" "CARGO_TARGET_DIR=/opt/rustwide/target" "-e" "CARGO_HOME=/opt/rustwide/cargo-home" "-e" "RUSTUP_HOME=/opt/rustwide/rustup-home" "-w" "/opt/rustwide/workdir" "-m" "1610612736" "--user" "0:0" "--network" "none" "ghcr.io/rust-lang/crates-build-env/linux@sha256:4a844ea9eb2546a2d2c7022eacef16ef2e8229c7fbb2c7d4d55a9ceca922f72d" "/opt/rustwide/cargo-home/bin/cargo" "+nightly-2024-10-28" "metadata" "--no-deps" "--format-version=1", kill_on_drop: false }`
[INFO] [stdout] b967a678c5e4e5a5ba2afaa3393eadf4fb1651faa603bd5cae082c885b626ea7
[INFO] running `Command { std: "docker" "start" "-a" "b967a678c5e4e5a5ba2afaa3393eadf4fb1651faa603bd5cae082c885b626ea7", kill_on_drop: false }`
[INFO] running `Command { std: "docker" "inspect" "b967a678c5e4e5a5ba2afaa3393eadf4fb1651faa603bd5cae082c885b626ea7", kill_on_drop: false }`
[INFO] running `Command { std: "docker" "rm" "-f" "b967a678c5e4e5a5ba2afaa3393eadf4fb1651faa603bd5cae082c885b626ea7", kill_on_drop: false }`
[INFO] [stdout] b967a678c5e4e5a5ba2afaa3393eadf4fb1651faa603bd5cae082c885b626ea7
[INFO] running `Command { std: "docker" "create" "-v" "/var/lib/crater-agent-workspace/builds/worker-4-tc1/target:/opt/rustwide/target:rw,Z" "-v" "/var/lib/crater-agent-workspace/builds/worker-4-tc1/source:/opt/rustwide/workdir:ro,Z" "-v" "/var/lib/crater-agent-workspace/cargo-home:/opt/rustwide/cargo-home:ro,Z" "-v" "/var/lib/crater-agent-workspace/rustup-home:/opt/rustwide/rustup-home:ro,Z" "-e" "SOURCE_DIR=/opt/rustwide/workdir" "-e" "CARGO_TARGET_DIR=/opt/rustwide/target" "-e" "CARGO_INCREMENTAL=0" "-e" "RUST_BACKTRACE=full" "-e" "RUSTFLAGS=--cap-lints=forbid" "-e" "RUSTDOCFLAGS=--cap-lints=forbid" "-e" "CARGO_HOME=/opt/rustwide/cargo-home" "-e" "RUSTUP_HOME=/opt/rustwide/rustup-home" "-w" "/opt/rustwide/workdir" "-m" "1610612736" "--user" "0:0" "--network" "none" "ghcr.io/rust-lang/crates-build-env/linux@sha256:4a844ea9eb2546a2d2c7022eacef16ef2e8229c7fbb2c7d4d55a9ceca922f72d" "/opt/rustwide/cargo-home/bin/cargo" "+nightly-2024-10-28" "build" "--frozen" "--message-format=json", kill_on_drop: false }`
[INFO] [stdout] ec8c8a8671440acc3c5a5f0fc621b0a3fb8d05e14dea056c2157239840c4fccb
[INFO] running `Command { std: "docker" "start" "-a" "ec8c8a8671440acc3c5a5f0fc621b0a3fb8d05e14dea056c2157239840c4fccb", kill_on_drop: false }`
[INFO] [stderr]    Compiling ident_case v1.0.1
[INFO] [stderr]    Compiling fnv v1.0.7
[INFO] [stderr]    Compiling serde v1.0.214
[INFO] [stderr]    Compiling syn v1.0.109
[INFO] [stderr]    Compiling thiserror v1.0.66
[INFO] [stderr]    Compiling radium v0.7.0
[INFO] [stderr]    Compiling tap v1.0.1
[INFO] [stderr]    Compiling serde_json v1.0.132
[INFO] [stderr]    Compiling minimal-lexical v0.2.1
[INFO] [stderr]    Compiling indexmap v2.6.0
[INFO] [stderr]    Compiling smallvec v1.13.2
[INFO] [stderr]    Compiling unicode-segmentation v1.12.0
[INFO] [stderr]    Compiling funty v2.0.0
[INFO] [stderr]    Compiling syn v2.0.86
[INFO] [stderr]    Compiling either v1.13.0
[INFO] [stderr]    Compiling semver v1.0.23
[INFO] [stderr]    Compiling regex v1.11.1
[INFO] [stderr]    Compiling wyz v0.5.1
[INFO] [stderr]    Compiling fxhash v0.2.1
[INFO] [stderr]    Compiling log v0.4.22
[INFO] [stderr]    Compiling itertools v0.10.5
[INFO] [stderr]    Compiling nom v7.1.3
[INFO] [stderr]    Compiling lsp-positions v0.3.3
[INFO] [stderr]    Compiling bitvec v1.0.1
[INFO] [stderr]    Compiling controlled-option-macros v0.2.2
[INFO] [stderr]    Compiling darling_core v0.20.10
[INFO] [stderr]    Compiling controlled-option v0.4.1
[INFO] [stderr]    Compiling serde_derive v1.0.214
[INFO] [stderr]    Compiling thiserror-impl v1.0.66
[INFO] [stderr]    Compiling darling_macro v0.20.10
[INFO] [stderr]    Compiling darling v0.20.10
[INFO] [stderr]    Compiling enumset_derive v0.10.0
[INFO] [stderr]    Compiling enumset v1.1.5
[INFO] [stderr]    Compiling stack-graphs v0.13.0
[INFO] [stderr]    Compiling metaslang_cst v0.18.3
[INFO] [stderr]    Compiling metaslang_graph_builder v0.18.3
[INFO] [stderr]    Compiling metaslang_bindings v0.18.3 (/opt/rustwide/workdir)
[INFO] [stderr]     Finished `dev` profile [unoptimized + debuginfo] target(s) in 7.51s
[INFO] running `Command { std: "docker" "inspect" "ec8c8a8671440acc3c5a5f0fc621b0a3fb8d05e14dea056c2157239840c4fccb", kill_on_drop: false }`
[INFO] running `Command { std: "docker" "rm" "-f" "ec8c8a8671440acc3c5a5f0fc621b0a3fb8d05e14dea056c2157239840c4fccb", kill_on_drop: false }`
[INFO] [stdout] ec8c8a8671440acc3c5a5f0fc621b0a3fb8d05e14dea056c2157239840c4fccb
[INFO] running `Command { std: "docker" "create" "-v" "/var/lib/crater-agent-workspace/builds/worker-4-tc1/target:/opt/rustwide/target:rw,Z" "-v" "/var/lib/crater-agent-workspace/builds/worker-4-tc1/source:/opt/rustwide/workdir:ro,Z" "-v" "/var/lib/crater-agent-workspace/cargo-home:/opt/rustwide/cargo-home:ro,Z" "-v" "/var/lib/crater-agent-workspace/rustup-home:/opt/rustwide/rustup-home:ro,Z" "-e" "SOURCE_DIR=/opt/rustwide/workdir" "-e" "CARGO_TARGET_DIR=/opt/rustwide/target" "-e" "CARGO_INCREMENTAL=0" "-e" "RUST_BACKTRACE=full" "-e" "RUSTFLAGS=--cap-lints=forbid" "-e" "RUSTDOCFLAGS=--cap-lints=forbid" "-e" "CARGO_HOME=/opt/rustwide/cargo-home" "-e" "RUSTUP_HOME=/opt/rustwide/rustup-home" "-w" "/opt/rustwide/workdir" "-m" "1610612736" "--user" "0:0" "--network" "none" "ghcr.io/rust-lang/crates-build-env/linux@sha256:4a844ea9eb2546a2d2c7022eacef16ef2e8229c7fbb2c7d4d55a9ceca922f72d" "/opt/rustwide/cargo-home/bin/cargo" "+nightly-2024-10-28" "test" "--frozen" "--no-run" "--message-format=json", kill_on_drop: false }`
[INFO] [stdout] 95b5f12be7ed9068628e467e42ac1c47a6b9e617953f45261de75ba53740ddd2
[INFO] running `Command { std: "docker" "start" "-a" "95b5f12be7ed9068628e467e42ac1c47a6b9e617953f45261de75ba53740ddd2", kill_on_drop: false }`
[INFO] [stderr]    Compiling metaslang_bindings v0.18.3 (/opt/rustwide/workdir)
[INFO] [stderr]     Finished `test` profile [unoptimized + debuginfo] target(s) in 0.62s
[INFO] running `Command { std: "docker" "inspect" "95b5f12be7ed9068628e467e42ac1c47a6b9e617953f45261de75ba53740ddd2", kill_on_drop: false }`
[INFO] running `Command { std: "docker" "rm" "-f" "95b5f12be7ed9068628e467e42ac1c47a6b9e617953f45261de75ba53740ddd2", kill_on_drop: false }`
[INFO] [stdout] 95b5f12be7ed9068628e467e42ac1c47a6b9e617953f45261de75ba53740ddd2
[INFO] running `Command { std: "docker" "create" "-v" "/var/lib/crater-agent-workspace/builds/worker-4-tc1/target:/opt/rustwide/target:rw,Z" "-v" "/var/lib/crater-agent-workspace/builds/worker-4-tc1/source:/opt/rustwide/workdir:ro,Z" "-v" "/var/lib/crater-agent-workspace/cargo-home:/opt/rustwide/cargo-home:ro,Z" "-v" "/var/lib/crater-agent-workspace/rustup-home:/opt/rustwide/rustup-home:ro,Z" "-e" "SOURCE_DIR=/opt/rustwide/workdir" "-e" "CARGO_TARGET_DIR=/opt/rustwide/target" "-e" "CARGO_INCREMENTAL=0" "-e" "RUST_BACKTRACE=full" "-e" "RUSTFLAGS=--cap-lints=forbid" "-e" "RUSTDOCFLAGS=--cap-lints=forbid" "-e" "CARGO_HOME=/opt/rustwide/cargo-home" "-e" "RUSTUP_HOME=/opt/rustwide/rustup-home" "-w" "/opt/rustwide/workdir" "-m" "1610612736" "--user" "0:0" "--network" "none" "ghcr.io/rust-lang/crates-build-env/linux@sha256:4a844ea9eb2546a2d2c7022eacef16ef2e8229c7fbb2c7d4d55a9ceca922f72d" "/opt/rustwide/cargo-home/bin/cargo" "+nightly-2024-10-28" "test" "--frozen", kill_on_drop: false }`
[INFO] [stdout] 5f8819c4369606fbb5bcc0b60897abb6c3561aa9d304106d5e7d9b62f3423506
[INFO] running `Command { std: "docker" "start" "-a" "5f8819c4369606fbb5bcc0b60897abb6c3561aa9d304106d5e7d9b62f3423506", kill_on_drop: false }`
[INFO] [stderr]     Finished `test` profile [unoptimized + debuginfo] target(s) in 0.03s
[INFO] [stderr]      Running unittests src/lib.rs (/opt/rustwide/target/debug/deps/metaslang_bindings-7693417a4f80c046)
[INFO] [stdout] 
[INFO] [stdout] running 8 tests
[INFO] [stdout] test resolver::c3::tests::test_linearise ... ok
[INFO] [stdout] test resolver::c3::tests::test_linearise_not_linearisable ... ok
[INFO] [stdout] test resolver::c3::tests::test_linearise_with_deep_cycles ... ok
[INFO] [stdout] test resolver::c3::tests::test_merge_no_elements ... ok
[INFO] [stdout] test resolver::c3::tests::test_linearise_with_shallow_cycles ... ok
[INFO] [stdout] test resolver::c3::tests::test_merge_not_linearisable ... ok
[INFO] [stdout] test resolver::c3::tests::test_merge_single_parent ... ok
[INFO] [stdout] test resolver::c3::tests::test_merge_two_parents ... ok
[INFO] [stdout] 
[INFO] [stdout] test result: ok. 8 passed; 0 failed; 0 ignored; 0 measured; 0 filtered out; finished in 0.00s
[INFO] [stdout] 
[INFO] [stderr]    Doc-tests metaslang_bindings
[INFO] [stdout] 
[INFO] [stdout] running 1 test
[INFO] [stdout] test src/resolver/c3.rs - resolver::c3::linearise (line 8) ... FAILED
[INFO] [stdout] 
[INFO] [stdout] failures:
[INFO] [stdout] 
[INFO] [stdout] ---- src/resolver/c3.rs - resolver::c3::linearise (line 8) stdout ----
[INFO] [stdout] error[E0425]: cannot find function, tuple struct or tuple variant `L` in this scope
[INFO] [stdout]  --> src/resolver/c3.rs:9:1
[INFO] [stdout]   |
[INFO] [stdout] 3 | L(A) = [A] + merge(L(B1), L(B2), [B1, B2])
[INFO] [stdout]   | ^ not found in this scope
[INFO] [stdout]   |
[INFO] [stdout] help: you might be missing a const parameter
[INFO] [stdout]   |
[INFO] [stdout] 2 | fn main() { #[allow(non_snake_case)] fn _doctest_main_src_resolver_c3_rs_8_0<const L: /* Type */>() {
[INFO] [stdout]   |                                                                             +++++++++++++++++++++
[INFO] [stdout] 
[INFO] [stdout] error[E0425]: cannot find value `A` in this scope
[INFO] [stdout]  --> src/resolver/c3.rs:9:3
[INFO] [stdout]   |
[INFO] [stdout] 3 | L(A) = [A] + merge(L(B1), L(B2), [B1, B2])
[INFO] [stdout]   |   ^ not found in this scope
[INFO] [stdout]   |
[INFO] [stdout] help: you might be missing a const parameter
[INFO] [stdout]   |
[INFO] [stdout] 2 | fn main() { #[allow(non_snake_case)] fn _doctest_main_src_resolver_c3_rs_8_0<const A: /* Type */>() {
[INFO] [stdout]   |                                                                             +++++++++++++++++++++
[INFO] [stdout] 
[INFO] [stdout] error[E0425]: cannot find value `A` in this scope
[INFO] [stdout]  --> src/resolver/c3.rs:9:9
[INFO] [stdout]   |
[INFO] [stdout] 3 | L(A) = [A] + merge(L(B1), L(B2), [B1, B2])
[INFO] [stdout]   |         ^ not found in this scope
[INFO] [stdout]   |
[INFO] [stdout] help: you might be missing a const parameter
[INFO] [stdout]   |
[INFO] [stdout] 2 | fn main() { #[allow(non_snake_case)] fn _doctest_main_src_resolver_c3_rs_8_0<const A: /* Type */>() {
[INFO] [stdout]   |                                                                             +++++++++++++++++++++
[INFO] [stdout] 
[INFO] [stdout] error[E0425]: cannot find function, tuple struct or tuple variant `L` in this scope
[INFO] [stdout]  --> src/resolver/c3.rs:9:20
[INFO] [stdout]   |
[INFO] [stdout] 3 | L(A) = [A] + merge(L(B1), L(B2), [B1, B2])
[INFO] [stdout]   |                    ^ not found in this scope
[INFO] [stdout]   |
[INFO] [stdout] help: you might be missing a const parameter
[INFO] [stdout]   |
[INFO] [stdout] 2 | fn main() { #[allow(non_snake_case)] fn _doctest_main_src_resolver_c3_rs_8_0<const L: /* Type */>() {
[INFO] [stdout]   |                                                                             +++++++++++++++++++++
[INFO] [stdout] 
[INFO] [stdout] error[E0425]: cannot find value `B1` in this scope
[INFO] [stdout]  --> src/resolver/c3.rs:9:22
[INFO] [stdout]   |
[INFO] [stdout] 3 | L(A) = [A] + merge(L(B1), L(B2), [B1, B2])
[INFO] [stdout]   |                      ^^ not found in this scope
[INFO] [stdout] 
[INFO] [stdout] error[E0425]: cannot find function, tuple struct or tuple variant `L` in this scope
[INFO] [stdout]  --> src/resolver/c3.rs:9:27
[INFO] [stdout]   |
[INFO] [stdout] 3 | L(A) = [A] + merge(L(B1), L(B2), [B1, B2])
[INFO] [stdout]   |                           ^ not found in this scope
[INFO] [stdout]   |
[INFO] [stdout] help: you might be missing a const parameter
[INFO] [stdout]   |
[INFO] [stdout] 2 | fn main() { #[allow(non_snake_case)] fn _doctest_main_src_resolver_c3_rs_8_0<const L: /* Type */>() {
[INFO] [stdout]   |                                                                             +++++++++++++++++++++
[INFO] [stdout] 
[INFO] [stdout] error[E0425]: cannot find value `B2` in this scope
[INFO] [stdout]  --> src/resolver/c3.rs:9:29
[INFO] [stdout]   |
[INFO] [stdout] 3 | L(A) = [A] + merge(L(B1), L(B2), [B1, B2])
[INFO] [stdout]   |                             ^^ not found in this scope
[INFO] [stdout] 
[INFO] [stdout] error[E0425]: cannot find value `B1` in this scope
[INFO] [stdout]  --> src/resolver/c3.rs:9:35
[INFO] [stdout]   |
[INFO] [stdout] 3 | L(A) = [A] + merge(L(B1), L(B2), [B1, B2])
[INFO] [stdout]   |                                   ^^ not found in this scope
[INFO] [stdout] 
[INFO] [stdout] error[E0425]: cannot find value `B2` in this scope
[INFO] [stdout]  --> src/resolver/c3.rs:9:39
[INFO] [stdout]   |
[INFO] [stdout] 3 | L(A) = [A] + merge(L(B1), L(B2), [B1, B2])
[INFO] [stdout]   |                                       ^^ not found in this scope
[INFO] [stdout] 
[INFO] [stdout] error[E0425]: cannot find function `merge` in this scope
[INFO] [stdout]  --> src/resolver/c3.rs:9:14
[INFO] [stdout]   |
[INFO] [stdout] 3 | L(A) = [A] + merge(L(B1), L(B2), [B1, B2])
[INFO] [stdout]   |              ^^^^^ not found in this scope
[INFO] [stdout] 
[INFO] [stdout] error[E0070]: invalid left-hand side of assignment
[INFO] [stdout]  --> src/resolver/c3.rs:9:6
[INFO] [stdout]   |
[INFO] [stdout] 3 | L(A) = [A] + merge(L(B1), L(B2), [B1, B2])
[INFO] [stdout]   | ---- ^
[INFO] [stdout]   | |
[INFO] [stdout]   | cannot assign to this expression
[INFO] [stdout] 
[INFO] [stdout] error: aborting due to 11 previous errors
[INFO] [stdout] 
[INFO] [stdout] Some errors have detailed explanations: E0070, E0425.
[INFO] [stdout] For more information about an error, try `rustc --explain E0070`.
[INFO] [stdout] Couldn't compile the test.
[INFO] [stdout] 
[INFO] [stdout] failures:
[INFO] [stdout]     src/resolver/c3.rs - resolver::c3::linearise (line 8)
[INFO] [stdout] 
[INFO] [stdout] test result: FAILED. 0 passed; 1 failed; 0 ignored; 0 measured; 0 filtered out; finished in 0.05s
[INFO] [stdout] 
[INFO] [stderr] error: doctest failed, to rerun pass `--doc`
[INFO] running `Command { std: "docker" "inspect" "5f8819c4369606fbb5bcc0b60897abb6c3561aa9d304106d5e7d9b62f3423506", kill_on_drop: false }`
[INFO] running `Command { std: "docker" "rm" "-f" "5f8819c4369606fbb5bcc0b60897abb6c3561aa9d304106d5e7d9b62f3423506", kill_on_drop: false }`
[INFO] [stdout] 5f8819c4369606fbb5bcc0b60897abb6c3561aa9d304106d5e7d9b62f3423506
