[INFO] fetching crate messaging_thread_pool 4.1.0...
[INFO] testing messaging_thread_pool-4.1.0 against nightly-2024-10-28 for randomize-layout
[INFO] extracting crate messaging_thread_pool 4.1.0 into /workspace/builds/worker-7-tc1/source
[INFO] validating manifest of crates.io crate messaging_thread_pool 4.1.0 on toolchain nightly-2024-10-28
[INFO] running `Command { std: CARGO_HOME="/workspace/cargo-home" RUSTUP_HOME="/workspace/rustup-home" "/workspace/cargo-home/bin/cargo" "+nightly-2024-10-28" "metadata" "--manifest-path" "Cargo.toml" "--no-deps", kill_on_drop: false }`
[INFO] started tweaking crates.io crate messaging_thread_pool 4.1.0
[INFO] finished tweaking crates.io crate messaging_thread_pool 4.1.0
[INFO] tweaked toml for crates.io crate messaging_thread_pool 4.1.0 written to /workspace/builds/worker-7-tc1/source/Cargo.toml
[INFO] running `Command { std: CARGO_HOME="/workspace/cargo-home" RUSTUP_HOME="/workspace/rustup-home" "/workspace/cargo-home/bin/cargo" "+nightly-2024-10-28" "generate-lockfile" "--manifest-path" "Cargo.toml", kill_on_drop: false }`
[INFO] [stderr]     Updating crates.io index
[INFO] [stderr]      Locking 116 packages to latest compatible versions
[INFO] running `Command { std: CARGO_HOME="/workspace/cargo-home" RUSTUP_HOME="/workspace/rustup-home" "/workspace/cargo-home/bin/cargo" "+nightly-2024-10-28" "fetch" "--manifest-path" "Cargo.toml", kill_on_drop: false }`
[INFO] running `Command { std: "docker" "create" "-v" "/var/lib/crater-agent-workspace/builds/worker-7-tc1/target:/opt/rustwide/target:rw,Z" "-v" "/var/lib/crater-agent-workspace/builds/worker-7-tc1/source:/opt/rustwide/workdir:ro,Z" "-v" "/var/lib/crater-agent-workspace/cargo-home:/opt/rustwide/cargo-home:ro,Z" "-v" "/var/lib/crater-agent-workspace/rustup-home:/opt/rustwide/rustup-home:ro,Z" "-e" "SOURCE_DIR=/opt/rustwide/workdir" "-e" "CARGO_TARGET_DIR=/opt/rustwide/target" "-e" "CARGO_HOME=/opt/rustwide/cargo-home" "-e" "RUSTUP_HOME=/opt/rustwide/rustup-home" "-w" "/opt/rustwide/workdir" "-m" "1610612736" "--user" "0:0" "--network" "none" "ghcr.io/rust-lang/crates-build-env/linux@sha256:4a844ea9eb2546a2d2c7022eacef16ef2e8229c7fbb2c7d4d55a9ceca922f72d" "/opt/rustwide/cargo-home/bin/cargo" "+nightly-2024-10-28" "metadata" "--no-deps" "--format-version=1", kill_on_drop: false }`
[INFO] [stdout] fd9569646b9c7b28456d5bbe387a12c621de205cc34a2acbe64739978ebbc31e
[INFO] running `Command { std: "docker" "start" "-a" "fd9569646b9c7b28456d5bbe387a12c621de205cc34a2acbe64739978ebbc31e", kill_on_drop: false }`
[INFO] running `Command { std: "docker" "inspect" "fd9569646b9c7b28456d5bbe387a12c621de205cc34a2acbe64739978ebbc31e", kill_on_drop: false }`
[INFO] running `Command { std: "docker" "rm" "-f" "fd9569646b9c7b28456d5bbe387a12c621de205cc34a2acbe64739978ebbc31e", kill_on_drop: false }`
[INFO] [stdout] fd9569646b9c7b28456d5bbe387a12c621de205cc34a2acbe64739978ebbc31e
[INFO] running `Command { std: "docker" "create" "-v" "/var/lib/crater-agent-workspace/builds/worker-7-tc1/target:/opt/rustwide/target:rw,Z" "-v" "/var/lib/crater-agent-workspace/builds/worker-7-tc1/source:/opt/rustwide/workdir:ro,Z" "-v" "/var/lib/crater-agent-workspace/cargo-home:/opt/rustwide/cargo-home:ro,Z" "-v" "/var/lib/crater-agent-workspace/rustup-home:/opt/rustwide/rustup-home:ro,Z" "-e" "SOURCE_DIR=/opt/rustwide/workdir" "-e" "CARGO_TARGET_DIR=/opt/rustwide/target" "-e" "CARGO_INCREMENTAL=0" "-e" "RUST_BACKTRACE=full" "-e" "RUSTFLAGS=--cap-lints=forbid" "-e" "RUSTDOCFLAGS=--cap-lints=forbid" "-e" "CARGO_HOME=/opt/rustwide/cargo-home" "-e" "RUSTUP_HOME=/opt/rustwide/rustup-home" "-w" "/opt/rustwide/workdir" "-m" "1610612736" "--user" "0:0" "--network" "none" "ghcr.io/rust-lang/crates-build-env/linux@sha256:4a844ea9eb2546a2d2c7022eacef16ef2e8229c7fbb2c7d4d55a9ceca922f72d" "/opt/rustwide/cargo-home/bin/cargo" "+nightly-2024-10-28" "build" "--frozen" "--message-format=json", kill_on_drop: false }`
[INFO] [stdout] eaeccd808a0b6c18a252b4301cace60a710253dbaa90712cd86520338d76c7aa
[INFO] running `Command { std: "docker" "start" "-a" "eaeccd808a0b6c18a252b4301cace60a710253dbaa90712cd86520338d76c7aa", kill_on_drop: false }`
[INFO] [stderr]    Compiling syn v2.0.86
[INFO] [stderr]    Compiling once_cell v1.20.2
[INFO] [stderr]    Compiling serde v1.0.214
[INFO] [stderr]    Compiling byteorder v1.5.0
[INFO] [stderr]    Compiling regex-syntax v0.6.29
[INFO] [stderr]    Compiling serde_json v1.0.132
[INFO] [stderr]    Compiling regex-syntax v0.8.5
[INFO] [stderr]    Compiling pin-project-lite v0.2.15
[INFO] [stderr]    Compiling thiserror v1.0.66
[INFO] [stderr]    Compiling overload v0.1.1
[INFO] [stderr]    Compiling memchr v2.7.4
[INFO] [stderr]    Compiling powerfmt v0.2.0
[INFO] [stderr]    Compiling sharded-slab v0.1.7
[INFO] [stderr]    Compiling time-core v0.1.2
[INFO] [stderr]    Compiling num-conv v0.1.0
[INFO] [stderr]    Compiling crossbeam-channel v0.5.13
[INFO] [stderr]    Compiling rand_xoshiro v0.6.0
[INFO] [stderr]    Compiling nu-ansi-term v0.46.0
[INFO] [stderr]    Compiling deranged v0.3.11
[INFO] [stderr]    Compiling tracing-core v0.1.32
[INFO] [stderr]    Compiling thread_local v1.1.8
[INFO] [stderr]    Compiling tracing-log v0.2.0
[INFO] [stderr]    Compiling time v0.3.36
[INFO] [stderr]    Compiling regex-automata v0.4.8
[INFO] [stderr]    Compiling regex-automata v0.1.10
[INFO] [stderr]    Compiling matchers v0.1.0
[INFO] [stderr]    Compiling tracing-serde v0.1.3
[INFO] [stderr]    Compiling regex v1.11.1
[INFO] [stderr]    Compiling zerocopy-derive v0.7.35
[INFO] [stderr]    Compiling tracing-attributes v0.1.27
[INFO] [stderr]    Compiling thiserror-impl v1.0.66
[INFO] [stderr]    Compiling zerocopy v0.7.35
[INFO] [stderr]    Compiling tracing v0.1.40
[INFO] [stderr]    Compiling tracing-subscriber v0.3.18
[INFO] [stderr]    Compiling ppv-lite86 v0.2.20
[INFO] [stderr]    Compiling rand_chacha v0.3.1
[INFO] [stderr]    Compiling rand v0.8.5
[INFO] [stderr]    Compiling tracing-appender v0.2.3
[INFO] [stderr]    Compiling messaging_thread_pool v4.1.0 (/opt/rustwide/workdir)
[INFO] [stderr]     Finished `dev` profile [unoptimized + debuginfo] target(s) in 10.79s
[INFO] running `Command { std: "docker" "inspect" "eaeccd808a0b6c18a252b4301cace60a710253dbaa90712cd86520338d76c7aa", kill_on_drop: false }`
[INFO] running `Command { std: "docker" "rm" "-f" "eaeccd808a0b6c18a252b4301cace60a710253dbaa90712cd86520338d76c7aa", kill_on_drop: false }`
[INFO] [stdout] eaeccd808a0b6c18a252b4301cace60a710253dbaa90712cd86520338d76c7aa
[INFO] running `Command { std: "docker" "create" "-v" "/var/lib/crater-agent-workspace/builds/worker-7-tc1/target:/opt/rustwide/target:rw,Z" "-v" "/var/lib/crater-agent-workspace/builds/worker-7-tc1/source:/opt/rustwide/workdir:ro,Z" "-v" "/var/lib/crater-agent-workspace/cargo-home:/opt/rustwide/cargo-home:ro,Z" "-v" "/var/lib/crater-agent-workspace/rustup-home:/opt/rustwide/rustup-home:ro,Z" "-e" "SOURCE_DIR=/opt/rustwide/workdir" "-e" "CARGO_TARGET_DIR=/opt/rustwide/target" "-e" "CARGO_INCREMENTAL=0" "-e" "RUST_BACKTRACE=full" "-e" "RUSTFLAGS=--cap-lints=forbid" "-e" "RUSTDOCFLAGS=--cap-lints=forbid" "-e" "CARGO_HOME=/opt/rustwide/cargo-home" "-e" "RUSTUP_HOME=/opt/rustwide/rustup-home" "-w" "/opt/rustwide/workdir" "-m" "1610612736" "--user" "0:0" "--network" "none" "ghcr.io/rust-lang/crates-build-env/linux@sha256:4a844ea9eb2546a2d2c7022eacef16ef2e8229c7fbb2c7d4d55a9ceca922f72d" "/opt/rustwide/cargo-home/bin/cargo" "+nightly-2024-10-28" "test" "--frozen" "--no-run" "--message-format=json", kill_on_drop: false }`
[INFO] [stdout] ed9163eda40e39097adf26e57e16f5cea88c76f925929a2404220aa255e35883
[INFO] running `Command { std: "docker" "start" "-a" "ed9163eda40e39097adf26e57e16f5cea88c76f925929a2404220aa255e35883", kill_on_drop: false }`
[INFO] [stderr]    Compiling crossbeam-utils v0.8.20
[INFO] [stderr]    Compiling serde v1.0.214
[INFO] [stderr]    Compiling num-traits v0.2.19
[INFO] [stderr]    Compiling either v1.13.0
[INFO] [stderr]    Compiling rayon-core v1.12.1
[INFO] [stderr]    Compiling libmimalloc-sys v0.1.39
[INFO] [stderr]    Compiling half v2.4.1
[INFO] [stderr]    Compiling getrandom v0.2.15
[INFO] [stderr]    Compiling ciborium-io v0.2.2
[INFO] [stderr]    Compiling anstyle v1.0.9
[INFO] [stderr]    Compiling clap_lex v0.7.2
[INFO] [stderr]    Compiling serde_derive v1.0.214
[INFO] [stderr]    Compiling plotters-backend v0.3.7
[INFO] [stderr]    Compiling unicode-xid v0.2.6
[INFO] [stderr]    Compiling cast v0.3.0
[INFO] [stderr]    Compiling is-terminal v0.4.13
[INFO] [stderr]    Compiling oorandom v11.1.4
[INFO] [stderr]    Compiling const_format_proc_macros v0.2.33
[INFO] [stderr]    Compiling anes v0.1.6
[INFO] [stderr]    Compiling itertools v0.10.5
[INFO] [stderr]    Compiling clap_builder v4.5.20
[INFO] [stderr]    Compiling rand_core v0.6.4
[INFO] [stderr]    Compiling plotters-svg v0.3.7
[INFO] [stderr]    Compiling ciborium-ll v0.2.2
[INFO] [stderr]    Compiling rand_chacha v0.3.1
[INFO] [stderr]    Compiling rand_xoshiro v0.6.0
[INFO] [stderr]    Compiling rand v0.8.5
[INFO] [stderr]    Compiling crossbeam-epoch v0.9.18
[INFO] [stderr]    Compiling crossbeam-channel v0.5.13
[INFO] [stderr]    Compiling const_format v0.2.33
[INFO] [stderr]    Compiling crossbeam-deque v0.8.5
[INFO] [stderr]    Compiling plotters v0.3.7
[INFO] [stderr]    Compiling mimalloc v0.1.43
[INFO] [stderr]    Compiling rayon v1.10.0
[INFO] [stderr]    Compiling criterion-plot v0.5.0
[INFO] [stderr]    Compiling clap v4.5.20
[INFO] [stderr]    Compiling serde_json v1.0.132
[INFO] [stderr]    Compiling tracing-serde v0.1.3
[INFO] [stderr]    Compiling ciborium v0.2.2
[INFO] [stderr]    Compiling tracing-subscriber v0.3.18
[INFO] [stderr]    Compiling tinytemplate v1.2.1
[INFO] [stderr]    Compiling criterion v0.5.1
[INFO] [stderr]    Compiling tracing-appender v0.2.3
[INFO] [stderr]    Compiling messaging_thread_pool v4.1.0 (/opt/rustwide/workdir)
[INFO] [stderr]     Finished `test` profile [unoptimized + debuginfo] target(s) in 13.65s
[INFO] running `Command { std: "docker" "inspect" "ed9163eda40e39097adf26e57e16f5cea88c76f925929a2404220aa255e35883", kill_on_drop: false }`
[INFO] running `Command { std: "docker" "rm" "-f" "ed9163eda40e39097adf26e57e16f5cea88c76f925929a2404220aa255e35883", kill_on_drop: false }`
[INFO] [stdout] ed9163eda40e39097adf26e57e16f5cea88c76f925929a2404220aa255e35883
[INFO] running `Command { std: "docker" "create" "-v" "/var/lib/crater-agent-workspace/builds/worker-7-tc1/target:/opt/rustwide/target:rw,Z" "-v" "/var/lib/crater-agent-workspace/builds/worker-7-tc1/source:/opt/rustwide/workdir:ro,Z" "-v" "/var/lib/crater-agent-workspace/cargo-home:/opt/rustwide/cargo-home:ro,Z" "-v" "/var/lib/crater-agent-workspace/rustup-home:/opt/rustwide/rustup-home:ro,Z" "-e" "SOURCE_DIR=/opt/rustwide/workdir" "-e" "CARGO_TARGET_DIR=/opt/rustwide/target" "-e" "CARGO_INCREMENTAL=0" "-e" "RUST_BACKTRACE=full" "-e" "RUSTFLAGS=--cap-lints=forbid" "-e" "RUSTDOCFLAGS=--cap-lints=forbid" "-e" "CARGO_HOME=/opt/rustwide/cargo-home" "-e" "RUSTUP_HOME=/opt/rustwide/rustup-home" "-w" "/opt/rustwide/workdir" "-m" "1610612736" "--user" "0:0" "--network" "none" "ghcr.io/rust-lang/crates-build-env/linux@sha256:4a844ea9eb2546a2d2c7022eacef16ef2e8229c7fbb2c7d4d55a9ceca922f72d" "/opt/rustwide/cargo-home/bin/cargo" "+nightly-2024-10-28" "test" "--frozen", kill_on_drop: false }`
[INFO] [stdout] 5e0471177cfd1d403c6a267b35e53782b76f18d61997be91172985722484b4f9
[INFO] running `Command { std: "docker" "start" "-a" "5e0471177cfd1d403c6a267b35e53782b76f18d61997be91172985722484b4f9", kill_on_drop: false }`
[INFO] [stderr]     Finished `test` profile [unoptimized + debuginfo] target(s) in 0.16s
[INFO] [stderr]      Running unittests src/lib.rs (/opt/rustwide/target/debug/deps/messaging_thread_pool-44f1bbf89df48866)
[INFO] [stdout] 
[INFO] [stdout] running 77 tests
[INFO] [stdout] [2m2024-11-01T11:46:56.516728Z[0m [32m INFO[0m [2mmessaging_thread_pool::id_based_blocking::tests[0m[2m:[0m this should be logged to the console (1)
[INFO] [stdout] test drop::tests::one_thread_drop_clean_shutdown_as_expected ... ok
[INFO] [stdout] test id_provider::id_provider_static::tests::get_first_id_gets_starting_id ... ignored, cannot test in test runner as it contains static variable
[INFO] [stdout] test id_provider::id_provider_static::tests::getting_successive_id_providers_provides_successive_ids ... ignored, cannot test in test runner as it contains static variable
[INFO] [stdout] test id_provider::id_provider_static::tests::peek_successive_id_providers_provides_successive_ids ... ignored, cannot test in test runner as it contains static variable
[INFO] [stdout] test id_provider::id_provider_static::tests::visual_test ... ignored, cannot test in test runner as it contains static variable
[INFO] [stdout] test id_provider::id_provider_mutex::tests::peek_id_as_expected ... ok
[INFO] [stdout] test id_provider::id_provider_mutex::tests::gets_ids_as_expected ... ok
[INFO] [stdout] test pool_thread::message_loop::tests::echo_message_responds_as_expected ... ok
[INFO] [stdout] test pool_thread::message_loop::tests::id_1_receives_abort_message_exits_loop ... ok
[INFO] [stdout] test pool_thread::message_loop::tests::id_1_receives_shutdown_message_exits_loop ... ok
[INFO] [stdout] test new::tests::new_called_with_thread_pool_size_1_one_thread_created ... ok
[INFO] [stdout] test pool_thread::message_loop::tests::id_2_receives_abort_message_exits_loop ... ok
[INFO] [stdout] test new::tests::new_called_with_thread_pool_size_2_two_threads_created ... ok
[INFO] [stdout] test pool_thread::message_loop::tests::id_2_receives_shutdown_message_exits_loop ... ok
[INFO] [stdout] test pool_thread::message_loop::tests::send_init_id_1_expected_element_added_to_map ... ok
[INFO] [stdout] test pool_thread::message_loop::tests::send_init_id_2_expected_element_added_to_map_set ... ok
[INFO] [stdout] test pool_thread::shutdown_child_pool::tests::thread_pool_contains_no_elements_shutdown_returns_empty_vec ... ok
[INFO] [stdout] test pool_thread::shutdown_child_pool::tests::thread_pool_contains_single_element_2 ... ok
[INFO] [stdout] test request_response::id_targeted::tests::request_response_contains_request_id_1_returns_1 ... ok
[INFO] [stdout] test request_response::tests::request_response_contains_request_request_returns_request ... ok
[INFO] [stdout] test pool_thread::message_loop::tests::send_remove_element_with_id_2_expected_element_removed_from_map_set ... ok
[INFO] [stdout] test pool_thread::message_loop::tests::init_id_1_2_thread_shutdown_clears_the_elements_returns_expected_shutdown_threads ... ok
[INFO] [stdout] test pool_thread::message_loop::tests::send_init_id_2_twice_returns_response_indicating_second_request_was_ignored ... ok
[INFO] [stdout] test pool_thread::message_loop::tests::init_id_101_102_thread_shutdown_clears_the_elements_returns_expected_shutdown_threads ... ok
[INFO] [stdout] test pool_thread::shutdown_child_pool::tests::thread_pool_contains_single_element_1 ... ok
[INFO] [stdout] test request_response::id_targeted::tests::request_response_contains_request_id_0_returns_0 ... ok
[INFO] [stdout] test pool_thread::message_loop::tests::send_remove_element_with_id_12_expected_element_removed_from_map_set ... ok
[INFO] [stdout] test samples::randoms::randoms_api::tests::returns_expected_ids_for_all_api_variants ... ok
[INFO] [stdout] test receive::tests::three_init_requests_two_thread_received_three_responses_received ... ok
[INFO] [stdout] test sender_and_receiver::sender_and_receiver_mock::tests::check_mock_send_and_sync ... ok
[INFO] [stdout] test send::tests::pool_with_single_thread_sends_echo_request_echo_request_processed_by_thread_0 ... ok
[INFO] [stdout] test sender_and_receiver::sender_and_receiver_mock::tests::empty_requests_and_responses_does_not_panic ... ok
[INFO] [stdout] test send::tests::pool_with_one_threads_send_two_echo_requests_both_processed_by_thread_0 ... ok
[INFO] [stdout] test send_and_receive::tests::single_thread_single_init_receives_expected_response ... ok
[INFO] [stdout] test sender_and_receiver::sender_and_receiver_mock::tests::one_response_empty_requests_returns_empty_iterator ... ok
[INFO] [stdout] test sender_and_receiver::sender_and_receiver_mock::tests::one_response_only_returns_expected_response ... ok
[INFO] [stdout] test send::tests::pool_with_two_threads_sends_echo_requests_echo_requests_processed_by_thread_0_and_thread_1 ... ok
[INFO] [stdout] test sender_and_receiver::sender_and_receiver_mock::tests::two_responses_returned_over_multiple_requests ... ok
[INFO] [stdout] test sender_and_receiver::sender_and_receiver_mock::tests::two_responses_only_one_returned_is_complete_returns_false ... ok
[INFO] [stdout] test send_and_receive::tests::two_threads_three_echoes_receives_expected_response ... ok
[INFO] [stdout] test receive::tests::single_init_request_on_a_single_thread_received_single_response_received ... ok
[INFO] [stdout] test sender_and_receiver::sender_and_receiver_mock::tests::zero_responses_returns_empty_iterator ... ok
[INFO] [stdout] test sender_and_receiver::sender_and_receiver_raw_mock::tests::check_mock_send_and_sync ... ok
[INFO] [stdout] test sender_and_receiver::sender_and_receiver_raw_mock::tests::empty_requests_and_responses_does_not_panic ... ok
[INFO] [stdout] test sender_and_receiver::sender_and_receiver_raw_mock::tests::one_response_empty_requests_returns_empty_iterator ... ok
[INFO] [stdout] test sender_and_receiver::sender_and_receiver_raw_mock::tests::two_responses_only_one_returned_is_complete_returns_false ... ok
[INFO] [stdout] test sender_and_receiver::sender_and_receiver_raw_mock::tests::two_responses_returned_over_multiple_heterogeneous_requests ... ok
[INFO] [stdout] test sender_and_receiver::sender_and_receiver_raw_mock::tests::two_responses_returned_over_multiple_requests ... ok
[INFO] [stdout] test sender_and_receiver::sender_and_receiver_raw_mock::tests::one_response_only_returns_expected_response ... ok
[INFO] [stdout] test sender_and_receiver::sender_and_receiver_raw_mock::tests::zero_responses_returns_empty_iterator ... ok
[INFO] [stdout] test sender_and_receiver::tests::send_and_receive_one_functions_as_expected ... ok
[INFO] [stdout] test shutdown::tests::single_thread_clean_shutdown_as_expected ... ok
[INFO] [stdout] test shutdown::tests::two_threads_clean_shutdown_as_expected ... ok
[INFO] [stdout] test tests::thread_pool_size_1_thread_count_1 ... ok
[INFO] [stdout] test tests::thread_pool_size_2_thread_count_2 ... ok
[INFO] [stdout] test thread_request_response::remove_pool_item_request::tests::request_id_1_id_returns_1 ... ok
[INFO] [stdout] test thread_request_response::remove_pool_item_request::tests::request_id_2_id_returns_2 ... ok
[INFO] [stdout] test thread_endpoint::send::tests::pass_echo_message_through_echo_message_received_at_other_end_of_channel ... ok
[INFO] [stdout] test thread_request_response::thread_echo_request::tests::request_id_1_id_returns_1 ... ok
[INFO] [stdout] test thread_request_response::thread_abort_request::tests::request_id_1_id_returns_1 ... ok
[INFO] [stdout] test thread_request_response::thread_abort_request::tests::request_id_2_id_returns_2 ... ok
[INFO] [stdout] test thread_request_response::thread_shutdown_request::tests::request_id_1_id_returns_1 ... ok
[INFO] [stdout] test shutdown::tests::two_threads_each_containing_a_sample_element_shutdown_simulates_child_thread_shutdown ... ok
[INFO] [stdout] test thread_request_response::thread_echo_request::tests::request_id_2_id_returns_2 ... ok
[INFO] [stdout] test thread_request_response::thread_shutdown_request::tests::request_id_2_id_returns_2 ... ok
[INFO] [stdout] test pool_thread::message_loop::tests::init_id_101_send_get_state_message_to_element_retrieved_expected_response ... ok
[INFO] [stdout] test id_based_blocking::id_based_writer::tests::sanity_check ... FAILED
[INFO] [stdout] test id_based_blocking::tests::sanity_check ... FAILED
[INFO] [stdout] test request_response::id_targeted::tests::request_response_contains_response_request_panics - should panic ... ok
[INFO] [stdout] test request_response::tests::request_response_contains_response_request_panics - should panic ... ok
[INFO] [stdout] test sender_and_receiver::sender_and_receiver_mock::tests::one_expected_request_actual_requests_2_panics - should panic ... ok
[INFO] [stdout] test sender_and_receiver::sender_and_receiver_mock::tests::one_expected_request_differs_from_one_actual_request - should panic ... ok
[INFO] [stdout] test sender_and_receiver::sender_and_receiver_mock::tests::unmatched_requests_and_responses - should panic ... ok
[INFO] [stdout] test sender_and_receiver::sender_and_receiver_raw_mock::tests::one_expected_request_differs_from_one_actual_request - should panic ... ok
[INFO] [stdout] test sender_and_receiver::sender_and_receiver_raw_mock::tests::one_expected_request_actual_requests_2_panics - should panic ... ok
[INFO] [stdout] test sender_and_receiver::sender_and_receiver_raw_mock::tests::unmatched_requests_and_responses - should panic ... ok
[INFO] [stdout] test shutdown::tests::single_thread_errors_trying_to_send_request_shutdown_does_not_panic ... ok
[INFO] [stdout] 
[INFO] [stdout] failures:
[INFO] [stdout] 
[INFO] [stdout] ---- id_based_blocking::id_based_writer::tests::sanity_check stdout ----
[INFO] [stdout] thread 'id_based_blocking::id_based_writer::tests::sanity_check' panicked at src/id_based_blocking/id_based_writer.rs:78:23:
[INFO] [stdout] could not open file target\tmp\switcher_test_1.txt because of error: Read-only file system (os error 30)
[INFO] [stdout] stack backtrace:
[INFO] [stdout]    0:     0x5779bb048b3a - std::backtrace_rs::backtrace::libunwind::trace::h207520d6e9873551
[INFO] [stdout]                                at /rustc/df4ca44d3fbc9301ee17f30f4d474e6ae4b05252/library/std/src/../../backtrace/src/backtrace/libunwind.rs:116:5
[INFO] [stdout]    1:     0x5779bb048b3a - std::backtrace_rs::backtrace::trace_unsynchronized::h2ed7433f370e3eca
[INFO] [stdout]                                at /rustc/df4ca44d3fbc9301ee17f30f4d474e6ae4b05252/library/std/src/../../backtrace/src/backtrace/mod.rs:66:5
[INFO] [stdout]    2:     0x5779bb048b3a - std::sys::backtrace::_print_fmt::h916fac51166b18d7
[INFO] [stdout]                                at /rustc/df4ca44d3fbc9301ee17f30f4d474e6ae4b05252/library/std/src/sys/backtrace.rs:66:9
[INFO] [stdout]    3:     0x5779bb048b3a - <std::sys::backtrace::BacktraceLock::print::DisplayBacktrace as core::fmt::Display>::fmt::ha0a4c9b8ce3802e6
[INFO] [stdout]                                at /rustc/df4ca44d3fbc9301ee17f30f4d474e6ae4b05252/library/std/src/sys/backtrace.rs:39:26
[INFO] [stdout]    4:     0x5779bb06ff23 - core::fmt::rt::Argument::fmt::h4cfc8587d52b3eb5
[INFO] [stdout]                                at /rustc/df4ca44d3fbc9301ee17f30f4d474e6ae4b05252/library/core/src/fmt/rt.rs:177:76
[INFO] [stdout]    5:     0x5779bb06ff23 - core::fmt::write::h522cc39e5b36ae9f
[INFO] [stdout]                                at /rustc/df4ca44d3fbc9301ee17f30f4d474e6ae4b05252/library/core/src/fmt/mod.rs:1190:21
[INFO] [stdout]    6:     0x5779bb0456f3 - std::io::Write::write_fmt::h7d3c26752da97734
[INFO] [stdout]                                at /rustc/df4ca44d3fbc9301ee17f30f4d474e6ae4b05252/library/std/src/io/mod.rs:1839:15
[INFO] [stdout]    7:     0x5779bb048982 - std::sys::backtrace::BacktraceLock::print::h4b9e00b29e9c0942
[INFO] [stdout]                                at /rustc/df4ca44d3fbc9301ee17f30f4d474e6ae4b05252/library/std/src/sys/backtrace.rs:42:9
[INFO] [stdout]    8:     0x5779bb049fca - std::panicking::default_hook::{{closure}}::hb59b88280d0324d9
[INFO] [stdout]                                at /rustc/df4ca44d3fbc9301ee17f30f4d474e6ae4b05252/library/std/src/panicking.rs:268:22
[INFO] [stdout]    9:     0x5779bb049dd4 - std::panicking::default_hook::he1dd496665be4a29
[INFO] [stdout]                                at /rustc/df4ca44d3fbc9301ee17f30f4d474e6ae4b05252/library/std/src/panicking.rs:292:9
[INFO] [stdout]   10:     0x5779bafa44f9 - <alloc::boxed::Box<F,A> as core::ops::function::Fn<Args>>::call::h4ff71de18744e1dc
[INFO] [stdout]                                at /rustc/df4ca44d3fbc9301ee17f30f4d474e6ae4b05252/library/alloc/src/boxed.rs:2468:9
[INFO] [stdout]   11:     0x5779bafa44f9 - test::test_main::{{closure}}::hcf7c055ce117aa81
[INFO] [stdout]                                at /rustc/df4ca44d3fbc9301ee17f30f4d474e6ae4b05252/library/test/src/lib.rs:133:21
[INFO] [stdout]   12:     0x5779bb04a6c8 - <alloc::boxed::Box<F,A> as core::ops::function::Fn<Args>>::call::h1d66c6bbd60c9692
[INFO] [stdout]                                at /rustc/df4ca44d3fbc9301ee17f30f4d474e6ae4b05252/library/alloc/src/boxed.rs:2468:9
[INFO] [stdout]   13:     0x5779bb04a6c8 - std::panicking::rust_panic_with_hook::h2ff17fe8f26dfcf8
[INFO] [stdout]                                at /rustc/df4ca44d3fbc9301ee17f30f4d474e6ae4b05252/library/std/src/panicking.rs:809:13
[INFO] [stdout]   14:     0x5779bb04a48a - std::panicking::begin_panic_handler::{{closure}}::h4fad77951c07e101
[INFO] [stdout]                                at /rustc/df4ca44d3fbc9301ee17f30f4d474e6ae4b05252/library/std/src/panicking.rs:674:13
[INFO] [stdout]   15:     0x5779bb049019 - std::sys::backtrace::__rust_end_short_backtrace::hb1a25b3da5d0ea08
[INFO] [stdout]                                at /rustc/df4ca44d3fbc9301ee17f30f4d474e6ae4b05252/library/std/src/sys/backtrace.rs:170:18
[INFO] [stdout]   16:     0x5779bb04a11c - rust_begin_unwind
[INFO] [stdout]                                at /rustc/df4ca44d3fbc9301ee17f30f4d474e6ae4b05252/library/std/src/panicking.rs:665:5
[INFO] [stdout]   17:     0x5779bb06e030 - core::panicking::panic_fmt::ha9db07b529f9b256
[INFO] [stdout]                                at /rustc/df4ca44d3fbc9301ee17f30f4d474e6ae4b05252/library/core/src/panicking.rs:75:14
[INFO] [stdout]   18:     0x5779baf37e2c - messaging_thread_pool::id_based_blocking::id_based_writer::IdBasedWriter::close_old_open_new::hbc72807b8cb2de2d
[INFO] [stdout]                                at /opt/rustwide/workdir/src/id_based_blocking/id_based_writer.rs:78:23
[INFO] [stdout]   19:     0x5779baf3772a - messaging_thread_pool::id_based_blocking::id_based_writer::IdBasedWriter::switch::h56b6bf411e4fa022
[INFO] [stdout]                                at /opt/rustwide/workdir/src/id_based_blocking/id_based_writer.rs:46:17
[INFO] [stdout]   20:     0x5779baf37f01 - <messaging_thread_pool::id_based_blocking::id_based_writer::IdBasedWriter as std::io::Write>::write::hcf496a3099d44a67
[INFO] [stdout]                                at /opt/rustwide/workdir/src/id_based_blocking/id_based_writer.rs:95:13
[INFO] [stdout]   21:     0x5779baf35e08 - std::io::Write::write_all::h22eb64d078cceed3
[INFO] [stdout]                                at /rustc/df4ca44d3fbc9301ee17f30f4d474e6ae4b05252/library/std/src/io/mod.rs:1705:19
[INFO] [stdout]   22:     0x5779baf62a58 - messaging_thread_pool::id_based_blocking::id_based_writer::tests::sanity_check::he7defc36d3af46f4
[INFO] [stdout]                                at /opt/rustwide/workdir/src/id_based_blocking/id_based_writer.rs:143:9
[INFO] [stdout]   23:     0x5779baf62847 - messaging_thread_pool::id_based_blocking::id_based_writer::tests::sanity_check::{{closure}}::h5486a059b51f0245
[INFO] [stdout]                                at /opt/rustwide/workdir/src/id_based_blocking/id_based_writer.rs:133:22
[INFO] [stdout]   24:     0x5779baf17666 - core::ops::function::FnOnce::call_once::hc073ee7f0e05f336
[INFO] [stdout]                                at /rustc/df4ca44d3fbc9301ee17f30f4d474e6ae4b05252/library/core/src/ops/function.rs:250:5
[INFO] [stdout]   25:     0x5779bafa8dcb - core::ops::function::FnOnce::call_once::h22c3ba5715e93f05
[INFO] [stdout]                                at /rustc/df4ca44d3fbc9301ee17f30f4d474e6ae4b05252/library/core/src/ops/function.rs:250:5
[INFO] [stdout]   26:     0x5779bafa8dcb - test::__rust_begin_short_backtrace::h8e82d8113d0da17f
[INFO] [stdout]                                at /rustc/df4ca44d3fbc9301ee17f30f4d474e6ae4b05252/library/test/src/lib.rs:621:18
[INFO] [stdout]   27:     0x5779bafa8747 - test::run_test_in_process::{{closure}}::h33235f4f20b7b7c7
[INFO] [stdout]                                at /rustc/df4ca44d3fbc9301ee17f30f4d474e6ae4b05252/library/test/src/lib.rs:644:60
[INFO] [stdout]   28:     0x5779bafa8747 - <core::panic::unwind_safe::AssertUnwindSafe<F> as core::ops::function::FnOnce<()>>::call_once::hb5043206310c586f
[INFO] [stdout]                                at /rustc/df4ca44d3fbc9301ee17f30f4d474e6ae4b05252/library/core/src/panic/unwind_safe.rs:272:9
[INFO] [stdout]   29:     0x5779bafa8747 - std::panicking::try::do_call::h9ad4731a60ab23e2
[INFO] [stdout]                                at /rustc/df4ca44d3fbc9301ee17f30f4d474e6ae4b05252/library/std/src/panicking.rs:557:40
[INFO] [stdout]   30:     0x5779bafa8747 - std::panicking::try::h3824d23db772a716
[INFO] [stdout]                                at /rustc/df4ca44d3fbc9301ee17f30f4d474e6ae4b05252/library/std/src/panicking.rs:520:19
[INFO] [stdout]   31:     0x5779bafa8747 - std::panic::catch_unwind::h5afd514605fde46b
[INFO] [stdout]                                at /rustc/df4ca44d3fbc9301ee17f30f4d474e6ae4b05252/library/std/src/panic.rs:358:14
[INFO] [stdout]   32:     0x5779bafa8747 - test::run_test_in_process::h0d5cbfa7067d1720
[INFO] [stdout]                                at /rustc/df4ca44d3fbc9301ee17f30f4d474e6ae4b05252/library/test/src/lib.rs:644:27
[INFO] [stdout]   33:     0x5779bafa8747 - test::run_test::{{closure}}::h708eb8872708115d
[INFO] [stdout]                                at /rustc/df4ca44d3fbc9301ee17f30f4d474e6ae4b05252/library/test/src/lib.rs:565:43
[INFO] [stdout]   34:     0x5779baf6be64 - test::run_test::{{closure}}::h392c51cee94713ab
[INFO] [stdout]                                at /rustc/df4ca44d3fbc9301ee17f30f4d474e6ae4b05252/library/test/src/lib.rs:595:41
[INFO] [stdout]   35:     0x5779baf6be64 - std::sys::backtrace::__rust_begin_short_backtrace::h2f40290710935a8b
[INFO] [stdout]                                at /rustc/df4ca44d3fbc9301ee17f30f4d474e6ae4b05252/library/std/src/sys/backtrace.rs:154:18
[INFO] [stdout]   36:     0x5779baf6f60e - std::thread::Builder::spawn_unchecked_::{{closure}}::{{closure}}::h3fd968d89053a903
[INFO] [stdout]                                at /rustc/df4ca44d3fbc9301ee17f30f4d474e6ae4b05252/library/std/src/thread/mod.rs:541:17
[INFO] [stdout]   37:     0x5779baf6f60e - <core::panic::unwind_safe::AssertUnwindSafe<F> as core::ops::function::FnOnce<()>>::call_once::h743f637ba4229880
[INFO] [stdout]                                at /rustc/df4ca44d3fbc9301ee17f30f4d474e6ae4b05252/library/core/src/panic/unwind_safe.rs:272:9
[INFO] [stdout]   38:     0x5779baf6f60e - std::panicking::try::do_call::h07440897322525a6
[INFO] [stdout]                                at /rustc/df4ca44d3fbc9301ee17f30f4d474e6ae4b05252/library/std/src/panicking.rs:557:40
[INFO] [stdout]   39:     0x5779baf6f60e - std::panicking::try::he5a2e00188156637
[INFO] [stdout]                                at /rustc/df4ca44d3fbc9301ee17f30f4d474e6ae4b05252/library/std/src/panicking.rs:520:19
[INFO] [stdout]   40:     0x5779baf6f60e - std::panic::catch_unwind::hbaf3cae49b3c6433
[INFO] [stdout]                                at /rustc/df4ca44d3fbc9301ee17f30f4d474e6ae4b05252/library/std/src/panic.rs:358:14
[INFO] [stdout]   41:     0x5779baf6f60e - std::thread::Builder::spawn_unchecked_::{{closure}}::h8e141ea224820bce
[INFO] [stdout]                                at /rustc/df4ca44d3fbc9301ee17f30f4d474e6ae4b05252/library/std/src/thread/mod.rs:540:30
[INFO] [stdout]   42:     0x5779baf6f60e - core::ops::function::FnOnce::call_once{{vtable.shim}}::h90d312fedd7b8ea8
[INFO] [stdout]                                at /rustc/df4ca44d3fbc9301ee17f30f4d474e6ae4b05252/library/core/src/ops/function.rs:250:5
[INFO] [stdout]   43:     0x5779bb04e5db - <alloc::boxed::Box<F,A> as core::ops::function::FnOnce<Args>>::call_once::h69aa08ddb6adb8b6
[INFO] [stdout]                                at /rustc/df4ca44d3fbc9301ee17f30f4d474e6ae4b05252/library/alloc/src/boxed.rs:2454:9
[INFO] [stdout]   44:     0x5779bb04e5db - <alloc::boxed::Box<F,A> as core::ops::function::FnOnce<Args>>::call_once::h5aa36efdb79c806f
[INFO] [stdout]                                at /rustc/df4ca44d3fbc9301ee17f30f4d474e6ae4b05252/library/alloc/src/boxed.rs:2454:9
[INFO] [stdout]   45:     0x5779bb04e5db - std::sys::pal::unix::thread::Thread::new::thread_start::h6cd80a1b4be5158d
[INFO] [stdout]                                at /rustc/df4ca44d3fbc9301ee17f30f4d474e6ae4b05252/library/std/src/sys/pal/unix/thread.rs:105:17
[INFO] [stdout]   46:     0x7c0192406ac3 - <unknown>
[INFO] [stdout]   47:     0x7c0192497a04 - clone
[INFO] [stdout]   48:                0x0 - <unknown>
[INFO] [stdout] 
[INFO] [stdout] ---- id_based_blocking::tests::sanity_check stdout ----
[INFO] [stdout] thread 'id_based_blocking::tests::sanity_check' panicked at src/id_based_blocking/id_based_writer.rs:78:23:
[INFO] [stdout] could not open file target\tmp\switcher_test2_1.txt because of error: Read-only file system (os error 30)
[INFO] [stdout] stack backtrace:
[INFO] [stdout]    0:     0x5779bb048b3a - std::backtrace_rs::backtrace::libunwind::trace::h207520d6e9873551
[INFO] [stdout]                                at /rustc/df4ca44d3fbc9301ee17f30f4d474e6ae4b05252/library/std/src/../../backtrace/src/backtrace/libunwind.rs:116:5
[INFO] [stdout]    1:     0x5779bb048b3a - std::backtrace_rs::backtrace::trace_unsynchronized::h2ed7433f370e3eca
[INFO] [stdout]                                at /rustc/df4ca44d3fbc9301ee17f30f4d474e6ae4b05252/library/std/src/../../backtrace/src/backtrace/mod.rs:66:5
[INFO] [stdout]    2:     0x5779bb048b3a - std::sys::backtrace::_print_fmt::h916fac51166b18d7
[INFO] [stdout]                                at /rustc/df4ca44d3fbc9301ee17f30f4d474e6ae4b05252/library/std/src/sys/backtrace.rs:66:9
[INFO] [stdout]    3:     0x5779bb048b3a - <std::sys::backtrace::BacktraceLock::print::DisplayBacktrace as core::fmt::Display>::fmt::ha0a4c9b8ce3802e6
[INFO] [stdout]                                at /rustc/df4ca44d3fbc9301ee17f30f4d474e6ae4b05252/library/std/src/sys/backtrace.rs:39:26
[INFO] [stdout]    4:     0x5779bb06ff23 - core::fmt::rt::Argument::fmt::h4cfc8587d52b3eb5
[INFO] [stdout]                                at /rustc/df4ca44d3fbc9301ee17f30f4d474e6ae4b05252/library/core/src/fmt/rt.rs:177:76
[INFO] [stdout]    5:     0x5779bb06ff23 - core::fmt::write::h522cc39e5b36ae9f
[INFO] [stdout]                                at /rustc/df4ca44d3fbc9301ee17f30f4d474e6ae4b05252/library/core/src/fmt/mod.rs:1190:21
[INFO] [stdout]    6:     0x5779bb0456f3 - std::io::Write::write_fmt::h7d3c26752da97734
[INFO] [stdout]                                at /rustc/df4ca44d3fbc9301ee17f30f4d474e6ae4b05252/library/std/src/io/mod.rs:1839:15
[INFO] [stdout]    7:     0x5779bb048982 - std::sys::backtrace::BacktraceLock::print::h4b9e00b29e9c0942
[INFO] [stdout]                                at /rustc/df4ca44d3fbc9301ee17f30f4d474e6ae4b05252/library/std/src/sys/backtrace.rs:42:9
[INFO] [stdout]    8:     0x5779bb049fca - std::panicking::default_hook::{{closure}}::hb59b88280d0324d9
[INFO] [stdout]                                at /rustc/df4ca44d3fbc9301ee17f30f4d474e6ae4b05252/library/std/src/panicking.rs:268:22
[INFO] [stdout]    9:     0x5779bb049dd4 - std::panicking::default_hook::he1dd496665be4a29
[INFO] [stdout]                                at /rustc/df4ca44d3fbc9301ee17f30f4d474e6ae4b05252/library/std/src/panicking.rs:292:9
[INFO] [stdout]   10:     0x5779bafa44f9 - <alloc::boxed::Box<F,A> as core::ops::function::Fn<Args>>::call::h4ff71de18744e1dc
[INFO] [stdout]                                at /rustc/df4ca44d3fbc9301ee17f30f4d474e6ae4b05252/library/alloc/src/boxed.rs:2468:9
[INFO] [stdout]   11:     0x5779bafa44f9 - test::test_main::{{closure}}::hcf7c055ce117aa81
[INFO] [stdout]                                at /rustc/df4ca44d3fbc9301ee17f30f4d474e6ae4b05252/library/test/src/lib.rs:133:21
[INFO] [stdout]   12:     0x5779bb04a6c8 - <alloc::boxed::Box<F,A> as core::ops::function::Fn<Args>>::call::h1d66c6bbd60c9692
[INFO] [stdout]                                at /rustc/df4ca44d3fbc9301ee17f30f4d474e6ae4b05252/library/alloc/src/boxed.rs:2468:9
[INFO] [stdout]   13:     0x5779bb04a6c8 - std::panicking::rust_panic_with_hook::h2ff17fe8f26dfcf8
[INFO] [stdout]                                at /rustc/df4ca44d3fbc9301ee17f30f4d474e6ae4b05252/library/std/src/panicking.rs:809:13
[INFO] [stdout]   14:     0x5779bb04a48a - std::panicking::begin_panic_handler::{{closure}}::h4fad77951c07e101
[INFO] [stdout]                                at /rustc/df4ca44d3fbc9301ee17f30f4d474e6ae4b05252/library/std/src/panicking.rs:674:13
[INFO] [stdout]   15:     0x5779bb049019 - std::sys::backtrace::__rust_end_short_backtrace::hb1a25b3da5d0ea08
[INFO] [stdout]                                at /rustc/df4ca44d3fbc9301ee17f30f4d474e6ae4b05252/library/std/src/sys/backtrace.rs:170:18
[INFO] [stdout]   16:     0x5779bb04a11c - rust_begin_unwind
[INFO] [stdout]                                at /rustc/df4ca44d3fbc9301ee17f30f4d474e6ae4b05252/library/std/src/panicking.rs:665:5
[INFO] [stdout]   17:     0x5779bb06e030 - core::panicking::panic_fmt::ha9db07b529f9b256
[INFO] [stdout]                                at /rustc/df4ca44d3fbc9301ee17f30f4d474e6ae4b05252/library/core/src/panicking.rs:75:14
[INFO] [stdout]   18:     0x5779baf37e2c - messaging_thread_pool::id_based_blocking::id_based_writer::IdBasedWriter::close_old_open_new::hbc72807b8cb2de2d
[INFO] [stdout]                                at /opt/rustwide/workdir/src/id_based_blocking/id_based_writer.rs:78:23
[INFO] [stdout]   19:     0x5779baf3772a - messaging_thread_pool::id_based_blocking::id_based_writer::IdBasedWriter::switch::h56b6bf411e4fa022
[INFO] [stdout]                                at /opt/rustwide/workdir/src/id_based_blocking/id_based_writer.rs:46:17
[INFO] [stdout]   20:     0x5779baf37f01 - <messaging_thread_pool::id_based_blocking::id_based_writer::IdBasedWriter as std::io::Write>::write::hcf496a3099d44a67
[INFO] [stdout]                                at /opt/rustwide/workdir/src/id_based_blocking/id_based_writer.rs:95:13
[INFO] [stdout]   21:     0x5779baf2f4bc - <messaging_thread_pool::id_based_blocking::cloneable_id_based_writer::CloneableIdBasedWriter as std::io::Write>::write::ha3e937021322d597
[INFO] [stdout]                                at /opt/rustwide/workdir/src/id_based_blocking/cloneable_id_based_writer.rs:34:9
[INFO] [stdout]   22:     0x5779baf29a88 - std::io::Write::write_all::hc6e066cd955d60d4
[INFO] [stdout]                                at /rustc/df4ca44d3fbc9301ee17f30f4d474e6ae4b05252/library/std/src/io/mod.rs:1705:19
[INFO] [stdout]   23:     0x5779baf1557c - <tracing_subscriber::fmt::fmt_layer::Layer<S,N,E,W> as tracing_subscriber::layer::Layer<S>>::on_event::{{closure}}::h8543ba1703a5bc02
[INFO] [stdout]                                at /opt/rustwide/cargo-home/registry/src/index.crates.io-6f17d22bba15001f/tracing-subscriber-0.3.18/src/fmt/fmt_layer.rs:975:27
[INFO] [stdout]   24:     0x5779baf0bd28 - std::thread::local::LocalKey<T>::try_with::h7a57960528d67e7c
[INFO] [stdout]                                at /rustc/df4ca44d3fbc9301ee17f30f4d474e6ae4b05252/library/std/src/thread/local.rs:283:12
[INFO] [stdout]   25:     0x5779baf0aeba - std::thread::local::LocalKey<T>::with::hafdde558f1396be1
[INFO] [stdout]                                at /rustc/df4ca44d3fbc9301ee17f30f4d474e6ae4b05252/library/std/src/thread/local.rs:260:9
[INFO] [stdout]   26:     0x5779baf14db7 - <tracing_subscriber::fmt::fmt_layer::Layer<S,N,E,W> as tracing_subscriber::layer::Layer<S>>::on_event::h6388c15e8572585c
[INFO] [stdout]                                at /opt/rustwide/cargo-home/registry/src/index.crates.io-6f17d22bba15001f/tracing-subscriber-0.3.18/src/fmt/fmt_layer.rs:949:9
[INFO] [stdout]   27:     0x5779baf56db7 - <tracing_subscriber::filter::layer_filters::Filtered<L,F,S> as tracing_subscriber::layer::Layer<S>>::on_event::{{closure}}::h3449680e374d2cef
[INFO] [stdout]                                at /opt/rustwide/cargo-home/registry/src/index.crates.io-6f17d22bba15001f/tracing-subscriber-0.3.18/src/filter/layer_filters/mod.rs:824:13
[INFO] [stdout]   28:     0x5779baf58472 - tracing_subscriber::filter::layer_filters::FilterState::did_enable::h9a8efd318ee1caab
[INFO] [stdout]                                at /opt/rustwide/cargo-home/registry/src/index.crates.io-6f17d22bba15001f/tracing-subscriber-0.3.18/src/filter/layer_filters/mod.rs:1167:13
[INFO] [stdout]   29:     0x5779baf589b9 - tracing_subscriber::filter::layer_filters::Filtered<L,F,S>::did_enable::{{closure}}::h9108bcee92f82571
[INFO] [stdout]                                at /opt/rustwide/cargo-home/registry/src/index.crates.io-6f17d22bba15001f/tracing-subscriber-0.3.18/src/filter/layer_filters/mod.rs:627:36
[INFO] [stdout]   30:     0x5779baf0c341 - std::thread::local::LocalKey<T>::try_with::hf48cba890321ed2f
[INFO] [stdout]                                at /rustc/df4ca44d3fbc9301ee17f30f4d474e6ae4b05252/library/std/src/thread/local.rs:283:12
[INFO] [stdout]   31:     0x5779baf0adea - std::thread::local::LocalKey<T>::with::h47f9134a5c719226
[INFO] [stdout]                                at /rustc/df4ca44d3fbc9301ee17f30f4d474e6ae4b05252/library/std/src/thread/local.rs:260:9
[INFO] [stdout]   32:     0x5779baf588e7 - tracing_subscriber::filter::layer_filters::Filtered<L,F,S>::did_enable::hb58625ac58339881
[INFO] [stdout]                                at /opt/rustwide/cargo-home/registry/src/index.crates.io-6f17d22bba15001f/tracing-subscriber-0.3.18/src/filter/layer_filters/mod.rs:627:9
[INFO] [stdout]   33:     0x5779baf56d05 - <tracing_subscriber::filter::layer_filters::Filtered<L,F,S> as tracing_subscriber::layer::Layer<S>>::on_event::h77067ac19be5e50e
[INFO] [stdout]                                at /opt/rustwide/cargo-home/registry/src/index.crates.io-6f17d22bba15001f/tracing-subscriber-0.3.18/src/filter/layer_filters/mod.rs:823:9
[INFO] [stdout]   34:     0x5779baf30238 - <tracing_subscriber::layer::layered::Layered<L,S> as tracing_core::subscriber::Subscriber>::event::h571e2a445349c950
[INFO] [stdout]                                at /opt/rustwide/cargo-home/registry/src/index.crates.io-6f17d22bba15001f/tracing-subscriber-0.3.18/src/layer/layered.rs:153:9
[INFO] [stdout]   35:     0x5779bb014545 - tracing_core::dispatcher::Dispatch::event::h5564addc71c1f921
[INFO] [stdout]                                at /opt/rustwide/cargo-home/registry/src/index.crates.io-6f17d22bba15001f/tracing-core-0.1.32/src/dispatcher.rs:615:13
[INFO] [stdout]   36:     0x5779bb010bf1 - tracing_core::event::Event::dispatch::{{closure}}::h327c9ce66e352348
[INFO] [stdout]                                at /opt/rustwide/cargo-home/registry/src/index.crates.io-6f17d22bba15001f/tracing-core-0.1.32/src/event.rs:35:13
[INFO] [stdout]   37:     0x5779bb014133 - tracing_core::dispatcher::get_default::{{closure}}::hc80df363cc6d11dd
[INFO] [stdout]                                at /opt/rustwide/cargo-home/registry/src/index.crates.io-6f17d22bba15001f/tracing-core-0.1.32/src/dispatcher.rs:397:24
[INFO] [stdout]   38:     0x5779bb00c78f - std::thread::local::LocalKey<T>::try_with::hf586b556947df125
[INFO] [stdout]                                at /rustc/df4ca44d3fbc9301ee17f30f4d474e6ae4b05252/library/std/src/thread/local.rs:283:12
[INFO] [stdout]   39:     0x5779bb013eac - tracing_core::dispatcher::get_default::hecdd4519179e90c5
[INFO] [stdout]                                at /opt/rustwide/cargo-home/registry/src/index.crates.io-6f17d22bba15001f/tracing-core-0.1.32/src/dispatcher.rs:394:5
[INFO] [stdout]   40:     0x5779bb010bc9 - tracing_core::event::Event::dispatch::hd3677b8256919668
[INFO] [stdout]                                at /opt/rustwide/cargo-home/registry/src/index.crates.io-6f17d22bba15001f/tracing-core-0.1.32/src/event.rs:34:9
[INFO] [stdout]   41:     0x5779baf660e6 - messaging_thread_pool::id_based_blocking::tests::sanity_check::{{closure}}::{{closure}}::h841e1503b3c194d2
[INFO] [stdout]                                at /opt/rustwide/cargo-home/registry/src/index.crates.io-6f17d22bba15001f/tracing-0.1.40/src/macros.rs:875:17
[INFO] [stdout]   42:     0x5779baf64afe - messaging_thread_pool::id_based_blocking::tests::sanity_check::{{closure}}::hb37796a40a7674d4
[INFO] [stdout]                                at /opt/rustwide/workdir/src/id_based_blocking/mod.rs:122:13
[INFO] [stdout]   43:     0x5779baf169ee - core::ops::function::FnOnce::call_once::h3d6c45b679cca027
[INFO] [stdout]                                at /rustc/df4ca44d3fbc9301ee17f30f4d474e6ae4b05252/library/core/src/ops/function.rs:250:5
[INFO] [stdout]   44:     0x5779baf09a0b - messaging_thread_pool::global_test_scope::test_scope::{{closure}}::h0ecd45f6a5c0aac8
[INFO] [stdout]                                at /opt/rustwide/workdir/src/global_test_scope.rs:29:9
[INFO] [stdout]   45:     0x5779baefd759 - tracing_core::dispatcher::with_default::h8fb6906432cddf3b
[INFO] [stdout]                                at /opt/rustwide/cargo-home/registry/src/index.crates.io-6f17d22bba15001f/tracing-core-0.1.32/src/dispatcher.rs:265:5
[INFO] [stdout]   46:     0x5779baf099a9 - messaging_thread_pool::global_test_scope::test_scope::h330e7a107c48662c
[INFO] [stdout]                                at /opt/rustwide/workdir/src/global_test_scope.rs:26:5
[INFO] [stdout]   47:     0x5779baf63289 - messaging_thread_pool::id_based_blocking::tests::sanity_check::h39b966fce66edd11
[INFO] [stdout]                                at /opt/rustwide/workdir/src/id_based_blocking/mod.rs:109:9
[INFO] [stdout]   48:     0x5779baf63187 - messaging_thread_pool::id_based_blocking::tests::sanity_check::{{closure}}::h6ea4f91150f3831b
[INFO] [stdout]                                at /opt/rustwide/workdir/src/id_based_blocking/mod.rs:103:22
[INFO] [stdout]   49:     0x5779baf16626 - core::ops::function::FnOnce::call_once::h07aeda810e4d05b7
[INFO] [stdout]                                at /rustc/df4ca44d3fbc9301ee17f30f4d474e6ae4b05252/library/core/src/ops/function.rs:250:5
[INFO] [stdout]   50:     0x5779bafa8dcb - core::ops::function::FnOnce::call_once::h22c3ba5715e93f05
[INFO] [stdout]                                at /rustc/df4ca44d3fbc9301ee17f30f4d474e6ae4b05252/library/core/src/ops/function.rs:250:5
[INFO] [stdout]   51:     0x5779bafa8dcb - test::__rust_begin_short_backtrace::h8e82d8113d0da17f
[INFO] [stdout]                                at /rustc/df4ca44d3fbc9301ee17f30f4d474e6ae4b05252/library/test/src/lib.rs:621:18
[INFO] [stdout]   52:     0x5779bafa8747 - test::run_test_in_process::{{closure}}::h33235f4f20b7b7c7
[INFO] [stdout]                                at /rustc/df4ca44d3fbc9301ee17f30f4d474e6ae4b05252/library/test/src/lib.rs:644:60
[INFO] [stdout]   53:     0x5779bafa8747 - <core::panic::unwind_safe::AssertUnwindSafe<F> as core::ops::function::FnOnce<()>>::call_once::hb5043206310c586f
[INFO] [stdout]                                at /rustc/df4ca44d3fbc9301ee17f30f4d474e6ae4b05252/library/core/src/panic/unwind_safe.rs:272:9
[INFO] [stdout]   54:     0x5779bafa8747 - std::panicking::try::do_call::h9ad4731a60ab23e2
[INFO] [stdout]                                at /rustc/df4ca44d3fbc9301ee17f30f4d474e6ae4b05252/library/std/src/panicking.rs:557:40
[INFO] [stdout]   55:     0x5779bafa8747 - std::panicking::try::h3824d23db772a716
[INFO] [stdout]                                at /rustc/df4ca44d3fbc9301ee17f30f4d474e6ae4b05252/library/std/src/panicking.rs:520:19
[INFO] [stdout]   56:     0x5779bafa8747 - std::panic::catch_unwind::h5afd514605fde46b
[INFO] [stdout]                                at /rustc/df4ca44d3fbc9301ee17f30f4d474e6ae4b05252/library/std/src/panic.rs:358:14
[INFO] [stdout]   57:     0x5779bafa8747 - test::run_test_in_process::h0d5cbfa7067d1720
[INFO] [stdout]                                at /rustc/df4ca44d3fbc9301ee17f30f4d474e6ae4b05252/library/test/src/lib.rs:644:27
[INFO] [stdout]   58:     0x5779bafa8747 - test::run_test::{{closure}}::h708eb8872708115d
[INFO] [stdout]                                at /rustc/df4ca44d3fbc9301ee17f30f4d474e6ae4b05252/library/test/src/lib.rs:565:43
[INFO] [stdout]   59:     0x5779baf6be64 - test::run_test::{{closure}}::h392c51cee94713ab
[INFO] [stdout]                                at /rustc/df4ca44d3fbc9301ee17f30f4d474e6ae4b05252/library/test/src/lib.rs:595:41
[INFO] [stdout]   60:     0x5779baf6be64 - std::sys::backtrace::__rust_begin_short_backtrace::h2f40290710935a8b
[INFO] [stdout]                                at /rustc/df4ca44d3fbc9301ee17f30f4d474e6ae4b05252/library/std/src/sys/backtrace.rs:154:18
[INFO] [stdout]   61:     0x5779baf6f60e - std::thread::Builder::spawn_unchecked_::{{closure}}::{{closure}}::h3fd968d89053a903
[INFO] [stdout]                                at /rustc/df4ca44d3fbc9301ee17f30f4d474e6ae4b05252/library/std/src/thread/mod.rs:541:17
[INFO] [stdout]   62:     0x5779baf6f60e - <core::panic::unwind_safe::AssertUnwindSafe<F> as core::ops::function::FnOnce<()>>::call_once::h743f637ba4229880
[INFO] [stdout]                                at /rustc/df4ca44d3fbc9301ee17f30f4d474e6ae4b05252/library/core/src/panic/unwind_safe.rs:272:9
[INFO] [stdout]   63:     0x5779baf6f60e - std::panicking::try::do_call::h07440897322525a6
[INFO] [stdout]                                at /rustc/df4ca44d3fbc9301ee17f30f4d474e6ae4b05252/library/std/src/panicking.rs:557:40
[INFO] [stdout]   64:     0x5779baf6f60e - std::panicking::try::he5a2e00188156637
[INFO] [stdout]                                at /rustc/df4ca44d3fbc9301ee17f30f4d474e6ae4b05252/library/std/src/panicking.rs:520:19
[INFO] [stdout]   65:     0x5779baf6f60e - std::panic::catch_unwind::hbaf3cae49b3c6433
[INFO] [stdout]                                at /rustc/df4ca44d3fbc9301ee17f30f4d474e6ae4b05252/library/std/src/panic.rs:358:14
[INFO] [stdout]   66:     0x5779baf6f60e - std::thread::Builder::spawn_unchecked_::{{closure}}::h8e141ea224820bce
[INFO] [stdout]                                at /rustc/df4ca44d3fbc9301ee17f30f4d474e6ae4b05252/library/std/src/thread/mod.rs:540:30
[INFO] [stdout]   67:     0x5779baf6f60e - core::ops::function::FnOnce::call_once{{vtable.shim}}::h90d312fedd7b8ea8
[INFO] [stdout]                                at /rustc/df4ca44d3fbc9301ee17f30f4d474e6ae4b05252/library/core/src/ops/function.rs:250:5
[INFO] [stdout]   68:     0x5779bb04e5db - <alloc::boxed::Box<F,A> as core::ops::function::FnOnce<Args>>::call_once::h69aa08ddb6adb8b6
[INFO] [stdout]                                at /rustc/df4ca44d3fbc9301ee17f30f4d474e6ae4b05252/library/alloc/src/boxed.rs:2454:9
[INFO] [stdout]   69:     0x5779bb04e5db - <alloc::boxed::Box<F,A> as core::ops::function::FnOnce<Args>>::call_once::h5aa36efdb79c806f
[INFO] [stdout]                                at /rustc/df4ca44d3fbc9301ee17f30f4d474e6ae4b05252/library/alloc/src/boxed.rs:2454:9
[INFO] [stdout]   70:     0x5779bb04e5db - std::sys::pal::unix::thread::Thread::new::thread_start::h6cd80a1b4be5158d
[INFO] [stdout]                                at /rustc/df4ca44d3fbc9301ee17f30f4d474e6ae4b05252/library/std/src/sys/pal/unix/thread.rs:105:17
[INFO] [stdout]   71:     0x7c0192406ac3 - <unknown>
[INFO] [stdout]   72:     0x7c0192497a04 - clone
[INFO] [stdout]   73:                0x0 - <unknown>
[INFO] [stdout] 
[INFO] [stdout] 
[INFO] [stdout] failures:
[INFO] [stdout]     id_based_blocking::id_based_writer::tests::sanity_check
[INFO] [stdout]     id_based_blocking::tests::sanity_check
[INFO] [stdout] 
[INFO] [stdout] test result: FAILED. 71 passed; 2 failed; 4 ignored; 0 measured; 0 filtered out; finished in 0.06s
[INFO] [stdout] 
[INFO] [stderr] error: test failed, to rerun pass `--lib`
[INFO] running `Command { std: "docker" "inspect" "5e0471177cfd1d403c6a267b35e53782b76f18d61997be91172985722484b4f9", kill_on_drop: false }`
[INFO] running `Command { std: "docker" "rm" "-f" "5e0471177cfd1d403c6a267b35e53782b76f18d61997be91172985722484b4f9", kill_on_drop: false }`
[INFO] [stdout] 5e0471177cfd1d403c6a267b35e53782b76f18d61997be91172985722484b4f9
