[INFO] fetching crate messaging 1.0.6...
[INFO] testing messaging-1.0.6 against nightly-2024-10-28 for randomize-layout
[INFO] extracting crate messaging 1.0.6 into /workspace/builds/worker-3-tc1/source
[INFO] validating manifest of crates.io crate messaging 1.0.6 on toolchain nightly-2024-10-28
[INFO] running `Command { std: CARGO_HOME="/workspace/cargo-home" RUSTUP_HOME="/workspace/rustup-home" "/workspace/cargo-home/bin/cargo" "+nightly-2024-10-28" "metadata" "--manifest-path" "Cargo.toml" "--no-deps", kill_on_drop: false }`
[INFO] started tweaking crates.io crate messaging 1.0.6
[INFO] finished tweaking crates.io crate messaging 1.0.6
[INFO] tweaked toml for crates.io crate messaging 1.0.6 written to /workspace/builds/worker-3-tc1/source/Cargo.toml
[INFO] running `Command { std: CARGO_HOME="/workspace/cargo-home" RUSTUP_HOME="/workspace/rustup-home" "/workspace/cargo-home/bin/cargo" "+nightly-2024-10-28" "generate-lockfile" "--manifest-path" "Cargo.toml", kill_on_drop: false }`
[INFO] [stderr]     Updating crates.io index
[INFO] [stderr]      Locking 6 packages to latest compatible versions
[INFO] running `Command { std: CARGO_HOME="/workspace/cargo-home" RUSTUP_HOME="/workspace/rustup-home" "/workspace/cargo-home/bin/cargo" "+nightly-2024-10-28" "fetch" "--manifest-path" "Cargo.toml", kill_on_drop: false }`
[INFO] running `Command { std: "docker" "create" "-v" "/var/lib/crater-agent-workspace/builds/worker-3-tc1/target:/opt/rustwide/target:rw,Z" "-v" "/var/lib/crater-agent-workspace/builds/worker-3-tc1/source:/opt/rustwide/workdir:ro,Z" "-v" "/var/lib/crater-agent-workspace/cargo-home:/opt/rustwide/cargo-home:ro,Z" "-v" "/var/lib/crater-agent-workspace/rustup-home:/opt/rustwide/rustup-home:ro,Z" "-e" "SOURCE_DIR=/opt/rustwide/workdir" "-e" "CARGO_TARGET_DIR=/opt/rustwide/target" "-e" "CARGO_HOME=/opt/rustwide/cargo-home" "-e" "RUSTUP_HOME=/opt/rustwide/rustup-home" "-w" "/opt/rustwide/workdir" "-m" "1610612736" "--user" "0:0" "--network" "none" "ghcr.io/rust-lang/crates-build-env/linux@sha256:4a844ea9eb2546a2d2c7022eacef16ef2e8229c7fbb2c7d4d55a9ceca922f72d" "/opt/rustwide/cargo-home/bin/cargo" "+nightly-2024-10-28" "metadata" "--no-deps" "--format-version=1", kill_on_drop: false }`
[INFO] [stdout] 36e7f0ea5bca140f9242a185979892fe3efa538bbc93e68be1aff64f3e69fc5b
[INFO] running `Command { std: "docker" "start" "-a" "36e7f0ea5bca140f9242a185979892fe3efa538bbc93e68be1aff64f3e69fc5b", kill_on_drop: false }`
[INFO] running `Command { std: "docker" "inspect" "36e7f0ea5bca140f9242a185979892fe3efa538bbc93e68be1aff64f3e69fc5b", kill_on_drop: false }`
[INFO] running `Command { std: "docker" "rm" "-f" "36e7f0ea5bca140f9242a185979892fe3efa538bbc93e68be1aff64f3e69fc5b", kill_on_drop: false }`
[INFO] [stdout] 36e7f0ea5bca140f9242a185979892fe3efa538bbc93e68be1aff64f3e69fc5b
[INFO] running `Command { std: "docker" "create" "-v" "/var/lib/crater-agent-workspace/builds/worker-3-tc1/target:/opt/rustwide/target:rw,Z" "-v" "/var/lib/crater-agent-workspace/builds/worker-3-tc1/source:/opt/rustwide/workdir:ro,Z" "-v" "/var/lib/crater-agent-workspace/cargo-home:/opt/rustwide/cargo-home:ro,Z" "-v" "/var/lib/crater-agent-workspace/rustup-home:/opt/rustwide/rustup-home:ro,Z" "-e" "SOURCE_DIR=/opt/rustwide/workdir" "-e" "CARGO_TARGET_DIR=/opt/rustwide/target" "-e" "CARGO_INCREMENTAL=0" "-e" "RUST_BACKTRACE=full" "-e" "RUSTFLAGS=--cap-lints=forbid" "-e" "RUSTDOCFLAGS=--cap-lints=forbid" "-e" "CARGO_HOME=/opt/rustwide/cargo-home" "-e" "RUSTUP_HOME=/opt/rustwide/rustup-home" "-w" "/opt/rustwide/workdir" "-m" "1610612736" "--user" "0:0" "--network" "none" "ghcr.io/rust-lang/crates-build-env/linux@sha256:4a844ea9eb2546a2d2c7022eacef16ef2e8229c7fbb2c7d4d55a9ceca922f72d" "/opt/rustwide/cargo-home/bin/cargo" "+nightly-2024-10-28" "build" "--frozen" "--message-format=json", kill_on_drop: false }`
[INFO] [stdout] f681afc4bcdcb7970ac5204a7d31195805a8b181317ebec8c1e989f74816cd59
[INFO] running `Command { std: "docker" "start" "-a" "f681afc4bcdcb7970ac5204a7d31195805a8b181317ebec8c1e989f74816cd59", kill_on_drop: false }`
[INFO] [stderr]    Compiling proc-macro2 v1.0.89
[INFO] [stderr]    Compiling unicode-ident v1.0.13
[INFO] [stderr]    Compiling thiserror v1.0.66
[INFO] [stderr]    Compiling quote v1.0.37
[INFO] [stderr]    Compiling syn v2.0.86
[INFO] [stderr]    Compiling thiserror-impl v1.0.66
[INFO] [stderr]    Compiling messaging v1.0.6 (/opt/rustwide/workdir)
[INFO] [stderr]     Finished `dev` profile [unoptimized + debuginfo] target(s) in 5.94s
[INFO] running `Command { std: "docker" "inspect" "f681afc4bcdcb7970ac5204a7d31195805a8b181317ebec8c1e989f74816cd59", kill_on_drop: false }`
[INFO] running `Command { std: "docker" "rm" "-f" "f681afc4bcdcb7970ac5204a7d31195805a8b181317ebec8c1e989f74816cd59", kill_on_drop: false }`
[INFO] [stdout] f681afc4bcdcb7970ac5204a7d31195805a8b181317ebec8c1e989f74816cd59
[INFO] running `Command { std: "docker" "create" "-v" "/var/lib/crater-agent-workspace/builds/worker-3-tc1/target:/opt/rustwide/target:rw,Z" "-v" "/var/lib/crater-agent-workspace/builds/worker-3-tc1/source:/opt/rustwide/workdir:ro,Z" "-v" "/var/lib/crater-agent-workspace/cargo-home:/opt/rustwide/cargo-home:ro,Z" "-v" "/var/lib/crater-agent-workspace/rustup-home:/opt/rustwide/rustup-home:ro,Z" "-e" "SOURCE_DIR=/opt/rustwide/workdir" "-e" "CARGO_TARGET_DIR=/opt/rustwide/target" "-e" "CARGO_INCREMENTAL=0" "-e" "RUST_BACKTRACE=full" "-e" "RUSTFLAGS=--cap-lints=forbid" "-e" "RUSTDOCFLAGS=--cap-lints=forbid" "-e" "CARGO_HOME=/opt/rustwide/cargo-home" "-e" "RUSTUP_HOME=/opt/rustwide/rustup-home" "-w" "/opt/rustwide/workdir" "-m" "1610612736" "--user" "0:0" "--network" "none" "ghcr.io/rust-lang/crates-build-env/linux@sha256:4a844ea9eb2546a2d2c7022eacef16ef2e8229c7fbb2c7d4d55a9ceca922f72d" "/opt/rustwide/cargo-home/bin/cargo" "+nightly-2024-10-28" "test" "--frozen" "--no-run" "--message-format=json", kill_on_drop: false }`
[INFO] [stdout] 80f7c3a51ef1b8d9f7bf7809935600ad3b8426b1498e7e002b296b2ca43bdf4e
[INFO] running `Command { std: "docker" "start" "-a" "80f7c3a51ef1b8d9f7bf7809935600ad3b8426b1498e7e002b296b2ca43bdf4e", kill_on_drop: false }`
[INFO] [stderr]    Compiling messaging v1.0.6 (/opt/rustwide/workdir)
[INFO] [stderr]     Finished `test` profile [unoptimized + debuginfo] target(s) in 0.18s
[INFO] running `Command { std: "docker" "inspect" "80f7c3a51ef1b8d9f7bf7809935600ad3b8426b1498e7e002b296b2ca43bdf4e", kill_on_drop: false }`
[INFO] running `Command { std: "docker" "rm" "-f" "80f7c3a51ef1b8d9f7bf7809935600ad3b8426b1498e7e002b296b2ca43bdf4e", kill_on_drop: false }`
[INFO] [stdout] 80f7c3a51ef1b8d9f7bf7809935600ad3b8426b1498e7e002b296b2ca43bdf4e
[INFO] running `Command { std: "docker" "create" "-v" "/var/lib/crater-agent-workspace/builds/worker-3-tc1/target:/opt/rustwide/target:rw,Z" "-v" "/var/lib/crater-agent-workspace/builds/worker-3-tc1/source:/opt/rustwide/workdir:ro,Z" "-v" "/var/lib/crater-agent-workspace/cargo-home:/opt/rustwide/cargo-home:ro,Z" "-v" "/var/lib/crater-agent-workspace/rustup-home:/opt/rustwide/rustup-home:ro,Z" "-e" "SOURCE_DIR=/opt/rustwide/workdir" "-e" "CARGO_TARGET_DIR=/opt/rustwide/target" "-e" "CARGO_INCREMENTAL=0" "-e" "RUST_BACKTRACE=full" "-e" "RUSTFLAGS=--cap-lints=forbid" "-e" "RUSTDOCFLAGS=--cap-lints=forbid" "-e" "CARGO_HOME=/opt/rustwide/cargo-home" "-e" "RUSTUP_HOME=/opt/rustwide/rustup-home" "-w" "/opt/rustwide/workdir" "-m" "1610612736" "--user" "0:0" "--network" "none" "ghcr.io/rust-lang/crates-build-env/linux@sha256:4a844ea9eb2546a2d2c7022eacef16ef2e8229c7fbb2c7d4d55a9ceca922f72d" "/opt/rustwide/cargo-home/bin/cargo" "+nightly-2024-10-28" "test" "--frozen", kill_on_drop: false }`
[INFO] [stdout] 0cb71bc885268d3dee73396149fd4ef5f48075b78cd0bd972aaece0611fe148a
[INFO] running `Command { std: "docker" "start" "-a" "0cb71bc885268d3dee73396149fd4ef5f48075b78cd0bd972aaece0611fe148a", kill_on_drop: false }`
[INFO] [stderr]     Finished `test` profile [unoptimized + debuginfo] target(s) in 0.01s
[INFO] [stderr]      Running unittests src/lib.rs (/opt/rustwide/target/debug/deps/messaging-52620aef903462e6)
[INFO] [stdout] 
[INFO] [stdout] running 0 tests
[INFO] [stdout] 
[INFO] [stdout] test result: ok. 0 passed; 0 failed; 0 ignored; 0 measured; 0 filtered out; finished in 0.00s
[INFO] [stdout] 
[INFO] [stderr]    Doc-tests messaging
[INFO] [stdout] 
[INFO] [stdout] running 2 tests
[INFO] [stdout] test src/lib.rs - Mailbox<MessageA,MessageB>::new_entangled_pair (line 17) ... FAILED
[INFO] [stdout] test src/lib.rs - Mailbox<SenderMessage,ReceiverMessage>::new (line 46) ... FAILED
[INFO] [stdout] 
[INFO] [stdout] failures:
[INFO] [stdout] 
[INFO] [stdout] ---- src/lib.rs - Mailbox<MessageA,MessageB>::new_entangled_pair (line 17) stdout ----
[INFO] [stdout] error[E0433]: failed to resolve: use of undeclared type `Mailbox`
[INFO] [stdout]  --> src/lib.rs:18:40
[INFO] [stdout]   |
[INFO] [stdout] 3 | let (renderer_mailbox, game_mailbox) = Mailbox::new_entangled_pair();
[INFO] [stdout]   |                                        ^^^^^^^ use of undeclared type `Mailbox`
[INFO] [stdout]   |
[INFO] [stdout] help: consider importing this struct
[INFO] [stdout]   |
[INFO] [stdout] 2 + use messaging::Mailbox;
[INFO] [stdout]   |
[INFO] [stdout] 
[INFO] [stdout] error[E0433]: failed to resolve: use of undeclared type `RenderLoopMessage`
[INFO] [stdout]  --> src/lib.rs:20:23
[INFO] [stdout]   |
[INFO] [stdout] 5 | renderer_mailbox.send(RenderLoopMessage::SyncWithGame);
[INFO] [stdout]   |                       ^^^^^^^^^^^^^^^^^ use of undeclared type `RenderLoopMessage`
[INFO] [stdout] 
[INFO] [stdout] error[E0433]: failed to resolve: use of undeclared type `GameLoopMessage`
[INFO] [stdout]   --> src/lib.rs:25:28
[INFO] [stdout]    |
[INFO] [stdout] 10 | game_mailbox.send_and_wait(GameLoopMessage::SyncWithRender)?;
[INFO] [stdout]    |                            ^^^^^^^^^^^^^^^ use of undeclared type `GameLoopMessage`
[INFO] [stdout] 
[INFO] [stdout] error[E0433]: failed to resolve: use of undeclared type `RenderLoopMessage`
[INFO] [stdout]  --> src/lib.rs:21:11
[INFO] [stdout]   |
[INFO] [stdout] 6 | if let Ok(RenderLoopMessage::SyncWithGame) = game_mailbox.poll() {
[INFO] [stdout]   |           ^^^^^^^^^^^^^^^^^ use of undeclared type `RenderLoopMessage`
[INFO] [stdout] 
[INFO] [stdout] error: aborting due to 4 previous errors
[INFO] [stdout] 
[INFO] [stdout] For more information about this error, try `rustc --explain E0433`.
[INFO] [stdout] Couldn't compile the test.
[INFO] [stdout] ---- src/lib.rs - Mailbox<SenderMessage,ReceiverMessage>::new (line 46) stdout ----
[INFO] [stdout] error[E0433]: failed to resolve: use of undeclared type `Mailbox`
[INFO] [stdout]  --> src/lib.rs:50:24
[INFO] [stdout]   |
[INFO] [stdout] 6 | let renderer_mailbox = Mailbox::new(sender_a, receiver_b);
[INFO] [stdout]   |                        ^^^^^^^ use of undeclared type `Mailbox`
[INFO] [stdout]   |
[INFO] [stdout] help: consider importing this struct
[INFO] [stdout]   |
[INFO] [stdout] 2 + use messaging::Mailbox;
[INFO] [stdout]   |
[INFO] [stdout] 
[INFO] [stdout] error[E0433]: failed to resolve: use of undeclared type `Mailbox`
[INFO] [stdout]  --> src/lib.rs:51:20
[INFO] [stdout]   |
[INFO] [stdout] 7 | let game_mailbox = Mailbox::new(sender_b, receiver_a);
[INFO] [stdout]   |                    ^^^^^^^ use of undeclared type `Mailbox`
[INFO] [stdout]   |
[INFO] [stdout] help: consider importing this struct
[INFO] [stdout]   |
[INFO] [stdout] 2 + use messaging::Mailbox;
[INFO] [stdout]   |
[INFO] [stdout] 
[INFO] [stdout] error[E0433]: failed to resolve: use of undeclared type `RenderLoopMessage`
[INFO] [stdout]  --> src/lib.rs:53:23
[INFO] [stdout]   |
[INFO] [stdout] 9 | renderer_mailbox.send(RenderLoopMessage::SyncWithGame);
[INFO] [stdout]   |                       ^^^^^^^^^^^^^^^^^ use of undeclared type `RenderLoopMessage`
[INFO] [stdout] 
[INFO] [stdout] error[E0433]: failed to resolve: use of undeclared type `GameLoopMessage`
[INFO] [stdout]   --> src/lib.rs:58:28
[INFO] [stdout]    |
[INFO] [stdout] 14 | game_mailbox.send_and_wait(GameLoopMessage::SyncWithRender)?;
[INFO] [stdout]    |                            ^^^^^^^^^^^^^^^ use of undeclared type `GameLoopMessage`
[INFO] [stdout] 
[INFO] [stdout] error[E0433]: failed to resolve: use of undeclared type `RenderLoopMessage`
[INFO] [stdout]   --> src/lib.rs:54:11
[INFO] [stdout]    |
[INFO] [stdout] 10 | if let Ok(RenderLoopMessage::SyncWithGame) = game_mailbox.poll() {
[INFO] [stdout]    |           ^^^^^^^^^^^^^^^^^ use of undeclared type `RenderLoopMessage`
[INFO] [stdout] 
[INFO] [stdout] error: aborting due to 5 previous errors
[INFO] [stdout] 
[INFO] [stdout] For more information about this error, try `rustc --explain E0433`.
[INFO] [stdout] Couldn't compile the test.
[INFO] [stdout] 
[INFO] [stdout] failures:
[INFO] [stdout]     src/lib.rs - Mailbox<MessageA,MessageB>::new_entangled_pair (line 17)
[INFO] [stdout]     src/lib.rs - Mailbox<SenderMessage,ReceiverMessage>::new (line 46)
[INFO] [stdout] 
[INFO] [stdout] test result: FAILED. 0 passed; 2 failed; 0 ignored; 0 measured; 0 filtered out; finished in 0.07s
[INFO] [stdout] 
[INFO] [stderr] error: doctest failed, to rerun pass `--doc`
[INFO] running `Command { std: "docker" "inspect" "0cb71bc885268d3dee73396149fd4ef5f48075b78cd0bd972aaece0611fe148a", kill_on_drop: false }`
[INFO] running `Command { std: "docker" "rm" "-f" "0cb71bc885268d3dee73396149fd4ef5f48075b78cd0bd972aaece0611fe148a", kill_on_drop: false }`
[INFO] [stdout] 0cb71bc885268d3dee73396149fd4ef5f48075b78cd0bd972aaece0611fe148a
