[INFO] fetching crate merkle-root 1.0.0...
[INFO] testing merkle-root-1.0.0 against nightly-2024-10-28 for randomize-layout
[INFO] extracting crate merkle-root 1.0.0 into /workspace/builds/worker-4-tc1/source
[INFO] validating manifest of crates.io crate merkle-root 1.0.0 on toolchain nightly-2024-10-28
[INFO] running `Command { std: CARGO_HOME="/workspace/cargo-home" RUSTUP_HOME="/workspace/rustup-home" "/workspace/cargo-home/bin/cargo" "+nightly-2024-10-28" "metadata" "--manifest-path" "Cargo.toml" "--no-deps", kill_on_drop: false }`
[INFO] started tweaking crates.io crate merkle-root 1.0.0
[INFO] finished tweaking crates.io crate merkle-root 1.0.0
[INFO] tweaked toml for crates.io crate merkle-root 1.0.0 written to /workspace/builds/worker-4-tc1/source/Cargo.toml
[INFO] running `Command { std: CARGO_HOME="/workspace/cargo-home" RUSTUP_HOME="/workspace/rustup-home" "/workspace/cargo-home/bin/cargo" "+nightly-2024-10-28" "generate-lockfile" "--manifest-path" "Cargo.toml", kill_on_drop: false }`
[INFO] [stderr]     Updating crates.io index
[INFO] [stderr]      Locking 28 packages to latest compatible versions
[INFO] running `Command { std: CARGO_HOME="/workspace/cargo-home" RUSTUP_HOME="/workspace/rustup-home" "/workspace/cargo-home/bin/cargo" "+nightly-2024-10-28" "fetch" "--manifest-path" "Cargo.toml", kill_on_drop: false }`
[INFO] running `Command { std: "docker" "create" "-v" "/var/lib/crater-agent-workspace/builds/worker-4-tc1/target:/opt/rustwide/target:rw,Z" "-v" "/var/lib/crater-agent-workspace/builds/worker-4-tc1/source:/opt/rustwide/workdir:ro,Z" "-v" "/var/lib/crater-agent-workspace/cargo-home:/opt/rustwide/cargo-home:ro,Z" "-v" "/var/lib/crater-agent-workspace/rustup-home:/opt/rustwide/rustup-home:ro,Z" "-e" "SOURCE_DIR=/opt/rustwide/workdir" "-e" "CARGO_TARGET_DIR=/opt/rustwide/target" "-e" "CARGO_HOME=/opt/rustwide/cargo-home" "-e" "RUSTUP_HOME=/opt/rustwide/rustup-home" "-w" "/opt/rustwide/workdir" "-m" "1610612736" "--user" "0:0" "--network" "none" "ghcr.io/rust-lang/crates-build-env/linux@sha256:4a844ea9eb2546a2d2c7022eacef16ef2e8229c7fbb2c7d4d55a9ceca922f72d" "/opt/rustwide/cargo-home/bin/cargo" "+nightly-2024-10-28" "metadata" "--no-deps" "--format-version=1", kill_on_drop: false }`
[INFO] [stdout] 387eaa2d8cb6697c1d7ae3f3ce0a978db45cd416083e35d38db9aa0398b78abc
[INFO] running `Command { std: "docker" "start" "-a" "387eaa2d8cb6697c1d7ae3f3ce0a978db45cd416083e35d38db9aa0398b78abc", kill_on_drop: false }`
[INFO] running `Command { std: "docker" "inspect" "387eaa2d8cb6697c1d7ae3f3ce0a978db45cd416083e35d38db9aa0398b78abc", kill_on_drop: false }`
[INFO] running `Command { std: "docker" "rm" "-f" "387eaa2d8cb6697c1d7ae3f3ce0a978db45cd416083e35d38db9aa0398b78abc", kill_on_drop: false }`
[INFO] [stdout] 387eaa2d8cb6697c1d7ae3f3ce0a978db45cd416083e35d38db9aa0398b78abc
[INFO] running `Command { std: "docker" "create" "-v" "/var/lib/crater-agent-workspace/builds/worker-4-tc1/target:/opt/rustwide/target:rw,Z" "-v" "/var/lib/crater-agent-workspace/builds/worker-4-tc1/source:/opt/rustwide/workdir:ro,Z" "-v" "/var/lib/crater-agent-workspace/cargo-home:/opt/rustwide/cargo-home:ro,Z" "-v" "/var/lib/crater-agent-workspace/rustup-home:/opt/rustwide/rustup-home:ro,Z" "-e" "SOURCE_DIR=/opt/rustwide/workdir" "-e" "CARGO_TARGET_DIR=/opt/rustwide/target" "-e" "CARGO_INCREMENTAL=0" "-e" "RUST_BACKTRACE=full" "-e" "RUSTFLAGS=--cap-lints=forbid" "-e" "RUSTDOCFLAGS=--cap-lints=forbid" "-e" "CARGO_HOME=/opt/rustwide/cargo-home" "-e" "RUSTUP_HOME=/opt/rustwide/rustup-home" "-w" "/opt/rustwide/workdir" "-m" "1610612736" "--user" "0:0" "--network" "none" "ghcr.io/rust-lang/crates-build-env/linux@sha256:4a844ea9eb2546a2d2c7022eacef16ef2e8229c7fbb2c7d4d55a9ceca922f72d" "/opt/rustwide/cargo-home/bin/cargo" "+nightly-2024-10-28" "build" "--frozen" "--message-format=json", kill_on_drop: false }`
[INFO] [stdout] 04dc301e45bc2300fa85791716b9795d57ed9e38e563f00b606938275e3497b5
[INFO] running `Command { std: "docker" "start" "-a" "04dc301e45bc2300fa85791716b9795d57ed9e38e563f00b606938275e3497b5", kill_on_drop: false }`
[INFO] [stderr]    Compiling xxhash-rust v0.8.12
[INFO] [stderr]    Compiling crypto-common v0.1.6
[INFO] [stderr]    Compiling digest v0.10.7
[INFO] [stderr]    Compiling sha2 v0.10.8
[INFO] [stderr]    Compiling merkle-root v1.0.0 (/opt/rustwide/workdir)
[INFO] [stderr]     Finished `dev` profile [unoptimized + debuginfo] target(s) in 0.68s
[INFO] running `Command { std: "docker" "inspect" "04dc301e45bc2300fa85791716b9795d57ed9e38e563f00b606938275e3497b5", kill_on_drop: false }`
[INFO] running `Command { std: "docker" "rm" "-f" "04dc301e45bc2300fa85791716b9795d57ed9e38e563f00b606938275e3497b5", kill_on_drop: false }`
[INFO] [stdout] 04dc301e45bc2300fa85791716b9795d57ed9e38e563f00b606938275e3497b5
[INFO] running `Command { std: "docker" "create" "-v" "/var/lib/crater-agent-workspace/builds/worker-4-tc1/target:/opt/rustwide/target:rw,Z" "-v" "/var/lib/crater-agent-workspace/builds/worker-4-tc1/source:/opt/rustwide/workdir:ro,Z" "-v" "/var/lib/crater-agent-workspace/cargo-home:/opt/rustwide/cargo-home:ro,Z" "-v" "/var/lib/crater-agent-workspace/rustup-home:/opt/rustwide/rustup-home:ro,Z" "-e" "SOURCE_DIR=/opt/rustwide/workdir" "-e" "CARGO_TARGET_DIR=/opt/rustwide/target" "-e" "CARGO_INCREMENTAL=0" "-e" "RUST_BACKTRACE=full" "-e" "RUSTFLAGS=--cap-lints=forbid" "-e" "RUSTDOCFLAGS=--cap-lints=forbid" "-e" "CARGO_HOME=/opt/rustwide/cargo-home" "-e" "RUSTUP_HOME=/opt/rustwide/rustup-home" "-w" "/opt/rustwide/workdir" "-m" "1610612736" "--user" "0:0" "--network" "none" "ghcr.io/rust-lang/crates-build-env/linux@sha256:4a844ea9eb2546a2d2c7022eacef16ef2e8229c7fbb2c7d4d55a9ceca922f72d" "/opt/rustwide/cargo-home/bin/cargo" "+nightly-2024-10-28" "test" "--frozen" "--no-run" "--message-format=json", kill_on_drop: false }`
[INFO] [stdout] 8fdab49ebc5e4f8abb7ff05fd20b6f155bd61744a980608b45bcead2c761e01e
[INFO] running `Command { std: "docker" "start" "-a" "8fdab49ebc5e4f8abb7ff05fd20b6f155bd61744a980608b45bcead2c761e01e", kill_on_drop: false }`
[INFO] [stderr]    Compiling libc v0.2.161
[INFO] [stderr]    Compiling syn v2.0.86
[INFO] [stderr]    Compiling getrandom v0.2.15
[INFO] [stderr]    Compiling rand_core v0.6.4
[INFO] [stderr]    Compiling test-case-core v3.3.1
[INFO] [stderr]    Compiling zerocopy-derive v0.7.35
[INFO] [stderr]    Compiling test-case-macros v3.3.1
[INFO] [stderr]    Compiling test-case v3.3.1
[INFO] [stderr]    Compiling zerocopy v0.7.35
[INFO] [stderr]    Compiling ppv-lite86 v0.2.20
[INFO] [stderr]    Compiling rand_chacha v0.3.1
[INFO] [stderr]    Compiling rand v0.8.5
[INFO] [stderr]    Compiling merkle-root v1.0.0 (/opt/rustwide/workdir)
[INFO] [stderr]     Finished `test` profile [unoptimized + debuginfo] target(s) in 5.54s
[INFO] running `Command { std: "docker" "inspect" "8fdab49ebc5e4f8abb7ff05fd20b6f155bd61744a980608b45bcead2c761e01e", kill_on_drop: false }`
[INFO] running `Command { std: "docker" "rm" "-f" "8fdab49ebc5e4f8abb7ff05fd20b6f155bd61744a980608b45bcead2c761e01e", kill_on_drop: false }`
[INFO] [stdout] 8fdab49ebc5e4f8abb7ff05fd20b6f155bd61744a980608b45bcead2c761e01e
[INFO] running `Command { std: "docker" "create" "-v" "/var/lib/crater-agent-workspace/builds/worker-4-tc1/target:/opt/rustwide/target:rw,Z" "-v" "/var/lib/crater-agent-workspace/builds/worker-4-tc1/source:/opt/rustwide/workdir:ro,Z" "-v" "/var/lib/crater-agent-workspace/cargo-home:/opt/rustwide/cargo-home:ro,Z" "-v" "/var/lib/crater-agent-workspace/rustup-home:/opt/rustwide/rustup-home:ro,Z" "-e" "SOURCE_DIR=/opt/rustwide/workdir" "-e" "CARGO_TARGET_DIR=/opt/rustwide/target" "-e" "CARGO_INCREMENTAL=0" "-e" "RUST_BACKTRACE=full" "-e" "RUSTFLAGS=--cap-lints=forbid" "-e" "RUSTDOCFLAGS=--cap-lints=forbid" "-e" "CARGO_HOME=/opt/rustwide/cargo-home" "-e" "RUSTUP_HOME=/opt/rustwide/rustup-home" "-w" "/opt/rustwide/workdir" "-m" "1610612736" "--user" "0:0" "--network" "none" "ghcr.io/rust-lang/crates-build-env/linux@sha256:4a844ea9eb2546a2d2c7022eacef16ef2e8229c7fbb2c7d4d55a9ceca922f72d" "/opt/rustwide/cargo-home/bin/cargo" "+nightly-2024-10-28" "test" "--frozen", kill_on_drop: false }`
[INFO] [stdout] 9881597032e4259a9ddd5dc0c3090294659be9ffee9a239c13fa4364d105a887
[INFO] running `Command { std: "docker" "start" "-a" "9881597032e4259a9ddd5dc0c3090294659be9ffee9a239c13fa4364d105a887", kill_on_drop: false }`
[INFO] [stderr]     Finished `test` profile [unoptimized + debuginfo] target(s) in 0.04s
[INFO] [stderr]      Running unittests src/lib.rs (/opt/rustwide/target/debug/deps/merkle_root-8873a5b2ec1ea338)
[INFO] [stdout] 
[INFO] [stdout] running 27 tests
[INFO] [stdout] test builder::tests::test_unaligned_single_block ... ok
[INFO] [stdout] test builder::tests::tests::test_empty ... ok
[INFO] [stdout] test tree::tests::test_from_reader_empty ... ok
[INFO] [stdout] test builder::tests::tests::test_oneblock ... ok
[INFO] [stdout] test tree::tests::test_from_reader_error_propagation ... ok
[INFO] [stdout] test tree::tests::test_from_reader_oneblock ... ok
[INFO] [stdout] test tree::tests::test_from_walked_directory::test_empty ... ok
[INFO] [stdout] test tree::tests::test_from_walked_directory::test_three ... ok
[INFO] [stdout] test tree::tests::test_from_walked_directory::test_two ... ok
[INFO] [stdout] test builder::tests::tests::test_small ... ok
[INFO] [stdout] test builder::tests::test_unaligned_n_block ... ok
[INFO] [stdout] test util::tests::test_hash_block_empty ... ok
[INFO] [stdout] test util::tests::test_hash_block_single ... ok
[INFO] [stdout] test tree::tests::test_includes_hash ... ok
[INFO] [stdout] test util::tests::test_hash_hashes_zero_pad_same_length ... ok
[INFO] [stdout] test writer::tests::tests::test_empty ... ok
[INFO] [stdout] test util::tests::test_hash_hashes_full_block ... ok
[INFO] [stdout] test builder::tests::tests::test_large ... ok
[INFO] [stdout] test writer::tests::tests::test_oneblock ... ok
[INFO] [stdout] test writer::tests::tests::test_small ... ok
[INFO] [stdout] test tree::tests::test_single_full_hash_block ... ok
[INFO] [stdout] test tree::tests::test_from_reader_unaligned ... ok
[INFO] [stdout] test builder::tests::tests::test_unaligned ... ok
[INFO] [stdout] test tree::tests::test_from_walked_directory::test_four ... ok
[INFO] [stdout] test writer::tests::tests::test_large ... ok
[INFO] [stdout] test writer::tests::tests::test_unaligned ... ok
[INFO] [stdout] test builder::tests::test_fuchsia ... ok
[INFO] [stdout] 
[INFO] [stdout] test result: ok. 27 passed; 0 failed; 0 ignored; 0 measured; 0 filtered out; finished in 0.99s
[INFO] [stdout] 
[INFO] [stderr]    Doc-tests merkle_root
[INFO] [stdout] 
[INFO] [stdout] running 4 tests
[INFO] [stdout] test src/util.rs - util::hash_hashes (line 73) ... ignored
[INFO] [stdout] test src/tree.rs - tree::MerkleTree::from_reader (line 62) ... FAILED
[INFO] [stdout] test src/builder.rs - builder::MerkleTreeBuilder (line 14) ... FAILED
[INFO] [stdout] test src/writer.rs - writer::MerkleTreeWriter (line 19) ... FAILED
[INFO] [stdout] 
[INFO] [stdout] failures:
[INFO] [stdout] 
[INFO] [stdout] ---- src/tree.rs - tree::MerkleTree::from_reader (line 62) stdout ----
[INFO] [stdout] error[E0432]: unresolved import `fuchsia_merkle`
[INFO] [stdout]  --> src/tree.rs:63:5
[INFO] [stdout]   |
[INFO] [stdout] 3 | use fuchsia_merkle::MerkleTree;
[INFO] [stdout]   |     ^^^^^^^^^^^^^^ use of undeclared crate or module `fuchsia_merkle`
[INFO] [stdout] 
[INFO] [stdout] error: aborting due to 1 previous error
[INFO] [stdout] 
[INFO] [stdout] For more information about this error, try `rustc --explain E0432`.
[INFO] [stdout] Couldn't compile the test.
[INFO] [stdout] ---- src/builder.rs - builder::MerkleTreeBuilder (line 14) stdout ----
[INFO] [stdout] error[E0432]: unresolved import `fuchsia_merkle`
[INFO] [stdout]  --> src/builder.rs:15:5
[INFO] [stdout]   |
[INFO] [stdout] 3 | use fuchsia_merkle::*;
[INFO] [stdout]   |     ^^^^^^^^^^^^^^ use of undeclared crate or module `fuchsia_merkle`
[INFO] [stdout] 
[INFO] [stdout] error: aborting due to 1 previous error
[INFO] [stdout] 
[INFO] [stdout] For more information about this error, try `rustc --explain E0432`.
[INFO] [stdout] Couldn't compile the test.
[INFO] [stdout] ---- src/writer.rs - writer::MerkleTreeWriter (line 19) stdout ----
[INFO] [stdout] error[E0432]: unresolved import `fuchsia_merkle`
[INFO] [stdout]  --> src/writer.rs:20:5
[INFO] [stdout]   |
[INFO] [stdout] 2 | use fuchsia_merkle::*;
[INFO] [stdout]   |     ^^^^^^^^^^^^^^ use of undeclared crate or module `fuchsia_merkle`
[INFO] [stdout] 
[INFO] [stdout] error: aborting due to 1 previous error
[INFO] [stdout] 
[INFO] [stdout] For more information about this error, try `rustc --explain E0432`.
[INFO] [stdout] Couldn't compile the test.
[INFO] [stdout] 
[INFO] [stdout] failures:
[INFO] [stdout]     src/builder.rs - builder::MerkleTreeBuilder (line 14)
[INFO] [stdout]     src/tree.rs - tree::MerkleTree::from_reader (line 62)
[INFO] [stdout]     src/writer.rs - writer::MerkleTreeWriter (line 19)
[INFO] [stdout] 
[INFO] [stdout] test result: FAILED. 0 passed; 3 failed; 1 ignored; 0 measured; 0 filtered out; finished in 0.04s
[INFO] [stdout] 
[INFO] [stderr] error: doctest failed, to rerun pass `--doc`
[INFO] running `Command { std: "docker" "inspect" "9881597032e4259a9ddd5dc0c3090294659be9ffee9a239c13fa4364d105a887", kill_on_drop: false }`
[INFO] running `Command { std: "docker" "rm" "-f" "9881597032e4259a9ddd5dc0c3090294659be9ffee9a239c13fa4364d105a887", kill_on_drop: false }`
[INFO] [stdout] 9881597032e4259a9ddd5dc0c3090294659be9ffee9a239c13fa4364d105a887
