[INFO] fetching crate merde_json_types 2.2.3...
[INFO] testing merde_json_types-2.2.3 against nightly-2024-10-28+rustflags=-Zrandomize-layout for randomize-layout
[INFO] extracting crate merde_json_types 2.2.3 into /workspace/builds/worker-5-tc2/source
[INFO] validating manifest of crates.io crate merde_json_types 2.2.3 on toolchain nightly-2024-10-28
[INFO] running `Command { std: CARGO_HOME="/workspace/cargo-home" RUSTUP_HOME="/workspace/rustup-home" "/workspace/cargo-home/bin/cargo" "+nightly-2024-10-28" "metadata" "--manifest-path" "Cargo.toml" "--no-deps", kill_on_drop: false }`
[INFO] started tweaking crates.io crate merde_json_types 2.2.3
[INFO] finished tweaking crates.io crate merde_json_types 2.2.3
[INFO] tweaked toml for crates.io crate merde_json_types 2.2.3 written to /workspace/builds/worker-5-tc2/source/Cargo.toml
[INFO] running `Command { std: CARGO_HOME="/workspace/cargo-home" RUSTUP_HOME="/workspace/rustup-home" "/workspace/cargo-home/bin/cargo" "+nightly-2024-10-28" "generate-lockfile" "--manifest-path" "Cargo.toml", kill_on_drop: false }`
[INFO] [stderr]     Updating crates.io index
[INFO] [stderr]      Locking 38 packages to latest compatible versions
[INFO] [stderr]       Adding merde_json v2.4.1 (available: v6.2.1)
[INFO] running `Command { std: CARGO_HOME="/workspace/cargo-home" RUSTUP_HOME="/workspace/rustup-home" "/workspace/cargo-home/bin/cargo" "+nightly-2024-10-28" "fetch" "--manifest-path" "Cargo.toml", kill_on_drop: false }`
[INFO] running `Command { std: "docker" "create" "-v" "/var/lib/crater-agent-workspace/builds/worker-5-tc2/target:/opt/rustwide/target:rw,Z" "-v" "/var/lib/crater-agent-workspace/builds/worker-5-tc2/source:/opt/rustwide/workdir:ro,Z" "-v" "/var/lib/crater-agent-workspace/cargo-home:/opt/rustwide/cargo-home:ro,Z" "-v" "/var/lib/crater-agent-workspace/rustup-home:/opt/rustwide/rustup-home:ro,Z" "-e" "SOURCE_DIR=/opt/rustwide/workdir" "-e" "CARGO_TARGET_DIR=/opt/rustwide/target" "-e" "CARGO_HOME=/opt/rustwide/cargo-home" "-e" "RUSTUP_HOME=/opt/rustwide/rustup-home" "-w" "/opt/rustwide/workdir" "-m" "1610612736" "--user" "0:0" "--network" "none" "ghcr.io/rust-lang/crates-build-env/linux@sha256:4a844ea9eb2546a2d2c7022eacef16ef2e8229c7fbb2c7d4d55a9ceca922f72d" "/opt/rustwide/cargo-home/bin/cargo" "+nightly-2024-10-28" "metadata" "--no-deps" "--format-version=1", kill_on_drop: false }`
[INFO] [stdout] 8197d6d57967ff255ac377ed86202715edec615e32cff2376d0290665528ad7d
[INFO] running `Command { std: "docker" "start" "-a" "8197d6d57967ff255ac377ed86202715edec615e32cff2376d0290665528ad7d", kill_on_drop: false }`
[INFO] running `Command { std: "docker" "inspect" "8197d6d57967ff255ac377ed86202715edec615e32cff2376d0290665528ad7d", kill_on_drop: false }`
[INFO] running `Command { std: "docker" "rm" "-f" "8197d6d57967ff255ac377ed86202715edec615e32cff2376d0290665528ad7d", kill_on_drop: false }`
[INFO] [stdout] 8197d6d57967ff255ac377ed86202715edec615e32cff2376d0290665528ad7d
[INFO] running `Command { std: "docker" "create" "-v" "/var/lib/crater-agent-workspace/builds/worker-5-tc2/target:/opt/rustwide/target:rw,Z" "-v" "/var/lib/crater-agent-workspace/builds/worker-5-tc2/source:/opt/rustwide/workdir:ro,Z" "-v" "/var/lib/crater-agent-workspace/cargo-home:/opt/rustwide/cargo-home:ro,Z" "-v" "/var/lib/crater-agent-workspace/rustup-home:/opt/rustwide/rustup-home:ro,Z" "-e" "SOURCE_DIR=/opt/rustwide/workdir" "-e" "CARGO_TARGET_DIR=/opt/rustwide/target" "-e" "CARGO_INCREMENTAL=0" "-e" "RUST_BACKTRACE=full" "-e" "RUSTFLAGS=--cap-lints=forbid -Zrandomize-layout" "-e" "RUSTDOCFLAGS=--cap-lints=forbid" "-e" "CARGO_HOME=/opt/rustwide/cargo-home" "-e" "RUSTUP_HOME=/opt/rustwide/rustup-home" "-w" "/opt/rustwide/workdir" "-m" "1610612736" "--user" "0:0" "--network" "none" "ghcr.io/rust-lang/crates-build-env/linux@sha256:4a844ea9eb2546a2d2c7022eacef16ef2e8229c7fbb2c7d4d55a9ceca922f72d" "/opt/rustwide/cargo-home/bin/cargo" "+nightly-2024-10-28" "build" "--frozen" "--message-format=json", kill_on_drop: false }`
[INFO] [stdout] 8860cc517c0dcc83c1a41bc4fb16bd4b0a6b7ff091868afa42e3dbf57c7cb22d
[INFO] running `Command { std: "docker" "start" "-a" "8860cc517c0dcc83c1a41bc4fb16bd4b0a6b7ff091868afa42e3dbf57c7cb22d", kill_on_drop: false }`
[INFO] [stderr]    Compiling merde_json_types v2.2.3 (/opt/rustwide/workdir)
[INFO] [stderr]     Finished `dev` profile [unoptimized + debuginfo] target(s) in 0.07s
[INFO] running `Command { std: "docker" "inspect" "8860cc517c0dcc83c1a41bc4fb16bd4b0a6b7ff091868afa42e3dbf57c7cb22d", kill_on_drop: false }`
[INFO] running `Command { std: "docker" "rm" "-f" "8860cc517c0dcc83c1a41bc4fb16bd4b0a6b7ff091868afa42e3dbf57c7cb22d", kill_on_drop: false }`
[INFO] [stdout] 8860cc517c0dcc83c1a41bc4fb16bd4b0a6b7ff091868afa42e3dbf57c7cb22d
[INFO] running `Command { std: "docker" "create" "-v" "/var/lib/crater-agent-workspace/builds/worker-5-tc2/target:/opt/rustwide/target:rw,Z" "-v" "/var/lib/crater-agent-workspace/builds/worker-5-tc2/source:/opt/rustwide/workdir:ro,Z" "-v" "/var/lib/crater-agent-workspace/cargo-home:/opt/rustwide/cargo-home:ro,Z" "-v" "/var/lib/crater-agent-workspace/rustup-home:/opt/rustwide/rustup-home:ro,Z" "-e" "SOURCE_DIR=/opt/rustwide/workdir" "-e" "CARGO_TARGET_DIR=/opt/rustwide/target" "-e" "CARGO_INCREMENTAL=0" "-e" "RUST_BACKTRACE=full" "-e" "RUSTFLAGS=--cap-lints=forbid -Zrandomize-layout" "-e" "RUSTDOCFLAGS=--cap-lints=forbid" "-e" "CARGO_HOME=/opt/rustwide/cargo-home" "-e" "RUSTUP_HOME=/opt/rustwide/rustup-home" "-w" "/opt/rustwide/workdir" "-m" "1610612736" "--user" "0:0" "--network" "none" "ghcr.io/rust-lang/crates-build-env/linux@sha256:4a844ea9eb2546a2d2c7022eacef16ef2e8229c7fbb2c7d4d55a9ceca922f72d" "/opt/rustwide/cargo-home/bin/cargo" "+nightly-2024-10-28" "test" "--frozen" "--no-run" "--message-format=json", kill_on_drop: false }`
[INFO] [stdout] b36b01e2cf36f3b350ea2a6b61fb410157f4b4b1a819be6e342c378274fa8d29
[INFO] running `Command { std: "docker" "start" "-a" "b36b01e2cf36f3b350ea2a6b61fb410157f4b4b1a819be6e342c378274fa8d29", kill_on_drop: false }`
[INFO] [stderr]    Compiling zerocopy v0.7.35
[INFO] [stderr]    Compiling jiter v0.5.0
[INFO] [stderr]    Compiling once_cell v1.20.2
[INFO] [stderr]    Compiling lexical-util v0.8.5
[INFO] [stderr]    Compiling time-macros v0.2.18
[INFO] [stderr]    Compiling getrandom v0.2.15
[INFO] [stderr]    Compiling ahash v0.8.11
[INFO] [stderr]    Compiling time v0.3.36
[INFO] [stderr]    Compiling lexical-parse-integer v0.8.6
[INFO] [stderr]    Compiling lexical-parse-float v0.8.5
[INFO] [stderr]    Compiling merde_json v2.4.1
[INFO] [stderr]    Compiling merde_json_types v2.2.3 (/opt/rustwide/workdir)
[INFO] [stderr]     Finished `test` profile [unoptimized + debuginfo] target(s) in 2.53s
[INFO] running `Command { std: "docker" "inspect" "b36b01e2cf36f3b350ea2a6b61fb410157f4b4b1a819be6e342c378274fa8d29", kill_on_drop: false }`
[INFO] running `Command { std: "docker" "rm" "-f" "b36b01e2cf36f3b350ea2a6b61fb410157f4b4b1a819be6e342c378274fa8d29", kill_on_drop: false }`
[INFO] [stdout] b36b01e2cf36f3b350ea2a6b61fb410157f4b4b1a819be6e342c378274fa8d29
[INFO] running `Command { std: "docker" "create" "-v" "/var/lib/crater-agent-workspace/builds/worker-5-tc2/target:/opt/rustwide/target:rw,Z" "-v" "/var/lib/crater-agent-workspace/builds/worker-5-tc2/source:/opt/rustwide/workdir:ro,Z" "-v" "/var/lib/crater-agent-workspace/cargo-home:/opt/rustwide/cargo-home:ro,Z" "-v" "/var/lib/crater-agent-workspace/rustup-home:/opt/rustwide/rustup-home:ro,Z" "-e" "SOURCE_DIR=/opt/rustwide/workdir" "-e" "CARGO_TARGET_DIR=/opt/rustwide/target" "-e" "CARGO_INCREMENTAL=0" "-e" "RUST_BACKTRACE=full" "-e" "RUSTFLAGS=--cap-lints=forbid -Zrandomize-layout" "-e" "RUSTDOCFLAGS=--cap-lints=forbid" "-e" "CARGO_HOME=/opt/rustwide/cargo-home" "-e" "RUSTUP_HOME=/opt/rustwide/rustup-home" "-w" "/opt/rustwide/workdir" "-m" "1610612736" "--user" "0:0" "--network" "none" "ghcr.io/rust-lang/crates-build-env/linux@sha256:4a844ea9eb2546a2d2c7022eacef16ef2e8229c7fbb2c7d4d55a9ceca922f72d" "/opt/rustwide/cargo-home/bin/cargo" "+nightly-2024-10-28" "test" "--frozen", kill_on_drop: false }`
[INFO] [stdout] 2c7ef3759e1cbd66580f70fe78b03ab76fcc918e6e85d4bc092588f6b785755c
[INFO] running `Command { std: "docker" "start" "-a" "2c7ef3759e1cbd66580f70fe78b03ab76fcc918e6e85d4bc092588f6b785755c", kill_on_drop: false }`
[INFO] [stderr]     Finished `test` profile [unoptimized + debuginfo] target(s) in 0.02s
[INFO] [stderr]      Running unittests src/lib.rs (/opt/rustwide/target/debug/deps/merde_json_types-79df4e8240e80a0d)
[INFO] [stdout] 
[INFO] [stdout] running 0 tests
[INFO] [stdout] 
[INFO] [stdout] test result: ok. 0 passed; 0 failed; 0 ignored; 0 measured; 0 filtered out; finished in 0.00s
[INFO] [stdout] 
[INFO] [stderr]    Doc-tests merde_json_types
[INFO] [stdout] 
[INFO] [stdout] running 3 tests
[INFO] [stdout] test src/../README.md - (line 25) ... FAILED
[INFO] [stdout] test src/../README.md - (line 77) ... FAILED
[INFO] [stdout] test src/../README.md - (line 46) ... FAILED
[INFO] [stdout] 
[INFO] [stdout] failures:
[INFO] [stdout] 
[INFO] [stdout] ---- src/../README.md - (line 25) stdout ----
[INFO] [stdout] error[E0432]: unresolved import `merde_json_types::time`
[INFO] [stdout]  --> src/../README.md:28:23
[INFO] [stdout]   |
[INFO] [stdout] 6 | use merde_json_types::time::Rfc3339;
[INFO] [stdout]   |                       ^^^^ could not find `time` in `merde_json_types`
[INFO] [stdout]   |
[INFO] [stdout] note: found an item that was configured out
[INFO] [stdout]  --> /opt/rustwide/workdir/src/lib.rs:5:9
[INFO] [stdout]   |
[INFO] [stdout] 5 | pub mod time;
[INFO] [stdout]   |         ^^^^
[INFO] [stdout] note: the item is gated behind the `time-types` feature
[INFO] [stdout]  --> /opt/rustwide/workdir/src/lib.rs:4:7
[INFO] [stdout]   |
[INFO] [stdout] 4 | #[cfg(feature = "time-types")]
[INFO] [stdout]   |       ^^^^^^^^^^^^^^^^^^^^^^
[INFO] [stdout] 
[INFO] [stdout] error: aborting due to 1 previous error
[INFO] [stdout] 
[INFO] [stdout] For more information about this error, try `rustc --explain E0432`.
[INFO] [stdout] Couldn't compile the test.
[INFO] [stdout] ---- src/../README.md - (line 77) stdout ----
[INFO] [stdout] error[E0432]: unresolved import `merde_json_types::time`
[INFO] [stdout]  --> src/../README.md:80:23
[INFO] [stdout]   |
[INFO] [stdout] 6 | use merde_json_types::time::Rfc3339;
[INFO] [stdout]   |                       ^^^^ could not find `time` in `merde_json_types`
[INFO] [stdout]   |
[INFO] [stdout] note: found an item that was configured out
[INFO] [stdout]  --> /opt/rustwide/workdir/src/lib.rs:5:9
[INFO] [stdout]   |
[INFO] [stdout] 5 | pub mod time;
[INFO] [stdout]   |         ^^^^
[INFO] [stdout] note: the item is gated behind the `time-types` feature
[INFO] [stdout]  --> /opt/rustwide/workdir/src/lib.rs:4:7
[INFO] [stdout]   |
[INFO] [stdout] 4 | #[cfg(feature = "time-types")]
[INFO] [stdout]   |       ^^^^^^^^^^^^^^^^^^^^^^
[INFO] [stdout] 
[INFO] [stdout] error: aborting due to 1 previous error
[INFO] [stdout] 
[INFO] [stdout] For more information about this error, try `rustc --explain E0432`.
[INFO] [stdout] Couldn't compile the test.
[INFO] [stdout] ---- src/../README.md - (line 46) stdout ----
[INFO] [stdout] error[E0432]: unresolved import `merde_json_types::time`
[INFO] [stdout]  --> src/../README.md:49:23
[INFO] [stdout]   |
[INFO] [stdout] 6 | use merde_json_types::time::Rfc3339;
[INFO] [stdout]   |                       ^^^^ could not find `time` in `merde_json_types`
[INFO] [stdout]   |
[INFO] [stdout] note: found an item that was configured out
[INFO] [stdout]  --> /opt/rustwide/workdir/src/lib.rs:5:9
[INFO] [stdout]   |
[INFO] [stdout] 5 | pub mod time;
[INFO] [stdout]   |         ^^^^
[INFO] [stdout] note: the item is gated behind the `time-types` feature
[INFO] [stdout]  --> /opt/rustwide/workdir/src/lib.rs:4:7
[INFO] [stdout]   |
[INFO] [stdout] 4 | #[cfg(feature = "time-types")]
[INFO] [stdout]   |       ^^^^^^^^^^^^^^^^^^^^^^
[INFO] [stdout] 
[INFO] [stdout] error: aborting due to 1 previous error
[INFO] [stdout] 
[INFO] [stdout] For more information about this error, try `rustc --explain E0432`.
[INFO] [stdout] Couldn't compile the test.
[INFO] [stdout] 
[INFO] [stdout] failures:
[INFO] [stdout]     src/../README.md - (line 25)
[INFO] [stdout]     src/../README.md - (line 46)
[INFO] [stdout]     src/../README.md - (line 77)
[INFO] [stdout] 
[INFO] [stdout] test result: FAILED. 0 passed; 3 failed; 0 ignored; 0 measured; 0 filtered out; finished in 0.08s
[INFO] [stdout] 
[INFO] [stderr] error: doctest failed, to rerun pass `--doc`
[INFO] running `Command { std: "docker" "inspect" "2c7ef3759e1cbd66580f70fe78b03ab76fcc918e6e85d4bc092588f6b785755c", kill_on_drop: false }`
[INFO] running `Command { std: "docker" "rm" "-f" "2c7ef3759e1cbd66580f70fe78b03ab76fcc918e6e85d4bc092588f6b785755c", kill_on_drop: false }`
[INFO] [stdout] 2c7ef3759e1cbd66580f70fe78b03ab76fcc918e6e85d4bc092588f6b785755c
