[INFO] fetching crate memonitor 0.2.4...
[INFO] testing memonitor-0.2.4 against nightly-2024-10-28 for randomize-layout
[INFO] extracting crate memonitor 0.2.4 into /workspace/builds/worker-2-tc1/source
[INFO] validating manifest of crates.io crate memonitor 0.2.4 on toolchain nightly-2024-10-28
[INFO] running `Command { std: CARGO_HOME="/workspace/cargo-home" RUSTUP_HOME="/workspace/rustup-home" "/workspace/cargo-home/bin/cargo" "+nightly-2024-10-28" "metadata" "--manifest-path" "Cargo.toml" "--no-deps", kill_on_drop: false }`
[INFO] started tweaking crates.io crate memonitor 0.2.4
[INFO] finished tweaking crates.io crate memonitor 0.2.4
[INFO] tweaked toml for crates.io crate memonitor 0.2.4 written to /workspace/builds/worker-2-tc1/source/Cargo.toml
[INFO] running `Command { std: CARGO_HOME="/workspace/cargo-home" RUSTUP_HOME="/workspace/rustup-home" "/workspace/cargo-home/bin/cargo" "+nightly-2024-10-28" "generate-lockfile" "--manifest-path" "Cargo.toml", kill_on_drop: false }`
[INFO] [stderr]     Updating crates.io index
[INFO] [stderr]      Locking 75 packages to latest compatible versions
[INFO] [stderr]       Adding sysinfo v0.30.13 (available: v0.32.0)
[INFO] running `Command { std: CARGO_HOME="/workspace/cargo-home" RUSTUP_HOME="/workspace/rustup-home" "/workspace/cargo-home/bin/cargo" "+nightly-2024-10-28" "fetch" "--manifest-path" "Cargo.toml", kill_on_drop: false }`
[INFO] [stderr]  Downloading crates ...
[INFO] [stderr]   Downloaded memonitor-sys v0.2.4
[INFO] running `Command { std: "docker" "create" "-v" "/var/lib/crater-agent-workspace/builds/worker-2-tc1/target:/opt/rustwide/target:rw,Z" "-v" "/var/lib/crater-agent-workspace/builds/worker-2-tc1/source:/opt/rustwide/workdir:ro,Z" "-v" "/var/lib/crater-agent-workspace/cargo-home:/opt/rustwide/cargo-home:ro,Z" "-v" "/var/lib/crater-agent-workspace/rustup-home:/opt/rustwide/rustup-home:ro,Z" "-e" "SOURCE_DIR=/opt/rustwide/workdir" "-e" "CARGO_TARGET_DIR=/opt/rustwide/target" "-e" "CARGO_HOME=/opt/rustwide/cargo-home" "-e" "RUSTUP_HOME=/opt/rustwide/rustup-home" "-w" "/opt/rustwide/workdir" "-m" "1610612736" "--user" "0:0" "--network" "none" "ghcr.io/rust-lang/crates-build-env/linux@sha256:4a844ea9eb2546a2d2c7022eacef16ef2e8229c7fbb2c7d4d55a9ceca922f72d" "/opt/rustwide/cargo-home/bin/cargo" "+nightly-2024-10-28" "metadata" "--no-deps" "--format-version=1", kill_on_drop: false }`
[INFO] [stdout] 1e53cc1b87f619fc0043329f08362319d58fb19942bd022b90b0ed3cfa109240
[INFO] running `Command { std: "docker" "start" "-a" "1e53cc1b87f619fc0043329f08362319d58fb19942bd022b90b0ed3cfa109240", kill_on_drop: false }`
[INFO] running `Command { std: "docker" "inspect" "1e53cc1b87f619fc0043329f08362319d58fb19942bd022b90b0ed3cfa109240", kill_on_drop: false }`
[INFO] running `Command { std: "docker" "rm" "-f" "1e53cc1b87f619fc0043329f08362319d58fb19942bd022b90b0ed3cfa109240", kill_on_drop: false }`
[INFO] [stdout] 1e53cc1b87f619fc0043329f08362319d58fb19942bd022b90b0ed3cfa109240
[INFO] running `Command { std: "docker" "create" "-v" "/var/lib/crater-agent-workspace/builds/worker-2-tc1/target:/opt/rustwide/target:rw,Z" "-v" "/var/lib/crater-agent-workspace/builds/worker-2-tc1/source:/opt/rustwide/workdir:ro,Z" "-v" "/var/lib/crater-agent-workspace/cargo-home:/opt/rustwide/cargo-home:ro,Z" "-v" "/var/lib/crater-agent-workspace/rustup-home:/opt/rustwide/rustup-home:ro,Z" "-e" "SOURCE_DIR=/opt/rustwide/workdir" "-e" "CARGO_TARGET_DIR=/opt/rustwide/target" "-e" "CARGO_INCREMENTAL=0" "-e" "RUST_BACKTRACE=full" "-e" "RUSTFLAGS=--cap-lints=forbid" "-e" "RUSTDOCFLAGS=--cap-lints=forbid" "-e" "CARGO_HOME=/opt/rustwide/cargo-home" "-e" "RUSTUP_HOME=/opt/rustwide/rustup-home" "-w" "/opt/rustwide/workdir" "-m" "1610612736" "--user" "0:0" "--network" "none" "ghcr.io/rust-lang/crates-build-env/linux@sha256:4a844ea9eb2546a2d2c7022eacef16ef2e8229c7fbb2c7d4d55a9ceca922f72d" "/opt/rustwide/cargo-home/bin/cargo" "+nightly-2024-10-28" "build" "--frozen" "--message-format=json", kill_on_drop: false }`
[INFO] [stdout] 49b28d6cb26cbe6bdc41a38ccfb5c81a3b48d1f0cb05eb8361da90432d2f5109
[INFO] running `Command { std: "docker" "start" "-a" "49b28d6cb26cbe6bdc41a38ccfb5c81a3b48d1f0cb05eb8361da90432d2f5109", kill_on_drop: false }`
[INFO] [stderr]    Compiling proc-macro2 v1.0.89
[INFO] [stderr]    Compiling glob v0.3.1
[INFO] [stderr]    Compiling prettyplease v0.2.25
[INFO] [stderr]    Compiling rustix v0.38.38
[INFO] [stderr]    Compiling libc v0.2.161
[INFO] [stderr]    Compiling either v1.13.0
[INFO] [stderr]    Compiling shlex v1.3.0
[INFO] [stderr]    Compiling linux-raw-sys v0.4.14
[INFO] [stderr]    Compiling bitflags v2.6.0
[INFO] [stderr]    Compiling memchr v2.7.4
[INFO] [stderr]    Compiling crossbeam-utils v0.8.20
[INFO] [stderr]    Compiling minimal-lexical v0.2.1
[INFO] [stderr]    Compiling regex-syntax v0.8.5
[INFO] [stderr]    Compiling clang-sys v1.8.1
[INFO] [stderr]    Compiling libloading v0.8.5
[INFO] [stderr]    Compiling home v0.5.9
[INFO] [stderr]    Compiling bindgen v0.69.5
[INFO] [stderr]    Compiling itertools v0.12.1
[INFO] [stderr]    Compiling cc v1.1.31
[INFO] [stderr]    Compiling quote v1.0.37
[INFO] [stderr]    Compiling syn v2.0.86
[INFO] [stderr]    Compiling nom v7.1.3
[INFO] [stderr]    Compiling lazycell v1.3.0
[INFO] [stderr]    Compiling cfg_aliases v0.2.1
[INFO] [stderr]    Compiling log v0.4.22
[INFO] [stderr]    Compiling rustc-hash v1.1.0
[INFO] [stderr]    Compiling lazy_static v1.5.0
[INFO] [stderr]    Compiling crossbeam-epoch v0.9.18
[INFO] [stderr]    Compiling regex-automata v0.4.8
[INFO] [stderr]    Compiling cmake v0.1.51
[INFO] [stderr]    Compiling rayon-core v1.12.1
[INFO] [stderr]    Compiling which v4.4.2
[INFO] [stderr]    Compiling crossbeam-deque v0.8.5
[INFO] [stderr]    Compiling once_cell v1.20.2
[INFO] [stderr]    Compiling tracing-core v0.1.32
[INFO] [stderr]    Compiling memonitor v0.2.4 (/opt/rustwide/workdir)
[INFO] [stderr]    Compiling cexpr v0.6.0
[INFO] [stderr]    Compiling pin-project-lite v0.2.15
[INFO] [stderr]    Compiling rayon v1.10.0
[INFO] [stderr]    Compiling regex v1.11.1
[INFO] [stderr]    Compiling tracing-attributes v0.1.27
[INFO] [stderr]    Compiling sysinfo v0.30.13
[INFO] [stderr]    Compiling tracing v0.1.40
[INFO] [stderr]    Compiling memonitor-sys v0.2.4
[INFO] [stderr]     Finished `dev` profile [unoptimized + debuginfo] target(s) in 25.67s
[INFO] running `Command { std: "docker" "inspect" "49b28d6cb26cbe6bdc41a38ccfb5c81a3b48d1f0cb05eb8361da90432d2f5109", kill_on_drop: false }`
[INFO] running `Command { std: "docker" "rm" "-f" "49b28d6cb26cbe6bdc41a38ccfb5c81a3b48d1f0cb05eb8361da90432d2f5109", kill_on_drop: false }`
[INFO] [stdout] 49b28d6cb26cbe6bdc41a38ccfb5c81a3b48d1f0cb05eb8361da90432d2f5109
[INFO] running `Command { std: "docker" "create" "-v" "/var/lib/crater-agent-workspace/builds/worker-2-tc1/target:/opt/rustwide/target:rw,Z" "-v" "/var/lib/crater-agent-workspace/builds/worker-2-tc1/source:/opt/rustwide/workdir:ro,Z" "-v" "/var/lib/crater-agent-workspace/cargo-home:/opt/rustwide/cargo-home:ro,Z" "-v" "/var/lib/crater-agent-workspace/rustup-home:/opt/rustwide/rustup-home:ro,Z" "-e" "SOURCE_DIR=/opt/rustwide/workdir" "-e" "CARGO_TARGET_DIR=/opt/rustwide/target" "-e" "CARGO_INCREMENTAL=0" "-e" "RUST_BACKTRACE=full" "-e" "RUSTFLAGS=--cap-lints=forbid" "-e" "RUSTDOCFLAGS=--cap-lints=forbid" "-e" "CARGO_HOME=/opt/rustwide/cargo-home" "-e" "RUSTUP_HOME=/opt/rustwide/rustup-home" "-w" "/opt/rustwide/workdir" "-m" "1610612736" "--user" "0:0" "--network" "none" "ghcr.io/rust-lang/crates-build-env/linux@sha256:4a844ea9eb2546a2d2c7022eacef16ef2e8229c7fbb2c7d4d55a9ceca922f72d" "/opt/rustwide/cargo-home/bin/cargo" "+nightly-2024-10-28" "test" "--frozen" "--no-run" "--message-format=json", kill_on_drop: false }`
[INFO] [stdout] aecd3310a0dd8e842954d3f922aa6cb051316fb5d8db4d3a3e85dce23a3318ea
[INFO] running `Command { std: "docker" "start" "-a" "aecd3310a0dd8e842954d3f922aa6cb051316fb5d8db4d3a3e85dce23a3318ea", kill_on_drop: false }`
[INFO] [stderr]    Compiling lazy_static v1.5.0
[INFO] [stderr]    Compiling tracing-core v0.1.32
[INFO] [stderr]    Compiling regex-syntax v0.8.5
[INFO] [stderr]    Compiling regex-syntax v0.6.29
[INFO] [stderr]    Compiling overload v0.1.1
[INFO] [stderr]    Compiling log v0.4.22
[INFO] [stderr]    Compiling thread_local v1.1.8
[INFO] [stderr]    Compiling smallvec v1.13.2
[INFO] [stderr]    Compiling bindgen v0.69.5
[INFO] [stderr]    Compiling nu-ansi-term v0.46.0
[INFO] [stderr]    Compiling sharded-slab v0.1.7
[INFO] [stderr]    Compiling tracing v0.1.40
[INFO] [stderr]    Compiling tracing-log v0.2.0
[INFO] [stderr]    Compiling regex-automata v0.4.8
[INFO] [stderr]    Compiling regex-automata v0.1.10
[INFO] [stderr]    Compiling matchers v0.1.0
[INFO] [stderr]    Compiling regex v1.11.1
[INFO] [stderr]    Compiling tracing-subscriber v0.3.18
[INFO] [stderr]    Compiling memonitor-sys v0.2.4
[INFO] [stderr]    Compiling memonitor v0.2.4 (/opt/rustwide/workdir)
[INFO] [stderr]     Finished `test` profile [unoptimized + debuginfo] target(s) in 10.53s
[INFO] running `Command { std: "docker" "inspect" "aecd3310a0dd8e842954d3f922aa6cb051316fb5d8db4d3a3e85dce23a3318ea", kill_on_drop: false }`
[INFO] running `Command { std: "docker" "rm" "-f" "aecd3310a0dd8e842954d3f922aa6cb051316fb5d8db4d3a3e85dce23a3318ea", kill_on_drop: false }`
[INFO] [stdout] aecd3310a0dd8e842954d3f922aa6cb051316fb5d8db4d3a3e85dce23a3318ea
[INFO] running `Command { std: "docker" "create" "-v" "/var/lib/crater-agent-workspace/builds/worker-2-tc1/target:/opt/rustwide/target:rw,Z" "-v" "/var/lib/crater-agent-workspace/builds/worker-2-tc1/source:/opt/rustwide/workdir:ro,Z" "-v" "/var/lib/crater-agent-workspace/cargo-home:/opt/rustwide/cargo-home:ro,Z" "-v" "/var/lib/crater-agent-workspace/rustup-home:/opt/rustwide/rustup-home:ro,Z" "-e" "SOURCE_DIR=/opt/rustwide/workdir" "-e" "CARGO_TARGET_DIR=/opt/rustwide/target" "-e" "CARGO_INCREMENTAL=0" "-e" "RUST_BACKTRACE=full" "-e" "RUSTFLAGS=--cap-lints=forbid" "-e" "RUSTDOCFLAGS=--cap-lints=forbid" "-e" "CARGO_HOME=/opt/rustwide/cargo-home" "-e" "RUSTUP_HOME=/opt/rustwide/rustup-home" "-w" "/opt/rustwide/workdir" "-m" "1610612736" "--user" "0:0" "--network" "none" "ghcr.io/rust-lang/crates-build-env/linux@sha256:4a844ea9eb2546a2d2c7022eacef16ef2e8229c7fbb2c7d4d55a9ceca922f72d" "/opt/rustwide/cargo-home/bin/cargo" "+nightly-2024-10-28" "test" "--frozen", kill_on_drop: false }`
[INFO] [stdout] 153d8dcf5e0f3bce2cc7dc3020ecfa9f347ab314fbd490f8c9d0034ee4b442d2
[INFO] running `Command { std: "docker" "start" "-a" "153d8dcf5e0f3bce2cc7dc3020ecfa9f347ab314fbd490f8c9d0034ee4b442d2", kill_on_drop: false }`
[INFO] [stderr]     Finished `test` profile [unoptimized + debuginfo] target(s) in 0.05s
[INFO] [stderr]      Running unittests src/lib.rs (/opt/rustwide/target/debug/deps/memonitor-e3dd81c52314c0e0)
[INFO] [stdout] 
[INFO] [stdout] running 0 tests
[INFO] [stdout] 
[INFO] [stdout] test result: ok. 0 passed; 0 failed; 0 ignored; 0 measured; 0 filtered out; finished in 0.00s
[INFO] [stdout] 
[INFO] [stderr]      Running tests/all.rs (/opt/rustwide/target/debug/deps/all-b56e481928482820)
[INFO] [stdout] 
[INFO] [stdout] running 1 test
[INFO] [stdout] [2m2024-11-01T11:45:18.662967Z[0m [34mDEBUG[0m all [2mmemonitor::cpu[0m[2m:[0m Attempting to load CPU monitor
[INFO] [stdout] [2m2024-11-01T11:45:18.664858Z[0m [34mDEBUG[0m all [2mmemonitor::vulkan[0m[2m:[0m Attempting to load Vulkan monitor
[INFO] [stdout] [2m2024-11-01T11:45:18.678499Z[0m [33m WARN[0m all [2mmemonitor-sys[0m[2m:[0m Could not find Vulkan layer VK_LAYER_KHRONOS_validation
[INFO] [stdout] [2m2024-11-01T11:45:18.678595Z[0m [33m WARN[0m all [2mmemonitor::vulkan[0m[2m:[0m Vulkan runtime not found.
[INFO] [stdout] [2m2024-11-01T11:45:18.678616Z[0m [34mDEBUG[0m all [2mmemonitor::cuda[0m[2m:[0m Attempting to load CUDA monitor
[INFO] [stdout] [2m2024-11-01T11:45:18.679140Z[0m [33m WARN[0m all [2mmemonitor-sys[0m[2m:[0m Could not load CUDA driver.
[INFO] [stdout] [2m2024-11-01T11:45:18.679166Z[0m [33m WARN[0m all [2mmemonitor::cuda[0m[2m:[0m Failed to initialise the CUDA backend.
[INFO] [stdout] test all ... ok
[INFO] [stdout] 
[INFO] [stdout] test result: ok. 1 passed; 0 failed; 0 ignored; 0 measured; 0 filtered out; finished in 0.02s
[INFO] [stdout] 
[INFO] [stderr]      Running tests/cpu.rs (/opt/rustwide/target/debug/deps/cpu-f126022d52884852)
[INFO] [stdout] 
[INFO] [stdout] running 1 test
[INFO] [stdout] [2m2024-11-01T11:45:18.682096Z[0m [34mDEBUG[0m cpu [2mmemonitor::cpu[0m[2m:[0m Attempting to load CPU monitor
[INFO] [stdout] [2m2024-11-01T11:45:18.683751Z[0m [34mDEBUG[0m cpu [2mmemonitor::vulkan[0m[2m:[0m Attempting to load Vulkan monitor
[INFO] [stdout] [2m2024-11-01T11:45:18.686220Z[0m [33m WARN[0m cpu [2mmemonitor-sys[0m[2m:[0m Could not find Vulkan layer VK_LAYER_KHRONOS_validation
[INFO] [stdout] [2m2024-11-01T11:45:18.686282Z[0m [33m WARN[0m cpu [2mmemonitor::vulkan[0m[2m:[0m Vulkan runtime not found.
[INFO] [stdout] [2m2024-11-01T11:45:18.686296Z[0m [34mDEBUG[0m cpu [2mmemonitor::cuda[0m[2m:[0m Attempting to load CUDA monitor
[INFO] [stdout] [2m2024-11-01T11:45:18.686613Z[0m [33m WARN[0m cpu [2mmemonitor-sys[0m[2m:[0m Could not load CUDA driver.
[INFO] [stdout] [2m2024-11-01T11:45:18.686632Z[0m [33m WARN[0m cpu [2mmemonitor::cuda[0m[2m:[0m Failed to initialise the CUDA backend.
[INFO] [stdout] test cpu ... ok
[INFO] [stdout] 
[INFO] [stdout] test result: ok. 1 passed; 0 failed; 0 ignored; 0 measured; 0 filtered out; finished in 0.01s
[INFO] [stdout] 
[INFO] [stderr]      Running tests/cuda.rs (/opt/rustwide/target/debug/deps/cuda-7a61fe1fc22540dc)
[INFO] [stdout] 
[INFO] [stdout] running 1 test
[INFO] [stdout] [2m2024-11-01T11:45:18.689191Z[0m [34mDEBUG[0m cuda [2mmemonitor::cpu[0m[2m:[0m Attempting to load CPU monitor
[INFO] [stdout] [2m2024-11-01T11:45:18.690694Z[0m [34mDEBUG[0m cuda [2mmemonitor::vulkan[0m[2m:[0m Attempting to load Vulkan monitor
[INFO] [stdout] [2m2024-11-01T11:45:18.693111Z[0m [33m WARN[0m cuda [2mmemonitor-sys[0m[2m:[0m Could not find Vulkan layer VK_LAYER_KHRONOS_validation
[INFO] [stdout] [2m2024-11-01T11:45:18.693201Z[0m [33m WARN[0m cuda [2mmemonitor::vulkan[0m[2m:[0m Vulkan runtime not found.
[INFO] [stdout] [2m2024-11-01T11:45:18.693216Z[0m [34mDEBUG[0m cuda [2mmemonitor::cuda[0m[2m:[0m Attempting to load CUDA monitor
[INFO] [stdout] [2m2024-11-01T11:45:18.693564Z[0m [33m WARN[0m cuda [2mmemonitor-sys[0m[2m:[0m Could not load CUDA driver.
[INFO] [stdout] [2m2024-11-01T11:45:18.693599Z[0m [33m WARN[0m cuda [2mmemonitor::cuda[0m[2m:[0m Failed to initialise the CUDA backend.
[INFO] [stdout] test cuda ... FAILED
[INFO] [stdout] 
[INFO] [stdout] failures:
[INFO] [stdout] 
[INFO] [stdout] ---- cuda stdout ----
[INFO] [stdout] thread 'cuda' panicked at tests/cuda.rs:14:14:
[INFO] [stdout] called `Option::unwrap()` on a `None` value
[INFO] [stdout] stack backtrace:
[INFO] [stdout]    0:     0x5ccae255eaea - std::backtrace_rs::backtrace::libunwind::trace::h207520d6e9873551
[INFO] [stdout]                                at /rustc/df4ca44d3fbc9301ee17f30f4d474e6ae4b05252/library/std/src/../../backtrace/src/backtrace/libunwind.rs:116:5
[INFO] [stdout]    1:     0x5ccae255eaea - std::backtrace_rs::backtrace::trace_unsynchronized::h2ed7433f370e3eca
[INFO] [stdout]                                at /rustc/df4ca44d3fbc9301ee17f30f4d474e6ae4b05252/library/std/src/../../backtrace/src/backtrace/mod.rs:66:5
[INFO] [stdout]    2:     0x5ccae255eaea - std::sys::backtrace::_print_fmt::h916fac51166b18d7
[INFO] [stdout]                                at /rustc/df4ca44d3fbc9301ee17f30f4d474e6ae4b05252/library/std/src/sys/backtrace.rs:66:9
[INFO] [stdout]    3:     0x5ccae255eaea - <std::sys::backtrace::BacktraceLock::print::DisplayBacktrace as core::fmt::Display>::fmt::ha0a4c9b8ce3802e6
[INFO] [stdout]                                at /rustc/df4ca44d3fbc9301ee17f30f4d474e6ae4b05252/library/std/src/sys/backtrace.rs:39:26
[INFO] [stdout]    4:     0x5ccae25879f3 - core::fmt::rt::Argument::fmt::h4cfc8587d52b3eb5
[INFO] [stdout]                                at /rustc/df4ca44d3fbc9301ee17f30f4d474e6ae4b05252/library/core/src/fmt/rt.rs:177:76
[INFO] [stdout]    5:     0x5ccae25879f3 - core::fmt::write::h522cc39e5b36ae9f
[INFO] [stdout]                                at /rustc/df4ca44d3fbc9301ee17f30f4d474e6ae4b05252/library/core/src/fmt/mod.rs:1190:21
[INFO] [stdout]    6:     0x5ccae255b393 - std::io::Write::write_fmt::h7d3c26752da97734
[INFO] [stdout]                                at /rustc/df4ca44d3fbc9301ee17f30f4d474e6ae4b05252/library/std/src/io/mod.rs:1839:15
[INFO] [stdout]    7:     0x5ccae255e932 - std::sys::backtrace::BacktraceLock::print::h4b9e00b29e9c0942
[INFO] [stdout]                                at /rustc/df4ca44d3fbc9301ee17f30f4d474e6ae4b05252/library/std/src/sys/backtrace.rs:42:9
[INFO] [stdout]    8:     0x5ccae255ff7a - std::panicking::default_hook::{{closure}}::hb59b88280d0324d9
[INFO] [stdout]                                at /rustc/df4ca44d3fbc9301ee17f30f4d474e6ae4b05252/library/std/src/panicking.rs:268:22
[INFO] [stdout]    9:     0x5ccae255fd84 - std::panicking::default_hook::he1dd496665be4a29
[INFO] [stdout]                                at /rustc/df4ca44d3fbc9301ee17f30f4d474e6ae4b05252/library/std/src/panicking.rs:292:9
[INFO] [stdout]   10:     0x5ccae2259d09 - <alloc::boxed::Box<F,A> as core::ops::function::Fn<Args>>::call::h4ff71de18744e1dc
[INFO] [stdout]                                at /rustc/df4ca44d3fbc9301ee17f30f4d474e6ae4b05252/library/alloc/src/boxed.rs:2468:9
[INFO] [stdout]   11:     0x5ccae2259d09 - test::test_main::{{closure}}::hcf7c055ce117aa81
[INFO] [stdout]                                at /rustc/df4ca44d3fbc9301ee17f30f4d474e6ae4b05252/library/test/src/lib.rs:133:21
[INFO] [stdout]   12:     0x5ccae2560678 - <alloc::boxed::Box<F,A> as core::ops::function::Fn<Args>>::call::h1d66c6bbd60c9692
[INFO] [stdout]                                at /rustc/df4ca44d3fbc9301ee17f30f4d474e6ae4b05252/library/alloc/src/boxed.rs:2468:9
[INFO] [stdout]   13:     0x5ccae2560678 - std::panicking::rust_panic_with_hook::h2ff17fe8f26dfcf8
[INFO] [stdout]                                at /rustc/df4ca44d3fbc9301ee17f30f4d474e6ae4b05252/library/std/src/panicking.rs:809:13
[INFO] [stdout]   14:     0x5ccae2560406 - std::panicking::begin_panic_handler::{{closure}}::h4fad77951c07e101
[INFO] [stdout]                                at /rustc/df4ca44d3fbc9301ee17f30f4d474e6ae4b05252/library/std/src/panicking.rs:667:13
[INFO] [stdout]   15:     0x5ccae255efc9 - std::sys::backtrace::__rust_end_short_backtrace::hb1a25b3da5d0ea08
[INFO] [stdout]                                at /rustc/df4ca44d3fbc9301ee17f30f4d474e6ae4b05252/library/std/src/sys/backtrace.rs:170:18
[INFO] [stdout]   16:     0x5ccae25600cc - rust_begin_unwind
[INFO] [stdout]                                at /rustc/df4ca44d3fbc9301ee17f30f4d474e6ae4b05252/library/std/src/panicking.rs:665:5
[INFO] [stdout]   17:     0x5ccae25857d0 - core::panicking::panic_fmt::ha9db07b529f9b256
[INFO] [stdout]                                at /rustc/df4ca44d3fbc9301ee17f30f4d474e6ae4b05252/library/core/src/panicking.rs:75:14
[INFO] [stdout]   18:     0x5ccae258585c - core::panicking::panic::h993086813d94accc
[INFO] [stdout]                                at /rustc/df4ca44d3fbc9301ee17f30f4d474e6ae4b05252/library/core/src/panicking.rs:152:5
[INFO] [stdout]   19:     0x5ccae2585749 - core::option::unwrap_failed::h7d84639b8a1a5da9
[INFO] [stdout]                                at /rustc/df4ca44d3fbc9301ee17f30f4d474e6ae4b05252/library/core/src/option.rs:2008:5
[INFO] [stdout]   20:     0x5ccae221f6c7 - core::option::Option<T>::unwrap::h342b30fb2c69ad91
[INFO] [stdout]                                at /rustc/df4ca44d3fbc9301ee17f30f4d474e6ae4b05252/library/core/src/option.rs:971:21
[INFO] [stdout]   21:     0x5ccae221f6c7 - cuda::cuda::h0c6175cb5794eda6
[INFO] [stdout]                                at /opt/rustwide/workdir/tests/cuda.rs:11:9
[INFO] [stdout]   22:     0x5ccae221f5a7 - cuda::cuda::{{closure}}::h8663d766f9c49e76
[INFO] [stdout]                                at /opt/rustwide/workdir/tests/cuda.rs:6:10
[INFO] [stdout]   23:     0x5ccae221a5b6 - core::ops::function::FnOnce::call_once::h0ef5da7dedd8dd91
[INFO] [stdout]                                at /rustc/df4ca44d3fbc9301ee17f30f4d474e6ae4b05252/library/core/src/ops/function.rs:250:5
[INFO] [stdout]   24:     0x5ccae225e5db - core::ops::function::FnOnce::call_once::h22c3ba5715e93f05
[INFO] [stdout]                                at /rustc/df4ca44d3fbc9301ee17f30f4d474e6ae4b05252/library/core/src/ops/function.rs:250:5
[INFO] [stdout]   25:     0x5ccae225e5db - test::__rust_begin_short_backtrace::h8e82d8113d0da17f
[INFO] [stdout]                                at /rustc/df4ca44d3fbc9301ee17f30f4d474e6ae4b05252/library/test/src/lib.rs:621:18
[INFO] [stdout]   26:     0x5ccae225df57 - test::run_test_in_process::{{closure}}::h33235f4f20b7b7c7
[INFO] [stdout]                                at /rustc/df4ca44d3fbc9301ee17f30f4d474e6ae4b05252/library/test/src/lib.rs:644:60
[INFO] [stdout]   27:     0x5ccae225df57 - <core::panic::unwind_safe::AssertUnwindSafe<F> as core::ops::function::FnOnce<()>>::call_once::hb5043206310c586f
[INFO] [stdout]                                at /rustc/df4ca44d3fbc9301ee17f30f4d474e6ae4b05252/library/core/src/panic/unwind_safe.rs:272:9
[INFO] [stdout]   28:     0x5ccae225df57 - std::panicking::try::do_call::h9ad4731a60ab23e2
[INFO] [stdout]                                at /rustc/df4ca44d3fbc9301ee17f30f4d474e6ae4b05252/library/std/src/panicking.rs:557:40
[INFO] [stdout]   29:     0x5ccae225df57 - std::panicking::try::h3824d23db772a716
[INFO] [stdout]                                at /rustc/df4ca44d3fbc9301ee17f30f4d474e6ae4b05252/library/std/src/panicking.rs:520:19
[INFO] [stdout]   30:     0x5ccae225df57 - std::panic::catch_unwind::h5afd514605fde46b
[INFO] [stdout]                                at /rustc/df4ca44d3fbc9301ee17f30f4d474e6ae4b05252/library/std/src/panic.rs:358:14
[INFO] [stdout]   31:     0x5ccae225df57 - test::run_test_in_process::h0d5cbfa7067d1720
[INFO] [stdout]                                at /rustc/df4ca44d3fbc9301ee17f30f4d474e6ae4b05252/library/test/src/lib.rs:644:27
[INFO] [stdout]   32:     0x5ccae225df57 - test::run_test::{{closure}}::h708eb8872708115d
[INFO] [stdout]                                at /rustc/df4ca44d3fbc9301ee17f30f4d474e6ae4b05252/library/test/src/lib.rs:565:43
[INFO] [stdout]   33:     0x5ccae2221674 - test::run_test::{{closure}}::h392c51cee94713ab
[INFO] [stdout]                                at /rustc/df4ca44d3fbc9301ee17f30f4d474e6ae4b05252/library/test/src/lib.rs:595:41
[INFO] [stdout]   34:     0x5ccae2221674 - std::sys::backtrace::__rust_begin_short_backtrace::h2f40290710935a8b
[INFO] [stdout]                                at /rustc/df4ca44d3fbc9301ee17f30f4d474e6ae4b05252/library/std/src/sys/backtrace.rs:154:18
[INFO] [stdout]   35:     0x5ccae2224e1e - std::thread::Builder::spawn_unchecked_::{{closure}}::{{closure}}::h3fd968d89053a903
[INFO] [stdout]                                at /rustc/df4ca44d3fbc9301ee17f30f4d474e6ae4b05252/library/std/src/thread/mod.rs:541:17
[INFO] [stdout]   36:     0x5ccae2224e1e - <core::panic::unwind_safe::AssertUnwindSafe<F> as core::ops::function::FnOnce<()>>::call_once::h743f637ba4229880
[INFO] [stdout]                                at /rustc/df4ca44d3fbc9301ee17f30f4d474e6ae4b05252/library/core/src/panic/unwind_safe.rs:272:9
[INFO] [stdout]   37:     0x5ccae2224e1e - std::panicking::try::do_call::h07440897322525a6
[INFO] [stdout]                                at /rustc/df4ca44d3fbc9301ee17f30f4d474e6ae4b05252/library/std/src/panicking.rs:557:40
[INFO] [stdout]   38:     0x5ccae2224e1e - std::panicking::try::he5a2e00188156637
[INFO] [stdout]                                at /rustc/df4ca44d3fbc9301ee17f30f4d474e6ae4b05252/library/std/src/panicking.rs:520:19
[INFO] [stdout]   39:     0x5ccae2224e1e - std::panic::catch_unwind::hbaf3cae49b3c6433
[INFO] [stdout]                                at /rustc/df4ca44d3fbc9301ee17f30f4d474e6ae4b05252/library/std/src/panic.rs:358:14
[INFO] [stdout]   40:     0x5ccae2224e1e - std::thread::Builder::spawn_unchecked_::{{closure}}::h8e141ea224820bce
[INFO] [stdout]                                at /rustc/df4ca44d3fbc9301ee17f30f4d474e6ae4b05252/library/std/src/thread/mod.rs:540:30
[INFO] [stdout]   41:     0x5ccae2224e1e - core::ops::function::FnOnce::call_once{{vtable.shim}}::h90d312fedd7b8ea8
[INFO] [stdout]                                at /rustc/df4ca44d3fbc9301ee17f30f4d474e6ae4b05252/library/core/src/ops/function.rs:250:5
[INFO] [stdout]   42:     0x5ccae2564c0b - <alloc::boxed::Box<F,A> as core::ops::function::FnOnce<Args>>::call_once::h69aa08ddb6adb8b6
[INFO] [stdout]                                at /rustc/df4ca44d3fbc9301ee17f30f4d474e6ae4b05252/library/alloc/src/boxed.rs:2454:9
[INFO] [stdout]   43:     0x5ccae2564c0b - <alloc::boxed::Box<F,A> as core::ops::function::FnOnce<Args>>::call_once::h5aa36efdb79c806f
[INFO] [stdout]                                at /rustc/df4ca44d3fbc9301ee17f30f4d474e6ae4b05252/library/alloc/src/boxed.rs:2454:9
[INFO] [stdout]   44:     0x5ccae2564c0b - std::sys::pal::unix::thread::Thread::new::thread_start::h6cd80a1b4be5158d
[INFO] [stdout]                                at /rustc/df4ca44d3fbc9301ee17f30f4d474e6ae4b05252/library/std/src/sys/pal/unix/thread.rs:105:17
[INFO] [stdout]   45:     0x7c0feed4eac3 - <unknown>
[INFO] [stdout]   46:     0x7c0feeddfa04 - clone
[INFO] [stdout]   47:                0x0 - <unknown>
[INFO] [stdout] 
[INFO] [stdout] 
[INFO] [stdout] failures:
[INFO] [stdout]     cuda
[INFO] [stdout] 
[INFO] [stdout] test result: FAILED. 0 passed; 1 failed; 0 ignored; 0 measured; 0 filtered out; finished in 0.02s
[INFO] [stdout] 
[INFO] [stderr] error: test failed, to rerun pass `--test cuda`
[INFO] running `Command { std: "docker" "inspect" "153d8dcf5e0f3bce2cc7dc3020ecfa9f347ab314fbd490f8c9d0034ee4b442d2", kill_on_drop: false }`
[INFO] running `Command { std: "docker" "rm" "-f" "153d8dcf5e0f3bce2cc7dc3020ecfa9f347ab314fbd490f8c9d0034ee4b442d2", kill_on_drop: false }`
[INFO] [stdout] 153d8dcf5e0f3bce2cc7dc3020ecfa9f347ab314fbd490f8c9d0034ee4b442d2
