[INFO] fetching crate memfaultd 1.15.1...
[INFO] testing memfaultd-1.15.1 against nightly-2024-10-28+rustflags=-Zrandomize-layout for randomize-layout
[INFO] extracting crate memfaultd 1.15.1 into /workspace/builds/worker-2-tc2/source
[INFO] validating manifest of crates.io crate memfaultd 1.15.1 on toolchain nightly-2024-10-28
[INFO] running `Command { std: CARGO_HOME="/workspace/cargo-home" RUSTUP_HOME="/workspace/rustup-home" "/workspace/cargo-home/bin/cargo" "+nightly-2024-10-28" "metadata" "--manifest-path" "Cargo.toml" "--no-deps", kill_on_drop: false }`
[INFO] started tweaking crates.io crate memfaultd 1.15.1
[INFO] finished tweaking crates.io crate memfaultd 1.15.1
[INFO] tweaked toml for crates.io crate memfaultd 1.15.1 written to /workspace/builds/worker-2-tc2/source/Cargo.toml
[INFO] crate crates.io crate memfaultd 1.15.1 already has a lockfile, it will not be regenerated
[INFO] running `Command { std: CARGO_HOME="/workspace/cargo-home" RUSTUP_HOME="/workspace/rustup-home" "/workspace/cargo-home/bin/cargo" "+nightly-2024-10-28" "fetch" "--manifest-path" "Cargo.toml", kill_on_drop: false }`
[INFO] running `Command { std: "docker" "create" "-v" "/var/lib/crater-agent-workspace/builds/worker-2-tc2/target:/opt/rustwide/target:rw,Z" "-v" "/var/lib/crater-agent-workspace/builds/worker-2-tc2/source:/opt/rustwide/workdir:ro,Z" "-v" "/var/lib/crater-agent-workspace/cargo-home:/opt/rustwide/cargo-home:ro,Z" "-v" "/var/lib/crater-agent-workspace/rustup-home:/opt/rustwide/rustup-home:ro,Z" "-e" "SOURCE_DIR=/opt/rustwide/workdir" "-e" "CARGO_TARGET_DIR=/opt/rustwide/target" "-e" "CARGO_HOME=/opt/rustwide/cargo-home" "-e" "RUSTUP_HOME=/opt/rustwide/rustup-home" "-w" "/opt/rustwide/workdir" "-m" "1610612736" "--user" "0:0" "--network" "none" "ghcr.io/rust-lang/crates-build-env/linux@sha256:4a844ea9eb2546a2d2c7022eacef16ef2e8229c7fbb2c7d4d55a9ceca922f72d" "/opt/rustwide/cargo-home/bin/cargo" "+nightly-2024-10-28" "metadata" "--no-deps" "--format-version=1", kill_on_drop: false }`
[INFO] [stdout] 8eb78650a109a2a5936f8af82a69234a1160432f434bbc9bd4889f9a9e4ff4a4
[INFO] running `Command { std: "docker" "start" "-a" "8eb78650a109a2a5936f8af82a69234a1160432f434bbc9bd4889f9a9e4ff4a4", kill_on_drop: false }`
[INFO] running `Command { std: "docker" "inspect" "8eb78650a109a2a5936f8af82a69234a1160432f434bbc9bd4889f9a9e4ff4a4", kill_on_drop: false }`
[INFO] running `Command { std: "docker" "rm" "-f" "8eb78650a109a2a5936f8af82a69234a1160432f434bbc9bd4889f9a9e4ff4a4", kill_on_drop: false }`
[INFO] [stdout] 8eb78650a109a2a5936f8af82a69234a1160432f434bbc9bd4889f9a9e4ff4a4
[INFO] running `Command { std: "docker" "create" "-v" "/var/lib/crater-agent-workspace/builds/worker-2-tc2/target:/opt/rustwide/target:rw,Z" "-v" "/var/lib/crater-agent-workspace/builds/worker-2-tc2/source:/opt/rustwide/workdir:ro,Z" "-v" "/var/lib/crater-agent-workspace/cargo-home:/opt/rustwide/cargo-home:ro,Z" "-v" "/var/lib/crater-agent-workspace/rustup-home:/opt/rustwide/rustup-home:ro,Z" "-e" "SOURCE_DIR=/opt/rustwide/workdir" "-e" "CARGO_TARGET_DIR=/opt/rustwide/target" "-e" "CARGO_INCREMENTAL=0" "-e" "RUST_BACKTRACE=full" "-e" "RUSTFLAGS=--cap-lints=forbid -Zrandomize-layout" "-e" "RUSTDOCFLAGS=--cap-lints=forbid" "-e" "CARGO_HOME=/opt/rustwide/cargo-home" "-e" "RUSTUP_HOME=/opt/rustwide/rustup-home" "-w" "/opt/rustwide/workdir" "-m" "1610612736" "--user" "0:0" "--network" "none" "ghcr.io/rust-lang/crates-build-env/linux@sha256:4a844ea9eb2546a2d2c7022eacef16ef2e8229c7fbb2c7d4d55a9ceca922f72d" "/opt/rustwide/cargo-home/bin/cargo" "+nightly-2024-10-28" "build" "--frozen" "--message-format=json", kill_on_drop: false }`
[INFO] [stdout] 42ed13f2009b45bf87a3894d3684037a1e37f1de574f5608405cdf3875064c66
[INFO] running `Command { std: "docker" "start" "-a" "42ed13f2009b45bf87a3894d3684037a1e37f1de574f5608405cdf3875064c66", kill_on_drop: false }`
[INFO] [stderr]    Compiling proc-macro2 v1.0.88
[INFO] [stderr]    Compiling libc v0.2.161
[INFO] [stderr]    Compiling serde v1.0.210
[INFO] [stderr]    Compiling futures-channel v0.3.31
[INFO] [stderr]    Compiling num-traits v0.2.19
[INFO] [stderr]    Compiling futures-task v0.3.31
[INFO] [stderr]    Compiling futures-io v0.3.31
[INFO] [stderr]    Compiling spin v0.9.8
[INFO] [stderr]    Compiling untrusted v0.9.0
[INFO] [stderr]    Compiling ring v0.17.8
[INFO] [stderr]    Compiling paste v1.0.15
[INFO] [stderr]    Compiling libz-sys v1.1.20
[INFO] [stderr]    Compiling rustls v0.21.12
[INFO] [stderr]    Compiling winnow v0.6.20
[INFO] [stderr]    Compiling rustix v0.38.37
[INFO] [stderr]    Compiling tracing v0.1.40
[INFO] [stderr]    Compiling lock_api v0.4.12
[INFO] [stderr]    Compiling rustversion v1.0.18
[INFO] [stderr]    Compiling same-file v1.0.6
[INFO] [stderr]    Compiling cfg_aliases v0.2.1
[INFO] [stderr]    Compiling syn v1.0.109
[INFO] [stderr]    Compiling io-lifetimes v1.0.11
[INFO] [stderr]    Compiling byteorder v1.5.0
[INFO] [stderr]    Compiling walkdir v2.5.0
[INFO] [stderr]    Compiling miniz_oxide v0.8.0
[INFO] [stderr]    Compiling nix v0.29.0
[INFO] [stderr]    Compiling http-body v0.4.6
[INFO] [stderr]    Compiling crc32fast v1.4.2
[INFO] [stderr]    Compiling rustix v0.36.17
[INFO] [stderr]    Compiling thiserror v1.0.64
[INFO] [stderr]    Compiling memfaultc-sys v1.15.1
[INFO] [stderr]    Compiling psm v0.1.23
[INFO] [stderr]    Compiling half v2.4.1
[INFO] [stderr]    Compiling quote v1.0.37
[INFO] [stderr]    Compiling procfs v0.15.1
[INFO] [stderr]    Compiling zip v1.1.4
[INFO] [stderr]    Compiling heck v0.4.1
[INFO] [stderr]    Compiling flate2 v1.0.34
[INFO] [stderr]    Compiling ciborium-io v0.2.2
[INFO] [stderr]    Compiling eyre v0.6.12
[INFO] [stderr]    Compiling signal-hook v0.3.17
[INFO] [stderr]    Compiling linux-raw-sys v0.1.4
[INFO] [stderr]    Compiling syn v2.0.82
[INFO] [stderr]    Compiling ciborium-ll v0.2.2
[INFO] [stderr]    Compiling encoding_rs v0.8.34
[INFO] [stderr]    Compiling thread_local v1.1.8
[INFO] [stderr]    Compiling termcolor v1.1.3
[INFO] [stderr]    Compiling no-std-compat v0.4.1
[INFO] [stderr]    Compiling rmp v0.8.14
[INFO] [stderr]    Compiling nonzero_ext v0.3.0
[INFO] [stderr]    Compiling plain v0.2.3
[INFO] [stderr]    Compiling futures-timer v3.0.3
[INFO] [stderr]    Compiling fs_extra v1.3.0
[INFO] [stderr]    Compiling memfaultd v1.15.1 (/opt/rustwide/workdir)
[INFO] [stderr]    Compiling indenter v0.3.3
[INFO] [stderr]    Compiling either v1.13.0
[INFO] [stderr]    Compiling webpki-roots v0.25.4
[INFO] [stderr]    Compiling tiny_http v0.12.0
[INFO] [stderr]    Compiling rmpv v1.3.0
[INFO] [stderr]    Compiling itertools v0.10.5
[INFO] [stderr]    Compiling crc v3.2.1
[INFO] [stderr]    Compiling nom v7.1.3
[INFO] [stderr]    Compiling regex v1.11.0
[INFO] [stderr]    Compiling take_mut v0.2.2
[INFO] [stderr]    Compiling memfault-ssf v1.15.1
[INFO] [stderr]    Compiling urlencoding v2.1.3
[INFO] [stderr]    Compiling toml_edit v0.22.22
[INFO] [stderr]    Compiling getrandom v0.2.15
[INFO] [stderr]    Compiling mio v1.0.2
[INFO] [stderr]    Compiling socket2 v0.5.7
[INFO] [stderr]    Compiling parking_lot_core v0.9.10
[INFO] [stderr]    Compiling wait-timeout v0.2.0
[INFO] [stderr]    Compiling tempfile v3.13.0
[INFO] [stderr]    Compiling num_cpus v1.16.0
[INFO] [stderr]    Compiling tokio v1.40.0
[INFO] [stderr]    Compiling rusty-forkfork v0.4.0
[INFO] [stderr]    Compiling parking_lot v0.12.3
[INFO] [stderr]    Compiling is-terminal v0.4.13
[INFO] [stderr]    Compiling signal-hook-registry v1.4.2
[INFO] [stderr]    Compiling threadpool v1.8.1
[INFO] [stderr]    Compiling kernlog v0.3.1
[INFO] [stderr]    Compiling prctl v1.0.0
[INFO] [stderr]    Compiling nix v0.26.4
[INFO] [stderr]    Compiling shuteye v0.3.3
[INFO] [stderr]    Compiling strum_macros v0.24.3
[INFO] [stderr]    Compiling proc-macro-crate v3.2.0
[INFO] [stderr]    Compiling sct v0.7.1
[INFO] [stderr]    Compiling rustls-webpki v0.101.7
[INFO] [stderr]    Compiling strum v0.24.1
[INFO] [stderr]    Compiling serde_derive v1.0.210
[INFO] [stderr]    Compiling futures-macro v0.3.31
[INFO] [stderr]    Compiling num_enum_derive v0.7.3
[INFO] [stderr]    Compiling thiserror-impl v1.0.64
[INFO] [stderr]    Compiling scroll_derive v0.11.1
[INFO] [stderr]    Compiling sealed_test_derive v1.1.0
[INFO] [stderr]    Compiling displaydoc v0.2.5
[INFO] [stderr]    Compiling serde_repr v0.1.19
[INFO] [stderr]    Compiling sealed_test v1.1.0
[INFO] [stderr]    Compiling scroll v0.11.0
[INFO] [stderr]    Compiling futures-util v0.3.31
[INFO] [stderr]    Compiling goblin v0.7.1
[INFO] [stderr]    Compiling num_enum v0.7.3
[INFO] [stderr]    Compiling tokio-util v0.7.12
[INFO] [stderr]    Compiling tokio-rustls v0.24.1
[INFO] [stderr]    Compiling h2 v0.3.26
[INFO] [stderr]    Compiling futures-executor v0.3.31
[INFO] [stderr]    Compiling futures v0.3.31
[INFO] [stderr]    Compiling governor v0.5.1
[INFO] [stderr]    Compiling chrono v0.4.38
[INFO] [stderr]    Compiling argh_shared v0.1.12
[INFO] [stderr]    Compiling serde_json v1.0.132
[INFO] [stderr]    Compiling serde_urlencoded v0.7.1
[INFO] [stderr]    Compiling rmp-serde v1.3.0
[INFO] [stderr]    Compiling ciborium v0.2.2
[INFO] [stderr]    Compiling serde_bytes v0.11.15
[INFO] [stderr]    Compiling uuid v1.11.0
[INFO] [stderr]    Compiling argh_derive v0.1.12
[INFO] [stderr]    Compiling hyper v0.14.31
[INFO] [stderr]    Compiling argh v0.1.12
[INFO] [stderr]    Compiling stderrlog v0.6.0
[INFO] [stderr]    Compiling hyper-rustls v0.24.2
[INFO] [stderr]    Compiling reqwest v0.11.27
[INFO] [stdout] warning: unused import: `elf::header::ELFCLASS64 as ELF_TARGET_CLASS`
[INFO] [stdout]   --> src/cli/memfault_core_handler/arch.rs:21:17
[INFO] [stdout]    |
[INFO] [stdout] 21 |         pub use elf::header::ELFCLASS64 as ELF_TARGET_CLASS;
[INFO] [stdout]    |                 ^^^^^^^^^^^^^^^^^^^^^^^^^^^^^^^^^^^^^^^^^^^
[INFO] [stdout]    |
[INFO] [stdout]    = note: `#[warn(unused_imports)]` on by default
[INFO] [stdout] 
[INFO] [stdout] 
[INFO] [stdout] warning: unexpected `cfg` condition value: `collectd`
[INFO] [stdout]    --> src/cli/show_settings.rs:113:15
[INFO] [stdout]     |
[INFO] [stdout] 113 |         #[cfg(feature = "collectd")]
[INFO] [stdout]     |               ^^^^^^^^^^^^^^^^^^^^
[INFO] [stdout]     |
[INFO] [stdout]     = note: expected values for `feature` are: `coredump`, `default`, `experimental`, `log-to-metrics`, `logging`, `mfw`, `openssl-tls`, `openssl-vendored-tls`, `regex`, `rust-tls`, `swupdate`, and `systemd`
[INFO] [stdout]     = help: consider adding `collectd` as a feature in `Cargo.toml`
[INFO] [stdout]     = note: see <https://doc.rust-lang.org/nightly/rustc/check-cfg/cargo-specifics.html> for more information about checking conditional configuration
[INFO] [stdout]     = note: `#[warn(unexpected_cfgs)]` on by default
[INFO] [stdout] 
[INFO] [stdout] 
[INFO] [stdout] warning: use of deprecated associated function `chrono::NaiveDateTime::from_timestamp_micros`: use `DateTime::from_timestamp_micros` instead
[INFO] [stdout]    --> src/logs/journald_parser.rs:164:39
[INFO] [stdout]     |
[INFO] [stdout] 164 |         let datetime = NaiveDateTime::from_timestamp_micros(timestamp as i64)
[INFO] [stdout]     |                                       ^^^^^^^^^^^^^^^^^^^^^
[INFO] [stdout]     |
[INFO] [stdout]     = note: `#[warn(deprecated)]` on by default
[INFO] [stdout] 
[INFO] [stdout] 
[INFO] [stdout] warning: use of deprecated associated function `chrono::DateTime::<Tz>::from_utc`: Use TimeZone::from_utc_datetime() or DateTime::from_naive_utc_and_offset instead
[INFO] [stdout]    --> src/logs/journald_parser.rs:167:29
[INFO] [stdout]     |
[INFO] [stdout] 167 |         Ok(DateTime::<Utc>::from_utc(datetime, Utc))
[INFO] [stdout]     |                             ^^^^^^^^
[INFO] [stdout] 
[INFO] [stdout] 
[INFO] [stdout] warning: use of deprecated associated function `chrono::NaiveDateTime::from_timestamp_opt`: use `DateTime::from_timestamp` instead
[INFO] [stdout]   --> src/util/serialization/float_to_datetime.rs:26:26
[INFO] [stdout]    |
[INFO] [stdout] 26 |     match NaiveDateTime::from_timestamp_opt(secs.floor() as i64, ms * 1_000_000) {
[INFO] [stdout]    |                          ^^^^^^^^^^^^^^^^^^
[INFO] [stdout] 
[INFO] [stdout] 
[INFO] [stdout] warning: use of deprecated associated function `chrono::DateTime::<Tz>::from_utc`: Use TimeZone::from_utc_datetime() or DateTime::from_naive_utc_and_offset instead
[INFO] [stdout]   --> src/util/serialization/float_to_datetime.rs:27:44
[INFO] [stdout]    |
[INFO] [stdout] 27 |         Some(naive) => Ok(DateTime::<Utc>::from_utc(naive, Utc)),
[INFO] [stdout]    |                                            ^^^^^^^^
[INFO] [stdout] 
[INFO] [stdout] 
[INFO] [stdout] warning: method `ignore_non_retriable_errors_with` is never used
[INFO] [stdout]   --> src/retriable_error.rs:18:8
[INFO] [stdout]    |
[INFO] [stdout] 15 | pub trait IgnoreNonRetriableError<T> {
[INFO] [stdout]    |           ----------------------- method in this trait
[INFO] [stdout] ...
[INFO] [stdout] 18 |     fn ignore_non_retriable_errors_with<R: FnMut(&Report)>(self, x: R) -> Result<(), ErrReport>;
[INFO] [stdout]    |        ^^^^^^^^^^^^^^^^^^^^^^^^^^^^^^^^
[INFO] [stdout]    |
[INFO] [stdout]    = note: `#[warn(dead_code)]` on by default
[INFO] [stdout] 
[INFO] [stdout] 
[INFO] [stderr]     Finished `dev` profile [unoptimized + debuginfo] target(s) in 31.84s
[INFO] running `Command { std: "docker" "inspect" "42ed13f2009b45bf87a3894d3684037a1e37f1de574f5608405cdf3875064c66", kill_on_drop: false }`
[INFO] running `Command { std: "docker" "rm" "-f" "42ed13f2009b45bf87a3894d3684037a1e37f1de574f5608405cdf3875064c66", kill_on_drop: false }`
[INFO] [stdout] 42ed13f2009b45bf87a3894d3684037a1e37f1de574f5608405cdf3875064c66
[INFO] running `Command { std: "docker" "create" "-v" "/var/lib/crater-agent-workspace/builds/worker-2-tc2/target:/opt/rustwide/target:rw,Z" "-v" "/var/lib/crater-agent-workspace/builds/worker-2-tc2/source:/opt/rustwide/workdir:ro,Z" "-v" "/var/lib/crater-agent-workspace/cargo-home:/opt/rustwide/cargo-home:ro,Z" "-v" "/var/lib/crater-agent-workspace/rustup-home:/opt/rustwide/rustup-home:ro,Z" "-e" "SOURCE_DIR=/opt/rustwide/workdir" "-e" "CARGO_TARGET_DIR=/opt/rustwide/target" "-e" "CARGO_INCREMENTAL=0" "-e" "RUST_BACKTRACE=full" "-e" "RUSTFLAGS=--cap-lints=forbid -Zrandomize-layout" "-e" "RUSTDOCFLAGS=--cap-lints=forbid" "-e" "CARGO_HOME=/opt/rustwide/cargo-home" "-e" "RUSTUP_HOME=/opt/rustwide/rustup-home" "-w" "/opt/rustwide/workdir" "-m" "1610612736" "--user" "0:0" "--network" "none" "ghcr.io/rust-lang/crates-build-env/linux@sha256:4a844ea9eb2546a2d2c7022eacef16ef2e8229c7fbb2c7d4d55a9ceca922f72d" "/opt/rustwide/cargo-home/bin/cargo" "+nightly-2024-10-28" "test" "--frozen" "--no-run" "--message-format=json", kill_on_drop: false }`
[INFO] [stdout] 33a56944f99000c64b102f8b944a5df7cc12a27a4251eae2fa5acabebeb1aab3
[INFO] running `Command { std: "docker" "start" "-a" "33a56944f99000c64b102f8b944a5df7cc12a27a4251eae2fa5acabebeb1aab3", kill_on_drop: false }`
[INFO] [stderr]    Compiling syn v1.0.109
[INFO] [stderr]    Compiling crossbeam-utils v0.8.20
[INFO] [stderr]    Compiling getrandom v0.2.15
[INFO] [stderr]    Compiling semver v1.0.23
[INFO] [stderr]    Compiling ucd-trie v0.1.7
[INFO] [stderr]    Compiling zerocopy-derive v0.7.35
[INFO] [stderr]    Compiling rayon-core v1.12.1
[INFO] [stderr]    Compiling memfaultc-sys v1.15.1
[INFO] [stderr]    Compiling strsim v0.10.0
[INFO] [stderr]    Compiling clap_lex v0.6.0
[INFO] [stderr]    Compiling predicates-core v1.0.8
[INFO] [stderr]    Compiling plotters-backend v0.3.7
[INFO] [stderr]    Compiling float-cmp v0.9.0
[INFO] [stderr]    Compiling termtree v0.4.1
[INFO] [stderr]    Compiling normalize-line-endings v0.3.0
[INFO] [stderr]    Compiling difflib v0.4.0
[INFO] [stderr]    Compiling memfaultd v1.15.1 (/opt/rustwide/workdir)
[INFO] [stderr]    Compiling ring v0.17.8
[INFO] [stderr]    Compiling pest v2.7.14
[INFO] [stderr]    Compiling rand_core v0.6.4
[INFO] [stderr]    Compiling predicates-tree v1.0.11
[INFO] [stderr]    Compiling clap_builder v4.4.18
[INFO] [stderr]    Compiling uuid v1.11.0
[INFO] [stderr]    Compiling rustc_version v0.4.1
[INFO] [stderr]    Compiling plotters-svg v0.3.7
[INFO] [stderr]    Compiling predicates v2.1.5
[INFO] [stderr]    Compiling goblin v0.7.1
[INFO] [stderr]    Compiling criterion-plot v0.5.0
[INFO] [stderr]    Compiling tinytemplate v1.2.1
[INFO] [stderr]    Compiling plotters v0.3.7
[INFO] [stderr]    Compiling console v0.15.8
[INFO] [stderr]    Compiling rstest_macros v0.16.0
[INFO] [stderr]    Compiling downcast v0.11.0
[INFO] [stderr]    Compiling crossbeam-epoch v0.9.18
[INFO] [stderr]    Compiling oorandom v11.1.4
[INFO] [stderr]    Compiling anes v0.1.6
[INFO] [stderr]    Compiling zerocopy v0.7.35
[INFO] [stderr]    Compiling fragile v2.0.0
[INFO] [stderr]    Compiling crossbeam-deque v0.8.5
[INFO] [stderr]    Compiling similar v2.6.0
[INFO] [stderr]    Compiling sct v0.7.1
[INFO] [stderr]    Compiling rustls-webpki v0.101.7
[INFO] [stderr]    Compiling ppv-lite86 v0.2.20
[INFO] [stderr]    Compiling rustls v0.21.12
[INFO] [stderr]    Compiling rayon v1.10.0
[INFO] [stderr]    Compiling pest_meta v2.7.14
[INFO] [stderr]    Compiling rand_chacha v0.3.1
[INFO] [stderr]    Compiling clap v4.4.18
[INFO] [stderr]    Compiling rand v0.8.5
[INFO] [stderr]    Compiling pest_generator v2.7.14
[INFO] [stderr]    Compiling tokio-rustls v0.24.1
[INFO] [stderr]    Compiling hyper-rustls v0.24.2
[INFO] [stderr]    Compiling criterion v0.5.1
[INFO] [stderr]    Compiling pest_derive v2.7.14
[INFO] [stderr]    Compiling reqwest v0.11.27
[INFO] [stderr]    Compiling insta v1.40.0
[INFO] [stderr]    Compiling strum_macros v0.24.3
[INFO] [stderr]    Compiling mockall_derive v0.11.4
[INFO] [stderr]    Compiling strum v0.24.1
[INFO] [stderr]    Compiling rstest v0.16.0
[INFO] [stdout] warning: unused import: `elf::header::ELFCLASS64 as ELF_TARGET_CLASS`
[INFO] [stdout]   --> src/cli/memfault_core_handler/arch.rs:21:17
[INFO] [stdout]    |
[INFO] [stdout] 21 |         pub use elf::header::ELFCLASS64 as ELF_TARGET_CLASS;
[INFO] [stdout]    |                 ^^^^^^^^^^^^^^^^^^^^^^^^^^^^^^^^^^^^^^^^^^^
[INFO] [stdout]    |
[INFO] [stdout]    = note: `#[warn(unused_imports)]` on by default
[INFO] [stdout] 
[INFO] [stdout] 
[INFO] [stdout] warning: unexpected `cfg` condition value: `collectd`
[INFO] [stdout]    --> src/cli/show_settings.rs:113:15
[INFO] [stdout]     |
[INFO] [stdout] 113 |         #[cfg(feature = "collectd")]
[INFO] [stdout]     |               ^^^^^^^^^^^^^^^^^^^^
[INFO] [stdout]     |
[INFO] [stdout]     = note: expected values for `feature` are: `coredump`, `default`, `experimental`, `log-to-metrics`, `logging`, `mfw`, `openssl-tls`, `openssl-vendored-tls`, `regex`, `rust-tls`, `swupdate`, and `systemd`
[INFO] [stdout]     = help: consider adding `collectd` as a feature in `Cargo.toml`
[INFO] [stdout]     = note: see <https://doc.rust-lang.org/nightly/rustc/check-cfg/cargo-specifics.html> for more information about checking conditional configuration
[INFO] [stdout]     = note: `#[warn(unexpected_cfgs)]` on by default
[INFO] [stdout] 
[INFO] [stdout] 
[INFO] [stderr]    Compiling mockall v0.11.4
[INFO] [stdout] warning: use of deprecated associated function `chrono::NaiveDateTime::from_timestamp_micros`: use `DateTime::from_timestamp_micros` instead
[INFO] [stdout]    --> src/logs/journald_parser.rs:164:39
[INFO] [stdout]     |
[INFO] [stdout] 164 |         let datetime = NaiveDateTime::from_timestamp_micros(timestamp as i64)
[INFO] [stdout]     |                                       ^^^^^^^^^^^^^^^^^^^^^
[INFO] [stdout]     |
[INFO] [stdout]     = note: `#[warn(deprecated)]` on by default
[INFO] [stdout] 
[INFO] [stdout] 
[INFO] [stdout] warning: use of deprecated associated function `chrono::DateTime::<Tz>::from_utc`: Use TimeZone::from_utc_datetime() or DateTime::from_naive_utc_and_offset instead
[INFO] [stdout]    --> src/logs/journald_parser.rs:167:29
[INFO] [stdout]     |
[INFO] [stdout] 167 |         Ok(DateTime::<Utc>::from_utc(datetime, Utc))
[INFO] [stdout]     |                             ^^^^^^^^
[INFO] [stdout] 
[INFO] [stdout] 
[INFO] [stdout] warning: use of deprecated associated function `chrono::NaiveDateTime::from_timestamp_opt`: use `DateTime::from_timestamp` instead
[INFO] [stdout]   --> src/util/serialization/float_to_datetime.rs:26:26
[INFO] [stdout]    |
[INFO] [stdout] 26 |     match NaiveDateTime::from_timestamp_opt(secs.floor() as i64, ms * 1_000_000) {
[INFO] [stdout]    |                          ^^^^^^^^^^^^^^^^^^
[INFO] [stdout] 
[INFO] [stdout] 
[INFO] [stdout] warning: use of deprecated associated function `chrono::DateTime::<Tz>::from_utc`: Use TimeZone::from_utc_datetime() or DateTime::from_naive_utc_and_offset instead
[INFO] [stdout]   --> src/util/serialization/float_to_datetime.rs:27:44
[INFO] [stdout]    |
[INFO] [stdout] 27 |         Some(naive) => Ok(DateTime::<Utc>::from_utc(naive, Utc)),
[INFO] [stdout]    |                                            ^^^^^^^^
[INFO] [stdout] 
[INFO] [stdout] 
[INFO] [stdout] warning: unexpected `cfg` condition value: `collectd`
[INFO] [stdout]    --> src/cli/show_settings.rs:113:15
[INFO] [stdout]     |
[INFO] [stdout] 113 |         #[cfg(feature = "collectd")]
[INFO] [stdout]     |               ^^^^^^^^^^^^^^^^^^^^
[INFO] [stdout]     |
[INFO] [stdout]     = note: expected values for `feature` are: `coredump`, `default`, `experimental`, `log-to-metrics`, `logging`, `mfw`, `openssl-tls`, `openssl-vendored-tls`, `regex`, `rust-tls`, `swupdate`, and `systemd`
[INFO] [stdout]     = help: consider adding `collectd` as a feature in `Cargo.toml`
[INFO] [stdout]     = note: see <https://doc.rust-lang.org/nightly/rustc/check-cfg/cargo-specifics.html> for more information about checking conditional configuration
[INFO] [stdout]     = note: `#[warn(unexpected_cfgs)]` on by default
[INFO] [stdout] 
[INFO] [stdout] 
[INFO] [stdout] warning: method `ignore_non_retriable_errors_with` is never used
[INFO] [stdout]   --> src/retriable_error.rs:18:8
[INFO] [stdout]    |
[INFO] [stdout] 15 | pub trait IgnoreNonRetriableError<T> {
[INFO] [stdout]    |           ----------------------- method in this trait
[INFO] [stdout] ...
[INFO] [stdout] 18 |     fn ignore_non_retriable_errors_with<R: FnMut(&Report)>(self, x: R) -> Result<(), ErrReport>;
[INFO] [stdout]    |        ^^^^^^^^^^^^^^^^^^^^^^^^^^^^^^^^
[INFO] [stdout]    |
[INFO] [stdout]    = note: `#[warn(dead_code)]` on by default
[INFO] [stdout] 
[INFO] [stdout] 
[INFO] [stdout] warning: use of deprecated method `chrono::DateTime::<Tz>::timestamp_nanos`: use `timestamp_nanos_opt()` instead
[INFO] [stdout]    --> src/fluent_bit/decode_time.rs:187:15
[INFO] [stdout]     |
[INFO] [stdout] 187 |             t.timestamp_nanos() - t.timestamp() * 1_000_000_000,
[INFO] [stdout]     |               ^^^^^^^^^^^^^^^
[INFO] [stdout]     |
[INFO] [stdout]     = note: `#[warn(deprecated)]` on by default
[INFO] [stdout] 
[INFO] [stdout] 
[INFO] [stdout] warning: use of deprecated associated function `chrono::NaiveDateTime::from_timestamp_millis`: use `DateTime::from_timestamp_millis` instead
[INFO] [stdout]   --> src/logs/fluent_bit_adapter.rs:98:36
[INFO] [stdout]    |
[INFO] [stdout] 98 |         let naive = NaiveDateTime::from_timestamp_millis(1334250000000).unwrap();
[INFO] [stdout]    |                                    ^^^^^^^^^^^^^^^^^^^^^
[INFO] [stdout] 
[INFO] [stdout] 
[INFO] [stdout] warning: use of deprecated associated function `chrono::DateTime::<Tz>::from_utc`: Use TimeZone::from_utc_datetime() or DateTime::from_naive_utc_and_offset instead
[INFO] [stdout]   --> src/logs/fluent_bit_adapter.rs:99:26
[INFO] [stdout]    |
[INFO] [stdout] 99 |         DateTime::<Utc>::from_utc(naive, Utc)
[INFO] [stdout]    |                          ^^^^^^^^
[INFO] [stdout] 
[INFO] [stdout] 
[INFO] [stdout] warning: use of deprecated associated function `chrono::NaiveDateTime::from_timestamp_micros`: use `DateTime::from_timestamp_micros` instead
[INFO] [stdout]    --> src/logs/journald_parser.rs:164:39
[INFO] [stdout]     |
[INFO] [stdout] 164 |         let datetime = NaiveDateTime::from_timestamp_micros(timestamp as i64)
[INFO] [stdout]     |                                       ^^^^^^^^^^^^^^^^^^^^^
[INFO] [stdout] 
[INFO] [stdout] 
[INFO] [stdout] warning: use of deprecated associated function `chrono::DateTime::<Tz>::from_utc`: Use TimeZone::from_utc_datetime() or DateTime::from_naive_utc_and_offset instead
[INFO] [stdout]    --> src/logs/journald_parser.rs:167:29
[INFO] [stdout]     |
[INFO] [stdout] 167 |         Ok(DateTime::<Utc>::from_utc(datetime, Utc))
[INFO] [stdout]     |                             ^^^^^^^^
[INFO] [stdout] 
[INFO] [stdout] 
[INFO] [stdout] warning: use of deprecated associated function `chrono::NaiveDateTime::from_timestamp_millis`: use `DateTime::from_timestamp_millis` instead
[INFO] [stdout]    --> src/logs/journald_parser.rs:401:40
[INFO] [stdout]     |
[INFO] [stdout] 401 |         let timestamp = NaiveDateTime::from_timestamp_millis(1713462571).unwrap();
[INFO] [stdout]     |                                        ^^^^^^^^^^^^^^^^^^^^^
[INFO] [stdout] 
[INFO] [stdout] 
[INFO] [stdout] warning: use of deprecated associated function `chrono::DateTime::<Tz>::from_utc`: Use TimeZone::from_utc_datetime() or DateTime::from_naive_utc_and_offset instead
[INFO] [stdout]    --> src/logs/journald_parser.rs:402:26
[INFO] [stdout]     |
[INFO] [stdout] 402 |         DateTime::<Utc>::from_utc(timestamp, Utc)
[INFO] [stdout]     |                          ^^^^^^^^
[INFO] [stdout] 
[INFO] [stdout] 
[INFO] [stdout] warning: use of deprecated associated function `chrono::NaiveDateTime::from_timestamp_millis`: use `DateTime::from_timestamp_millis` instead
[INFO] [stdout]    --> src/logs/journald_provider.rs:173:40
[INFO] [stdout]     |
[INFO] [stdout] 173 |         let timestamp = NaiveDateTime::from_timestamp_millis(1337).unwrap();
[INFO] [stdout]     |                                        ^^^^^^^^^^^^^^^^^^^^^
[INFO] [stdout] 
[INFO] [stdout] 
[INFO] [stdout] warning: use of deprecated associated function `chrono::DateTime::<Tz>::from_utc`: Use TimeZone::from_utc_datetime() or DateTime::from_naive_utc_and_offset instead
[INFO] [stdout]    --> src/logs/journald_provider.rs:174:42
[INFO] [stdout]     |
[INFO] [stdout] 174 |         let timestamp = DateTime::<Utc>::from_utc(timestamp, Utc);
[INFO] [stdout]     |                                          ^^^^^^^^
[INFO] [stdout] 
[INFO] [stdout] 
[INFO] [stdout] warning: use of deprecated associated function `chrono::NaiveDateTime::from_timestamp_opt`: use `DateTime::from_timestamp` instead
[INFO] [stdout]   --> src/util/serialization/float_to_datetime.rs:26:26
[INFO] [stdout]    |
[INFO] [stdout] 26 |     match NaiveDateTime::from_timestamp_opt(secs.floor() as i64, ms * 1_000_000) {
[INFO] [stdout]    |                          ^^^^^^^^^^^^^^^^^^
[INFO] [stdout] 
[INFO] [stdout] 
[INFO] [stdout] warning: use of deprecated associated function `chrono::DateTime::<Tz>::from_utc`: Use TimeZone::from_utc_datetime() or DateTime::from_naive_utc_and_offset instead
[INFO] [stdout]   --> src/util/serialization/float_to_datetime.rs:27:44
[INFO] [stdout]    |
[INFO] [stdout] 27 |         Some(naive) => Ok(DateTime::<Utc>::from_utc(naive, Utc)),
[INFO] [stdout]    |                                            ^^^^^^^^
[INFO] [stdout] 
[INFO] [stdout] 
[INFO] [stderr]     Finished `test` profile [unoptimized + debuginfo] target(s) in 50.59s
[INFO] running `Command { std: "docker" "inspect" "33a56944f99000c64b102f8b944a5df7cc12a27a4251eae2fa5acabebeb1aab3", kill_on_drop: false }`
[INFO] running `Command { std: "docker" "rm" "-f" "33a56944f99000c64b102f8b944a5df7cc12a27a4251eae2fa5acabebeb1aab3", kill_on_drop: false }`
[INFO] [stdout] 33a56944f99000c64b102f8b944a5df7cc12a27a4251eae2fa5acabebeb1aab3
[INFO] running `Command { std: "docker" "create" "-v" "/var/lib/crater-agent-workspace/builds/worker-2-tc2/target:/opt/rustwide/target:rw,Z" "-v" "/var/lib/crater-agent-workspace/builds/worker-2-tc2/source:/opt/rustwide/workdir:ro,Z" "-v" "/var/lib/crater-agent-workspace/cargo-home:/opt/rustwide/cargo-home:ro,Z" "-v" "/var/lib/crater-agent-workspace/rustup-home:/opt/rustwide/rustup-home:ro,Z" "-e" "SOURCE_DIR=/opt/rustwide/workdir" "-e" "CARGO_TARGET_DIR=/opt/rustwide/target" "-e" "CARGO_INCREMENTAL=0" "-e" "RUST_BACKTRACE=full" "-e" "RUSTFLAGS=--cap-lints=forbid -Zrandomize-layout" "-e" "RUSTDOCFLAGS=--cap-lints=forbid" "-e" "CARGO_HOME=/opt/rustwide/cargo-home" "-e" "RUSTUP_HOME=/opt/rustwide/rustup-home" "-w" "/opt/rustwide/workdir" "-m" "1610612736" "--user" "0:0" "--network" "none" "ghcr.io/rust-lang/crates-build-env/linux@sha256:4a844ea9eb2546a2d2c7022eacef16ef2e8229c7fbb2c7d4d55a9ceca922f72d" "/opt/rustwide/cargo-home/bin/cargo" "+nightly-2024-10-28" "test" "--frozen", kill_on_drop: false }`
[INFO] [stdout] d2b602fb9520460f86b22b0d610c1af9a6047e045914c0eb3f844f2fe3b7bead
[INFO] running `Command { std: "docker" "start" "-a" "d2b602fb9520460f86b22b0d610c1af9a6047e045914c0eb3f844f2fe3b7bead", kill_on_drop: false }`
[INFO] [stderr]    Compiling memfaultd v1.15.1 (/opt/rustwide/workdir)
[INFO] [stderr] warning: unused import: `elf::header::ELFCLASS64 as ELF_TARGET_CLASS`
[INFO] [stderr]   --> src/cli/memfault_core_handler/arch.rs:21:17
[INFO] [stderr]    |
[INFO] [stderr] 21 |         pub use elf::header::ELFCLASS64 as ELF_TARGET_CLASS;
[INFO] [stderr]    |                 ^^^^^^^^^^^^^^^^^^^^^^^^^^^^^^^^^^^^^^^^^^^
[INFO] [stderr]    |
[INFO] [stderr]    = note: `#[warn(unused_imports)]` on by default
[INFO] [stderr] 
[INFO] [stderr] warning: unexpected `cfg` condition value: `collectd`
[INFO] [stderr]    --> src/cli/show_settings.rs:113:15
[INFO] [stderr]     |
[INFO] [stderr] 113 |         #[cfg(feature = "collectd")]
[INFO] [stderr]     |               ^^^^^^^^^^^^^^^^^^^^
[INFO] [stderr]     |
[INFO] [stderr]     = note: expected values for `feature` are: `coredump`, `default`, `experimental`, `log-to-metrics`, `logging`, `mfw`, `openssl-tls`, `openssl-vendored-tls`, `regex`, `rust-tls`, `swupdate`, and `systemd`
[INFO] [stderr]     = help: consider adding `collectd` as a feature in `Cargo.toml`
[INFO] [stderr]     = note: see <https://doc.rust-lang.org/nightly/rustc/check-cfg/cargo-specifics.html> for more information about checking conditional configuration
[INFO] [stderr]     = note: `#[warn(unexpected_cfgs)]` on by default
[INFO] [stderr] 
[INFO] [stderr] warning: use of deprecated associated function `chrono::NaiveDateTime::from_timestamp_micros`: use `DateTime::from_timestamp_micros` instead
[INFO] [stderr]    --> src/logs/journald_parser.rs:164:39
[INFO] [stderr]     |
[INFO] [stderr] 164 |         let datetime = NaiveDateTime::from_timestamp_micros(timestamp as i64)
[INFO] [stderr]     |                                       ^^^^^^^^^^^^^^^^^^^^^
[INFO] [stderr]     |
[INFO] [stderr]     = note: `#[warn(deprecated)]` on by default
[INFO] [stderr] 
[INFO] [stderr] warning: use of deprecated associated function `chrono::DateTime::<Tz>::from_utc`: Use TimeZone::from_utc_datetime() or DateTime::from_naive_utc_and_offset instead
[INFO] [stderr]    --> src/logs/journald_parser.rs:167:29
[INFO] [stderr]     |
[INFO] [stderr] 167 |         Ok(DateTime::<Utc>::from_utc(datetime, Utc))
[INFO] [stderr]     |                             ^^^^^^^^
[INFO] [stderr] 
[INFO] [stderr] warning: use of deprecated associated function `chrono::NaiveDateTime::from_timestamp_opt`: use `DateTime::from_timestamp` instead
[INFO] [stderr]   --> src/util/serialization/float_to_datetime.rs:26:26
[INFO] [stderr]    |
[INFO] [stderr] 26 |     match NaiveDateTime::from_timestamp_opt(secs.floor() as i64, ms * 1_000_000) {
[INFO] [stderr]    |                          ^^^^^^^^^^^^^^^^^^
[INFO] [stderr] 
[INFO] [stderr] warning: use of deprecated associated function `chrono::DateTime::<Tz>::from_utc`: Use TimeZone::from_utc_datetime() or DateTime::from_naive_utc_and_offset instead
[INFO] [stderr]   --> src/util/serialization/float_to_datetime.rs:27:44
[INFO] [stderr]    |
[INFO] [stderr] 27 |         Some(naive) => Ok(DateTime::<Utc>::from_utc(naive, Utc)),
[INFO] [stderr]    |                                            ^^^^^^^^
[INFO] [stderr] 
[INFO] [stderr] warning: use of deprecated method `chrono::DateTime::<Tz>::timestamp_nanos`: use `timestamp_nanos_opt()` instead
[INFO] [stderr]    --> src/fluent_bit/decode_time.rs:187:15
[INFO] [stderr]     |
[INFO] [stderr] 187 |             t.timestamp_nanos() - t.timestamp() * 1_000_000_000,
[INFO] [stderr]     |               ^^^^^^^^^^^^^^^
[INFO] [stderr]     |
[INFO] [stderr]     = note: `#[warn(deprecated)]` on by default
[INFO] [stderr] 
[INFO] [stderr] warning: use of deprecated associated function `chrono::NaiveDateTime::from_timestamp_millis`: use `DateTime::from_timestamp_millis` instead
[INFO] [stderr]   --> src/logs/fluent_bit_adapter.rs:98:36
[INFO] [stderr]    |
[INFO] [stderr] 98 |         let naive = NaiveDateTime::from_timestamp_millis(1334250000000).unwrap();
[INFO] [stderr]    |                                    ^^^^^^^^^^^^^^^^^^^^^
[INFO] [stderr] 
[INFO] [stderr] warning: use of deprecated associated function `chrono::DateTime::<Tz>::from_utc`: Use TimeZone::from_utc_datetime() or DateTime::from_naive_utc_and_offset instead
[INFO] [stderr]   --> src/logs/fluent_bit_adapter.rs:99:26
[INFO] [stderr]    |
[INFO] [stderr] 99 |         DateTime::<Utc>::from_utc(naive, Utc)
[INFO] [stderr]    |                          ^^^^^^^^
[INFO] [stderr] 
[INFO] [stderr] warning: use of deprecated associated function `chrono::NaiveDateTime::from_timestamp_micros`: use `DateTime::from_timestamp_micros` instead
[INFO] [stderr]    --> src/logs/journald_parser.rs:164:39
[INFO] [stderr]     |
[INFO] [stderr] 164 |         let datetime = NaiveDateTime::from_timestamp_micros(timestamp as i64)
[INFO] [stderr]     |                                       ^^^^^^^^^^^^^^^^^^^^^
[INFO] [stderr] 
[INFO] [stderr] warning: use of deprecated associated function `chrono::NaiveDateTime::from_timestamp_millis`: use `DateTime::from_timestamp_millis` instead
[INFO] [stderr]    --> src/logs/journald_parser.rs:401:40
[INFO] [stderr]     |
[INFO] [stderr] 401 |         let timestamp = NaiveDateTime::from_timestamp_millis(1713462571).unwrap();
[INFO] [stderr]     |                                        ^^^^^^^^^^^^^^^^^^^^^
[INFO] [stderr] 
[INFO] [stderr] warning: use of deprecated associated function `chrono::DateTime::<Tz>::from_utc`: Use TimeZone::from_utc_datetime() or DateTime::from_naive_utc_and_offset instead
[INFO] [stderr]    --> src/logs/journald_parser.rs:402:26
[INFO] [stderr]     |
[INFO] [stderr] 402 |         DateTime::<Utc>::from_utc(timestamp, Utc)
[INFO] [stderr]     |                          ^^^^^^^^
[INFO] [stderr] 
[INFO] [stderr] warning: use of deprecated associated function `chrono::NaiveDateTime::from_timestamp_millis`: use `DateTime::from_timestamp_millis` instead
[INFO] [stderr]    --> src/logs/journald_provider.rs:173:40
[INFO] [stderr]     |
[INFO] [stderr] 173 |         let timestamp = NaiveDateTime::from_timestamp_millis(1337).unwrap();
[INFO] [stderr]     |                                        ^^^^^^^^^^^^^^^^^^^^^
[INFO] [stderr] 
[INFO] [stderr] warning: use of deprecated associated function `chrono::DateTime::<Tz>::from_utc`: Use TimeZone::from_utc_datetime() or DateTime::from_naive_utc_and_offset instead
[INFO] [stderr]    --> src/logs/journald_provider.rs:174:42
[INFO] [stderr]     |
[INFO] [stderr] 174 |         let timestamp = DateTime::<Utc>::from_utc(timestamp, Utc);
[INFO] [stderr]     |                                          ^^^^^^^^
[INFO] [stderr] 
[INFO] [stderr] warning: method `ignore_non_retriable_errors_with` is never used
[INFO] [stderr]   --> src/retriable_error.rs:18:8
[INFO] [stderr]    |
[INFO] [stderr] 15 | pub trait IgnoreNonRetriableError<T> {
[INFO] [stderr]    |           ----------------------- method in this trait
[INFO] [stderr] ...
[INFO] [stderr] 18 |     fn ignore_non_retriable_errors_with<R: FnMut(&Report)>(self, x: R) -> Result<(), ErrReport>;
[INFO] [stderr]    |        ^^^^^^^^^^^^^^^^^^^^^^^^^^^^^^^^
[INFO] [stderr]    |
[INFO] [stderr]    = note: `#[warn(dead_code)]` on by default
[INFO] [stderr] 
[INFO] [stderr] warning: `memfaultd` (lib) generated 7 warnings (run `cargo fix --lib -p memfaultd` to apply 1 suggestion)
[INFO] [stderr] warning: `memfaultd` (lib test) generated 12 warnings (4 duplicates)
[INFO] [stderr]     Finished `test` profile [unoptimized + debuginfo] target(s) in 30.28s
[INFO] [stderr]      Running unittests src/lib.rs (/opt/rustwide/target/debug/deps/memfaultd-bfcee57ab1af3d8c)
[INFO] [stdout] 
[INFO] [stdout] running 620 tests
[INFO] [stdout] test cli::memfault_core_handler::auxv::test::test_auxv_iterator::case_1 ... ok
[INFO] [stdout] test cli::memfault_core_handler::auxv::test::test_auxv_find_value ... ok
[INFO] [stdout] test cli::memfault_core_handler::auxv::test::test_auxv_iterator::case_3 ... ok
[INFO] [stdout] test cli::memfault_core_handler::auxv::test::test_auxv_iterator::case_2 ... ok
[INFO] [stdout] test cli::memfault_core_handler::core_elf_note::test::test_build_elf_note::case_2 ... ok
[INFO] [stdout] test cli::memfault_core_handler::core_elf_note::test::test_build_elf_note::case_3 ... ok
[INFO] [stdout] test cli::memfault_core_handler::core_elf_note::test::test_build_elf_note::case_1 ... ok
[INFO] [stdout] test cli::memfault_core_handler::core_elf_note::test::test_build_elf_note::case_5 ... ok
[INFO] [stdout] test cli::memfault_core_handler::core_elf_note::test::test_elf_note_try_parse_build_id_note ... ok
[INFO] [stdout] test cli::memfault_core_handler::core_elf_note::test::test_iterate_elf_notes_basic_edge_cases::case_4 ... ok
[INFO] [stdout] test cli::memfault_core_handler::core_elf_note::test::test_iterate_elf_notes_basic_edge_cases::case_5 ... ok
[INFO] [stdout] test cli::memfault_core_handler::core_elf_note::test::test_elf_note_try_parse_file_note_too_short::case_1 ... ok
[INFO] [stdout] test cli::memfault_core_handler::core_elf_note::test::test_elf_note_try_parse_file_note_incomplete_string_table::case_2 ... ok
[INFO] [stdout] test cli::memfault_core_handler::core_elf_note::test::test_elf_note_try_parse_file_note_too_short::case_2 ... ok
[INFO] [stdout] test cli::memfault_core_handler::core_elf_note::test::test_iterate_elf_notes_basic_edge_cases::case_2 ... ok
[INFO] [stdout] test cli::memfault_core_handler::core_elf_note::test::test_iterate_elf_notes_basic_edge_cases::case_1 ... ok
[INFO] [stdout] test cli::memfault_core_handler::core_elf_note::test::test_build_elf_note::case_4 ... ok
[INFO] [stdout] test cli::memfault_core_handler::core_elf_note::test::test_iterate_elf_notes_basic_edge_cases::case_3 ... ok
[INFO] [stdout] test cli::memfault_core_handler::core_elf_note::test::test_iterate_elf_notes_empty ... ok
[INFO] [stdout] test cli::memfault_core_handler::core_elf_note::test::test_iterate_elf_notes_note_parsing_failure_handling ... ok
[INFO] [stderr] ERROR type is too big (4) for 3
[INFO] [stdout] test cli::memfault_core_handler::core_reader::test::test_verify_elf_header_fails_for_mismatching_arch::case_1 ... ok
[INFO] [stdout] test cli::memfault_core_handler::core_elf_note::test::test_iterate_elf_notes_note_data_short::case_2 ... ok
[INFO] [stdout] test cli::memfault_core_handler::core_reader::test::test_verify_elf_header_fails_for_mismatching_arch::case_2 ... ok
[INFO] [stdout] test cli::memfault_core_handler::core_elf_note::test::test_iterate_elf_notes_note_data_short::case_3 ... ok
[INFO] [stdout] test cli::memfault_core_handler::core_reader::test::test_read_program_headers::case_1 ... ok
[INFO] [stderr] WARN Incomplete NT_FILE note.
[INFO] [stdout] test cli::memfault_core_handler::core_reader::test::test_read_program_headers::case_2 ... ok
[INFO] [stdout] test cli::memfault_core_handler::core_elf_note::test::test_iterate_elf_notes_note_data_short::case_1 ... ok
[INFO] [stdout] test cli::memfault_core_handler::core_reader::test::test_read_segment_data::case_2 ... ok
[INFO] [stdout] test cli::memfault_core_handler::core_reader::test::test_verify_elf_header_fails_for_mismatching_arch::case_3 ... ok
[INFO] [stdout] test cli::memfault_core_handler::core_elf_note::test::test_elf_note_try_parse_file_note_incomplete_string_table::case_3 ... ok
[INFO] [stderr] DEBUG Detecting ELF headers and build ID note ranges from vaddr 0x5587ae8bd000
[INFO] [stdout] test cli::memfault_core_handler::core_writer::test::test_added_segments::case_1 ... ok
[INFO] [stderr] DEBUG Detecting ELF headers and build ID note ranges from vaddr 0x5587ae8be000
[INFO] [stdout] test cli::memfault_core_handler::core_writer::test::test_output_size_calculation::case_3 ... ok
[INFO] [stderr] DEBUG Failed to collect metadata for Other("Unknown") @ 0x5587ae8be000: failed to fill whole buffer
[INFO] [stderr] DEBUG Detecting ELF headers and build ID note ranges from vaddr 0x5587ae8bf000
[INFO] [stderr] DEBUG Failed to collect metadata for Other("Unknown") @ 0x5587ae8bf000: failed to fill whole buffer
[INFO] [stdout] test cli::memfault_core_handler::core_writer::test::test_output_size_calculation::case_1 ... ok
[INFO] [stderr] DEBUG Detecting ELF headers and build ID note ranges from vaddr 0x5587ae8c0000
[INFO] [stdout] test cli::memfault_core_handler::core_writer::test::test_output_size_calculation::case_4 ... ok
[INFO] [stderr] DEBUG Failed to collect metadata for Other("Unknown") @ 0x5587ae8c0000: Invalid ELF header
[INFO] [stderr] DEBUG Detecting ELF headers and build ID note ranges from vaddr 0x5587ae8c1000
[INFO] [stderr] WARN Incomplete NT_FILE note.
[INFO] [stderr] DEBUG Failed to collect metadata for Other("Unknown") @ 0x5587ae8c1000: Invalid ELF header
[INFO] [stderr] DEBUG Detecting ELF headers and build ID note ranges from vaddr 0x7f6e38cb1000
[INFO] [stderr] DEBUG Failed to collect metadata for Other("Unknown") @ 0x7f6e38cb1000: Invalid ELF header
[INFO] [stderr] DEBUG Detecting ELF headers and build ID note ranges from vaddr 0x7f6e38cb4000
[INFO] [stderr] DEBUG Detecting ELF headers and build ID note ranges from vaddr 0x7f6e38cda000
[INFO] [stderr] DEBUG Failed to collect metadata for Other("Unknown") @ 0x7f6e38cda000: failed to fill whole buffer
[INFO] [stderr] DEBUG Detecting ELF headers and build ID note ranges from vaddr 0x7f6e38e2f000
[INFO] [stderr] DEBUG Failed to collect metadata for Other("Unknown") @ 0x7f6e38e2f000: failed to fill whole buffer
[INFO] [stderr] DEBUG Detecting ELF headers and build ID note ranges from vaddr 0x7f6e38e82000
[INFO] [stderr] DEBUG Failed to collect metadata for Other("Unknown") @ 0x7f6e38e82000: Invalid ELF header
[INFO] [stderr] DEBUG Detecting ELF headers and build ID note ranges from vaddr 0x7f6e38e86000
[INFO] [stderr] DEBUG Failed to collect metadata for Other("Unknown") @ 0x7f6e38e86000: Invalid ELF header
[INFO] [stderr] DEBUG Detecting ELF headers and build ID note ranges from vaddr 0x7f6e38e88000
[INFO] [stderr] DEBUG Failed to collect metadata for Other("Unknown") @ 0x7f6e38e88000: Invalid ELF header
[INFO] [stderr] DEBUG Detecting ELF headers and build ID note ranges from vaddr 0x7f6e38e99000
[INFO] [stderr] DEBUG Detecting ELF headers and build ID note ranges from vaddr 0x7f6e38ea9000
[INFO] [stderr] DEBUG Failed to collect metadata for Other("Unknown") @ 0x7f6e38ea9000: failed to fill whole buffer
[INFO] [stderr] DEBUG Detecting ELF headers and build ID note ranges from vaddr 0x7f6e38f1c000
[INFO] [stderr] DEBUG Failed to collect metadata for Other("Unknown") @ 0x7f6e38f1c000: failed to fill whole buffer
[INFO] [stderr] DEBUG Detecting ELF headers and build ID note ranges from vaddr 0x7f6e38f76000
[INFO] [stderr] DEBUG Failed to collect metadata for Other("Unknown") @ 0x7f6e38f76000: Invalid ELF header
[INFO] [stderr] DEBUG Detecting ELF headers and build ID note ranges from vaddr 0x7f6e38f77000
[INFO] [stderr] DEBUG Failed to collect metadata for Other("Unknown") @ 0x7f6e38f77000: Invalid ELF header
[INFO] [stderr] DEBUG Detecting ELF headers and build ID note ranges from vaddr 0x7f6e38f78000
[INFO] [stderr] DEBUG Failed to collect metadata for Other("Unknown") @ 0x7f6e38f78000: Invalid ELF header
[INFO] [stderr] DEBUG Detecting ELF headers and build ID note ranges from vaddr 0x7f6e38f7a000
[INFO] [stderr] DEBUG Detecting ELF headers and build ID note ranges from vaddr 0x7f6e38f7b000
[INFO] [stderr] DEBUG Failed to collect metadata for Other("Unknown") @ 0x7f6e38f7b000: failed to fill whole buffer
[INFO] [stderr] DEBUG Detecting ELF headers and build ID note ranges from vaddr 0x7f6e38fa0000
[INFO] [stderr] DEBUG Failed to collect metadata for Other("Unknown") @ 0x7f6e38fa0000: failed to fill whole buffer
[INFO] [stderr] DEBUG Detecting ELF headers and build ID note ranges from vaddr 0x7f6e38faa000
[INFO] [stderr] DEBUG Failed to collect metadata for Other("Unknown") @ 0x7f6e38faa000: Invalid ELF header
[INFO] [stderr] DEBUG Detecting ELF headers and build ID note ranges from vaddr 0x7f6e38fac000
[INFO] [stderr] DEBUG Failed to collect metadata for Other("Unknown") @ 0x7f6e38fac000: Invalid ELF header
[INFO] [stderr] DEBUG Detecting ELF headers and build ID note ranges from vaddr 0x7ffe4ba5b000
[INFO] [stderr] DEBUG Failed to collect metadata for Other("Unknown") @ 0x7ffe4ba5b000: Invalid ELF header
[INFO] [stderr] DEBUG Detecting ELF headers and build ID note ranges from vaddr 0x7ffe4bb1b000
[INFO] [stderr] DEBUG Failed to collect metadata for Other("Unknown") @ 0x7ffe4bb1b000: Invalid ELF header
[INFO] [stderr] DEBUG Detecting ELF headers and build ID note ranges from vaddr 0x7ffe4bb1f000
[INFO] [stderr] DEBUG Detecting ELF headers and build ID note ranges from vaddr 0xffffffffff600000
[INFO] [stderr] DEBUG Failed to collect metadata for Other("Unknown") @ 0xffffffffff600000: Invalid ELF header
[INFO] [stderr] DEBUG Detecting dynamic linker ranges from vaddr 0x5587ae8bd040
[INFO] [stderr] WARN Failed to read C-string at 0x1: failed to fill whole buffer
[INFO] [stdout] test cli::memfault_core_handler::core_elf_note::test::test_elf_note_try_parse_file_note_incomplete_string_table::case_1 ... ok
[INFO] [stdout] test cli::memfault_core_handler::core_writer::test::test_read_fail ... ok
[INFO] [stdout] test cli::memfault_core_handler::core_reader::test::test_read_segment_data::case_1 ... ok
[INFO] [stdout] test cli::memfault_core_handler::find_dynamic::test::test_dyn_iter::case_2 ... ok
[INFO] [stdout] test cli::memfault_core_handler::find_dynamic::test::test_dyn_iter::case_1 ... ok
[INFO] [stdout] test cli::memfault_core_handler::core_writer::test::test_added_segments::case_2 ... ok
[INFO] [stdout] test cli::memfault_core_handler::core_writer::test::test_output_size_calculation::case_2 ... ok
[INFO] [stdout] test cli::memfault_core_handler::core_writer::test::test_added_segments::case_3 ... ok
[INFO] [stdout] test cli::memfault_core_handler::find_dynamic::test::test_dyn_iter::case_3 ... ok
[INFO] [stdout] test cli::memfault_core_handler::find_dynamic::test::test_find_c_string_region::case_2 ... ok
[INFO] [stdout] test cli::memfault_core_handler::find_dynamic::test::test_find_c_string_region::case_1 ... ok
[INFO] [stderr] DEBUG Detecting ELF headers and build ID note ranges from vaddr 0x0
[INFO] [stderr] DEBUG Detecting ELF headers and build ID note ranges from vaddr 0x0
[INFO] [stderr] DEBUG Detecting dynamic linker ranges from vaddr 0x5587ae8bd040
[INFO] [stdout] test cli::memfault_core_handler::find_dynamic::test::test_find_c_string_region::case_4 ... ok
[INFO] [stdout] test cli::memfault_core_handler::find_dynamic::test::test_find_c_string_region::case_5 ... ok
[INFO] [stdout] test cli::memfault_core_handler::find_dynamic::test::test_find_c_string_region::case_3 ... ok
[INFO] [stdout] test cli::memfault_core_handler::find_dynamic::test::test_phdr_not_first_header ... ok
[INFO] [stdout] test cli::memfault_core_handler::find_elf_headers::test::test_ok_result_with_list_of_ranges ... ignored, FIXME: MFLT-11635 CoreElf .py requires ELF header + build ID in single segment
[INFO] [stdout] test cli::memfault_core_handler::find_elf_headers::test::test_err_result_if_missing_build_id ... ok
[INFO] [stdout] test cli::memfault_core_handler::find_elf_headers::test::test_err_result_if_no_elf ... ok
[INFO] [stdout] test cli::memfault_core_handler::find_stack::test::test_stack_calculation::case_2_stack_descending ... ok
[INFO] [stdout] test cli::memfault_core_handler::find_stack::test::test_stack_not_found::case_1_below_regions ... ok
[INFO] [stdout] test cli::memfault_core_handler::find_stack::test::test_stack_not_found::case_2_between_regions ... ok
[INFO] [stdout] test cli::memfault_core_handler::find_stack::test::test_stack_not_found::case_3_above_regions ... ok
[INFO] [stdout] test cli::memfault_core_handler::memory_range::test::test_memory_range_contains::case_1 ... ok
[INFO] [stderr] DEBUG Detecting ELF headers and build ID note ranges from vaddr 0x1000
[INFO] [stdout] test cli::memfault_core_handler::memory_range::test::test_memory_range_contains::case_2 ... ok
[INFO] [stdout] test cli::memfault_core_handler::memory_range::test::test_memory_range_contains::case_4 ... ok
[INFO] [stdout] test cli::memfault_core_handler::memory_range::test::test_memory_range_contains::case_3 ... ok
[INFO] [stdout] test cli::memfault_core_handler::memory_range::test::test_memory_range_merge::case_1 ... ok
[INFO] [stdout] test cli::memfault_core_handler::find_stack::test::test_stack_calculation::case_1_stack_ascending ... ok
[INFO] [stdout] test cli::memfault_core_handler::memory_range::test::test_memory_range_merge::case_2 ... ok
[INFO] [stdout] test cli::memfault_core_handler::find_elf_headers::test::test_ok_result_with_list_of_ranges_mflt_11635_work_around ... ok
[INFO] [stdout] test cli::memfault_core_handler::memory_range::test::test_memory_range_merge::case_3 ... ok
[INFO] [stdout] test cli::memfault_core_handler::memory_range::test::test_memory_range_merge::case_4 ... ok
[INFO] [stdout] test cli::memfaultctl::config_file::test::test_set_data_collection::case_3 ... ok
[INFO] [stdout] test cli::memfault_core_handler::core_elf_memfault_note::test::serialize_debug_data ... ok
[INFO] [stdout] test cli::memfaultctl::config_file::test::test_set_data_collection::case_1 ... ok
[INFO] [stdout] test cli::memfaultctl::config_file::test::test_set_data_collection::case_2 ... ok
[INFO] [stdout] test cli::memfaultctl::config_file::test::test_set_developer_mode::case_3 ... ok
[INFO] [stdout] test cli::memfaultctl::config_file::test::test_set_developer_mode::case_1 ... ok
[INFO] [stdout] test cli::memfault_core_handler::core_elf_memfault_note::test::test_serialize_metadata_as_map::case_2 ... ok
[INFO] [stdout] test cli::memfaultctl::config_file::test::test_set_developer_mode::case_2 ... ok
[INFO] [stdout] test cli::memfaultctl::write_attributes::tests::invalid_key ... ok
[INFO] [stdout] test cli::memfaultctl::write_attributes::tests::invalid_value::case_2 ... ok
[INFO] [stdout] test cli::memfaultctl::write_attributes::tests::parsed_ok::case_1 ... ok
[INFO] [stdout] test cli::memfault_core_handler::core_elf_memfault_note::test::test_serialize_metadata_as_map::case_3 ... ok
[INFO] [stdout] test cli::memfaultctl::write_attributes::tests::invalid_value::case_1 ... ok
[INFO] [stdout] test cli::memfaultctl::config_file::test::test_set_data_collection::case_4 ... ok
[INFO] [stderr] TRACE Received JSON: [{"values":[0],"dstypes":["derive"],"dsnames":["value"],"time":1619712000.000,"interval":10.000,"host":"localhost","plugin":"cpu","plugin_instance":"0","type":"cpu","type_instance":"idle"}]
[INFO] [stdout] test cli::memfaultctl::config_file::test::test_set_developer_mode::case_4 ... ok
[INFO] [stdout] test cli::memfaultctl::write_attributes::tests::parsed_ok::case_2 ... ok
[INFO] [stdout] test cli::memfault_core_handler::core_transformer::test::test_transform::case_1 ... ok
[INFO] [stdout] test cli::memfault_core_handler::core_elf_note::test::test_iterate_elf_notes_with_fixture ... ok
[INFO] [stdout] test cli::memfaultctl::write_attributes::tests::parsed_ok::case_9 ... ok
[INFO] [stdout] test cli::memfault_core_handler::find_dynamic::test::test_find_dynamic_linker_ranges ... ok
[INFO] [stdout] test cli::memfaultctl::write_attributes::tests::parsed_ok::case_5 ... ok
[INFO] [stdout] test cli::memfaultctl::write_attributes::tests::parsed_ok::case_7 ... ok
[INFO] [stdout] test cli::memfaultctl::write_attributes::tests::parsed_ok::case_3 ... ok
[INFO] [stdout] test cli::memfault_core_handler::log_wrapper::test::test_log_saving ... ok
[INFO] [stdout] test cli::memfault_core_handler::core_elf_memfault_note::test::test_serialize_metadata_as_map::case_1 ... ok
[INFO] [stdout] test cli::memfault_core_handler::core_transformer::test::test_transform::case_3 ... ok
[INFO] [stdout] test cli::memfaultctl::write_attributes::tests::parsed_ok::case_8 ... ok
[INFO] [stdout] test cli::memfaultctl::write_attributes::tests::parsed_ok::case_6 ... ok
[INFO] [stdout] test cli::memfaultctl::write_attributes::tests::parsed_ok::case_4 ... ok
[INFO] [stdout] test cli::memfault_core_handler::core_transformer::test::test_transform::case_2 ... ok
[INFO] [stdout] test cli::memfaultctl::write_attributes::tests::split_failed::case_1 ... ok
[INFO] [stdout] test cli::memfaultctl::write_attributes::tests::split_failed::case_2 ... ok
[INFO] [stdout] test collectd::payload::tests::convert_collectd_to_metric_name::case_2 ... ok
[INFO] [stdout] test collectd::payload::tests::convert_collectd_to_metric_name::case_3 ... ok
[INFO] [stdout] test cli::show_settings::tests::test ... ok
[INFO] [stdout] test collectd::payload::tests::convert_collectd_payload_into_heartbeat_metadata::case_1 ... ok
[INFO] [stdout] test collectd::collectd_handler::tests::handle_push ... ok
[INFO] [stderr] TRACE Received JSON: [{"values":[0],"dstypes":["derive"],"dsnames":["value"],"time":1619712000.000,"interval":10.000,"host":"localhost","plugin":"cpu","plugin_instance":"0","type":"cpu","type_instance":"idle"}]
[INFO] [stderr] TRACE Received JSON: [{"values":[0],"dstypes":["derive"],"dsnames":["value"],"time":1619712000.000,"interval":10.000,"host":"localhost","plugin":"cpufreq","plugin_instance":"0","type":"cpu","type_instance":"idle"}]
[INFO] [stderr] TRACE Received JSON: [{"values":[0],"dstypes":["derive"],"dsnames":["value"],"time":1619712000.000,"interval":10.000,"host":"localhost","plugin":"mockplugin","plugin_instance":"0","type":"mock","type_instance":"test"}]
[INFO] [stdout] test config::config_file::test::can_parse_test_files::case_2 ... ok
[INFO] [stdout] test collectd::payload::tests::convert_collectd_to_metric_name::case_4 ... ok
[INFO] [stdout] test cli::memfaultctl::write_attributes::tests::split_failed::case_3 ... ok
[INFO] [stdout] test config::config_file::test::can_parse_test_files::case_3 ... ok
[INFO] [stdout] test collectd::collectd_handler::tests::ignores_data_when_data_collection_is_off ... ok
[INFO] [stdout] test collectd::payload::tests::convert_collectd_to_metric_name::case_1 ... ok
[INFO] [stdout] test collectd::collectd_handler::tests::drops_cpu_metrics_when_builtin_system_metrics_are_enabled ... ok
[INFO] [stdout] test collectd::payload::tests::convert_collectd_payload_into_heartbeat_metadata::case_2 ... ok
[INFO] [stdout] test config::config_file::test::can_parse_test_files::case_4 ... ok
[INFO] [stdout] test config::config_file::test::can_parse_test_files::case_6 ... ok
[INFO] [stdout] test collectd::payload::tests::convert_collectd_to_metric_name::case_5 ... ok
[INFO] [stdout] test collectd::payload::tests::convert_collectd_to_metric_name::case_6 ... ok
[INFO] [stdout] test collectd::payload::tests::convert_collectd_payload_into_heartbeat_metadata::case_3 ... ok
[INFO] [stdout] test config::config_file::test::can_parse_test_files::case_5 ... ok
[INFO] [stdout] test collectd::payload::tests::convert_collectd_payload_into_heartbeat_metadata::case_4 ... ok
[INFO] [stdout] test config::config_file::test::can_parse_test_files::case_1 ... ok
[INFO] [stdout] test config::config_file::test::test_merge ... ok
[INFO] [stdout] test config::config_file::test::can_parse_test_files::case_7 ... ok
[INFO] [stdout] test config::config_file::test::test_merge_overwrite ... ok
[INFO] [stdout] test config::config_file::test::test_merge_overwrite_nested ... ok
[INFO] [stdout] test config::config_file::test::can_parse_test_files::case_8 ... ok
[INFO] [stdout] test config::config_file::test::test_set_and_write_bool_to_runtime_config::case_1 ... ok
[INFO] [stdout] test config::config_file::test::will_reject_bad_config::case_1 ... ok
[INFO] [stdout] test config::device_info::tests::test_with_default_device_id::case_1_default_with_no_response ... ok
[INFO] [stdout] test config::config_file::test::will_reject_bad_config::case_4 ... ok
[INFO] [stdout] test config::device_info::tests::test_with_default_device_id::case_2_default_with_whitespace ... ok
[INFO] [stdout] test config::device_info::tests::test_empty ... ok
[INFO] [stdout] test config::device_info::tests::test_with_default_device_id::case_3_default_with_response ... ok
[INFO] [stdout] test config::device_info::tests::test_with_default_device_id::case_4_no_default_with_response ... ok
[INFO] [stdout] test config::device_info::tests::test_with_default_device_id::case_5_no_default_no_response ... ok
[INFO] [stdout] test config::device_info::tests::test_with_default_hardware_version::case_1_default_with_no_response ... ok
[INFO] [stdout] test config::device_info::tests::test_with_default_hardware_version::case_2_default_with_whitespace ... ok
[INFO] [stdout] test config::config_file::test::will_reject_bad_config::case_3 ... ok
[INFO] [stdout] test config::config_file::test::will_reject_bad_config::case_2 ... ok
[INFO] [stdout] test config::config_file::test::test_set_and_write_bool_to_runtime_config::case_2 ... ok
[INFO] [stdout] test config::device_info::tests::test_with_default_hardware_version::case_4_no_default_with_response ... ok
[INFO] [stdout] test config::device_info::tests::test_with_default_sw_type::case_2_default_with_response ... ok
[INFO] [stdout] test config::device_info::tests::test_with_default_sw_type::case_3_no_default_with_response ... ok
[INFO] [stdout] test config::device_info::tests::test_with_default_sw_type::case_1_default_with_no_response ... ok
[INFO] [stdout] test config::device_info::tests::test_with_default_swv::case_2_default_with_response ... ok
[INFO] [stdout] test config::device_info::tests::test_with_default_swv::case_1_default_with_no_response ... ok
[INFO] [stdout] test config::device_info::tests::test_with_default_hardware_version::case_3_default_with_response ... ok
[INFO] [stdout] test config::device_info::tests::test_with_default_swv::case_3_no_default_with_response ... ok
[INFO] [stdout] test config::config_file::test::test_set_and_write_bool_to_runtime_config::case_3 ... ok
[INFO] [stdout] test config::device_info::tests::test_with_default_sw_type::case_4_no_default_no_response ... ok
[INFO] [stdout] test config::device_info::tests::test_with_default_swv::case_4_no_default_no_response ... ok
[INFO] [stdout] test config::device_info::tests::test_with_sw_version_and_type::case_1 ... ok
[INFO] [stdout] test config::device_info::tests::test_with_sw_version_and_type::case_2 ... ok
[INFO] [stdout] test config::device_info::tests::test_with_sw_version_and_type::case_3 ... ok
[INFO] [stdout] test config::device_info::tests::test_with_no_device_info ... ok
[INFO] [stdout] test config::device_info::tests::test_with_default_hardware_version::case_5_no_default_no_response ... ok
[INFO] [stdout] test config::device_info::tests::test_with_warnings ... ok
[INFO] [stdout] test config::tests::do_not_generate_mar_device_config_if_not_needed ... ok
[INFO] [stdout] test config::tests::generate_mar_device_config_confirmation_when_needed ... ok
[INFO] [stdout] test config::tests::software_type_precedence::case_3 ... ok
[INFO] [stdout] test config::tests::software_type_precedence::case_4 ... ok
[INFO] [stdout] test config::tests::tmp_folder_set ... ok
[INFO] [stdout] test config::tests::tmp_dir_defaults_to_persist_dir ... ok
[INFO] [stdout] test config::tests::software_type_precedence::case_2 ... ok
[INFO] [stdout] test config::tests::software_version_precedence::case_2 ... ok
[INFO] [stdout] test config::tests::software_type_precedence::case_6 ... ok
[INFO] [stdout] test config::tests::software_version_precedence::case_5 ... ok
[INFO] [stdout] test config::tests::software_version_precedence::case_4 ... ok
[INFO] [stdout] test config::utils::tests::device_id_is_valid_works::case_3 ... ok
[INFO] [stdout] test config::tests::software_version_precedence::case_1 ... ok
[INFO] [stdout] test config::utils::tests::device_id_is_valid_works::case_5 ... ok
[INFO] [stdout] test config::utils::tests::device_id_is_valid_works::case_6 ... ok
[INFO] [stdout] test fluent_bit::decode_time::tests::decode_encoded_time::case_2 ... ok
[INFO] [stdout] test config::tests::test_info_overrides_file ... ok
[INFO] [stdout] test config::tests::software_version_precedence::case_6 ... ok
[INFO] [stdout] test config::tests::software_version_precedence::case_3 ... ok
[INFO] [stdout] test config::utils::tests::device_id_is_valid_works::case_2 ... ok
[INFO] [stdout] test config::utils::tests::device_id_is_valid_works::case_1 ... ok
[INFO] [stdout] test config::utils::tests::device_id_is_valid_works::case_4 ... ok
[INFO] [stdout] test config::tests::software_type_precedence::case_1 ... ok
[INFO] [stdout] test fluent_bit::decode_time::tests::decode_encoded_time::case_3 ... ok
[INFO] [stdout] test fluent_bit::decode_time::tests::decode_encoded_time::case_1 ... ok
[INFO] [stdout] test config::tests::software_type_precedence::case_5 ... ok
[INFO] [stdout] test fluent_bit::decode_time::tests::decode_encoded_time::case_4 ... ok
[INFO] [stdout] test fluent_bit::decode_time::tests::decode_ext_buffer_too_small ... ok
[INFO] [stdout] test fluent_bit::decode_time::tests::decode_ext_invalid_tag ... ok
[INFO] [stdout] test logs::headroom::tests::log_upon_enter_and_exit_headroom_space_shortage ... ok
[INFO] [stdout] test logs::headroom::tests::rotate_once_only_during_headroom_shortage ... ok
[INFO] [stdout] test logs::headroom::tests::rotate_once_only_entering_headroom_shortage ... ok
[INFO] [stdout] test logs::headroom::tests::write_error_of_initial_warning_message_is_ignored ... ok
[INFO] [stdout] test logs::headroom::tests::log_upon_enter_and_exit_headroom_node_shortage ... ok
[INFO] [stdout] test logs::headroom::tests::write_error_of_recovery_log_message_is_bubbled_up ... ok
[INFO] [stdout] test logs::journald_provider::test::test_channel_dropped ... ok
[INFO] [stderr] TRACE Now writing logs to: /tmp/.tmpvnI0hL/a6f3aade-b2b0-4e23-a8ce-367536b66641.log.zlib
[INFO] [stderr] WARN Too many lines captured in coredump (1000), clamping to 500
[INFO] [stderr] TRACE Now writing logs to: /tmp/.tmpvnI0hL/153534fc-fff3-43e9-b492-a4803365122f.log.zlib
[INFO] [stderr] WARN FluentD decoding error: Syntax("invalid type: integer `98`, expected tuple struct FluentdMessage")
[INFO] [stderr] TRACE Now writing logs to: /tmp/.tmpNg4ZJc/693e756c-1386-4c61-a6f0-a7839de5e19b.log.zlib
[INFO] [stdout] test logs::journald_parser::test::test_from_raw_journal_entry ... ok
[INFO] [stdout] test logs::journald_parser::test::test_journal_happy_path ... ok
[INFO] [stdout] test logs::journald_provider::test::test_happy_path ... ok
[INFO] [stdout] test fluent_bit::tests::deserialize_two_concatenated_messages ... ok
[INFO] [stdout] test fluent_bit::tests::deserialize_one_message_received_in_two_parts ... ok
[INFO] [stdout] test logs::log_collector::tests::delete_files_that_are_not_uuids ... ok
[INFO] [stderr] TRACE Now writing logs to: /tmp/.tmpNg4ZJc/2a299c79-164a-4128-a729-24ee7c6d124b.log.zlib
[INFO] [stderr] TRACE Now writing logs to: /tmp/.tmpfAozhD/f8a3e4c8-2691-4bca-8a25-e5143af2fc73.log.zlib
[INFO] [stdout] test logs::log_collector::tests::clamp_coredump_log_count ... ok
[INFO] [stderr] TRACE Now writing logs to: /tmp/.tmpyRNleC/69f7b62d-dcf6-41c8-920e-2936d9101e55.log.zlib
[INFO] [stdout] test logs::fluent_bit_adapter::tests::test_fluent_bit_adapter ... ok
[INFO] [stderr] TRACE Now writing logs to: /tmp/.tmpvnI0hL/593d484a-af62-4b51-a451-98effc7240cf.log.zlib
[INFO] [stdout] test fluent_bit::tests::deserialize_timestamp_with_metadata ... ok
[INFO] [stderr] TRACE Now writing logs to: /tmp/.tmp2hVaKM/334c0676-9562-4a31-a636-6fbad6079710.log.zlib
[INFO] [stdout] test logs::headroom::tests::returns_true_if_headroom_ok_and_stays_ok ... ok
[INFO] [stderr] TRACE Now writing logs to: /tmp/.tmpNg4ZJc/90adbd82-d26b-4d6d-b9f9-b51d0e5957cd.log.zlib
[INFO] [stdout] test fluent_bit::tests::deserialize_bogus_message ... ok
[INFO] [stdout] test fluent_bit::tests::deserialize_one_message ... ok
[INFO] [stdout] test logs::headroom::tests::retry_rotate_after_failure ... ok
[INFO] [stdout] test logs::log_collector::tests::forced_rotation_with_empty_log ... ok
[INFO] [stdout] test logs::log_collector::tests::unhandled_url ... ok
[INFO] [stdout] test logs::log_collector::tests::http_handler_unsupported_method::case_4 ... ok
[INFO] [stdout] test logs::log_collector::tests::log_persistence::case_2 ... ok
[INFO] [stderr] DEBUG Recovering logfile: "/tmp/.tmpTmKEPi/85d0fd24-d01d-4a89-8b4f-1a7c79ec7b3b.log.zlib"
[INFO] [stdout] test logs::log_collector::tests::do_not_create_newfile_on_close ... ok
[INFO] [stderr] TRACE Now writing logs to: /tmp/.tmpJSXS88/8e9a26f3-ed05-4be9-8552-b2331235d0d1.log.zlib
[INFO] [stderr] TRACE Now writing logs to: /tmp/.tmpF1BCo9/67faa708-aac6-435d-a601-97d63768fe2d.log.zlib
[INFO] [stderr] WARN Dropping log due to failed on_log_completion callback: on_log_completion failure!
[INFO] [stderr] TRACE Now writing logs to: /tmp/.tmpF1BCo9/4e75f6be-4775-4295-832d-a3e9fba379f3.log.zlib
[INFO] [stderr] TRACE Now writing logs to: /tmp/.tmpvnI0hL/9b5483fd-34d4-4bf7-8550-9bb6fb27c068.log.zlib
[INFO] [stdout] test logs::log_collector::tests::http_handler_unsupported_method::case_2 ... ok
[INFO] [stdout] test logs::log_collector::tests::http_handler_unsupported_method::case_3 ... ok
[INFO] [stdout] test logs::log_collector::tests::http_handler_unsupported_method::case_1 ... ok
[INFO] [stdout] test logs::log_entry::tests::test_filtering::case_2 ... ok
[INFO] [stderr] TRACE Now writing logs to: /tmp/.tmp2n3pVM/4ad4cf2e-c2dc-445d-85df-ae379c8c0e7a.log.zlib
[INFO] [stdout] test logs::log_collector::tests::delete_log_after_failed_on_completion_callback ... ok
[INFO] [stdout] test logs::log_entry::tests::test_filtering::case_3 ... ok
[INFO] [stdout] test logs::log_entry::tests::test_filtering::case_1 ... ok
[INFO] [stdout] test logs::log_collector::tests::http_handler_log_get ... ok
[INFO] [stdout] test logs::log_entry::tests::test_filtering::case_4 ... ok
[INFO] [stdout] test logs::log_collector::tests::recover_old_logfiles ... ok
[INFO] [stderr] TRACE Now writing logs to: /tmp/.tmpvnI0hL/243cc8bb-be92-41dc-a3fb-4862158865fd.log.zlib
[INFO] [stdout] test logs::log_level_mapper::test::test_default_fallthrough::default_level_2_1 ... ok
[INFO] [stdout] test logs::log_level_mapper::test::test_complex_regex::case_1 ... ok
[INFO] [stdout] test logs::log_level_mapper::test::test_default_fallthrough::default_level_6_5 ... ok
[INFO] [stdout] test logs::log_level_mapper::test::test_default_fallthrough::default_level_4_3 ... ok
[INFO] [stdout] test logs::log_collector::tests::circular_log_queue::case_1 ... ok
[INFO] [stderr] TRACE Now writing logs to: /tmp/.tmpvnI0hL/1ff85cb7-926d-461f-9be6-627081f7ee6f.log.zlib
[INFO] [stdout] test logs::log_level_mapper::test::test_default_fallthrough::default_level_5_4 ... ok
[INFO] [stderr] TRACE Now writing logs to: /tmp/.tmpPyT4O8/bbaeb66f-5232-4fb0-84cd-d85bab1dfcfb.log.zlib
[INFO] [stderr] TRACE Now writing logs to: /tmp/.tmpzPHAK8/80ad1b02-eccf-424e-af98-f861392a1daa.log.zlib
[INFO] [stderr] TRACE Now writing logs to: /tmp/.tmpvnI0hL/6091c4d2-6f1c-4df0-a2f8-616a07367f6f.log.zlib
[INFO] [stderr] TRACE Now writing logs to: /tmp/.tmpF1BCo9/ff788b5e-328d-4cd9-b765-4cb3b8f1973a.log.zlib
[INFO] [stdout] test logs::log_level_mapper::test::test_level_match_happy_path::case_1 ... ok
[INFO] [stdout] test logs::log_level_mapper::test::test_level_match_happy_path::case_2 ... ok
[INFO] [stdout] test logs::log_level_mapper::test::test_default_fallthrough::default_level_1_0 ... ok
[INFO] [stderr] TRACE Now writing logs to: /tmp/.tmpi71MGV/826b66f8-4849-4819-bc49-b7a89673ec29.log.zlib
[INFO] [stderr] TRACE Now writing logs to: /tmp/.tmpF1BCo9/59074901-e427-415f-9aa7-33f01b2e3e5e.log.zlib
[INFO] [stderr] TRACE Now writing logs to: /tmp/.tmpF1BCo9/1891b9c2-e720-4000-ae6a-dbc0bc1e7657.log.zlib
[INFO] [stdout] test logs::log_level_mapper::test::test_default_fallthrough::default_level_3_2 ... ok
[INFO] [stderr] TRACE Now writing logs to: /tmp/.tmpHi4Qjn/69a530f3-e8d7-4447-bac2-3e581bf3de9a.log.zlib
[INFO] [stderr] TRACE Now writing logs to: /tmp/.tmpvnI0hL/2f3c6c07-850a-4548-9a13-de4987a82ce3.log.zlib
[INFO] [stdout] test logs::log_level_mapper::test::test_level_match_happy_path::case_4 ... ok
[INFO] [stdout] test logs::log_level_mapper::test::test_default_fallthrough::default_level_7_6 ... ok
[INFO] [stdout] test logs::log_collector::tests::forced_rotation_with_nonempty_log ... ok
[INFO] [stderr] TRACE Now writing logs to: /tmp/.tmpF1BCo9/8c2e0d7b-5ed3-4b80-a0e7-52774c0c09e9.log.zlib
[INFO] [stdout] test logs::log_collector::tests::log_persistence::case_1 ... ok
[INFO] [stdout] test logs::log_level_mapper::test::test_default_fallthrough::default_level_8_7 ... ok
[INFO] [stdout] test logs::log_level_mapper::test::test_level_match_happy_path::case_7 ... ok
[INFO] [stdout] test logs::log_level_mapper::test::test_level_match_happy_path::case_6 ... ok
[INFO] [stdout] test logs::log_collector::tests::write_logs_to_disk ... ok
[INFO] [stdout] test logs::log_level_mapper::test::test_level_match_happy_path::case_5 ... ok
[INFO] [stdout] test logs::log_level_mapper::test::test_level_match_happy_path::case_8 ... ok
[INFO] [stdout] test logs::log_level_mapper::test::test_level_match_happy_path::case_3 ... ok
[INFO] [stdout] test logs::log_level_mapper::test::test_level_precedence ... ok
[INFO] [stderr] TRACE Now writing logs to: /tmp/.tmpHi4Qjn/d5520231-1767-4565-a85c-441df337d1bd.log.zlib
[INFO] [stderr] TRACE Now writing logs to: /tmp/.tmpvnI0hL/92a6eb33-9048-474f-b409-f6961d648eb5.log.zlib
[INFO] [stderr] DEBUG LogToMetrics: Processing log: LogEntry { ts: 2024-11-01T11:47:38.817698134Z, data: LogData { message: "session opened for user thomas(uid=1000)", pid: None, systemd_unit: None, priority: None, original_priority: None, extra_fields: {} } }
[INFO] [stderr] DEBUG LogToMetrics: Processing log: LogEntry { ts: 2024-11-01T11:47:38.817809374Z, data: LogData { message: "docker.service: Scheduled restart job, restart counter is at 1.", pid: None, systemd_unit: None, priority: None, original_priority: None, extra_fields: {} } }
[INFO] [stderr] DEBUG LogToMetrics: Processing log: LogEntry { ts: 2024-11-01T11:47:38.817698124Z, data: LogData { message: "foo", pid: None, systemd_unit: None, priority: None, original_priority: None, extra_fields: {} } }
[INFO] [stderr] DEBUG LogToMetrics Pattern 'foo'=> MATCH=true Captures=Some(Captures({0: 0..3/"foo"}))
[INFO] [stderr] DEBUG LogToMetrics: Processing log: LogEntry { ts: 2024-11-01T11:47:38.819344773Z, data: LogData { message: "docker.service: Scheduled restart job, restart counter is at 1.", pid: None, systemd_unit: None, priority: None, original_priority: None, extra_fields: {} } }
[INFO] [stderr] DEBUG LogToMetrics Pattern '(.*): Scheduled restart job, restart counter is at'=> MATCH=true Captures=Some(Captures({0: 0..60/"docker.service: Scheduled restart job, restart counter is at", 1: 0..14/"docker.service"}))
[INFO] [stderr] DEBUG LogToMetrics: Processing log: LogEntry { ts: 2024-11-01T11:47:38.819347504Z, data: LogData { message: "sshd.service: Scheduled restart job, restart counter is at 1.", pid: None, systemd_unit: None, priority: None, original_priority: None, extra_fields: {} } }
[INFO] [stderr] DEBUG LogToMetrics Pattern '(.*): Scheduled restart job, restart counter is at'=> MATCH=true Captures=Some(Captures({0: 0..58/"sshd.service: Scheduled restart job, restart counter is at", 1: 0..12/"sshd.service"}))
[INFO] [stderr] DEBUG LogToMetrics: Processing log: LogEntry { ts: 2024-11-01T11:47:38.819348344Z, data: LogData { message: "docker.service: Scheduled restart job, restart counter is at 2.", pid: None, systemd_unit: None, priority: None, original_priority: None, extra_fields: {} } }
[INFO] [stderr] DEBUG LogToMetrics Pattern '(.*): Scheduled restart job, restart counter is at'=> MATCH=true Captures=Some(Captures({0: 0..60/"docker.service: Scheduled restart job, restart counter is at", 1: 0..14/"docker.service"}))
[INFO] [stdout] test logs::log_level_mapper::test::test_match_extraction::case_3 ... ok
[INFO] [stderr] DEBUG LogToMetrics Pattern '(.*): Scheduled restart job, restart counter is at'=> MATCH=true Captures=Some(Captures({0: 0..60/"docker.service: Scheduled restart job, restart counter is at", 1: 0..14/"docker.service"}))
[INFO] [stderr] DEBUG LogToMetrics: Processing log: LogEntry { ts: 2024-11-01T11:47:38.849007071Z, data: LogData { message: "docker.service: Scheduled restart job, restart counter is at 1.", pid: None, systemd_unit: None, priority: None, original_priority: None, extra_fields: {"_SYSTEMD_UNIT": String("")} } }
[INFO] [stdout] test logs::log_level_mapper::test::test_match_extraction::case_4 ... ok
[INFO] [stdout] test logs::log_collector::tests::circular_log_queue::case_2 ... ok
[INFO] [stdout] test logs::log_level_mapper::test::test_match_extraction::case_2 ... ok
[INFO] [stdout] test logs::log_level_mapper::test::test_match_extraction::case_5 ... ok
[INFO] [stdout] test logs::log_to_metrics::tests::test_log_to_metrics::case_1 ... ok
[INFO] [stdout] test logs::log_level_mapper::test::test_no_match ... ok
[INFO] [stdout] test logs::log_to_metrics::tests::test_log_to_metrics::case_4 ... ok
[INFO] [stderr] DEBUG LogToMetrics: Processing log: LogEntry { ts: 2024-11-01T11:47:38.855477890Z, data: LogData { message: "docker.service: Scheduled restart job, restart counter is at 1.", pid: None, systemd_unit: None, priority: None, original_priority: None, extra_fields: {"UNIT": String("systemd")} } }
[INFO] [stdout] test logs::log_to_metrics::tests::test_log_to_metrics::case_3 ... ok
[INFO] [stdout] test logs::log_to_metrics::tests::test_log_to_metrics::case_6 ... ok
[INFO] [stdout] test logs::recovery::tests::chain_cids ... ok
[INFO] [stdout] test logs::log_level_mapper::test::test_match_extraction::case_1 ... ok
[INFO] [stdout] test logs::log_collector::tests::forced_rotation_with_write_after_rotate ... ok
[INFO] [stdout] test logs::recovery::tests::empty_logging_directory ... ok
[INFO] [stdout] test logs::recovery::tests::dont_use_non_trailing_empty_uuid_named_file_as_next_cid ... ok
[INFO] [stdout] test logs::recovery::tests::delete_improperly_named_files ... ok
[INFO] [stdout] test mar::clean::test::empty_staging_area ... ok
[INFO] [stderr] DEBUG LogToMetrics: Processing log: LogEntry { ts: 2024-11-01T11:47:38.855809730Z, data: LogData { message: "Out of memory: Killed process 423 (wefaultd) total-vm:553448kB, anon-rss:284496kB, file-rss:0kB, shmem-rss:0kB, UID:0 pgtables:624kB oom_score_adj:0", pid: None, systemd_unit: None, priority: None, original_priority: None, extra_fields: {} } }
[INFO] [stderr] DEBUG LogToMetrics Pattern '(.*): Scheduled restart job, restart counter is at'=> MATCH=true Captures=Some(Captures({0: 0..60/"docker.service: Scheduled restart job, restart counter is at", 1: 0..14/"docker.service"}))
[INFO] [stdout] test logs::recovery::tests::use_empty_trailing_uuid_named_file_as_next_cid ... ok
[INFO] [stdout] test logs::log_to_metrics::tests::test_log_to_metrics::case_5 ... ok
[INFO] [stdout] test mar::chunks::chunk::tests::test_single_chunk_message ... ok
[INFO] [stdout] test mar::clean::test::keeps_recent_unfinished_mar_entry ... ok
[INFO] [stdout] test mar::clean::test::expired_entries_marked ... ok
[INFO] [stderr] DEBUG Cleaning up MAR entry: /tmp/.tmpVJd8dn/a0f7bdea-1ab4-4046-b8f7-0f3a94dc09dc (10670 bytes / 2 inodes, ~120 seconds old). Deletion reason: Disk quota
[INFO] [stdout] test logs::log_collector::tests::circular_log_queue::case_3 ... ok
[INFO] [stderr] DEBUG Removed MAR entry: /tmp/.tmpVJd8dn/a0f7bdea-1ab4-4046-b8f7-0f3a94dc09dc DiskSize { bytes: 10670, inodes: 2 }
[INFO] [stderr] DEBUG Cleaning up MAR entry: /tmp/.tmpVJd8dn/139ca63f-78c4-4e93-9f98-8aa775cc449a (10670 bytes / 2 inodes, ~30 seconds old). Deletion reason: Disk quota
[INFO] [stderr] DEBUG Removed MAR entry: /tmp/.tmpVJd8dn/139ca63f-78c4-4e93-9f98-8aa775cc449a DiskSize { bytes: 10670, inodes: 2 }
[INFO] [stdout] test mar::clean::test::keeps_mar_entry_when_max_age_is_zero ... ok
[INFO] [stdout] test mar::clean::test::test_marks_quota_and_expired_entries ... ok
[INFO] [stdout] test mar::clean::test::test_marks_when_different_quotas_exceeded ... ok
[INFO] [stdout] test mar::clean::test::test_no_delete_reasons_when_within_quota ... ok
[INFO] [stdout] test mar::clean::test::test_oldest_marked_when_over_max_total_size::case_1 ... ok
[INFO] [stdout] test mar::clean::test::test_oldest_marked_when_over_max_total_size::case_2 ... ok
[INFO] [stdout] test mar::clean::test::test_two_oldest_marked_when_under_min_headroom::case_1 ... ok
[INFO] [stdout] test mar::clean::test::test_two_oldest_marked_when_under_min_headroom::case_2 ... ok
[INFO] [stdout] test mar::clean::test::keeps_recent_mar_entry ... ok
[INFO] [stderr] DEBUG Cleaning up MAR entry: /tmp/.tmpzXSypr/a3d87323-4e50-4685-9aa8-af8762289a78 (671 bytes / 2 inodes, ~0 seconds old). Deletion reason: Disk quota
[INFO] [stdout] test mar::clean::test::keeps_mar_entry_within_max_age ... ok
[INFO] [stderr] DEBUG Cleaning up MAR entry: /tmp/.tmp4sxuEx/35ca9420-8828-47aa-b892-ed97fa4f4851 (1694 bytes / 2 inodes, ~0 seconds old). Deletion reason: Disk quota
[INFO] [stdout] test mar::clean::test::removes_entries_exceeding_max_total_size_by_age ... ok
[INFO] [stderr] DEBUG Removed MAR entry: /tmp/.tmpzXSypr/a3d87323-4e50-4685-9aa8-af8762289a78 DiskSize { bytes: 671, inodes: 2 }
[INFO] [stderr] DEBUG Removed MAR entry: /tmp/.tmp4sxuEx/35ca9420-8828-47aa-b892-ed97fa4f4851 DiskSize { bytes: 1694, inodes: 2 }
[INFO] [stderr] TRACE Adding "/tmp/.tmpP6qnDB/03a80d17-aeb1-45fd-aa79-98059caafe52"
[INFO] [stderr] TRACE Adding "/tmp/.tmpFEue1J/5819b740-0b25-472d-9b4b-acb58a9e283a"
[INFO] [stderr] DEBUG Cleaning up MAR entry: /tmp/.tmpBTZVrt/72d21225-78d2-4eed-86bf-c89f83cd4776 (10670 bytes / 2 inodes, ~120 seconds old). Deletion reason: Disk quota
[INFO] [stderr] DEBUG LogToMetrics Pattern 'Out of memory: Killed process \d+ \((.*)\)'=> MATCH=true Captures=Some(Captures({0: 0..44/"Out of memory: Killed process 423 (wefaultd)", 1: 35..43/"wefaultd"}))
[INFO] [stderr] DEBUG Cleaning up MAR entry: /tmp/.tmpl51zrd/c05d67b5-1b9f-4f13-b827-69a72322a313 (1025 bytes / 1 inodes, ~0 seconds old). Deletion reason: Disk quota
[INFO] [stderr] DEBUG Removed MAR entry: /tmp/.tmpl51zrd/c05d67b5-1b9f-4f13-b827-69a72322a313 DiskSize { bytes: 1025, inodes: 1 }
[INFO] [stderr] DEBUG Cleaning up MAR entry: /tmp/.tmpcDShCO/6bf74967-8533-4a1e-9dfc-13b8e47169f3 (671 bytes / 2 inodes, ~600 seconds old). Deletion reason: Disk quota
[INFO] [stderr] DEBUG Cleaning up MAR entry: /tmp/.tmpObKCEE/27e625d0-c054-4897-b856-0c1f1ea44c0b (671 bytes / 2 inodes, ~0 seconds old). Deletion reason: Disk quota
[INFO] [stderr] DEBUG Removed MAR entry: /tmp/.tmpObKCEE/27e625d0-c054-4897-b856-0c1f1ea44c0b DiskSize { bytes: 671, inodes: 2 }
[INFO] [stderr] DEBUG Cleaning up MAR entry: /tmp/.tmpxgtEZJ/be7e88db-9a82-4739-b95c-4467592dabb3 (8670 bytes / 2 inodes, ~120 seconds old). Deletion reason: Disk quota
[INFO] [stderr] DEBUG Removed MAR entry: /tmp/.tmpxgtEZJ/be7e88db-9a82-4739-b95c-4467592dabb3 DiskSize { bytes: 8670, inodes: 2 }
[INFO] [stderr] DEBUG Removed MAR entry: /tmp/.tmpcDShCO/6bf74967-8533-4a1e-9dfc-13b8e47169f3 DiskSize { bytes: 671, inodes: 2 }
[INFO] [stdout] test mar::clean::test::removes_mar_entry_exceeding_min_headroom_inodes ... ok
[INFO] [stdout] test mar::clean::test::removes_mar_entry_exceeding_max_total_size ... ok
[INFO] [stdout] test mar::export::tests::download_zip ... ok
[INFO] [stdout] test mar::export::tests::download_twice ... ok
[INFO] [stderr] DEBUG Removed MAR entry: /tmp/.tmpBTZVrt/72d21225-78d2-4eed-86bf-c89f83cd4776 DiskSize { bytes: 10670, inodes: 2 }
[INFO] [stderr] DEBUG Cleaning up MAR entry: /tmp/.tmpBTZVrt/5683d726-6b56-4d1d-9cc9-f11a594385f4 (10670 bytes / 2 inodes, ~30 seconds old). Deletion reason: Disk quota
[INFO] [stderr] TRACE Export delete called but no current content to delete.
[INFO] [stderr] DEBUG Removed MAR entry: /tmp/.tmpBTZVrt/5683d726-6b56-4d1d-9cc9-f11a594385f4 DiskSize { bytes: 10670, inodes: 2 }
[INFO] [stdout] test mar::clean::test::test_collect_entries ... ok
[INFO] [stdout] test mar::export::tests::answer_204_when_empty ... ok
[INFO] [stdout] test mar::clean::test::removes_unfinished_mar_entry_exceeding_max_total_size ... ok
[INFO] [stdout] test mar::clean::test::removes_mar_entry_exceeding_min_headroom ... ok
[INFO] [stdout] test mar::clean::test::removes_oldest_mar_entry_exceeding_max_total_size_when_multiple ... ok
[INFO] [stdout] test mar::clean::test::removes_mar_entry_exceeding_max_age ... ok
[INFO] [stdout] test logs::log_to_metrics::tests::test_log_to_metrics::case_7 ... ok
[INFO] [stdout] test mar::export::tests::error_404_for_deletes ... ok
[INFO] [stdout] test mar::clean::test::removes_entries_exceeding_min_headroom_size_by_age ... ok
[INFO] [stderr] TRACE Adding "/tmp/.tmpivADvD/062d2b29-c1d7-48cb-87c0-df6218c332dd"
[INFO] [stdout] test mar::manifest::tests::can_parse_test_manifests::case_4 ... ok
[INFO] [stdout] test mar::export_format::tests::test_accept_header_parser::case_4 ... ok
[INFO] [stdout] test mar::manifest::tests::can_parse_test_manifests::case_3 ... ok
[INFO] [stdout] test mar::export_format::tests::test_accept_header_parser::case_1 ... ok
[INFO] [stdout] test mar::export_format::tests::test_accept_header_parser::case_2 ... ok
[INFO] [stderr] TRACE Adding "/tmp/.tmpivADvD/f9502273-f9e0-4a7e-8fe7-9c592cc0e486"
[INFO] [stderr] TRACE Adding "/tmp/.tmp3CdR5j/469c1885-4a14-4768-82cd-36787033eb74"
[INFO] [stderr] TRACE Deleting MAR entries: ["/tmp/.tmp3CdR5j/469c1885-4a14-4768-82cd-36787033eb74"]
[INFO] [stdout] test mar::manifest::tests::can_parse_test_manifests::case_6 ... ok
[INFO] [stdout] test mar::manifest::tests::can_parse_test_manifests::case_7 ... ok
[INFO] [stdout] test mar::manifest::tests::serialization_of_custom_reboot ... ok
[INFO] [stderr] TRACE Adding "/tmp/.tmpYWIQyN/54712a49-a6ab-46f0-95e6-6624bad5c5ac"
[INFO] [stderr] TRACE Deleting MAR entries: ["/tmp/.tmpYWIQyN/54712a49-a6ab-46f0-95e6-6624bad5c5ac"]
[INFO] [stderr] TRACE Adding "/tmp/.tmpGHPXf2/c540ffad-5f1d-4bc4-85d9-2c1a866a4e5e"
[INFO] [stderr] DEBUG Delete error - Wrong hash. Got bogus, expected 16636762697891288430
[INFO] [stdout] test mar::manifest::tests::serialization_of_custom_unexpected_reboot ... ok
[INFO] [stdout] test mar::export_format::tests::test_accept_header_parser::case_3 ... ok
[INFO] [stdout] test mar::export::tests::download_reset_on_cleanup ... ok
[INFO] [stdout] test mar::manifest::tests::can_parse_test_manifests::case_1 ... ok
[INFO] [stdout] test mar::manifest::tests::can_parse_test_manifests::case_2 ... ok
[INFO] [stdout] test mar::manifest::tests::can_parse_test_manifests::case_5 ... ok
[INFO] [stdout] test mar::manifest::tests::serialization_of_device_attributes ... ok
[INFO] [stdout] test mar::export::tests::files_should_not_delete_if_etag_does_not_match ... ok
[INFO] [stdout] test mar::manifest::tests::serialization_of_coredump::case_1 ... ok
[INFO] [stdout] test mar::manifest::tests::serialization_of_log::case_2 ... ok
[INFO] [stdout] test mar::manifest::tests::serialization_of_device_configc ... ok
[INFO] [stdout] test mar::manifest::tests::serialization_of_reboot ... ok
[INFO] [stdout] test mar::manifest::tests::whitespace_trimmed_attribute::case_2 ... ok
[INFO] [stdout] test mar::export::tests::files_should_be_deleted_without_etag ... ok
[INFO] [stdout] test mar::manifest::tests::whitespace_trimmed_attribute::case_1 ... ok
[INFO] [stdout] test mar::manifest::tests::serialization_of_linux_heartbeat ... ok
[INFO] [stdout] test mar::export::tests::files_should_be_deleted_with_etag ... ok
[INFO] [stderr] DEBUG LogToMetrics Pattern 'session opened for user (\w*)\(uid='=> MATCH=true Captures=Some(Captures({0: 0..35/"session opened for user thomas(uid=", 1: 24..30/"thomas"}))
[INFO] [stdout] test mar::manifest::tests::whitespace_trimmed_attribute::case_4 ... ok
[INFO] [stdout] test mar::upload::tests::collecting_from_empty_folder ... ok
[INFO] [stdout] test mar::manifest::tests::serialization_of_coredump::case_2 ... ok
[INFO] [stdout] test mar::manifest::tests::serialization_of_log::case_1 ... ok
[INFO] [stdout] test mar::mar_entry::tests::collecting_from_empty_folder ... ok
[INFO] [stdout] test mar::mar_entry::tests::collecting_from_folder_with_partial_entries ... ok
[INFO] [stdout] test mar::manifest::tests::whitespace_trimmed_attribute::case_3 ... ok
[INFO] [stdout] test logs::log_to_metrics::tests::test_log_to_metrics::case_2 ... ok
[INFO] [stdout] test mar::mar_entry_builder::tests::attachment_outside_entry_dir_is_moved_into_entry_dir_upon_save ... ok
[INFO] [stdout] test mar::mar_entry_builder::tests::can_estimate_size_of_a_mar_entry ... ok
[INFO] [stdout] test mar::manifest::tests::whitespace_trimmed_attribute::case_5 ... ok
[INFO] [stdout] test mar::mar_entry_builder::tests::cleans_up_entry_dir_when_save_was_not_called ... ok
[INFO] [stdout] test mar::mar_entry_builder::tests::create_attachment_inside_entry_dir ... ok
[INFO] [stdout] test mar::upload::tests::uploading_empty_list ... ok
[INFO] [stderr] TRACE Adding "/tmp/.tmpDhsHUj/e9c67618-5710-490a-b7b9-94620742d677"
[INFO] [stderr] TRACE Adding "/tmp/.tmpNUfqdV/19a8833c-c9a6-4527-83e1-bd6f312a7ea1"
[INFO] [stderr] TRACE Adding "/tmp/.tmpwzOS1f/e0ddb7f6-d700-4d91-bb62-f46a775852fd"
[INFO] [stderr] TRACE Uploaded ["/tmp/.tmpwzOS1f/e0ddb7f6-d700-4d91-bb62-f46a775852fd"] - deleting...
[INFO] [stderr] TRACE Adding "/tmp/.tmpQXbsB2/7414dfa7-c64d-4792-9768-7f649263e281"
[INFO] [stderr] TRACE Uploaded ["/tmp/.tmpQXbsB2/7414dfa7-c64d-4792-9768-7f649263e281"] - deleting...
[INFO] [stderr] TRACE Adding "/tmp/.tmpCWhF4B/b9e4b5f4-835d-4511-9654-d3d24dbde2b6"
[INFO] [stderr] TRACE Uploaded ["/tmp/.tmpCWhF4B/b9e4b5f4-835d-4511-9654-d3d24dbde2b6"] - deleting...
[INFO] [stderr] TRACE Uploaded ["/tmp/.tmpDhsHUj/e9c67618-5710-490a-b7b9-94620742d677"] - deleting...
[INFO] [stderr] TRACE Uploaded ["/tmp/.tmpNUfqdV/19a8833c-c9a6-4527-83e1-bd6f312a7ea1"] - deleting...
[INFO] [stderr] TRACE Adding "/tmp/.tmpKfbM4B/71d183cc-1f32-4a3c-b0c4-29f29ef504a3"
[INFO] [stderr] TRACE Adding "/tmp/.tmpKfbM4B/4ebc3f3c-6524-4767-831e-20685eadefec"
[INFO] [stdout] test mar::upload::tests::uploading_custom_data_recordings::case_1_off ... ok
[INFO] [stdout] test mar::upload::tests::uploading_logs::case_1_off ... ok
[INFO] [stdout] test mar::upload::tests::uploading_custom_data_recordings::case_2_low ... ok
[INFO] [stdout] test mar::upload::tests::uploading_logs::case_2_low ... ok
[INFO] [stdout] test mar::upload::tests::collecting_from_folder_with_partial_entries ... ok
[INFO] [stdout] test mar::upload::tests::uploading_device_attributes::case_4_high ... ok
[INFO] [stdout] test mar::upload::tests::uploading_custom_data_recordings::case_3_normal ... ok
[INFO] [stdout] test mar::upload::tests::uploading_device_attributes::case_1_off ... ok
[INFO] [stdout] test mar::upload::tests::uploading_device_attributes::case_3_normal ... ok
[INFO] [stdout] test mar::upload::tests::uploading_logs::case_3_normal ... ok
[INFO] [stdout] test mar::upload::tests::uploading_custom_data_recordings::case_4_high ... ok
[INFO] [stdout] test mar::mar_entry_builder::tests::save_keeps_entry_dir_and_adds_manifest_json ... ok
[INFO] [stdout] test mar::upload::tests::uploading_device_attributes::case_2_low ... ok
[INFO] [stderr] TRACE Adding "/tmp/.tmp4Xek7p/10d7f88d-5fb5-42eb-bff3-78b99815ccea"
[INFO] [stderr] TRACE Uploaded ["/tmp/.tmp4Xek7p/10d7f88d-5fb5-42eb-bff3-78b99815ccea"] - deleting...
[INFO] [stderr] TRACE Adding "/tmp/.tmp1R21E1/be2dfe6c-7809-416f-b7e4-bccd94bcf45d"
[INFO] [stderr] TRACE Uploaded ["/tmp/.tmp1R21E1/be2dfe6c-7809-416f-b7e4-bccd94bcf45d"] - deleting...
[INFO] [stderr] TRACE Adding "/tmp/.tmpKfbM4B/452af2bb-4a5d-4efb-b302-2d970a3110f4"
[INFO] [stderr] TRACE Adding "/tmp/.tmpVTMa6W/ee7f396d-7f35-4fa8-9995-28a85f552486"
[INFO] [stderr] TRACE Uploaded ["/tmp/.tmpVTMa6W/ee7f396d-7f35-4fa8-9995-28a85f552486"] - deleting...
[INFO] [stdout] test mar::upload::tests::uploading_metric_reports::case_01_heartbeat_off ... ok
[INFO] [stdout] test mar::upload::tests::uploading_metric_reports::case_06_daily_heartbeat_low ... ok
[INFO] [stdout] test mar::upload::tests::uploading_metric_reports::case_02_heartbeat_low ... ok
[INFO] [stderr] TRACE Adding "/tmp/.tmpZB4MuU/8850f0f2-4b45-4032-8573-8aa394b30aaf"
[INFO] [stderr] TRACE Uploaded ["/tmp/.tmpZB4MuU/8850f0f2-4b45-4032-8573-8aa394b30aaf"] - deleting...
[INFO] [stderr] TRACE Adding "/tmp/.tmps5flBP/e422158b-1899-4608-af05-e78a0764d4f0"
[INFO] [stderr] TRACE Adding "/tmp/.tmpG6JxrD/d0fefc74-2c15-4527-81b9-d766e9f0e47c"
[INFO] [stderr] TRACE Uploaded ["/tmp/.tmpG6JxrD/d0fefc74-2c15-4527-81b9-d766e9f0e47c"] - deleting...
[INFO] [stderr] TRACE Adding "/tmp/.tmpprTUTH/9f19f6c5-0382-4d5f-a098-2cbfc4a1509c"
[INFO] [stderr] TRACE Uploaded ["/tmp/.tmpprTUTH/9f19f6c5-0382-4d5f-a098-2cbfc4a1509c"] - deleting...
[INFO] [stderr] TRACE Adding "/tmp/.tmpQkDcNY/17fe01d5-4638-4d0b-b488-8979446b813f"
[INFO] [stderr] TRACE Uploaded ["/tmp/.tmpQkDcNY/17fe01d5-4638-4d0b-b488-8979446b813f"] - deleting...
[INFO] [stderr] TRACE Uploaded ["/tmp/.tmps5flBP/e422158b-1899-4608-af05-e78a0764d4f0"] - deleting...
[INFO] [stderr] TRACE Adding "/tmp/.tmpvDTxUK/0d8e953d-4b55-4d72-8202-035ce8e1e557"
[INFO] [stderr] TRACE Adding "/tmp/.tmpinljJg/92d2449e-238b-49af-81de-7933436edddb"
[INFO] [stderr] TRACE Uploaded ["/tmp/.tmpinljJg/92d2449e-238b-49af-81de-7933436edddb"] - deleting...
[INFO] [stderr] TRACE Uploaded ["/tmp/.tmpvDTxUK/0d8e953d-4b55-4d72-8202-035ce8e1e557"] - deleting...
[INFO] [stdout] test mar::upload::tests::uploading_metric_reports::case_10_session_low ... ok
[INFO] [stdout] test mar::upload::tests::uploading_metric_reports::case_09_session_off ... ok
[INFO] [stdout] test mar::upload::tests::uploading_metric_reports::case_07_daily_heartbeat_normal ... ok
[INFO] [stdout] test mar::upload::tests::new_mar_when_size_limit_is_reached ... ok
[INFO] [stdout] test mar::upload::tests::uploading_metric_reports::case_04_heartbeat_high ... ok
[INFO] [stdout] test mar::upload::tests::uploading_reboots::case_2_low ... ok
[INFO] [stdout] test mar::upload::tests::uploading_reboots::case_1_off ... ok
[INFO] [stdout] test mar::upload::tests::uploading_metric_reports::case_08_daily_heartbeat_high ... ok
[INFO] [stdout] test mar::upload::tests::uploading_metric_reports::case_11_session_normal ... ok
[INFO] [stdout] test mar::upload::tests::uploading_metric_reports::case_05_daily_heartbeat_off ... ok
[INFO] [stdout] test mar::upload::tests::uploading_metric_reports::case_03_heartbeat_normal ... ok
[INFO] [stdout] test metrics::battery::battery_monitor::tests::test_parse::case_04 ... ok
[INFO] [stderr] TRACE Adding "/tmp/.tmpgl9HJn/846d8a9a-a3c3-4118-a50b-c994e1aefc98"
[INFO] [stderr] WARN Invalid folder in MAR staging: Error parsing manifest file "/tmp/.tmpgl9HJn/104c5472-2ab9-438d-97c8-275ab7e8f5ae/manifest.json"
[INFO] [stderr] 
[INFO] [stderr] Caused by:
[INFO] [stderr]     expected value at line 1 column 1
[INFO] [stderr] 
[INFO] [stderr] Location:
[INFO] [stderr]     src/mar/mar_entry.rs:99:14
[INFO] [stdout] test mar::upload::tests::uploading_logs::case_4_high ... ok
[INFO] [stderr] TRACE Adding "/tmp/.tmp48G7tG/ab2c644a-ce5b-41ea-800f-4906252d8791"
[INFO] [stderr] TRACE Adding "/tmp/.tmp1W0XfI/dbd5227c-7361-4b48-ad8c-52685505e968"
[INFO] [stdout] test metrics::battery::battery_monitor::tests::test_parse::case_05 ... ok
[INFO] [stdout] test metrics::battery::battery_monitor::tests::test_parse::case_06 ... ok
[INFO] [stdout] test mar::upload::tests::zipping_with_skipped_entries::case_1_not_json ... ok
[INFO] [stdout] test mar::upload::tests::uploading_reboots::case_3_normal ... ok
[INFO] [stdout] test metrics::battery::battery_monitor::tests::test_parse::case_08 ... ok
[INFO] [stderr] TRACE Uploaded ["/tmp/.tmp1W0XfI/dbd5227c-7361-4b48-ad8c-52685505e968"] - deleting...
[INFO] [stdout] test metrics::battery::battery_monitor::tests::test_parse::case_03 ... ok
[INFO] [stderr] WARN Invalid folder in MAR staging: Error parsing manifest file "/tmp/.tmpclLMjd/c130fd0c-34c6-4aef-8a1c-2de33d5cd21a/manifest.json"
[INFO] [stderr] 
[INFO] [stderr] Caused by:
[INFO] [stderr]     expected value at line 1 column 1
[INFO] [stderr] 
[INFO] [stderr] Location:
[INFO] [stderr]     src/mar/mar_entry.rs:99:14
[INFO] [stderr] TRACE Adding "/tmp/.tmpclLMjd/c37d2d42-2123-4620-b0da-bffe14769e2f"
[INFO] [stderr] WARN Invalid folder in MAR staging: Error parsing manifest file "/tmp/.tmpEI5WKC/f53b32f4-e750-45de-b453-4d4159135618/manifest.json"
[INFO] [stderr] 
[INFO] [stderr] Caused by:
[INFO] [stdout] test metrics::battery::battery_monitor::tests::test_parse::case_09 ... ok
[INFO] [stderr]     expected value at line 1 column 1
[INFO] [stderr] 
[INFO] [stderr] Location:
[INFO] [stderr]     src/mar/mar_entry.rs:99:14
[INFO] [stdout] test metrics::battery::battery_monitor::tests::test_parse::case_12 ... ok
[INFO] [stdout] test metrics::battery::battery_monitor::tests::test_parse::case_07 ... ok
[INFO] [stdout] test metrics::battery::battery_monitor::tests::test_parse::case_13 ... ok
[INFO] [stdout] test metrics::battery::battery_monitor::tests::test_parse::case_02 ... ok
[INFO] [stdout] test metrics::battery::battery_monitor::tests::test_parse::case_01 ... ok
[INFO] [stderr] TRACE Adding "/tmp/.tmpEI5WKC/ecf05093-b58c-47ee-8064-785d45aa5891"
[INFO] [stdout] test mar::upload::tests::uploading_reboots::case_4_high ... ok
[INFO] [stderr] TRACE Adding "/tmp/.tmppf7QDg/e78d2b6b-c376-4348-af48-dd17181549d9"
[INFO] [stdout] test mar::upload::tests::zipping_with_skipped_entries::case_2_unreadable_dir ... ok
[INFO] [stderr] TRACE Adding "/tmp/.tmppf7QDg/f0046120-2f99-4f95-912e-c91968e77ce2"
[INFO] [stdout] test metrics::battery::battery_monitor::tests::test_parse::case_14 ... ok
[INFO] [stdout] test metrics::battery::battery_monitor::tests::test_parse::case_15 ... ok
[INFO] [stderr] TRACE Adding "/tmp/.tmpQMhdH1/2c83fec8-7952-42a5-ab17-7f407b32016e"
[INFO] [stdout] test metrics::battery::battery_monitor::tests::test_update_metrics_soc_pct::case_05 ... ok
[INFO] [stderr] TRACE Uploaded ["/tmp/.tmpQMhdH1/2c83fec8-7952-42a5-ab17-7f407b32016e"] - deleting...
[INFO] [stdout] test metrics::battery::battery_monitor::tests::test_update_metrics_soc_pct::case_03 ... ok
[INFO] [stdout] test metrics::battery::battery_monitor::tests::test_update_metrics_soc_pct::case_06 ... ok
[INFO] [stdout] test mar::upload::tests::zipping_two_entries ... ok
[INFO] [stdout] test metrics::battery::battery_monitor::tests::test_parse::case_10 ... ok
[INFO] [stdout] test metrics::battery::battery_monitor::tests::test_update_metrics_soc_pct::case_01 ... ok
[INFO] [stdout] test metrics::battery::battery_monitor::tests::test_parse::case_11 ... ok
[INFO] [stdout] test metrics::battery::battery_monitor::tests::test_update_metrics_soc_pct::case_02 ... ok
[INFO] [stdout] test metrics::battery::battery_monitor::tests::test_update_metrics_soc_pct::case_09 ... ok
[INFO] [stdout] test metrics::battery::battery_monitor::tests::test_update_metrics_soc_pct::case_08 ... ok
[INFO] [stdout] test metrics::battery::battery_reading_handler::tests::errors_when_body_is_invalid ... ok
[INFO] [stdout] test metrics::battery::battery_monitor::tests::test_update_metrics_soc_pct::case_10 ... ok
[INFO] [stdout] test mar::upload::tests::zipping_with_skipped_entries::case_3_unreadable_manifest ... ok
[INFO] [stdout] test metrics::connectivity::report_sync_event_handler::tests::handle_sync_success ... ok
[INFO] [stderr] TRACE Crashfree hours metrics: [KeyedMetricReading { name: "operational_hours", value: Counter { value: 3.0, timestamp: 2024-11-01T11:47:38.979483668Z } }, KeyedMetricReading { name: "operational_crashfree_hours", value: Counter { value: 3.0, timestamp: 2024-11-01T11:47:38.979484558Z } }, KeyedMetricReading { name: "operational_crashes", value: Counter { value: 0.0, timestamp: 2024-11-01T11:47:38.979484798Z } }]
[INFO] [stderr] TRACE Crashfree hours metrics: [KeyedMetricReading { name: "operational_hours", value: Counter { value: 3.0, timestamp: 2024-11-01T11:47:38.982728208Z } }, KeyedMetricReading { name: "operational_crashfree_hours", value: Counter { value: 0.0, timestamp: 2024-11-01T11:47:38.982729358Z } }, KeyedMetricReading { name: "operational_crashes", value: Counter { value: 1.0, timestamp: 2024-11-01T11:47:38.982729578Z } }, KeyedMetricReading { name: "operational_crashes_memfaultd", value: Counter { value: 1.0, timestamp: 2024-11-01T11:47:38.982737978Z } }]
[INFO] [stderr] TRACE Crashfree hours metrics: [KeyedMetricReading { name: "operational_hours", value: Counter { value: 3.0, timestamp: 2024-11-01T11:47:38.982976058Z } }, KeyedMetricReading { name: "operational_crashfree_hours", value: Counter { value: 2.0, timestamp: 2024-11-01T11:47:38.982976888Z } }, KeyedMetricReading { name: "operational_crashes", value: Counter { value: 1.0, timestamp: 2024-11-01T11:47:38.982977078Z } }, KeyedMetricReading { name: "operational_crashes_memfaultd", value: Counter { value: 1.0, timestamp: 2024-11-01T11:47:38.982980578Z } }]
[INFO] [stdout] test metrics::connectivity::connectivity_monitor::tests::test_while_connected ... ok
[INFO] [stdout] test mar::upload::tests::uploading_metric_reports::case_12_session_high ... ok
[INFO] [stderr] TRACE Crashfree hours metrics: [KeyedMetricReading { name: "operational_hours", value: Counter { value: 120.0, timestamp: 2024-11-01T11:47:38.986158808Z } }, KeyedMetricReading { name: "operational_crashfree_hours", value: Counter { value: 60.0, timestamp: 2024-11-01T11:47:38.986160088Z } }, KeyedMetricReading { name: "operational_crashes", value: Counter { value: 1.0, timestamp: 2024-11-01T11:47:38.986160348Z } }, KeyedMetricReading { name: "operational_crashes_memfaultd", value: Counter { value: 1.0, timestamp: 2024-11-01T11:47:38.986173978Z } }]
[INFO] [stdout] test metrics::battery::battery_reading_handler::tests::handle_push ... ok
[INFO] [stderr] TRACE Crashfree hours metrics: [KeyedMetricReading { name: "operational_hours", value: Counter { value: 1.0, timestamp: 2024-11-01T11:47:38.986285928Z } }, KeyedMetricReading { name: "operational_crashfree_hours", value: Counter { value: 1.0, timestamp: 2024-11-01T11:47:38.986287178Z } }, KeyedMetricReading { name: "operational_crashes", value: Counter { value: 4.0, timestamp: 2024-11-01T11:47:38.986287448Z } }, KeyedMetricReading { name: "operational_crashes_collectd", value: Counter { value: 1.0, timestamp: 2024-11-01T11:47:38.986294458Z } }, KeyedMetricReading { name: "operational_crashes_memfaultd", value: Counter { value: 3.0, timestamp: 2024-11-01T11:47:38.986298198Z } }]
[INFO] [stdout] test metrics::battery::battery_reading_handler::tests::handle_push_of_multiple_readings::case_1 ... ok
[INFO] [stdout] test metrics::crashfree_interval::tests::test_180min_heartbeat_with_one_crash ... ok
[INFO] [stdout] test metrics::connectivity::report_sync_event_handler::tests::handle_multiple_sync_events ... ok
[INFO] [stdout] test metrics::connectivity::report_sync_event_handler::tests::handle_sync_failure ... ok
[INFO] [stdout] test metrics::battery::battery_monitor::tests::test_update_metrics_soc_pct::case_07 ... ok
[INFO] [stdout] test metrics::connectivity::connectivity_monitor::tests::test_fully_disconnected ... ok
[INFO] [stdout] test metrics::connectivity::connectivity_monitor::tests::test_half_connected_half_disconnected ... ok
[INFO] [stdout] test metrics::crashfree_interval::tests::test_counting_intervals ... ok
[INFO] [stdout] test metrics::metric_reading::tests::fail_on_invalid_statsd_reading::case_4 ... ok
[INFO] [stdout] test metrics::metric_reading::tests::fail_on_invalid_statsd_reading::case_5 ... ok
[INFO] [stdout] test metrics::crashfree_interval::tests::test_counting_minutes ... ok
[INFO] [stdout] test metrics::battery::battery_reading_handler::tests::handle_push_of_multiple_readings::case_3 ... ok
[INFO] [stderr] TRACE Crashfree hours metrics: [KeyedMetricReading { name: "operational_hours", value: Counter { value: 2.0, timestamp: 2024-11-01T11:47:38.990734457Z } }, KeyedMetricReading { name: "operational_crashfree_hours", value: Counter { value: 2.0, timestamp: 2024-11-01T11:47:38.990738707Z } }, KeyedMetricReading { name: "operational_crashes", value: Counter { value: 0.0, timestamp: 2024-11-01T11:47:38.990738967Z } }]
[INFO] [stdout] test metrics::crashfree_interval::tests::test_process_crash_counter ... ok
[INFO] [stderr] TRACE Crashfree hours metrics: [KeyedMetricReading { name: "operational_hours", value: Counter { value: 0.0, timestamp: 2024-11-01T11:47:38.991598587Z } }, KeyedMetricReading { name: "operational_crashfree_hours", value: Counter { value: 0.0, timestamp: 2024-11-01T11:47:38.991601777Z } }, KeyedMetricReading { name: "operational_crashes", value: Counter { value: 0.0, timestamp: 2024-11-01T11:47:38.991602037Z } }]
[INFO] [stdout] test metrics::metric_reading::tests::fail_on_invalid_statsd_reading::case_3 ... ok
[INFO] [stderr] TRACE Crashfree hours metrics: [KeyedMetricReading { name: "operational_hours", value: Counter { value: 1.0, timestamp: 2024-11-01T11:47:38.991770267Z } }, KeyedMetricReading { name: "operational_crashfree_hours", value: Counter { value: 1.0, timestamp: 2024-11-01T11:47:38.991771117Z } }, KeyedMetricReading { name: "operational_crashes", value: Counter { value: 0.0, timestamp: 2024-11-01T11:47:38.991771317Z } }]
[INFO] [stdout] test metrics::metric_reading::tests::fail_on_invalid_statsd_reading::case_1 ... ok
[INFO] [stderr] TRACE Crashfree hours metrics: [KeyedMetricReading { name: "operational_hours", value: Counter { value: 0.0, timestamp: 2024-11-01T11:47:38.992210817Z } }, KeyedMetricReading { name: "operational_crashfree_hours", value: Counter { value: 0.0, timestamp: 2024-11-01T11:47:38.992212147Z } }, KeyedMetricReading { name: "operational_crashes", value: Counter { value: 0.0, timestamp: 2024-11-01T11:47:38.992212337Z } }]
[INFO] [stderr] TRACE Crashfree hours metrics: [KeyedMetricReading { name: "operational_hours", value: Counter { value: 1.0, timestamp: 2024-11-01T11:47:38.992391907Z } }, KeyedMetricReading { name: "operational_crashfree_hours", value: Counter { value: 0.0, timestamp: 2024-11-01T11:47:38.992392907Z } }, KeyedMetricReading { name: "operational_crashes", value: Counter { value: 1.0, timestamp: 2024-11-01T11:47:38.992393097Z } }, KeyedMetricReading { name: "operational_crashes_memfaultd", value: Counter { value: 1.0, timestamp: 2024-11-01T11:47:38.992402007Z } }]
[INFO] [stdout] test metrics::metric_reading::tests::parse_valid_arg_reading::case_1 ... ok
[INFO] [stderr] TRACE Crashfree hours metrics: [KeyedMetricReading { name: "operational_hours", value: Counter { value: 0.0, timestamp: 2024-11-01T11:47:38.992616677Z } }, KeyedMetricReading { name: "operational_crashfree_hours", value: Counter { value: 1.0, timestamp: 2024-11-01T11:47:38.992617757Z } }, KeyedMetricReading { name: "operational_crashes", value: Counter { value: 0.0, timestamp: 2024-11-01T11:47:38.992617957Z } }]
[INFO] [stderr] TRACE Crashfree hours metrics: [KeyedMetricReading { name: "operational_hours", value: Counter { value: 1.0, timestamp: 2024-11-01T11:47:38.992793777Z } }, KeyedMetricReading { name: "operational_crashfree_hours", value: Counter { value: 0.0, timestamp: 2024-11-01T11:47:38.992794717Z } }, KeyedMetricReading { name: "operational_crashes", value: Counter { value: 0.0, timestamp: 2024-11-01T11:47:38.992794907Z } }]
[INFO] [stdout] test metrics::metric_reading::tests::fail_on_invalid_statsd_reading::case_2 ... ok
[INFO] [stdout] test metrics::crashfree_interval::tests::test_counting_hours ... ok
[INFO] [stdout] test metrics::metric_reading::tests::parse_valid_arg_reading::case_3 ... ok
[INFO] [stdout] test metrics::metric_reading::tests::parse_valid_statsd_reading::case_1 ... ok
[INFO] [stdout] test metrics::crashfree_interval::tests::test_30min_heartbeat ... ok
[INFO] [stdout] test metrics::crashfree_interval::tests::test_30min_heartbeat_with_crash ... ok
[INFO] [stdout] test metrics::battery::battery_monitor::tests::test_update_metrics_soc_pct::case_04 ... ok
[INFO] [stdout] test metrics::metric_reading::tests::parse_valid_statsd_reading::case_3 ... ok
[INFO] [stdout] test metrics::metric_reading::tests::parse_valid_statsd_reading::case_4 ... ok
[INFO] [stdout] test metrics::metric_reading::tests::parse_valid_statsd_reading::case_2 ... ok
[INFO] [stdout] test metrics::battery::battery_reading_handler::tests::handle_push_of_multiple_readings::case_2 ... ok
[INFO] [stdout] test metrics::metric_reading::tests::parse_valid_arg_reading::case_2 ... ok
[INFO] [stdout] test metrics::metric_reading::tests::parse_valid_statsd_reading::case_5 ... ok
[INFO] [stdout] test metrics::metric_reading::tests::parse_valid_statsd_reading::case_6 ... ok
[INFO] [stdout] test metrics::metric_report::tests::test_aggregate_metrics::case_4 ... ok
[INFO] [stdout] test metrics::metric_report::tests::test_aggregate_metrics_session::case_2 ... ok
[INFO] [stdout] test metrics::metric_report::tests::test_aggregate_metrics::case_6 ... ok
[INFO] [stdout] test metrics::metric_report::tests::test_aggregate_metrics::case_3 ... ok
[INFO] [stdout] test metrics::metric_report::tests::test_aggregate_metrics_session::case_3 ... ok
[INFO] [stdout] test metrics::metric_reading::tests::parse_valid_statsd_reading::case_7 ... ok
[INFO] [stdout] test metrics::metric_report::tests::test_aggregate_metrics_session::case_5 ... ok
[INFO] [stdout] test metrics::metric_report::tests::test_aggregate_metrics_session::case_6 ... ok
[INFO] [stdout] test metrics::metric_report::tests::test_aggregate_metrics::case_2 ... ok
[INFO] [stdout] test metrics::metric_report::tests::test_aggregate_metrics_session::case_1 ... ok
[INFO] [stdout] test metrics::metric_report::tests::test_aggregate_metrics::case_1 ... ok
[INFO] [stdout] test metrics::metric_report::tests::test_aggregate_metrics::case_7 ... ok
[INFO] [stdout] test metrics::metric_report_manager::tests::test_heartbeat_and_session_reports::case_2 ... ok
[INFO] [stdout] test metrics::metric_report::tests::test_aggregate_metrics_session::case_4 ... ok
[INFO] [stdout] test metrics::metric_report::tests::test_aggregate_metrics::case_5 ... ok
[INFO] [stdout] test metrics::metric_report_manager::tests::test_heartbeat_and_session_reports::case_3 ... ok
[INFO] [stdout] test metrics::metric_report::tests::test_empty_after_write ... ok
[INFO] [stdout] test metrics::metric_report_manager::tests::test_heartbeat_report::case_2 ... ok
[INFO] [stdout] test metrics::metric_report_manager::tests::test_heartbeat_report::case_1 ... ok
[INFO] [stdout] test metrics::metric_report_manager::tests::test_heartbeat_and_session_reports::case_5 ... ok
[INFO] [stdout] test metrics::metric_report_manager::tests::test_heartbeat_and_session_reports::case_4 ... ok
[INFO] [stdout] test metrics::metric_report_manager::tests::test_heartbeat_report::case_3 ... ok
[INFO] [stdout] test metrics::metric_report_manager::tests::test_heartbeat_report::case_4 ... ok
[INFO] [stdout] test metrics::metric_report_manager::tests::test_heartbeat_and_session_reports::case_1 ... ok
[INFO] [stdout] test metrics::metric_string_key::tests::parsed_ok::case_1 ... ok
[INFO] [stdout] test metrics::metric_report_manager::tests::test_unconfigured_session_name_fails ... ok
[INFO] [stdout] test metrics::metric_report_manager::tests::test_sessions_capture_core_metrics::case_1 ... ok
[INFO] [stdout] test metrics::metric_report_manager::tests::test_heartbeat_report::case_5 ... ok
[INFO] [stderr] DEBUG Generated MAR entry from metrics: /tmp/.tmpEtyo61/bcbfc4e4-6731-4ce1-a08d-40b7ffe3c8ae
[INFO] [stdout] test metrics::session_event_handler::tests::test_start_with_metrics ... ok
[INFO] [stdout] test metrics::metric_report_manager::tests::test_start_session_twice ... ok
[INFO] [stdout] test metrics::periodic_metric_report::test::test_happy_path_metric_report ... ok
[INFO] [stdout] test metrics::session_name::tests::parsed_ok::case_1 ... ok
[INFO] [stdout] test metrics::metric_string_key::tests::validation_errors::case_2 ... ok
[INFO] [stdout] test metrics::metric_string_key::tests::validation_errors::case_1 ... ok
[INFO] [stdout] test metrics::metric_string_key::tests::parsed_ok::case_2 ... ok
[INFO] [stdout] test metrics::session_name::tests::validation_errors::case_2 ... ok
[INFO] [stdout] test metrics::session_name::tests::parsed_ok::case_2 ... ok
[INFO] [stdout] test metrics::session_name::tests::validation_errors::case_4 ... ok
[INFO] [stdout] test metrics::metric_report_manager::tests::test_sessions_capture_core_metrics::case_2 ... ok
[INFO] [stdout] test metrics::session_name::tests::validation_errors::case_5 ... ok
[INFO] [stdout] test metrics::session_name::tests::validation_errors::case_1 ... ok
[INFO] [stderr] DEBUG Generated MAR entry from metrics: /tmp/.tmp2vCF1J/a00b40e9-a0a6-484d-8665-93e3eb42fbf9
[INFO] [stdout] test metrics::statsd_server::test::test_process_statsd_message::case_1 ... ok
[INFO] [stdout] test metrics::session_event_handler::tests::test_start_without_stop_session ... ok
[INFO] [stdout] test metrics::statsd_server::test::test_process_statsd_message::case_3 ... ok
[INFO] [stdout] test metrics::session_event_handler::tests::test_start_twice_without_stop_session ... ok
[INFO] [stdout] test metrics::system_metrics::cpu::test::test_fails_on_invalid_proc_stat_line::case_1 ... ok
[INFO] [stdout] test metrics::system_metrics::cpu::test::test_fails_on_invalid_proc_stat_line::case_2 ... ok
[INFO] [stdout] test metrics::session_name::tests::validation_errors::case_3 ... ok
[INFO] [stdout] test metrics::statsd_server::test::test_process_statsd_message::case_4 ... ok
[INFO] [stdout] test metrics::statsd_server::test::test_process_statsd_message::case_5 ... ok
[INFO] [stdout] test metrics::system_metrics::cpu::test::test_cpu_metric_collector_calcs::case_1 ... ok
[INFO] [stdout] test metrics::session_event_handler::tests::test_stop_without_start_session ... ok
[INFO] [stdout] test metrics::session_event_handler::tests::test_end_with_metrics ... ok
[INFO] [stderr] DEBUG Generated MAR entry from metrics: /tmp/.tmpinWroW/e34c0df8-1028-4222-a7df-3239f79212ea
[INFO] [stdout] test metrics::statsd_server::test::test_process_statsd_message::case_2 ... ok
[INFO] [stdout] test metrics::metric_report_manager::tests::test_prepare_all_prepares_sessions ... ok
[INFO] [stdout] test metrics::system_metrics::memory::test::test_fail_get_metrics_when_mem_total_is_zero ... ok
[INFO] [stdout] test metrics::system_metrics::cpu::test::test_fails_on_invalid_proc_stat_line::case_3 ... ok
[INFO] [stdout] test metrics::system_metrics::memory::test::test_fail_to_parse_bad_meminfo_line ... ok
[INFO] [stdout] test metrics::system_metrics::memory::test::test_fail_get_metrics_with_missing_required_lines ... ok
[INFO] [stdout] test metrics::system_metrics::cpu::test::test_fails_on_invalid_proc_stat_line::case_4 ... ok
[INFO] [stdout] test metrics::system_metrics::disk_space::test::test_unmonitored_disks_not_initialized ... ok
[INFO] [stdout] test logs::log_level_mapper::test::test_default_rules ... ok
[INFO] [stdout] test metrics::session_event_handler::tests::test_start_then_stop_session ... ok
[INFO] [stdout] test metrics::system_metrics::disk_space::test::test_process_valid_proc_mounts_line ... ok
[INFO] [stdout] test metrics::system_metrics::memory::test::test_parse_meminfo_line::case_4 ... ok
[INFO] [stdout] test metrics::system_metrics::memory::test::test_parse_meminfo_line::case_5 ... ok
[INFO] [stdout] test metrics::system_metrics::cpu::test::test_process_valid_proc_stat_line::case_1 ... ok
[INFO] [stdout] test metrics::system_metrics::network_interfaces::test::test_interface_is_monitored::case_1 ... ok
[INFO] [stdout] test metrics::system_metrics::network_interfaces::test::test_fails_on_invalid_proc_net_dev_line::case_1 ... ok
[INFO] [stdout] test metrics::system_metrics::memory::test::test_fail_get_metrics_with_bad_fmt ... ok
[INFO] [stdout] test metrics::system_metrics::network_interfaces::test::test_fails_on_invalid_proc_net_dev_line::case_2 ... ok
[INFO] [stdout] test metrics::system_metrics::disk_space::test::test_initialize_and_calc_disk_space_for_mounts ... ok
[INFO] [stdout] test metrics::system_metrics::network_interfaces::test::test_interface_is_monitored_auto::case_2 ... ok
[INFO] [stdout] test metrics::system_metrics::network_interfaces::test::test_interface_is_monitored_auto::case_4 ... ok
[INFO] [stdout] test metrics::system_metrics::network_interfaces::test::test_interface_is_monitored_auto::case_6 ... ok
[INFO] [stdout] test metrics::system_metrics::network_interfaces::test::test_interface_is_monitored::case_2 ... ok
[INFO] [stdout] test metrics::system_metrics::network_interfaces::test::test_interface_is_monitored::case_3 ... ok
[INFO] [stdout] test metrics::system_metrics::memory::test::test_parse_meminfo_line::case_2 ... ok
[INFO] [stdout] test metrics::system_metrics::network_interfaces::test::test_interface_is_monitored_auto::case_5 ... ok
[INFO] [stdout] test metrics::system_metrics::memory::test::test_parse_meminfo_line::case_3 ... ok
[INFO] [stdout] test metrics::system_metrics::memory::test::test_get_memory_metrics_no_memavailable ... ok
[INFO] [stdout] test metrics::system_metrics::network_interfaces::test::test_interface_is_monitored::case_4 ... ok
[INFO] [stdout] test metrics::system_metrics::network_interfaces::test::test_interface_is_monitored_auto::case_1 ... ok
[INFO] [stdout] test metrics::system_metrics::network_interfaces::test::test_interface_is_monitored_auto::case_7 ... ok
[INFO] [stdout] test metrics::system_metrics::network_interfaces::test::test_net_if_metric_collector_calcs::case_2 ... ok
[INFO] [stdout] test metrics::system_metrics::network_interfaces::test::test_interface_is_monitored_auto::case_3 ... ok
[INFO] [stdout] test metrics::system_metrics::network_interfaces::test::test_parse_netdev_line::case_2 ... ok
[INFO] [stdout] test metrics::system_metrics::memory::test::test_parse_meminfo_line::case_1 ... ok
[INFO] [stdout] test metrics::system_metrics::network_interfaces::test::test_net_if_metric_collector_calcs::case_1 ... ok
[INFO] [stdout] test metrics::system_metrics::network_interfaces::test::test_parse_netdev_line::case_1 ... ok
[INFO] [stdout] test metrics::system_metrics::network_interfaces::test::test_net_if_metric_collector_different_if::case_1 ... ok
[INFO] [stdout] test metrics::system_metrics::memory::test::test_get_memory_metrics ... ok
[INFO] [stdout] test metrics::system_metrics::processes::tests::test_parse_single_line ... ok
[INFO] [stdout] test metrics::timeseries::tests::test_edge_values_aggregate::case_3 ... ok
[INFO] [stdout] test metrics::timeseries::tests::test_edge_values_new::case_3 ... ok
[INFO] [stdout] test metrics::timeseries::tests::test_gauge_aggregation::case_1 ... ok
[INFO] [stdout] test metrics::system_metrics::processes::tests::test_collect_metrics::case_1 ... ok
[INFO] [stdout] test metrics::system_metrics::thermal::tests::test_read_thermal_zone_temp ... ok
[INFO] [stdout] test metrics::timeseries::tests::test_gauge_aggregation::case_2 ... ok
[INFO] [stdout] test metrics::timeseries::tests::test_edge_values_new::case_1 ... ok
[INFO] [stdout] test metrics::timeseries::tests::test_edge_values_new::case_2 ... ok
[INFO] [stdout] test metrics::system_metrics::processes::tests::test_process_stats_from_proc::case_2 ... ok
[INFO] [stdout] test metrics::timeseries::tests::test_edge_values_aggregate::case_1 ... ok
[INFO] [stderr] WARN No last tracked boot_id found
[INFO] [stderr] INFO Using reboot reason CustomRebootReason (expected reboot) from test source for boot_id 2ad43023-f25b-4fb9-822f-3b5b42b2a43a
[INFO] [stdout] test metrics::system_metrics::processes::tests::test_process_stats_from_proc::case_1 ... ok
[INFO] [stderr] WARN No last tracked boot_id found
[INFO] [stdout] test metrics::timeseries::tests::test_time_weighted_aggregation::case_1 ... ok
[INFO] [stderr] INFO Using reboot reason 37888 (HardFault) from main source for boot_id 2ad43023-f25b-4fb9-822f-3b5b42b2a43a
[INFO] [stdout] test metrics::timeseries::tests::test_histogram_aggregation::case_4 ... ok
[INFO] [stderr] INFO Discarded reboot reason 2 (UserReset) from secondary source for boot_id 2ad43023-f25b-4fb9-822f-3b5b42b2a43a
[INFO] [stdout] test metrics::timeseries::tests::test_incompatible_metric_type_on_histogram ... ok
[INFO] [stderr] INFO Writing reboot reason to "/tmp/.tmpURofW9/lastrebootreason"
[INFO] [stdout] test metrics::timeseries::tests::test_time_weighted_aggregation::case_2 ... ok
[INFO] [stdout] test metrics::timeseries::tests::test_time_weighted_aggregation::case_4 ... ok
[INFO] [stdout] test metrics::timeseries::tests::test_histogram_aggregation::case_3 ... ok
[INFO] [stdout] test metrics::timeseries::tests::test_time_weighted_aggregation::case_5 ... ok
[INFO] [stdout] test metrics::timeseries::tests::test_time_weighted_aggregation::case_3 ... ok
[INFO] [stdout] test metrics::timeseries::tests::test_histogram_aggregation::case_2 ... ok
[INFO] [stdout] test metrics::timeseries::tests::test_edge_values_aggregate::case_2 ... ok
[INFO] [stdout] test metrics::timeseries::tests::test_histogram_aggregation::case_1 ... ok
[INFO] [stdout] test util::circular_queue::test::empty_pop ... ok
[INFO] [stdout] test retriable_error::tests::test_ignore_non_retriable_errors_with::case_1 ... ok
[INFO] [stderr] INFO Writing reboot reason to "/tmp/.tmp965wjI/lastrebootreason"
[INFO] [stdout] test retriable_error::tests::test_ignore_non_retriable_errors_with::case_3 ... ok
[INFO] [stdout] test retriable_error::tests::test_ignore_non_retriable_errors_with::case_2 ... ok
[INFO] [stdout] test util::circular_queue::test::test_ring_buffer ... ok
[INFO] [stdout] test metrics::timeseries::tests::test_counter_aggregation::case_1 ... ok
[INFO] [stdout] test util::can_connect::tests::test_localhost_reachable ... ok
[INFO] [stdout] test util::disk_backed::tests::test_write_with_change ... ok
[INFO] [stdout] test util::disk_size::tests::test_size_cmp::case_1 ... ok
[INFO] [stderr] WARN No last tracked boot_id found
[INFO] [stdout] test util::circular_queue::test::test_wrap_around ... ok
[INFO] [stdout] test util::disk_size::tests::test_size_cmp::case_4 ... ok
[INFO] [stderr] INFO Using reboot reason 37888 (HardFault) from test source for boot_id 2ad43023-f25b-4fb9-822f-3b5b42b2a43a
[INFO] [stdout] test util::disk_size::tests::test_size_cmp::case_2 ... ok
[INFO] [stdout] test util::disk_backed::tests::test_defaults_to_default ... ok
[INFO] [stdout] test util::disk_size::tests::test_size_cmp::case_3 ... ok
[INFO] [stdout] test util::disk_backed::tests::test_load_from_disk ... ok
[INFO] [stdout] test util::can_connect::tests::test_unreachable_ip_errors ... ok
[INFO] [stdout] test util::etc_os_release::test::test_id_parse::case_2_id_without_quotes ... ok
[INFO] [stdout] test util::etc_os_release::test::test_id_parse::case_3_no_id ... ok
[INFO] [stdout] test util::etc_os_release::test::test_version_id_parse::case_1_version_with_quotes ... ok
[INFO] [stdout] test util::etc_os_release::test::test_version_id_parse::case_2_version_without_quotes ... ok
[INFO] [stdout] test util::disk_size::tests::test_size_cmp::case_6 ... ok
[INFO] [stdout] test util::disk_backed::tests::test_write_with_no_existing_file_and_new_equals_default ... ok
[INFO] [stderr] INFO Writing reboot reason to "/tmp/.tmp4f4ZSO/lastrebootreason"
[INFO] [stdout] test util::disk_backed::tests::test_write_with_corrupted_local_file ... ok
[INFO] [stdout] test util::etc_os_release::test::test_version_id_parse::case_3_no_version ... ok
[INFO] [stdout] test util::io::test::test_forward_seeker_seek_fail::case_1 ... ok
[INFO] [stdout] test util::disk_size::tests::test_size_cmp::case_5 ... ok
[INFO] [stdout] test util::etc_os_release::test::test_id_parse::case_1_id_with_quotes ... ok
[INFO] [stdout] test util::disk_backed::tests::test_write_without_change ... ok
[INFO] [stdout] test util::io::test::test_forward_seeker_seek_fail::case_2 ... ok
[INFO] [stdout] test util::io::test::test_forward_seeker_seek_fail::case_3 ... ok
[INFO] [stdout] test util::io::test::test_forward_seeker_stream ... ok
[INFO] [stdout] test util::io::test::test_write_cursor ... ok
[INFO] [stdout] test reboot::test::test_custom_reboot_reason_parsing ... ok
[INFO] [stdout] test reboot::test::test_reboot_reason_source_ordering ... ok
[INFO] [stdout] test util::disk_backed::tests::test_write_with_no_existing_file_and_new_is_not_default ... ok
[INFO] [stdout] test util::path::tests::test_file_prefix::case_2 ... ok
[INFO] [stdout] test util::path::tests::test_file_prefix::case_3 ... ok
[INFO] [stdout] test util::patterns::tests::test_alphanum_slug_dots_colon_is_valid::case_3 ... ok
[INFO] [stdout] test util::patterns::tests::test_alphanum_slug_dots_colon_spaces_parens_slash_is_valid::case_1 ... ok
[INFO] [stdout] test util::patterns::tests::test_alphanum_slug_dots_colon_is_valid::case_1 ... ok
[INFO] [stdout] test reboot::test::test_reboot_reason_parsing ... ok
[INFO] [stdout] test util::patterns::tests::test_alphanum_slug_dots_colon_is_valid::case_2 ... ok
[INFO] [stdout] test util::io::test::test_write_vectored_cursor ... ok
[INFO] [stdout] test util::patterns::tests::test_alphanum_slug_dots_colon_is_valid::case_6 ... ok
[INFO] [stdout] test util::path::tests::test_file_prefix::case_1 ... ok
[INFO] [stdout] test util::patterns::tests::test_alphanum_slug_dots_colon_is_valid::case_5 ... ok
[INFO] [stdout] test util::patterns::tests::test_alphanum_slug_dots_colon_is_valid::case_4 ... ok
[INFO] [stdout] test util::patterns::tests::test_alphanum_slug_dots_colon_spaces_parens_slash_is_valid::case_2 ... ok
[INFO] [stdout] test util::patterns::tests::test_alphanum_slug_dots_colon_spaces_parens_slash_is_valid::case_3 ... ok
[INFO] [stdout] test util::patterns::tests::test_alphanum_slug_dots_colon_spaces_parens_slash_is_valid::case_6 ... ok
[INFO] [stdout] test util::patterns::tests::test_alphanum_slug_dots_colon_spaces_parens_slash_is_valid::case_5 ... ok
[INFO] [stdout] test util::persistent_rate_limiter::tests::invalid_init::case_1_invalid_count ... ok
[INFO] [stdout] test util::rate_limiter::tests::test_sustained_100_per_minute ... ok
[INFO] [stdout] test util::rate_limiter::tests::test_reject_burst ... ok
[INFO] [stdout] test util::patterns::tests::test_alphanum_slug_dots_colon_spaces_parens_slash_is_valid::case_4 ... ok
[INFO] [stdout] test util::rate_limiter::tests::test_bursty_start ... ok
[INFO] [stdout] test util::serialization::kib_to_usize::tests::serialize_error ... ok
[INFO] [stdout] test util::string::test::test_remove_comments ... ok
[INFO] [stdout] test util::string::test::truncate_with_ellipsis::case_3 ... ok
[INFO] [stdout] test util::task::tests::test_loop_with_exponential_backoff::case_1_everything_ok ... ok
[INFO] [stderr] TRACE Sleep for 3599.97s
[INFO] [stderr] TRACE Sleep for 3599.85s
[INFO] [stderr] WARN Error in Memfaultd main loop: invocation failed
[INFO] [stderr] TRACE Sleep for 59.99s
[INFO] [stderr] TRACE Sleep for 3599.97s
[INFO] [stderr] WARN Error in Memfaultd main loop: invocation failed
[INFO] [stderr] TRACE Sleep for 59.99s
[INFO] [stderr] WARN Error in Memfaultd main loop: invocation failed
[INFO] [stderr] TRACE Sleep for 119.97s
[INFO] [stderr] WARN Error in Memfaultd main loop: invocation failed
[INFO] [stderr] TRACE Sleep for 239.97s
[INFO] [stderr] TRACE Sleep for 3599.97s
[INFO] [stderr] WARN Error in Memfaultd main loop: invocation failed
[INFO] [stderr] TRACE Sleep for 59.97s
[INFO] [stderr] WARN Error in Memfaultd main loop: invocation failed
[INFO] [stdout] test util::task::tests::test_loop_with_exponential_backoff::case_2_errors_are_retried_sooner ... ok
[INFO] [stdout] test util::string::test::truncate_with_ellipsis::case_1 ... ok
[INFO] [stdout] test util::string::test::truncate_with_ellipsis::case_2 ... ok
[INFO] [stdout] test util::task::tests::test_loop_with_exponential_backoff::case_4_errors_retry_backoff ... ok
[INFO] [stdout] test util::persistent_rate_limiter::tests::test_rate_limiter::case_1 ... ok
[INFO] [stdout] test util::task::tests::test_loop_with_exponential_backoff::case_3_long_runs_will_rerun_immediately ... ok
[INFO] [stdout] test util::string::test::test_capitalize::case_2 ... ok
[INFO] [stdout] test util::serialization::kib_to_usize::tests::serialize_multiple_of_1024 ... ok
[INFO] [stdout] test util::string::test::test_capitalize::case_1 ... ok
[INFO] [stdout] test util::persistent_rate_limiter::tests::invalid_init::case_2_invalid_duration ... ok
[INFO] [stdout] test util::task::tests::test_loop_with_exponential_backoff::case_5_can_rerun_immediately ... ok
[INFO] [stdout] test util::wildcard_pattern::tests::test_nonmatches_do_not_match::case_3 ... ok
[INFO] [stdout] test util::wildcard_pattern::tests::test_nonmatches_do_not_match::case_1 ... ok
[INFO] [stdout] test util::wildcard_pattern::tests::test_nonmatches_do_not_match::case_2 ... ok
[INFO] [stdout] test util::zip::tests::test_basic ... ok
[INFO] [stdout] test util::wildcard_pattern::tests::test_matches::case_4 ... ok
[INFO] [stdout] test util::wildcard_pattern::tests::test_matches::case_3 ... ok
[INFO] [stdout] test util::wildcard_pattern::tests::test_matches::case_1 ... ok
[INFO] [stdout] test util::persistent_rate_limiter::tests::test_rate_limiter::case_2 ... ok
[INFO] [stdout] test util::persistent_rate_limiter::tests::test_rate_limiter::case_3 ... ok
[INFO] [stdout] test util::wildcard_pattern::tests::test_matches::case_2 ... ok
[INFO] [stdout] test util::zip::tests::test_empty ... ok
[INFO] [stdout] test util::persistent_rate_limiter::tests::test_rate_limiter::case_4 ... ok
[INFO] [stdout] test mar::upload::tests::zipping_an_unreadable_attachment ... FAILED
[INFO] [stdout] test util::string::test::truncate_with_ellipsis::case_4 - should panic ... ok
[INFO] [stdout] test logs::log_file::tests::test_write_without_corruption ... ok
[INFO] [stdout] 
[INFO] [stdout] failures:
[INFO] [stdout] 
[INFO] [stdout] ---- mar::upload::tests::zipping_an_unreadable_attachment stdout ----
[INFO] [stdout] thread 'mar::upload::tests::zipping_an_unreadable_attachment' panicked at src/mar/upload.rs:309:9:
[INFO] [stdout] assertion `left == right` failed
[INFO] [stdout]   left: 1
[INFO] [stdout]  right: 0
[INFO] [stdout] stack backtrace:
[INFO] [stdout]    0:     0x5b1cb84803aa - std::backtrace_rs::backtrace::libunwind::trace::h207520d6e9873551
[INFO] [stdout]                                at /rustc/df4ca44d3fbc9301ee17f30f4d474e6ae4b05252/library/std/src/../../backtrace/src/backtrace/libunwind.rs:116:5
[INFO] [stdout]    1:     0x5b1cb84803aa - std::backtrace_rs::backtrace::trace_unsynchronized::h2ed7433f370e3eca
[INFO] [stdout]                                at /rustc/df4ca44d3fbc9301ee17f30f4d474e6ae4b05252/library/std/src/../../backtrace/src/backtrace/mod.rs:66:5
[INFO] [stdout]    2:     0x5b1cb84803aa - std::sys::backtrace::_print_fmt::h916fac51166b18d7
[INFO] [stdout]                                at /rustc/df4ca44d3fbc9301ee17f30f4d474e6ae4b05252/library/std/src/sys/backtrace.rs:66:9
[INFO] [stdout]    3:     0x5b1cb84803aa - <std::sys::backtrace::BacktraceLock::print::DisplayBacktrace as core::fmt::Display>::fmt::ha0a4c9b8ce3802e6
[INFO] [stdout]                                at /rustc/df4ca44d3fbc9301ee17f30f4d474e6ae4b05252/library/std/src/sys/backtrace.rs:39:26
[INFO] [stdout]    4:     0x5b1cb84afef3 - core::fmt::rt::Argument::fmt::h4cfc8587d52b3eb5
[INFO] [stdout]                                at /rustc/df4ca44d3fbc9301ee17f30f4d474e6ae4b05252/library/core/src/fmt/rt.rs:177:76
[INFO] [stdout]    5:     0x5b1cb84afef3 - core::fmt::write::h522cc39e5b36ae9f
[INFO] [stdout]                                at /rustc/df4ca44d3fbc9301ee17f30f4d474e6ae4b05252/library/core/src/fmt/mod.rs:1190:21
[INFO] [stdout]    6:     0x5b1cb847afa3 - std::io::Write::write_fmt::h7d3c26752da97734
[INFO] [stdout]                                at /rustc/df4ca44d3fbc9301ee17f30f4d474e6ae4b05252/library/std/src/io/mod.rs:1839:15
[INFO] [stdout]    7:     0x5b1cb84801f2 - std::sys::backtrace::BacktraceLock::print::h4b9e00b29e9c0942
[INFO] [stdout]                                at /rustc/df4ca44d3fbc9301ee17f30f4d474e6ae4b05252/library/std/src/sys/backtrace.rs:42:9
[INFO] [stdout]    8:     0x5b1cb848183a - std::panicking::default_hook::{{closure}}::hb59b88280d0324d9
[INFO] [stdout]                                at /rustc/df4ca44d3fbc9301ee17f30f4d474e6ae4b05252/library/std/src/panicking.rs:268:22
[INFO] [stdout]    9:     0x5b1cb8481644 - std::panicking::default_hook::he1dd496665be4a29
[INFO] [stdout]                                at /rustc/df4ca44d3fbc9301ee17f30f4d474e6ae4b05252/library/std/src/panicking.rs:292:9
[INFO] [stdout]   10:     0x5b1cb7e5b7a9 - <alloc::boxed::Box<F,A> as core::ops::function::Fn<Args>>::call::h4ff71de18744e1dc
[INFO] [stdout]                                at /rustc/df4ca44d3fbc9301ee17f30f4d474e6ae4b05252/library/alloc/src/boxed.rs:2468:9
[INFO] [stdout]   11:     0x5b1cb7e5b7a9 - test::test_main::{{closure}}::hcf7c055ce117aa81
[INFO] [stdout]                                at /rustc/df4ca44d3fbc9301ee17f30f4d474e6ae4b05252/library/test/src/lib.rs:133:21
[INFO] [stdout]   12:     0x5b1cb8481f38 - <alloc::boxed::Box<F,A> as core::ops::function::Fn<Args>>::call::h1d66c6bbd60c9692
[INFO] [stdout]                                at /rustc/df4ca44d3fbc9301ee17f30f4d474e6ae4b05252/library/alloc/src/boxed.rs:2468:9
[INFO] [stdout]   13:     0x5b1cb8481f38 - std::panicking::rust_panic_with_hook::h2ff17fe8f26dfcf8
[INFO] [stdout]                                at /rustc/df4ca44d3fbc9301ee17f30f4d474e6ae4b05252/library/std/src/panicking.rs:809:13
[INFO] [stdout]   14:     0x5b1cb8481cfa - std::panicking::begin_panic_handler::{{closure}}::h4fad77951c07e101
[INFO] [stdout]                                at /rustc/df4ca44d3fbc9301ee17f30f4d474e6ae4b05252/library/std/src/panicking.rs:674:13
[INFO] [stdout]   15:     0x5b1cb8480889 - std::sys::backtrace::__rust_end_short_backtrace::hb1a25b3da5d0ea08
[INFO] [stdout]                                at /rustc/df4ca44d3fbc9301ee17f30f4d474e6ae4b05252/library/std/src/sys/backtrace.rs:170:18
[INFO] [stdout]   16:     0x5b1cb848198c - rust_begin_unwind
[INFO] [stdout]                                at /rustc/df4ca44d3fbc9301ee17f30f4d474e6ae4b05252/library/std/src/panicking.rs:665:5
[INFO] [stdout]   17:     0x5b1cb84acf20 - core::panicking::panic_fmt::ha9db07b529f9b256
[INFO] [stdout]                                at /rustc/df4ca44d3fbc9301ee17f30f4d474e6ae4b05252/library/core/src/panicking.rs:75:14
[INFO] [stdout]   18:     0x5b1cb84ad324 - core::panicking::assert_failed_inner::h04f38944d74a80a8
[INFO] [stdout]   19:     0x5b1cb818ac90 - core::panicking::assert_failed::ha525fca74b16d2f7
[INFO] [stdout]                                at /rustc/df4ca44d3fbc9301ee17f30f4d474e6ae4b05252/library/core/src/panicking.rs:377:5
[INFO] [stdout]   20:     0x5b1cb7de9625 - memfaultd::mar::upload::tests::zipping_an_unreadable_attachment::zipping_an_unreadable_attachment::h68f4bae2aff4d5ef
[INFO] [stdout]                                at /opt/rustwide/workdir/src/mar/upload.rs:309:9
[INFO] [stdout]   21:     0x5b1cb7de947c - memfaultd::mar::upload::tests::zipping_an_unreadable_attachment::h78b99d390c916425
[INFO] [stdout]                                at /opt/rustwide/workdir/src/mar/upload.rs:298:5
[INFO] [stdout]   22:     0x5b1cb7de9447 - memfaultd::mar::upload::tests::zipping_an_unreadable_attachment::{{closure}}::hc12dbd10b7378906
[INFO] [stdout]                                at /opt/rustwide/workdir/src/mar/upload.rs:298:14
[INFO] [stdout]   23:     0x5b1cb7d81c26 - core::ops::function::FnOnce::call_once::h1f1391e47d0fb97c
[INFO] [stdout]                                at /rustc/df4ca44d3fbc9301ee17f30f4d474e6ae4b05252/library/core/src/ops/function.rs:250:5
[INFO] [stdout]   24:     0x5b1cb7e6007b - core::ops::function::FnOnce::call_once::h22c3ba5715e93f05
[INFO] [stdout]                                at /rustc/df4ca44d3fbc9301ee17f30f4d474e6ae4b05252/library/core/src/ops/function.rs:250:5
[INFO] [stdout]   25:     0x5b1cb7e6007b - test::__rust_begin_short_backtrace::h8e82d8113d0da17f
[INFO] [stdout]                                at /rustc/df4ca44d3fbc9301ee17f30f4d474e6ae4b05252/library/test/src/lib.rs:621:18
[INFO] [stdout]   26:     0x5b1cb7e5f9f7 - test::run_test_in_process::{{closure}}::h33235f4f20b7b7c7
[INFO] [stdout]                                at /rustc/df4ca44d3fbc9301ee17f30f4d474e6ae4b05252/library/test/src/lib.rs:644:60
[INFO] [stdout]   27:     0x5b1cb7e5f9f7 - <core::panic::unwind_safe::AssertUnwindSafe<F> as core::ops::function::FnOnce<()>>::call_once::hb5043206310c586f
[INFO] [stdout]                                at /rustc/df4ca44d3fbc9301ee17f30f4d474e6ae4b05252/library/core/src/panic/unwind_safe.rs:272:9
[INFO] [stdout]   28:     0x5b1cb7e5f9f7 - std::panicking::try::do_call::h9ad4731a60ab23e2
[INFO] [stdout]                                at /rustc/df4ca44d3fbc9301ee17f30f4d474e6ae4b05252/library/std/src/panicking.rs:557:40
[INFO] [stdout]   29:     0x5b1cb7e5f9f7 - std::panicking::try::h3824d23db772a716
[INFO] [stdout]                                at /rustc/df4ca44d3fbc9301ee17f30f4d474e6ae4b05252/library/std/src/panicking.rs:520:19
[INFO] [stdout]   30:     0x5b1cb7e5f9f7 - std::panic::catch_unwind::h5afd514605fde46b
[INFO] [stdout]                                at /rustc/df4ca44d3fbc9301ee17f30f4d474e6ae4b05252/library/std/src/panic.rs:358:14
[INFO] [stdout]   31:     0x5b1cb7e5f9f7 - test::run_test_in_process::h0d5cbfa7067d1720
[INFO] [stdout]                                at /rustc/df4ca44d3fbc9301ee17f30f4d474e6ae4b05252/library/test/src/lib.rs:644:27
[INFO] [stdout]   32:     0x5b1cb7e5f9f7 - test::run_test::{{closure}}::h708eb8872708115d
[INFO] [stdout]                                at /rustc/df4ca44d3fbc9301ee17f30f4d474e6ae4b05252/library/test/src/lib.rs:565:43
[INFO] [stdout]   33:     0x5b1cb7e23114 - test::run_test::{{closure}}::h392c51cee94713ab
[INFO] [stdout]                                at /rustc/df4ca44d3fbc9301ee17f30f4d474e6ae4b05252/library/test/src/lib.rs:595:41
[INFO] [stdout]   34:     0x5b1cb7e23114 - std::sys::backtrace::__rust_begin_short_backtrace::h2f40290710935a8b
[INFO] [stdout]                                at /rustc/df4ca44d3fbc9301ee17f30f4d474e6ae4b05252/library/std/src/sys/backtrace.rs:154:18
[INFO] [stdout]   35:     0x5b1cb7e268be - std::thread::Builder::spawn_unchecked_::{{closure}}::{{closure}}::h3fd968d89053a903
[INFO] [stdout]                                at /rustc/df4ca44d3fbc9301ee17f30f4d474e6ae4b05252/library/std/src/thread/mod.rs:541:17
[INFO] [stdout]   36:     0x5b1cb7e268be - <core::panic::unwind_safe::AssertUnwindSafe<F> as core::ops::function::FnOnce<()>>::call_once::h743f637ba4229880
[INFO] [stdout]                                at /rustc/df4ca44d3fbc9301ee17f30f4d474e6ae4b05252/library/core/src/panic/unwind_safe.rs:272:9
[INFO] [stdout]   37:     0x5b1cb7e268be - std::panicking::try::do_call::h07440897322525a6
[INFO] [stdout]                                at /rustc/df4ca44d3fbc9301ee17f30f4d474e6ae4b05252/library/std/src/panicking.rs:557:40
[INFO] [stdout]   38:     0x5b1cb7e268be - std::panicking::try::he5a2e00188156637
[INFO] [stdout]                                at /rustc/df4ca44d3fbc9301ee17f30f4d474e6ae4b05252/library/std/src/panicking.rs:520:19
[INFO] [stdout]   39:     0x5b1cb7e268be - std::panic::catch_unwind::hbaf3cae49b3c6433
[INFO] [stdout]                                at /rustc/df4ca44d3fbc9301ee17f30f4d474e6ae4b05252/library/std/src/panic.rs:358:14
[INFO] [stdout]   40:     0x5b1cb7e268be - std::thread::Builder::spawn_unchecked_::{{closure}}::h8e141ea224820bce
[INFO] [stdout]                                at /rustc/df4ca44d3fbc9301ee17f30f4d474e6ae4b05252/library/std/src/thread/mod.rs:540:30
[INFO] [stdout]   41:     0x5b1cb7e268be - core::ops::function::FnOnce::call_once{{vtable.shim}}::h90d312fedd7b8ea8
[INFO] [stdout]                                at /rustc/df4ca44d3fbc9301ee17f30f4d474e6ae4b05252/library/core/src/ops/function.rs:250:5
[INFO] [stdout]   42:     0x5b1cb8487beb - <alloc::boxed::Box<F,A> as core::ops::function::FnOnce<Args>>::call_once::h69aa08ddb6adb8b6
[INFO] [stdout]                                at /rustc/df4ca44d3fbc9301ee17f30f4d474e6ae4b05252/library/alloc/src/boxed.rs:2454:9
[INFO] [stdout]   43:     0x5b1cb8487beb - <alloc::boxed::Box<F,A> as core::ops::function::FnOnce<Args>>::call_once::h5aa36efdb79c806f
[INFO] [stdout]                                at /rustc/df4ca44d3fbc9301ee17f30f4d474e6ae4b05252/library/alloc/src/boxed.rs:2454:9
[INFO] [stdout]   44:     0x5b1cb8487beb - std::sys::pal::unix::thread::Thread::new::thread_start::h6cd80a1b4be5158d
[INFO] [stdout]                                at /rustc/df4ca44d3fbc9301ee17f30f4d474e6ae4b05252/library/std/src/sys/pal/unix/thread.rs:105:17
[INFO] [stdout]   45:     0x71143c911ac3 - <unknown>
[INFO] [stdout]   46:     0x71143c9a2a04 - clone
[INFO] [stdout]   47:                0x0 - <unknown>
[INFO] [stdout] 
[INFO] [stdout] 
[INFO] [stdout] failures:
[INFO] [stdout]     mar::upload::tests::zipping_an_unreadable_attachment
[INFO] [stdout] 
[INFO] [stdout] test result: FAILED. 618 passed; 1 failed; 1 ignored; 0 measured; 0 filtered out; finished in 1.10s
[INFO] [stdout] 
[INFO] [stderr] error: test failed, to rerun pass `--lib`
[INFO] running `Command { std: "docker" "inspect" "d2b602fb9520460f86b22b0d610c1af9a6047e045914c0eb3f844f2fe3b7bead", kill_on_drop: false }`
[INFO] running `Command { std: "docker" "rm" "-f" "d2b602fb9520460f86b22b0d610c1af9a6047e045914c0eb3f844f2fe3b7bead", kill_on_drop: false }`
[INFO] [stdout] d2b602fb9520460f86b22b0d610c1af9a6047e045914c0eb3f844f2fe3b7bead
