[INFO] fetching crate megamorse_core 1.0.1...
[INFO] testing megamorse_core-1.0.1 against nightly-2024-10-28+rustflags=-Zrandomize-layout for randomize-layout
[INFO] extracting crate megamorse_core 1.0.1 into /workspace/builds/worker-7-tc2/source
[INFO] validating manifest of crates.io crate megamorse_core 1.0.1 on toolchain nightly-2024-10-28
[INFO] running `Command { std: CARGO_HOME="/workspace/cargo-home" RUSTUP_HOME="/workspace/rustup-home" "/workspace/cargo-home/bin/cargo" "+nightly-2024-10-28" "metadata" "--manifest-path" "Cargo.toml" "--no-deps", kill_on_drop: false }`
[INFO] started tweaking crates.io crate megamorse_core 1.0.1
[INFO] finished tweaking crates.io crate megamorse_core 1.0.1
[INFO] tweaked toml for crates.io crate megamorse_core 1.0.1 written to /workspace/builds/worker-7-tc2/source/Cargo.toml
[INFO] running `Command { std: CARGO_HOME="/workspace/cargo-home" RUSTUP_HOME="/workspace/rustup-home" "/workspace/cargo-home/bin/cargo" "+nightly-2024-10-28" "generate-lockfile" "--manifest-path" "Cargo.toml", kill_on_drop: false }`
[INFO] running `Command { std: CARGO_HOME="/workspace/cargo-home" RUSTUP_HOME="/workspace/rustup-home" "/workspace/cargo-home/bin/cargo" "+nightly-2024-10-28" "fetch" "--manifest-path" "Cargo.toml", kill_on_drop: false }`
[INFO] running `Command { std: "docker" "create" "-v" "/var/lib/crater-agent-workspace/builds/worker-7-tc2/target:/opt/rustwide/target:rw,Z" "-v" "/var/lib/crater-agent-workspace/builds/worker-7-tc2/source:/opt/rustwide/workdir:ro,Z" "-v" "/var/lib/crater-agent-workspace/cargo-home:/opt/rustwide/cargo-home:ro,Z" "-v" "/var/lib/crater-agent-workspace/rustup-home:/opt/rustwide/rustup-home:ro,Z" "-e" "SOURCE_DIR=/opt/rustwide/workdir" "-e" "CARGO_TARGET_DIR=/opt/rustwide/target" "-e" "CARGO_HOME=/opt/rustwide/cargo-home" "-e" "RUSTUP_HOME=/opt/rustwide/rustup-home" "-w" "/opt/rustwide/workdir" "-m" "1610612736" "--user" "0:0" "--network" "none" "ghcr.io/rust-lang/crates-build-env/linux@sha256:4a844ea9eb2546a2d2c7022eacef16ef2e8229c7fbb2c7d4d55a9ceca922f72d" "/opt/rustwide/cargo-home/bin/cargo" "+nightly-2024-10-28" "metadata" "--no-deps" "--format-version=1", kill_on_drop: false }`
[INFO] [stdout] 85ee8b0a65e19df9266e7c614215bae64273a9c487aceb2d263dab0a60147643
[INFO] running `Command { std: "docker" "start" "-a" "85ee8b0a65e19df9266e7c614215bae64273a9c487aceb2d263dab0a60147643", kill_on_drop: false }`
[INFO] running `Command { std: "docker" "inspect" "85ee8b0a65e19df9266e7c614215bae64273a9c487aceb2d263dab0a60147643", kill_on_drop: false }`
[INFO] running `Command { std: "docker" "rm" "-f" "85ee8b0a65e19df9266e7c614215bae64273a9c487aceb2d263dab0a60147643", kill_on_drop: false }`
[INFO] [stdout] 85ee8b0a65e19df9266e7c614215bae64273a9c487aceb2d263dab0a60147643
[INFO] running `Command { std: "docker" "create" "-v" "/var/lib/crater-agent-workspace/builds/worker-7-tc2/target:/opt/rustwide/target:rw,Z" "-v" "/var/lib/crater-agent-workspace/builds/worker-7-tc2/source:/opt/rustwide/workdir:ro,Z" "-v" "/var/lib/crater-agent-workspace/cargo-home:/opt/rustwide/cargo-home:ro,Z" "-v" "/var/lib/crater-agent-workspace/rustup-home:/opt/rustwide/rustup-home:ro,Z" "-e" "SOURCE_DIR=/opt/rustwide/workdir" "-e" "CARGO_TARGET_DIR=/opt/rustwide/target" "-e" "CARGO_INCREMENTAL=0" "-e" "RUST_BACKTRACE=full" "-e" "RUSTFLAGS=--cap-lints=forbid -Zrandomize-layout" "-e" "RUSTDOCFLAGS=--cap-lints=forbid" "-e" "CARGO_HOME=/opt/rustwide/cargo-home" "-e" "RUSTUP_HOME=/opt/rustwide/rustup-home" "-w" "/opt/rustwide/workdir" "-m" "1610612736" "--user" "0:0" "--network" "none" "ghcr.io/rust-lang/crates-build-env/linux@sha256:4a844ea9eb2546a2d2c7022eacef16ef2e8229c7fbb2c7d4d55a9ceca922f72d" "/opt/rustwide/cargo-home/bin/cargo" "+nightly-2024-10-28" "build" "--frozen" "--message-format=json", kill_on_drop: false }`
[INFO] [stdout] 02750ab69945db164c3933ebf43848616e0621214673a6f0e2cdd5d4c6a53941
[INFO] running `Command { std: "docker" "start" "-a" "02750ab69945db164c3933ebf43848616e0621214673a6f0e2cdd5d4c6a53941", kill_on_drop: false }`
[INFO] [stderr]    Compiling megamorse_core v1.0.1 (/opt/rustwide/workdir)
[INFO] [stderr]     Finished `dev` profile [unoptimized + debuginfo] target(s) in 0.16s
[INFO] running `Command { std: "docker" "inspect" "02750ab69945db164c3933ebf43848616e0621214673a6f0e2cdd5d4c6a53941", kill_on_drop: false }`
[INFO] running `Command { std: "docker" "rm" "-f" "02750ab69945db164c3933ebf43848616e0621214673a6f0e2cdd5d4c6a53941", kill_on_drop: false }`
[INFO] [stdout] 02750ab69945db164c3933ebf43848616e0621214673a6f0e2cdd5d4c6a53941
[INFO] running `Command { std: "docker" "create" "-v" "/var/lib/crater-agent-workspace/builds/worker-7-tc2/target:/opt/rustwide/target:rw,Z" "-v" "/var/lib/crater-agent-workspace/builds/worker-7-tc2/source:/opt/rustwide/workdir:ro,Z" "-v" "/var/lib/crater-agent-workspace/cargo-home:/opt/rustwide/cargo-home:ro,Z" "-v" "/var/lib/crater-agent-workspace/rustup-home:/opt/rustwide/rustup-home:ro,Z" "-e" "SOURCE_DIR=/opt/rustwide/workdir" "-e" "CARGO_TARGET_DIR=/opt/rustwide/target" "-e" "CARGO_INCREMENTAL=0" "-e" "RUST_BACKTRACE=full" "-e" "RUSTFLAGS=--cap-lints=forbid -Zrandomize-layout" "-e" "RUSTDOCFLAGS=--cap-lints=forbid" "-e" "CARGO_HOME=/opt/rustwide/cargo-home" "-e" "RUSTUP_HOME=/opt/rustwide/rustup-home" "-w" "/opt/rustwide/workdir" "-m" "1610612736" "--user" "0:0" "--network" "none" "ghcr.io/rust-lang/crates-build-env/linux@sha256:4a844ea9eb2546a2d2c7022eacef16ef2e8229c7fbb2c7d4d55a9ceca922f72d" "/opt/rustwide/cargo-home/bin/cargo" "+nightly-2024-10-28" "test" "--frozen" "--no-run" "--message-format=json", kill_on_drop: false }`
[INFO] [stdout] 6ba5c3d65ca7d4ef3b8e8d57264a45f2652172ace950ae13d261cd1ee3f96c05
[INFO] running `Command { std: "docker" "start" "-a" "6ba5c3d65ca7d4ef3b8e8d57264a45f2652172ace950ae13d261cd1ee3f96c05", kill_on_drop: false }`
[INFO] [stderr]    Compiling megamorse_core v1.0.1 (/opt/rustwide/workdir)
[INFO] [stderr]     Finished `test` profile [unoptimized + debuginfo] target(s) in 0.27s
[INFO] running `Command { std: "docker" "inspect" "6ba5c3d65ca7d4ef3b8e8d57264a45f2652172ace950ae13d261cd1ee3f96c05", kill_on_drop: false }`
[INFO] running `Command { std: "docker" "rm" "-f" "6ba5c3d65ca7d4ef3b8e8d57264a45f2652172ace950ae13d261cd1ee3f96c05", kill_on_drop: false }`
[INFO] [stdout] 6ba5c3d65ca7d4ef3b8e8d57264a45f2652172ace950ae13d261cd1ee3f96c05
[INFO] running `Command { std: "docker" "create" "-v" "/var/lib/crater-agent-workspace/builds/worker-7-tc2/target:/opt/rustwide/target:rw,Z" "-v" "/var/lib/crater-agent-workspace/builds/worker-7-tc2/source:/opt/rustwide/workdir:ro,Z" "-v" "/var/lib/crater-agent-workspace/cargo-home:/opt/rustwide/cargo-home:ro,Z" "-v" "/var/lib/crater-agent-workspace/rustup-home:/opt/rustwide/rustup-home:ro,Z" "-e" "SOURCE_DIR=/opt/rustwide/workdir" "-e" "CARGO_TARGET_DIR=/opt/rustwide/target" "-e" "CARGO_INCREMENTAL=0" "-e" "RUST_BACKTRACE=full" "-e" "RUSTFLAGS=--cap-lints=forbid -Zrandomize-layout" "-e" "RUSTDOCFLAGS=--cap-lints=forbid" "-e" "CARGO_HOME=/opt/rustwide/cargo-home" "-e" "RUSTUP_HOME=/opt/rustwide/rustup-home" "-w" "/opt/rustwide/workdir" "-m" "1610612736" "--user" "0:0" "--network" "none" "ghcr.io/rust-lang/crates-build-env/linux@sha256:4a844ea9eb2546a2d2c7022eacef16ef2e8229c7fbb2c7d4d55a9ceca922f72d" "/opt/rustwide/cargo-home/bin/cargo" "+nightly-2024-10-28" "test" "--frozen", kill_on_drop: false }`
[INFO] [stdout] 1c427b6aeb88321894e10b9e5deb8948d6a98901a9eee2879347361a9301767a
[INFO] running `Command { std: "docker" "start" "-a" "1c427b6aeb88321894e10b9e5deb8948d6a98901a9eee2879347361a9301767a", kill_on_drop: false }`
[INFO] [stderr]     Finished `test` profile [unoptimized + debuginfo] target(s) in 0.01s
[INFO] [stderr]      Running unittests src/lib.rs (/opt/rustwide/target/debug/deps/megamorse_core-b51b98c8f5cd2d18)
[INFO] [stdout] 
[INFO] [stdout] running 0 tests
[INFO] [stdout] 
[INFO] [stdout] test result: ok. 0 passed; 0 failed; 0 ignored; 0 measured; 0 filtered out; finished in 0.00s
[INFO] [stdout] 
[INFO] [stderr]    Doc-tests megamorse_core
[INFO] [stdout] 
[INFO] [stdout] running 1 test
[INFO] [stdout] test src/word.rs - word::MorseWord::to_array (line 76) ... FAILED
[INFO] [stdout] 
[INFO] [stdout] failures:
[INFO] [stdout] 
[INFO] [stdout] ---- src/word.rs - word::MorseWord::to_array (line 76) stdout ----
[INFO] [stdout] error: cannot find macro `morse` in this scope
[INFO] [stdout]  --> src/word.rs:77:12
[INFO] [stdout]   |
[INFO] [stdout] 3 | let word = morse!(..-);
[INFO] [stdout]   |            ^^^^^
[INFO] [stdout] 
[INFO] [stdout] error[E0433]: failed to resolve: use of undeclared type `MorseCode`
[INFO] [stdout]  --> src/word.rs:83:22
[INFO] [stdout]   |
[INFO] [stdout] 9 | assert_eq!(codes[0], MorseCode::Dot);
[INFO] [stdout]   |                      ^^^^^^^^^ use of undeclared type `MorseCode`
[INFO] [stdout]   |
[INFO] [stdout] help: consider importing this enum
[INFO] [stdout]   |
[INFO] [stdout] 2 + use megamorse_core::MorseCode;
[INFO] [stdout]   |
[INFO] [stdout] 
[INFO] [stdout] error[E0433]: failed to resolve: use of undeclared type `MorseCode`
[INFO] [stdout]   --> src/word.rs:84:22
[INFO] [stdout]    |
[INFO] [stdout] 10 | assert_eq!(codes[1], MorseCode::Dot);
[INFO] [stdout]    |                      ^^^^^^^^^ use of undeclared type `MorseCode`
[INFO] [stdout]    |
[INFO] [stdout] help: consider importing this enum
[INFO] [stdout]    |
[INFO] [stdout] 2  + use megamorse_core::MorseCode;
[INFO] [stdout]    |
[INFO] [stdout] 
[INFO] [stdout] error[E0433]: failed to resolve: use of undeclared type `MorseCode`
[INFO] [stdout]   --> src/word.rs:85:22
[INFO] [stdout]    |
[INFO] [stdout] 11 | assert_eq!(codes[2], MorseCode::Dash);
[INFO] [stdout]    |                      ^^^^^^^^^ use of undeclared type `MorseCode`
[INFO] [stdout]    |
[INFO] [stdout] help: consider importing this enum
[INFO] [stdout]    |
[INFO] [stdout] 2  + use megamorse_core::MorseCode;
[INFO] [stdout]    |
[INFO] [stdout] 
[INFO] [stdout] error: aborting due to 4 previous errors
[INFO] [stdout] 
[INFO] [stdout] For more information about this error, try `rustc --explain E0433`.
[INFO] [stdout] Couldn't compile the test.
[INFO] [stdout] 
[INFO] [stdout] failures:
[INFO] [stdout]     src/word.rs - word::MorseWord::to_array (line 76)
[INFO] [stdout] 
[INFO] [stdout] test result: FAILED. 0 passed; 1 failed; 0 ignored; 0 measured; 0 filtered out; finished in 0.13s
[INFO] [stdout] 
[INFO] [stderr] error: doctest failed, to rerun pass `--doc`
[INFO] running `Command { std: "docker" "inspect" "1c427b6aeb88321894e10b9e5deb8948d6a98901a9eee2879347361a9301767a", kill_on_drop: false }`
[INFO] running `Command { std: "docker" "rm" "-f" "1c427b6aeb88321894e10b9e5deb8948d6a98901a9eee2879347361a9301767a", kill_on_drop: false }`
[INFO] [stdout] 1c427b6aeb88321894e10b9e5deb8948d6a98901a9eee2879347361a9301767a
