[INFO] fetching crate media_catalogue 0.1.5...
[INFO] testing media_catalogue-0.1.5 against nightly-2024-10-28+rustflags=-Zrandomize-layout for randomize-layout
[INFO] extracting crate media_catalogue 0.1.5 into /workspace/builds/worker-0-tc2/source
[INFO] validating manifest of crates.io crate media_catalogue 0.1.5 on toolchain nightly-2024-10-28
[INFO] running `Command { std: CARGO_HOME="/workspace/cargo-home" RUSTUP_HOME="/workspace/rustup-home" "/workspace/cargo-home/bin/cargo" "+nightly-2024-10-28" "metadata" "--manifest-path" "Cargo.toml" "--no-deps", kill_on_drop: false }`
[INFO] started tweaking crates.io crate media_catalogue 0.1.5
[INFO] finished tweaking crates.io crate media_catalogue 0.1.5
[INFO] tweaked toml for crates.io crate media_catalogue 0.1.5 written to /workspace/builds/worker-0-tc2/source/Cargo.toml
[INFO] running `Command { std: CARGO_HOME="/workspace/cargo-home" RUSTUP_HOME="/workspace/rustup-home" "/workspace/cargo-home/bin/cargo" "+nightly-2024-10-28" "generate-lockfile" "--manifest-path" "Cargo.toml", kill_on_drop: false }`
[INFO] [stderr]     Updating crates.io index
[INFO] [stderr]      Locking 17 packages to latest compatible versions
[INFO] [stderr]       Adding derive-getters v0.2.1 (available: v0.5.0)
[INFO] [stderr]       Adding uuid v0.8.2 (available: v1.11.0)
[INFO] running `Command { std: CARGO_HOME="/workspace/cargo-home" RUSTUP_HOME="/workspace/rustup-home" "/workspace/cargo-home/bin/cargo" "+nightly-2024-10-28" "fetch" "--manifest-path" "Cargo.toml", kill_on_drop: false }`
[INFO] running `Command { std: "docker" "create" "-v" "/var/lib/crater-agent-workspace/builds/worker-0-tc2/target:/opt/rustwide/target:rw,Z" "-v" "/var/lib/crater-agent-workspace/builds/worker-0-tc2/source:/opt/rustwide/workdir:ro,Z" "-v" "/var/lib/crater-agent-workspace/cargo-home:/opt/rustwide/cargo-home:ro,Z" "-v" "/var/lib/crater-agent-workspace/rustup-home:/opt/rustwide/rustup-home:ro,Z" "-e" "SOURCE_DIR=/opt/rustwide/workdir" "-e" "CARGO_TARGET_DIR=/opt/rustwide/target" "-e" "CARGO_HOME=/opt/rustwide/cargo-home" "-e" "RUSTUP_HOME=/opt/rustwide/rustup-home" "-w" "/opt/rustwide/workdir" "-m" "1610612736" "--user" "0:0" "--network" "none" "ghcr.io/rust-lang/crates-build-env/linux@sha256:4a844ea9eb2546a2d2c7022eacef16ef2e8229c7fbb2c7d4d55a9ceca922f72d" "/opt/rustwide/cargo-home/bin/cargo" "+nightly-2024-10-28" "metadata" "--no-deps" "--format-version=1", kill_on_drop: false }`
[INFO] [stdout] 06b9682d3efc95e0a6a958e3ec977b5be76281cbc9652b64f20e544f475092ca
[INFO] running `Command { std: "docker" "start" "-a" "06b9682d3efc95e0a6a958e3ec977b5be76281cbc9652b64f20e544f475092ca", kill_on_drop: false }`
[INFO] running `Command { std: "docker" "inspect" "06b9682d3efc95e0a6a958e3ec977b5be76281cbc9652b64f20e544f475092ca", kill_on_drop: false }`
[INFO] running `Command { std: "docker" "rm" "-f" "06b9682d3efc95e0a6a958e3ec977b5be76281cbc9652b64f20e544f475092ca", kill_on_drop: false }`
[INFO] [stdout] 06b9682d3efc95e0a6a958e3ec977b5be76281cbc9652b64f20e544f475092ca
[INFO] running `Command { std: "docker" "create" "-v" "/var/lib/crater-agent-workspace/builds/worker-0-tc2/target:/opt/rustwide/target:rw,Z" "-v" "/var/lib/crater-agent-workspace/builds/worker-0-tc2/source:/opt/rustwide/workdir:ro,Z" "-v" "/var/lib/crater-agent-workspace/cargo-home:/opt/rustwide/cargo-home:ro,Z" "-v" "/var/lib/crater-agent-workspace/rustup-home:/opt/rustwide/rustup-home:ro,Z" "-e" "SOURCE_DIR=/opt/rustwide/workdir" "-e" "CARGO_TARGET_DIR=/opt/rustwide/target" "-e" "CARGO_INCREMENTAL=0" "-e" "RUST_BACKTRACE=full" "-e" "RUSTFLAGS=--cap-lints=forbid -Zrandomize-layout" "-e" "RUSTDOCFLAGS=--cap-lints=forbid" "-e" "CARGO_HOME=/opt/rustwide/cargo-home" "-e" "RUSTUP_HOME=/opt/rustwide/rustup-home" "-w" "/opt/rustwide/workdir" "-m" "1610612736" "--user" "0:0" "--network" "none" "ghcr.io/rust-lang/crates-build-env/linux@sha256:4a844ea9eb2546a2d2c7022eacef16ef2e8229c7fbb2c7d4d55a9ceca922f72d" "/opt/rustwide/cargo-home/bin/cargo" "+nightly-2024-10-28" "build" "--frozen" "--message-format=json", kill_on_drop: false }`
[INFO] [stdout] 838772dbb9f076f969e8e82977fec919946ba96d036de9feb1b9847a9b92adf7
[INFO] running `Command { std: "docker" "start" "-a" "838772dbb9f076f969e8e82977fec919946ba96d036de9feb1b9847a9b92adf7", kill_on_drop: false }`
[INFO] [stderr]    Compiling syn v1.0.109
[INFO] [stderr]    Compiling syn v2.0.86
[INFO] [stderr]    Compiling getrandom v0.2.15
[INFO] [stderr]    Compiling serde_derive v1.0.214
[INFO] [stderr]    Compiling derive-getters v0.2.1
[INFO] [stderr]    Compiling serde v1.0.214
[INFO] [stderr]    Compiling uuid v0.8.2
[INFO] [stderr]    Compiling serde_json v1.0.132
[INFO] [stderr]    Compiling media_catalogue v0.1.5 (/opt/rustwide/workdir)
[INFO] [stderr]     Finished `dev` profile [unoptimized + debuginfo] target(s) in 8.02s
[INFO] running `Command { std: "docker" "inspect" "838772dbb9f076f969e8e82977fec919946ba96d036de9feb1b9847a9b92adf7", kill_on_drop: false }`
[INFO] running `Command { std: "docker" "rm" "-f" "838772dbb9f076f969e8e82977fec919946ba96d036de9feb1b9847a9b92adf7", kill_on_drop: false }`
[INFO] [stdout] 838772dbb9f076f969e8e82977fec919946ba96d036de9feb1b9847a9b92adf7
[INFO] running `Command { std: "docker" "create" "-v" "/var/lib/crater-agent-workspace/builds/worker-0-tc2/target:/opt/rustwide/target:rw,Z" "-v" "/var/lib/crater-agent-workspace/builds/worker-0-tc2/source:/opt/rustwide/workdir:ro,Z" "-v" "/var/lib/crater-agent-workspace/cargo-home:/opt/rustwide/cargo-home:ro,Z" "-v" "/var/lib/crater-agent-workspace/rustup-home:/opt/rustwide/rustup-home:ro,Z" "-e" "SOURCE_DIR=/opt/rustwide/workdir" "-e" "CARGO_TARGET_DIR=/opt/rustwide/target" "-e" "CARGO_INCREMENTAL=0" "-e" "RUST_BACKTRACE=full" "-e" "RUSTFLAGS=--cap-lints=forbid -Zrandomize-layout" "-e" "RUSTDOCFLAGS=--cap-lints=forbid" "-e" "CARGO_HOME=/opt/rustwide/cargo-home" "-e" "RUSTUP_HOME=/opt/rustwide/rustup-home" "-w" "/opt/rustwide/workdir" "-m" "1610612736" "--user" "0:0" "--network" "none" "ghcr.io/rust-lang/crates-build-env/linux@sha256:4a844ea9eb2546a2d2c7022eacef16ef2e8229c7fbb2c7d4d55a9ceca922f72d" "/opt/rustwide/cargo-home/bin/cargo" "+nightly-2024-10-28" "test" "--frozen" "--no-run" "--message-format=json", kill_on_drop: false }`
[INFO] [stdout] 5700a2aabad2e5fbf690c7ccce3d24ef984876425173ddd9db53950be8733e54
[INFO] running `Command { std: "docker" "start" "-a" "5700a2aabad2e5fbf690c7ccce3d24ef984876425173ddd9db53950be8733e54", kill_on_drop: false }`
[INFO] [stderr]    Compiling media_catalogue v0.1.5 (/opt/rustwide/workdir)
[INFO] [stderr]     Finished `test` profile [unoptimized + debuginfo] target(s) in 0.63s
[INFO] running `Command { std: "docker" "inspect" "5700a2aabad2e5fbf690c7ccce3d24ef984876425173ddd9db53950be8733e54", kill_on_drop: false }`
[INFO] running `Command { std: "docker" "rm" "-f" "5700a2aabad2e5fbf690c7ccce3d24ef984876425173ddd9db53950be8733e54", kill_on_drop: false }`
[INFO] [stdout] 5700a2aabad2e5fbf690c7ccce3d24ef984876425173ddd9db53950be8733e54
[INFO] running `Command { std: "docker" "create" "-v" "/var/lib/crater-agent-workspace/builds/worker-0-tc2/target:/opt/rustwide/target:rw,Z" "-v" "/var/lib/crater-agent-workspace/builds/worker-0-tc2/source:/opt/rustwide/workdir:ro,Z" "-v" "/var/lib/crater-agent-workspace/cargo-home:/opt/rustwide/cargo-home:ro,Z" "-v" "/var/lib/crater-agent-workspace/rustup-home:/opt/rustwide/rustup-home:ro,Z" "-e" "SOURCE_DIR=/opt/rustwide/workdir" "-e" "CARGO_TARGET_DIR=/opt/rustwide/target" "-e" "CARGO_INCREMENTAL=0" "-e" "RUST_BACKTRACE=full" "-e" "RUSTFLAGS=--cap-lints=forbid -Zrandomize-layout" "-e" "RUSTDOCFLAGS=--cap-lints=forbid" "-e" "CARGO_HOME=/opt/rustwide/cargo-home" "-e" "RUSTUP_HOME=/opt/rustwide/rustup-home" "-w" "/opt/rustwide/workdir" "-m" "1610612736" "--user" "0:0" "--network" "none" "ghcr.io/rust-lang/crates-build-env/linux@sha256:4a844ea9eb2546a2d2c7022eacef16ef2e8229c7fbb2c7d4d55a9ceca922f72d" "/opt/rustwide/cargo-home/bin/cargo" "+nightly-2024-10-28" "test" "--frozen", kill_on_drop: false }`
[INFO] [stdout] 9cbc2577aded6921db0adc880c21b001d831cc30c9af091e1da1cd5ac3260c19
[INFO] running `Command { std: "docker" "start" "-a" "9cbc2577aded6921db0adc880c21b001d831cc30c9af091e1da1cd5ac3260c19", kill_on_drop: false }`
[INFO] [stderr]     Finished `test` profile [unoptimized + debuginfo] target(s) in 0.02s
[INFO] [stderr]      Running unittests src/lib.rs (/opt/rustwide/target/debug/deps/media_catalogue-b941069748d2988f)
[INFO] [stdout] 
[INFO] [stdout] running 10 tests
[INFO] [stdout] test repository::test::tests_repository::test_clear_empty_repository ... FAILED
[INFO] [stdout] test repository::test::tests_repository::test_clear_repository_with_users ... FAILED
[INFO] [stdout] test repository::test::tests_repository::test_delete_a_user_with_multiple_user ... FAILED
[INFO] [stdout] test repository::test::tests_repository::test_delete_a_user_with_one_user ... FAILED
[INFO] [stdout] test repository::test::tests_repository::test_load_multiple_users ... FAILED
[INFO] [stdout] test repository::test::tests_repository::test_load_a_user ... FAILED
[INFO] [stdout] test repository::test::tests_repository::test_persistance ... FAILED
[INFO] [stdout] test repository::test::tests_repository::test_save_a_user ... FAILED
[INFO] [stdout] test repository::test::tests_repository::test_update_a_non_existant_user ... FAILED
[INFO] [stdout] test repository::test::tests_repository::test_update_a_user ... FAILED
[INFO] [stdout] 
[INFO] [stdout] failures:
[INFO] [stdout] 
[INFO] [stdout] ---- repository::test::tests_repository::test_clear_empty_repository stdout ----
[INFO] [stdout] Error: NotAbleToInstantiateRepository("Read-only file system (os error 30)")
[INFO] [stdout] 
[INFO] [stdout] ---- repository::test::tests_repository::test_clear_repository_with_users stdout ----
[INFO] [stdout] Error: NotAbleToInstantiateRepository("Read-only file system (os error 30)")
[INFO] [stdout] 
[INFO] [stdout] ---- repository::test::tests_repository::test_delete_a_user_with_multiple_user stdout ----
[INFO] [stdout] Error: NotAbleToInstantiateRepository("Read-only file system (os error 30)")
[INFO] [stdout] 
[INFO] [stdout] ---- repository::test::tests_repository::test_delete_a_user_with_one_user stdout ----
[INFO] [stdout] Error: NotAbleToInstantiateRepository("Read-only file system (os error 30)")
[INFO] [stdout] 
[INFO] [stdout] ---- repository::test::tests_repository::test_load_multiple_users stdout ----
[INFO] [stdout] Error: NotAbleToInstantiateRepository("Read-only file system (os error 30)")
[INFO] [stdout] 
[INFO] [stdout] ---- repository::test::tests_repository::test_load_a_user stdout ----
[INFO] [stdout] Error: NotAbleToInstantiateRepository("Read-only file system (os error 30)")
[INFO] [stdout] 
[INFO] [stdout] ---- repository::test::tests_repository::test_persistance stdout ----
[INFO] [stdout] Error: NotAbleToInstantiateRepository("Read-only file system (os error 30)")
[INFO] [stdout] 
[INFO] [stdout] ---- repository::test::tests_repository::test_save_a_user stdout ----
[INFO] [stdout] Error: NotAbleToInstantiateRepository("Read-only file system (os error 30)")
[INFO] [stdout] 
[INFO] [stdout] ---- repository::test::tests_repository::test_update_a_non_existant_user stdout ----
[INFO] [stdout] Error: NotAbleToInstantiateRepository("Read-only file system (os error 30)")
[INFO] [stdout] 
[INFO] [stdout] ---- repository::test::tests_repository::test_update_a_user stdout ----
[INFO] [stdout] Error: NotAbleToInstantiateRepository("Read-only file system (os error 30)")
[INFO] [stdout] 
[INFO] [stdout] 
[INFO] [stdout] failures:
[INFO] [stdout]     repository::test::tests_repository::test_clear_empty_repository
[INFO] [stdout]     repository::test::tests_repository::test_clear_repository_with_users
[INFO] [stdout]     repository::test::tests_repository::test_delete_a_user_with_multiple_user
[INFO] [stdout]     repository::test::tests_repository::test_delete_a_user_with_one_user
[INFO] [stdout]     repository::test::tests_repository::test_load_a_user
[INFO] [stdout]     repository::test::tests_repository::test_load_multiple_users
[INFO] [stdout]     repository::test::tests_repository::test_persistance
[INFO] [stdout]     repository::test::tests_repository::test_save_a_user
[INFO] [stdout]     repository::test::tests_repository::test_update_a_non_existant_user
[INFO] [stdout]     repository::test::tests_repository::test_update_a_user
[INFO] [stdout] 
[INFO] [stdout] test result: FAILED. 0 passed; 10 failed; 0 ignored; 0 measured; 0 filtered out; finished in 0.00s
[INFO] [stdout] 
[INFO] [stderr] error: test failed, to rerun pass `--lib`
[INFO] running `Command { std: "docker" "inspect" "9cbc2577aded6921db0adc880c21b001d831cc30c9af091e1da1cd5ac3260c19", kill_on_drop: false }`
[INFO] running `Command { std: "docker" "rm" "-f" "9cbc2577aded6921db0adc880c21b001d831cc30c9af091e1da1cd5ac3260c19", kill_on_drop: false }`
[INFO] [stdout] 9cbc2577aded6921db0adc880c21b001d831cc30c9af091e1da1cd5ac3260c19
