[INFO] fetching crate mdbook-tailor 0.8.2...
[INFO] testing mdbook-tailor-0.8.2 against nightly-2024-10-28 for randomize-layout
[INFO] extracting crate mdbook-tailor 0.8.2 into /workspace/builds/worker-5-tc1/source
[INFO] validating manifest of crates.io crate mdbook-tailor 0.8.2 on toolchain nightly-2024-10-28
[INFO] running `Command { std: CARGO_HOME="/workspace/cargo-home" RUSTUP_HOME="/workspace/rustup-home" "/workspace/cargo-home/bin/cargo" "+nightly-2024-10-28" "metadata" "--manifest-path" "Cargo.toml" "--no-deps", kill_on_drop: false }`
[INFO] started tweaking crates.io crate mdbook-tailor 0.8.2
[INFO] finished tweaking crates.io crate mdbook-tailor 0.8.2
[INFO] tweaked toml for crates.io crate mdbook-tailor 0.8.2 written to /workspace/builds/worker-5-tc1/source/Cargo.toml
[INFO] crate crates.io crate mdbook-tailor 0.8.2 already has a lockfile, it will not be regenerated
[INFO] running `Command { std: CARGO_HOME="/workspace/cargo-home" RUSTUP_HOME="/workspace/rustup-home" "/workspace/cargo-home/bin/cargo" "+nightly-2024-10-28" "fetch" "--manifest-path" "Cargo.toml", kill_on_drop: false }`
[INFO] [stderr]     Updating crates.io index
[INFO] [stderr]     Blocking waiting for file lock on package cache
[INFO] [stderr]  Downloading crates ...
[INFO] [stderr]   Downloaded profiling-procmacros v1.0.15
[INFO] [stderr]   Downloaded thiserror-impl v1.0.64
[INFO] [stderr]   Downloaded avif-serialize v0.8.1
[INFO] [stderr]   Downloaded pest_generator v2.7.13
[INFO] [stderr]   Downloaded normpath v1.3.0
[INFO] [stderr]   Downloaded built v0.7.4
[INFO] [stderr]   Downloaded fdeflate v0.3.5
[INFO] [stderr]   Downloaded miniz_oxide v0.7.4
[INFO] [stderr]   Downloaded image-webp v0.1.3
[INFO] [stderr]   Downloaded pest_meta v2.7.13
[INFO] [stderr]   Downloaded serde_json v1.0.128
[INFO] [stderr]   Downloaded handlebars v5.1.2
[INFO] [stderr]   Downloaded pest v2.7.13
[INFO] [stderr]   Downloaded pulldown-cmark v0.10.3
[INFO] [stderr]   Downloaded warp v0.3.7
[INFO] [stderr]   Downloaded portable-atomic v1.9.0
[INFO] [stderr]   Downloaded hyper v0.14.30
[INFO] [stderr]   Downloaded image v0.25.2
[INFO] [stderr]   Downloaded regex v1.11.0
[INFO] [stderr]   Downloaded bytes v1.7.2
[INFO] [stderr]   Downloaded html5ever v0.27.0
[INFO] [stderr]   Downloaded gimli v0.31.0
[INFO] [stderr]   Downloaded ammonia v4.0.0
[INFO] [stderr]   Downloaded object v0.36.4
[INFO] [stderr]   Downloaded clap_complete v4.5.29
[INFO] [stderr]   Downloaded bstr v1.10.0
[INFO] [stderr]   Downloaded rustix v0.38.37
[INFO] [stderr]   Downloaded ignore v0.4.23
[INFO] [stderr]   Downloaded bytemuck v1.18.0
[INFO] [stderr]   Downloaded pest_derive v2.7.13
[INFO] [stderr]   Downloaded redox_syscall v0.5.6
[INFO] [stderr]   Downloaded addr2line v0.24.1
[INFO] [stderr]   Downloaded markup5ever v0.12.1
[INFO] [stderr]   Downloaded globset v0.4.15
[INFO] [stderr]   Downloaded httparse v1.9.4
[INFO] [stderr]   Downloaded once_cell v1.20.1
[INFO] [stderr]   Downloaded profiling v1.0.15
[INFO] [stderr]   Downloaded ravif v0.11.10
[INFO] [stderr]   Downloaded opener v0.7.2
[INFO] [stderr]   Downloaded pulldown-cmark-escape v0.10.1
[INFO] [stderr]   Downloaded thiserror v1.0.64
[INFO] [stderr]   Downloaded tokio v1.40.0
[INFO] [stderr]   Downloaded mdbook v0.4.40
[INFO] running `Command { std: "docker" "create" "-v" "/var/lib/crater-agent-workspace/builds/worker-5-tc1/target:/opt/rustwide/target:rw,Z" "-v" "/var/lib/crater-agent-workspace/builds/worker-5-tc1/source:/opt/rustwide/workdir:ro,Z" "-v" "/var/lib/crater-agent-workspace/cargo-home:/opt/rustwide/cargo-home:ro,Z" "-v" "/var/lib/crater-agent-workspace/rustup-home:/opt/rustwide/rustup-home:ro,Z" "-e" "SOURCE_DIR=/opt/rustwide/workdir" "-e" "CARGO_TARGET_DIR=/opt/rustwide/target" "-e" "CARGO_HOME=/opt/rustwide/cargo-home" "-e" "RUSTUP_HOME=/opt/rustwide/rustup-home" "-w" "/opt/rustwide/workdir" "-m" "1610612736" "--user" "0:0" "--network" "none" "ghcr.io/rust-lang/crates-build-env/linux@sha256:4a844ea9eb2546a2d2c7022eacef16ef2e8229c7fbb2c7d4d55a9ceca922f72d" "/opt/rustwide/cargo-home/bin/cargo" "+nightly-2024-10-28" "metadata" "--no-deps" "--format-version=1", kill_on_drop: false }`
[INFO] [stdout] fc4356d34d54580fcde942d1e6f050953eda75608e64194452dd657ce6ed8860
[INFO] running `Command { std: "docker" "start" "-a" "fc4356d34d54580fcde942d1e6f050953eda75608e64194452dd657ce6ed8860", kill_on_drop: false }`
[INFO] running `Command { std: "docker" "inspect" "fc4356d34d54580fcde942d1e6f050953eda75608e64194452dd657ce6ed8860", kill_on_drop: false }`
[INFO] running `Command { std: "docker" "rm" "-f" "fc4356d34d54580fcde942d1e6f050953eda75608e64194452dd657ce6ed8860", kill_on_drop: false }`
[INFO] [stdout] fc4356d34d54580fcde942d1e6f050953eda75608e64194452dd657ce6ed8860
[INFO] running `Command { std: "docker" "create" "-v" "/var/lib/crater-agent-workspace/builds/worker-5-tc1/target:/opt/rustwide/target:rw,Z" "-v" "/var/lib/crater-agent-workspace/builds/worker-5-tc1/source:/opt/rustwide/workdir:ro,Z" "-v" "/var/lib/crater-agent-workspace/cargo-home:/opt/rustwide/cargo-home:ro,Z" "-v" "/var/lib/crater-agent-workspace/rustup-home:/opt/rustwide/rustup-home:ro,Z" "-e" "SOURCE_DIR=/opt/rustwide/workdir" "-e" "CARGO_TARGET_DIR=/opt/rustwide/target" "-e" "CARGO_INCREMENTAL=0" "-e" "RUST_BACKTRACE=full" "-e" "RUSTFLAGS=--cap-lints=forbid" "-e" "RUSTDOCFLAGS=--cap-lints=forbid" "-e" "CARGO_HOME=/opt/rustwide/cargo-home" "-e" "RUSTUP_HOME=/opt/rustwide/rustup-home" "-w" "/opt/rustwide/workdir" "-m" "1610612736" "--user" "0:0" "--network" "none" "ghcr.io/rust-lang/crates-build-env/linux@sha256:4a844ea9eb2546a2d2c7022eacef16ef2e8229c7fbb2c7d4d55a9ceca922f72d" "/opt/rustwide/cargo-home/bin/cargo" "+nightly-2024-10-28" "build" "--frozen" "--message-format=json", kill_on_drop: false }`
[INFO] [stdout] f94ced5abd10231c5b0e72f2373a5191245104b7aec254acf8559affa736eb63
[INFO] running `Command { std: "docker" "start" "-a" "f94ced5abd10231c5b0e72f2373a5191245104b7aec254acf8559affa736eb63", kill_on_drop: false }`
[INFO] [stderr]    Compiling proc-macro2 v1.0.86
[INFO] [stderr]    Compiling libc v0.2.159
[INFO] [stderr]    Compiling memchr v2.7.4
[INFO] [stderr]    Compiling log v0.4.22
[INFO] [stderr]    Compiling once_cell v1.20.1
[INFO] [stderr]    Compiling siphasher v0.3.11
[INFO] [stderr]    Compiling byteorder v1.5.0
[INFO] [stderr]    Compiling thiserror v1.0.64
[INFO] [stderr]    Compiling bytes v1.7.2
[INFO] [stderr]    Compiling serde v1.0.210
[INFO] [stderr]    Compiling lock_api v0.4.12
[INFO] [stderr]    Compiling num-traits v0.2.19
[INFO] [stderr]    Compiling generic-array v0.14.7
[INFO] [stderr]    Compiling aho-corasick v1.1.3
[INFO] [stderr]    Compiling pin-project-lite v0.2.14
[INFO] [stderr]    Compiling quote v1.0.37
[INFO] [stderr]    Compiling syn v2.0.79
[INFO] [stderr]    Compiling new_debug_unreachable v1.0.6
[INFO] [stderr]    Compiling phf_shared v0.10.0
[INFO] [stderr]    Compiling smallvec v1.13.2
[INFO] [stderr]    Compiling getrandom v0.2.15
[INFO] [stderr]    Compiling phf_shared v0.11.2
[INFO] [stderr]    Compiling unicase v2.7.0
[INFO] [stderr]    Compiling rand_core v0.6.4
[INFO] [stderr]    Compiling rustix v0.38.37
[INFO] [stderr]    Compiling futures-core v0.3.30
[INFO] [stderr]    Compiling futures-sink v0.3.30
[INFO] [stderr]    Compiling utf-8 v0.7.6
[INFO] [stderr]    Compiling parking_lot_core v0.9.10
[INFO] [stderr]    Compiling simd-adler32 v0.3.7
[INFO] [stderr]    Compiling socket2 v0.5.7
[INFO] [stderr]    Compiling mio v1.0.2
[INFO] [stderr]    Compiling http v0.2.12
[INFO] [stderr]    Compiling block-buffer v0.10.4
[INFO] [stderr]    Compiling crypto-common v0.1.6
[INFO] [stderr]    Compiling utf8parse v0.2.2
[INFO] [stderr]    Compiling unicode-bidi v0.3.15
[INFO] [stderr]    Compiling anyhow v1.0.89
[INFO] [stderr]    Compiling httparse v1.9.4
[INFO] [stderr]    Compiling regex-automata v0.4.8
[INFO] [stderr]    Compiling idna v0.5.0
[INFO] [stderr]    Compiling anstyle-parse v0.2.5
[INFO] [stderr]    Compiling digest v0.10.7
[INFO] [stderr]    Compiling num-integer v0.1.46
[INFO] [stderr]    Compiling anstyle-query v1.1.1
[INFO] [stderr]    Compiling serde_json v1.0.128
[INFO] [stderr]    Compiling ucd-trie v0.1.7
[INFO] [stderr]    Compiling mac v0.1.1
[INFO] [stderr]    Compiling cpufeatures v0.2.14
[INFO] [stderr]    Compiling is_terminal_polyfill v1.70.1
[INFO] [stderr]    Compiling futures-task v0.3.30
[INFO] [stderr]    Compiling colorchoice v1.0.2
[INFO] [stderr]    Compiling anstyle v1.0.8
[INFO] [stderr]    Compiling sha1 v0.10.6
[INFO] [stderr]    Compiling futf v0.1.5
[INFO] [stderr]    Compiling num-bigint v0.4.6
[INFO] [stderr]    Compiling parking_lot v0.12.3
[INFO] [stderr]    Compiling anstream v0.6.15
[INFO] [stderr]    Compiling url v2.5.2
[INFO] [stderr]    Compiling tracing-core v0.1.32
[INFO] [stderr]    Compiling arrayvec v0.7.6
[INFO] [stderr]    Compiling precomputed-hash v0.1.1
[INFO] [stderr]    Compiling hashbrown v0.14.5
[INFO] [stderr]    Compiling aligned-vec v0.5.0
[INFO] [stderr]    Compiling built v0.7.4
[INFO] [stderr]    Compiling v_frame v0.3.8
[INFO] [stderr]    Compiling num-rational v0.4.2
[INFO] [stderr]    Compiling nom v7.1.3
[INFO] [stderr]    Compiling indexmap v2.5.0
[INFO] [stderr]    Compiling rav1e v0.7.1
[INFO] [stderr]    Compiling terminal_size v0.3.0
[INFO] [stderr]    Compiling tracing v0.1.40
[INFO] [stderr]    Compiling regex v1.11.0
[INFO] [stderr]    Compiling bstr v1.10.0
[INFO] [stderr]    Compiling miniz_oxide v0.8.0
[INFO] [stderr]    Compiling phf v0.11.2
[INFO] [stderr]    Compiling tendril v0.4.3
[INFO] [stderr]    Compiling mime_guess v2.0.5
[INFO] [stderr]    Compiling inotify-sys v0.1.5
[INFO] [stderr]    Compiling http v1.1.0
[INFO] [stderr]    Compiling httpdate v1.0.3
[INFO] [stderr]    Compiling strsim v0.11.1
[INFO] [stderr]    Compiling zerocopy-derive v0.7.35
[INFO] [stderr]    Compiling thiserror-impl v1.0.64
[INFO] [stderr]    Compiling serde_derive v1.0.210
[INFO] [stderr]    Compiling tokio-macros v2.4.0
[INFO] [stderr]    Compiling futures-macro v0.3.30
[INFO] [stderr]    Compiling zerocopy v0.7.35
[INFO] [stderr]    Compiling tokio v1.40.0
[INFO] [stderr]    Compiling futures-util v0.3.30
[INFO] [stderr]    Compiling pest v2.7.13
[INFO] [stderr]    Compiling ppv-lite86 v0.2.20
[INFO] [stderr]    Compiling html5ever v0.27.0
[INFO] [stderr]    Compiling profiling-procmacros v1.0.15
[INFO] [stderr]    Compiling bytemuck v1.18.0
[INFO] [stderr]    Compiling rand_chacha v0.3.1
[INFO] [stderr]    Compiling clap_builder v4.5.18
[INFO] [stderr]    Compiling rand v0.8.5
[INFO] [stderr]    Compiling phf_generator v0.10.0
[INFO] [stderr]    Compiling phf_generator v0.11.2
[INFO] [stderr]    Compiling string_cache_codegen v0.5.2
[INFO] [stderr]    Compiling pest_meta v2.7.13
[INFO] [stderr]    Compiling phf_codegen v0.11.2
[INFO] [stderr]    Compiling profiling v1.0.15
[INFO] [stderr]    Compiling tungstenite v0.21.0
[INFO] [stderr]    Compiling av1-grain v0.2.3
[INFO] [stderr]    Compiling markup5ever v0.12.1
[INFO] [stderr]    Compiling pest_generator v2.7.13
[INFO] [stderr]    Compiling pin-project-internal v1.1.5
[INFO] [stderr]    Compiling arg_enum_proc_macro v0.3.4
[INFO] [stderr]    Compiling num-derive v0.4.2
[INFO] [stderr]    Compiling flate2 v1.0.34
[INFO] [stderr]    Compiling inotify v0.9.6
[INFO] [stderr]    Compiling tokio-util v0.7.12
[INFO] [stderr]    Compiling itertools v0.12.1
[INFO] [stderr]    Compiling http-body v0.4.6
[INFO] [stderr]    Compiling headers-core v0.2.0
[INFO] [stderr]    Compiling futures-channel v0.3.30
[INFO] [stderr]    Compiling h2 v0.3.26
[INFO] [stderr]    Compiling simd_helpers v0.1.0
[INFO] [stderr]    Compiling mio v0.8.11
[INFO] [stderr]    Compiling filetime v0.2.25
[INFO] [stderr]    Compiling spin v0.9.8
[INFO] [stderr]    Compiling crossbeam-channel v0.5.13
[INFO] [stderr]    Compiling maybe-rayon v0.1.1
[INFO] [stderr]    Compiling bitstream-io v2.5.3
[INFO] [stderr]    Compiling weezl v0.1.8
[INFO] [stderr]    Compiling imgref v1.10.1
[INFO] [stderr]    Compiling quick-error v2.0.1
[INFO] [stderr]    Compiling pulldown-cmark v0.10.3
[INFO] [stderr]    Compiling noop_proc_macro v0.3.0
[INFO] [stderr]    Compiling string_cache v0.8.7
[INFO] [stderr]    Compiling base64 v0.21.7
[INFO] [stderr]    Compiling serde_urlencoded v0.7.1
[INFO] [stderr]    Compiling loop9 v0.1.5
[INFO] [stderr]    Compiling miniz_oxide v0.7.4
[INFO] [stderr]    Compiling notify v6.1.1
[INFO] [stderr]    Compiling headers v0.3.9
[INFO] [stderr]    Compiling flume v0.11.0
[INFO] [stderr]    Compiling pin-project v1.1.5
[INFO] [stderr]    Compiling tokio-tungstenite v0.21.0
[INFO] [stderr]    Compiling pest_derive v2.7.13
[INFO] [stderr]    Compiling clap v4.5.18
[INFO] [stderr]    Compiling rgb v0.8.50
[INFO] [stderr]    Compiling globset v0.4.15
[INFO] [stderr]    Compiling env_filter v0.1.2
[INFO] [stderr]    Compiling avif-serialize v0.8.1
[INFO] [stderr]    Compiling zune-inflate v0.2.54
[INFO] [stderr]    Compiling fdeflate v0.3.5
[INFO] [stderr]    Compiling half v2.4.1
[INFO] [stderr]    Compiling color_quant v1.1.0
[INFO] [stderr]    Compiling lebe v0.5.2
[INFO] [stderr]    Compiling semver v1.0.23
[INFO] [stderr]    Compiling bit_field v0.10.2
[INFO] [stderr]    Compiling humantime v2.1.0
[INFO] [stderr]    Compiling byteorder-lite v0.1.0
[INFO] [stderr]    Compiling pulldown-cmark-escape v0.10.1
[INFO] [stderr]    Compiling jpeg-decoder v0.3.1
[INFO] [stderr]    Compiling zune-core v0.4.12
[INFO] [stderr]    Compiling scoped-tls v1.0.1
[INFO] [stderr]    Compiling maplit v1.0.2
[INFO] [stderr]    Compiling ammonia v4.0.0
[INFO] [stderr]    Compiling env_logger v0.11.5
[INFO] [stderr]    Compiling hyper v0.14.30
[INFO] [stderr]    Compiling image-webp v0.1.3
[INFO] [stderr]    Compiling zune-jpeg v0.4.13
[INFO] [stderr]    Compiling tiff v0.9.1
[INFO] [stderr]    Compiling tempfile v3.13.0
[INFO] [stderr]    Compiling exr v1.72.0
[INFO] [stderr]    Compiling gif v0.13.1
[INFO] [stderr]    Compiling png v0.17.14
[INFO] [stderr]    Compiling ravif v0.11.10
[INFO] [stderr]    Compiling chrono v0.4.38
[INFO] [stderr]    Compiling ignore v0.4.23
[INFO] [stderr]    Compiling handlebars v5.1.2
[INFO] [stderr]    Compiling clap_complete v4.5.29
[INFO] [stderr]    Compiling warp v0.3.7
[INFO] [stderr]    Compiling notify-debouncer-mini v0.4.1
[INFO] [stderr]    Compiling elasticlunr-rs v3.0.2
[INFO] [stderr]    Compiling toml v0.5.11
[INFO] [stderr]    Compiling qoi v0.4.1
[INFO] [stderr]    Compiling opener v0.7.2
[INFO] [stderr]    Compiling shlex v1.3.0
[INFO] [stderr]    Compiling topological-sort v0.2.2
[INFO] [stderr]    Compiling pathdiff v0.2.1
[INFO] [stderr]    Compiling image v0.25.2
[INFO] [stderr]    Compiling mdbook v0.4.40
[INFO] [stderr]    Compiling mdbook-tailor v0.8.2 (/opt/rustwide/workdir)
[INFO] [stderr]     Finished `dev` profile [unoptimized + debuginfo] target(s) in 1m 09s
[INFO] running `Command { std: "docker" "inspect" "f94ced5abd10231c5b0e72f2373a5191245104b7aec254acf8559affa736eb63", kill_on_drop: false }`
[INFO] running `Command { std: "docker" "rm" "-f" "f94ced5abd10231c5b0e72f2373a5191245104b7aec254acf8559affa736eb63", kill_on_drop: false }`
[INFO] [stdout] f94ced5abd10231c5b0e72f2373a5191245104b7aec254acf8559affa736eb63
[INFO] running `Command { std: "docker" "create" "-v" "/var/lib/crater-agent-workspace/builds/worker-5-tc1/target:/opt/rustwide/target:rw,Z" "-v" "/var/lib/crater-agent-workspace/builds/worker-5-tc1/source:/opt/rustwide/workdir:ro,Z" "-v" "/var/lib/crater-agent-workspace/cargo-home:/opt/rustwide/cargo-home:ro,Z" "-v" "/var/lib/crater-agent-workspace/rustup-home:/opt/rustwide/rustup-home:ro,Z" "-e" "SOURCE_DIR=/opt/rustwide/workdir" "-e" "CARGO_TARGET_DIR=/opt/rustwide/target" "-e" "CARGO_INCREMENTAL=0" "-e" "RUST_BACKTRACE=full" "-e" "RUSTFLAGS=--cap-lints=forbid" "-e" "RUSTDOCFLAGS=--cap-lints=forbid" "-e" "CARGO_HOME=/opt/rustwide/cargo-home" "-e" "RUSTUP_HOME=/opt/rustwide/rustup-home" "-w" "/opt/rustwide/workdir" "-m" "1610612736" "--user" "0:0" "--network" "none" "ghcr.io/rust-lang/crates-build-env/linux@sha256:4a844ea9eb2546a2d2c7022eacef16ef2e8229c7fbb2c7d4d55a9ceca922f72d" "/opt/rustwide/cargo-home/bin/cargo" "+nightly-2024-10-28" "test" "--frozen" "--no-run" "--message-format=json", kill_on_drop: false }`
[INFO] [stdout] 29ce50676e6372c480b68430b426c67ba8090f6aaf30d1e9b7692ea3f35a9b66
[INFO] running `Command { std: "docker" "start" "-a" "29ce50676e6372c480b68430b426c67ba8090f6aaf30d1e9b7692ea3f35a9b66", kill_on_drop: false }`
[INFO] [stderr]    Compiling yansi v1.0.1
[INFO] [stderr]    Compiling diff v0.1.13
[INFO] [stderr]    Compiling pretty_assertions v1.4.1
[INFO] [stderr]    Compiling mdbook-tailor v0.8.2 (/opt/rustwide/workdir)
[INFO] [stderr]     Finished `test` profile [unoptimized + debuginfo] target(s) in 3.06s
[INFO] running `Command { std: "docker" "inspect" "29ce50676e6372c480b68430b426c67ba8090f6aaf30d1e9b7692ea3f35a9b66", kill_on_drop: false }`
[INFO] running `Command { std: "docker" "rm" "-f" "29ce50676e6372c480b68430b426c67ba8090f6aaf30d1e9b7692ea3f35a9b66", kill_on_drop: false }`
[INFO] [stdout] 29ce50676e6372c480b68430b426c67ba8090f6aaf30d1e9b7692ea3f35a9b66
[INFO] running `Command { std: "docker" "create" "-v" "/var/lib/crater-agent-workspace/builds/worker-5-tc1/target:/opt/rustwide/target:rw,Z" "-v" "/var/lib/crater-agent-workspace/builds/worker-5-tc1/source:/opt/rustwide/workdir:ro,Z" "-v" "/var/lib/crater-agent-workspace/cargo-home:/opt/rustwide/cargo-home:ro,Z" "-v" "/var/lib/crater-agent-workspace/rustup-home:/opt/rustwide/rustup-home:ro,Z" "-e" "SOURCE_DIR=/opt/rustwide/workdir" "-e" "CARGO_TARGET_DIR=/opt/rustwide/target" "-e" "CARGO_INCREMENTAL=0" "-e" "RUST_BACKTRACE=full" "-e" "RUSTFLAGS=--cap-lints=forbid" "-e" "RUSTDOCFLAGS=--cap-lints=forbid" "-e" "CARGO_HOME=/opt/rustwide/cargo-home" "-e" "RUSTUP_HOME=/opt/rustwide/rustup-home" "-w" "/opt/rustwide/workdir" "-m" "1610612736" "--user" "0:0" "--network" "none" "ghcr.io/rust-lang/crates-build-env/linux@sha256:4a844ea9eb2546a2d2c7022eacef16ef2e8229c7fbb2c7d4d55a9ceca922f72d" "/opt/rustwide/cargo-home/bin/cargo" "+nightly-2024-10-28" "test" "--frozen", kill_on_drop: false }`
[INFO] [stdout] 3040fbcf0e3e072504cf7c384a7feda871fdcbf4674ebf39c445906c40bbdf16
[INFO] running `Command { std: "docker" "start" "-a" "3040fbcf0e3e072504cf7c384a7feda871fdcbf4674ebf39c445906c40bbdf16", kill_on_drop: false }`
[INFO] [stderr]     Finished `test` profile [unoptimized + debuginfo] target(s) in 0.42s
[INFO] [stderr]      Running unittests src/lib.rs (/opt/rustwide/target/debug/deps/mdbook_tailor-a8a9e07c3dc186fe)
[INFO] [stdout] 
[INFO] [stdout] running 1 test
[INFO] [stdout] test tests::test_measure ... FAILED
[INFO] [stdout] 
[INFO] [stdout] failures:
[INFO] [stdout] 
[INFO] [stdout] ---- tests::test_measure stdout ----
[INFO] [stdout] [36m[INFO][0m Depending on the test case, [WARNING] may be displayed.
[INFO] [stdout] [33m[Warning][0m Tailor could not find: [35mtest/test11.png[0m From [36mtest.md[0m
[INFO] [stdout] [33m[Warning][0m Tailor could not find: [35mtest/test11.png[0m From [36mtest.md[0m
[INFO] [stdout] thread 'tests::test_measure' panicked at src/lib.rs:109:51:
[INFO] [stdout] [31mERROR[0m: Read-only file system (os error 30)
[INFO] [stdout] stack backtrace:
[INFO] [stdout]    0:     0x5d61b697c6ba - std::backtrace_rs::backtrace::libunwind::trace::h207520d6e9873551
[INFO] [stdout]                                at /rustc/df4ca44d3fbc9301ee17f30f4d474e6ae4b05252/library/std/src/../../backtrace/src/backtrace/libunwind.rs:116:5
[INFO] [stdout]    1:     0x5d61b697c6ba - std::backtrace_rs::backtrace::trace_unsynchronized::h2ed7433f370e3eca
[INFO] [stdout]                                at /rustc/df4ca44d3fbc9301ee17f30f4d474e6ae4b05252/library/std/src/../../backtrace/src/backtrace/mod.rs:66:5
[INFO] [stdout]    2:     0x5d61b697c6ba - std::sys::backtrace::_print_fmt::h916fac51166b18d7
[INFO] [stdout]                                at /rustc/df4ca44d3fbc9301ee17f30f4d474e6ae4b05252/library/std/src/sys/backtrace.rs:66:9
[INFO] [stdout]    3:     0x5d61b697c6ba - <std::sys::backtrace::BacktraceLock::print::DisplayBacktrace as core::fmt::Display>::fmt::ha0a4c9b8ce3802e6
[INFO] [stdout]                                at /rustc/df4ca44d3fbc9301ee17f30f4d474e6ae4b05252/library/std/src/sys/backtrace.rs:39:26
[INFO] [stdout]    4:     0x5d61b69a5883 - core::fmt::rt::Argument::fmt::h4cfc8587d52b3eb5
[INFO] [stdout]                                at /rustc/df4ca44d3fbc9301ee17f30f4d474e6ae4b05252/library/core/src/fmt/rt.rs:177:76
[INFO] [stdout]    5:     0x5d61b69a5883 - core::fmt::write::h522cc39e5b36ae9f
[INFO] [stdout]                                at /rustc/df4ca44d3fbc9301ee17f30f4d474e6ae4b05252/library/core/src/fmt/mod.rs:1190:21
[INFO] [stdout]    6:     0x5d61b6978f83 - std::io::Write::write_fmt::h7d3c26752da97734
[INFO] [stdout]                                at /rustc/df4ca44d3fbc9301ee17f30f4d474e6ae4b05252/library/std/src/io/mod.rs:1839:15
[INFO] [stdout]    7:     0x5d61b697c502 - std::sys::backtrace::BacktraceLock::print::h4b9e00b29e9c0942
[INFO] [stdout]                                at /rustc/df4ca44d3fbc9301ee17f30f4d474e6ae4b05252/library/std/src/sys/backtrace.rs:42:9
[INFO] [stdout]    8:     0x5d61b697db4a - std::panicking::default_hook::{{closure}}::hb59b88280d0324d9
[INFO] [stdout]                                at /rustc/df4ca44d3fbc9301ee17f30f4d474e6ae4b05252/library/std/src/panicking.rs:268:22
[INFO] [stdout]    9:     0x5d61b697d954 - std::panicking::default_hook::he1dd496665be4a29
[INFO] [stdout]                                at /rustc/df4ca44d3fbc9301ee17f30f4d474e6ae4b05252/library/std/src/panicking.rs:292:9
[INFO] [stdout]   10:     0x5d61b63f4cc9 - <alloc::boxed::Box<F,A> as core::ops::function::Fn<Args>>::call::h4ff71de18744e1dc
[INFO] [stdout]                                at /rustc/df4ca44d3fbc9301ee17f30f4d474e6ae4b05252/library/alloc/src/boxed.rs:2468:9
[INFO] [stdout]   11:     0x5d61b63f4cc9 - test::test_main::{{closure}}::hcf7c055ce117aa81
[INFO] [stdout]                                at /rustc/df4ca44d3fbc9301ee17f30f4d474e6ae4b05252/library/test/src/lib.rs:133:21
[INFO] [stdout]   12:     0x5d61b697e248 - <alloc::boxed::Box<F,A> as core::ops::function::Fn<Args>>::call::h1d66c6bbd60c9692
[INFO] [stdout]                                at /rustc/df4ca44d3fbc9301ee17f30f4d474e6ae4b05252/library/alloc/src/boxed.rs:2468:9
[INFO] [stdout]   13:     0x5d61b697e248 - std::panicking::rust_panic_with_hook::h2ff17fe8f26dfcf8
[INFO] [stdout]                                at /rustc/df4ca44d3fbc9301ee17f30f4d474e6ae4b05252/library/std/src/panicking.rs:809:13
[INFO] [stdout]   14:     0x5d61b697e00a - std::panicking::begin_panic_handler::{{closure}}::h4fad77951c07e101
[INFO] [stdout]                                at /rustc/df4ca44d3fbc9301ee17f30f4d474e6ae4b05252/library/std/src/panicking.rs:674:13
[INFO] [stdout]   15:     0x5d61b697cb99 - std::sys::backtrace::__rust_end_short_backtrace::hb1a25b3da5d0ea08
[INFO] [stdout]                                at /rustc/df4ca44d3fbc9301ee17f30f4d474e6ae4b05252/library/std/src/sys/backtrace.rs:170:18
[INFO] [stdout]   16:     0x5d61b697dc9c - rust_begin_unwind
[INFO] [stdout]                                at /rustc/df4ca44d3fbc9301ee17f30f4d474e6ae4b05252/library/std/src/panicking.rs:665:5
[INFO] [stdout]   17:     0x5d61b69a3220 - core::panicking::panic_fmt::ha9db07b529f9b256
[INFO] [stdout]                                at /rustc/df4ca44d3fbc9301ee17f30f4d474e6ae4b05252/library/core/src/panicking.rs:75:14
[INFO] [stdout]   18:     0x5d61b633407c - mdbook_tailor::tests::test_measure::{{closure}}::h27153b487dc0b447
[INFO] [stdout]                                at /opt/rustwide/workdir/src/lib.rs:109:51
[INFO] [stdout]   19:     0x5d61b633a320 - core::result::Result<T,E>::unwrap_or_else::h233be4c276945db0
[INFO] [stdout]                                at /rustc/df4ca44d3fbc9301ee17f30f4d474e6ae4b05252/library/core/src/result.rs:1457:23
[INFO] [stdout]   20:     0x5d61b6333b4f - mdbook_tailor::tests::test_measure::h8e063582a7652376
[INFO] [stdout]                                at /opt/rustwide/workdir/src/lib.rs:108:25
[INFO] [stdout]   21:     0x5d61b6333477 - mdbook_tailor::tests::test_measure::{{closure}}::h9baf6db6b945707e
[INFO] [stdout]                                at /opt/rustwide/workdir/src/lib.rs:90:22
[INFO] [stdout]   22:     0x5d61b6393226 - core::ops::function::FnOnce::call_once::h85d26564039c514d
[INFO] [stdout]                                at /rustc/df4ca44d3fbc9301ee17f30f4d474e6ae4b05252/library/core/src/ops/function.rs:250:5
[INFO] [stdout]   23:     0x5d61b63f959b - core::ops::function::FnOnce::call_once::h22c3ba5715e93f05
[INFO] [stdout]                                at /rustc/df4ca44d3fbc9301ee17f30f4d474e6ae4b05252/library/core/src/ops/function.rs:250:5
[INFO] [stdout]   24:     0x5d61b63f959b - test::__rust_begin_short_backtrace::h8e82d8113d0da17f
[INFO] [stdout]                                at /rustc/df4ca44d3fbc9301ee17f30f4d474e6ae4b05252/library/test/src/lib.rs:621:18
[INFO] [stdout]   25:     0x5d61b63f8f17 - test::run_test_in_process::{{closure}}::h33235f4f20b7b7c7
[INFO] [stdout]                                at /rustc/df4ca44d3fbc9301ee17f30f4d474e6ae4b05252/library/test/src/lib.rs:644:60
[INFO] [stdout]   26:     0x5d61b63f8f17 - <core::panic::unwind_safe::AssertUnwindSafe<F> as core::ops::function::FnOnce<()>>::call_once::hb5043206310c586f
[INFO] [stdout]                                at /rustc/df4ca44d3fbc9301ee17f30f4d474e6ae4b05252/library/core/src/panic/unwind_safe.rs:272:9
[INFO] [stdout]   27:     0x5d61b63f8f17 - std::panicking::try::do_call::h9ad4731a60ab23e2
[INFO] [stdout]                                at /rustc/df4ca44d3fbc9301ee17f30f4d474e6ae4b05252/library/std/src/panicking.rs:557:40
[INFO] [stdout]   28:     0x5d61b63f8f17 - std::panicking::try::h3824d23db772a716
[INFO] [stdout]                                at /rustc/df4ca44d3fbc9301ee17f30f4d474e6ae4b05252/library/std/src/panicking.rs:520:19
[INFO] [stdout]   29:     0x5d61b63f8f17 - std::panic::catch_unwind::h5afd514605fde46b
[INFO] [stdout]                                at /rustc/df4ca44d3fbc9301ee17f30f4d474e6ae4b05252/library/std/src/panic.rs:358:14
[INFO] [stdout]   30:     0x5d61b63f8f17 - test::run_test_in_process::h0d5cbfa7067d1720
[INFO] [stdout]                                at /rustc/df4ca44d3fbc9301ee17f30f4d474e6ae4b05252/library/test/src/lib.rs:644:27
[INFO] [stdout]   31:     0x5d61b63f8f17 - test::run_test::{{closure}}::h708eb8872708115d
[INFO] [stdout]                                at /rustc/df4ca44d3fbc9301ee17f30f4d474e6ae4b05252/library/test/src/lib.rs:565:43
[INFO] [stdout]   32:     0x5d61b63bc634 - test::run_test::{{closure}}::h392c51cee94713ab
[INFO] [stdout]                                at /rustc/df4ca44d3fbc9301ee17f30f4d474e6ae4b05252/library/test/src/lib.rs:595:41
[INFO] [stdout]   33:     0x5d61b63bc634 - std::sys::backtrace::__rust_begin_short_backtrace::h2f40290710935a8b
[INFO] [stdout]                                at /rustc/df4ca44d3fbc9301ee17f30f4d474e6ae4b05252/library/std/src/sys/backtrace.rs:154:18
[INFO] [stdout]   34:     0x5d61b63bfdde - std::thread::Builder::spawn_unchecked_::{{closure}}::{{closure}}::h3fd968d89053a903
[INFO] [stdout]                                at /rustc/df4ca44d3fbc9301ee17f30f4d474e6ae4b05252/library/std/src/thread/mod.rs:541:17
[INFO] [stdout]   35:     0x5d61b63bfdde - <core::panic::unwind_safe::AssertUnwindSafe<F> as core::ops::function::FnOnce<()>>::call_once::h743f637ba4229880
[INFO] [stdout]                                at /rustc/df4ca44d3fbc9301ee17f30f4d474e6ae4b05252/library/core/src/panic/unwind_safe.rs:272:9
[INFO] [stdout]   36:     0x5d61b63bfdde - std::panicking::try::do_call::h07440897322525a6
[INFO] [stdout]                                at /rustc/df4ca44d3fbc9301ee17f30f4d474e6ae4b05252/library/std/src/panicking.rs:557:40
[INFO] [stdout]   37:     0x5d61b63bfdde - std::panicking::try::he5a2e00188156637
[INFO] [stdout]                                at /rustc/df4ca44d3fbc9301ee17f30f4d474e6ae4b05252/library/std/src/panicking.rs:520:19
[INFO] [stdout]   38:     0x5d61b63bfdde - std::panic::catch_unwind::hbaf3cae49b3c6433
[INFO] [stdout]                                at /rustc/df4ca44d3fbc9301ee17f30f4d474e6ae4b05252/library/std/src/panic.rs:358:14
[INFO] [stdout]   39:     0x5d61b63bfdde - std::thread::Builder::spawn_unchecked_::{{closure}}::h8e141ea224820bce
[INFO] [stdout]                                at /rustc/df4ca44d3fbc9301ee17f30f4d474e6ae4b05252/library/std/src/thread/mod.rs:540:30
[INFO] [stdout]   40:     0x5d61b63bfdde - core::ops::function::FnOnce::call_once{{vtable.shim}}::h90d312fedd7b8ea8
[INFO] [stdout]                                at /rustc/df4ca44d3fbc9301ee17f30f4d474e6ae4b05252/library/core/src/ops/function.rs:250:5
[INFO] [stdout]   41:     0x5d61b698204b - <alloc::boxed::Box<F,A> as core::ops::function::FnOnce<Args>>::call_once::h69aa08ddb6adb8b6
[INFO] [stdout]                                at /rustc/df4ca44d3fbc9301ee17f30f4d474e6ae4b05252/library/alloc/src/boxed.rs:2454:9
[INFO] [stdout]   42:     0x5d61b698204b - <alloc::boxed::Box<F,A> as core::ops::function::FnOnce<Args>>::call_once::h5aa36efdb79c806f
[INFO] [stdout]                                at /rustc/df4ca44d3fbc9301ee17f30f4d474e6ae4b05252/library/alloc/src/boxed.rs:2454:9
[INFO] [stdout]   43:     0x5d61b698204b - std::sys::pal::unix::thread::Thread::new::thread_start::h6cd80a1b4be5158d
[INFO] [stdout]                                at /rustc/df4ca44d3fbc9301ee17f30f4d474e6ae4b05252/library/std/src/sys/pal/unix/thread.rs:105:17
[INFO] [stdout]   44:     0x7ac041503ac3 - <unknown>
[INFO] [stdout]   45:     0x7ac041594a04 - clone
[INFO] [stdout]   46:                0x0 - <unknown>
[INFO] [stdout] 
[INFO] [stdout] 
[INFO] [stdout] failures:
[INFO] [stdout]     tests::test_measure
[INFO] [stdout] 
[INFO] [stdout] test result: FAILED. 0 passed; 1 failed; 0 ignored; 0 measured; 0 filtered out; finished in 0.27s
[INFO] [stdout] 
[INFO] [stderr] error: test failed, to rerun pass `--lib`
[INFO] running `Command { std: "docker" "inspect" "3040fbcf0e3e072504cf7c384a7feda871fdcbf4674ebf39c445906c40bbdf16", kill_on_drop: false }`
[INFO] running `Command { std: "docker" "rm" "-f" "3040fbcf0e3e072504cf7c384a7feda871fdcbf4674ebf39c445906c40bbdf16", kill_on_drop: false }`
[INFO] [stdout] 3040fbcf0e3e072504cf7c384a7feda871fdcbf4674ebf39c445906c40bbdf16
