[INFO] fetching crate mdbook-linkcheck2 0.8.1...
[INFO] testing mdbook-linkcheck2-0.8.1 against nightly-2024-10-28+rustflags=-Zrandomize-layout for randomize-layout
[INFO] extracting crate mdbook-linkcheck2 0.8.1 into /workspace/builds/worker-4-tc2/source
[INFO] validating manifest of crates.io crate mdbook-linkcheck2 0.8.1 on toolchain nightly-2024-10-28
[INFO] running `Command { std: CARGO_HOME="/workspace/cargo-home" RUSTUP_HOME="/workspace/rustup-home" "/workspace/cargo-home/bin/cargo" "+nightly-2024-10-28" "metadata" "--manifest-path" "Cargo.toml" "--no-deps", kill_on_drop: false }`
[INFO] removed /workspace/builds/worker-4-tc2/source/.cargo/config.toml
[INFO] started tweaking crates.io crate mdbook-linkcheck2 0.8.1
[INFO] removed 0 missing tests
[INFO] finished tweaking crates.io crate mdbook-linkcheck2 0.8.1
[INFO] tweaked toml for crates.io crate mdbook-linkcheck2 0.8.1 written to /workspace/builds/worker-4-tc2/source/Cargo.toml
[INFO] crate crates.io crate mdbook-linkcheck2 0.8.1 already has a lockfile, it will not be regenerated
[INFO] running `Command { std: CARGO_HOME="/workspace/cargo-home" RUSTUP_HOME="/workspace/rustup-home" "/workspace/cargo-home/bin/cargo" "+nightly-2024-10-28" "fetch" "--manifest-path" "Cargo.toml", kill_on_drop: false }`
[INFO] running `Command { std: "docker" "create" "-v" "/var/lib/crater-agent-workspace/builds/worker-4-tc2/target:/opt/rustwide/target:rw,Z" "-v" "/var/lib/crater-agent-workspace/builds/worker-4-tc2/source:/opt/rustwide/workdir:ro,Z" "-v" "/var/lib/crater-agent-workspace/cargo-home:/opt/rustwide/cargo-home:ro,Z" "-v" "/var/lib/crater-agent-workspace/rustup-home:/opt/rustwide/rustup-home:ro,Z" "-e" "SOURCE_DIR=/opt/rustwide/workdir" "-e" "CARGO_TARGET_DIR=/opt/rustwide/target" "-e" "CARGO_HOME=/opt/rustwide/cargo-home" "-e" "RUSTUP_HOME=/opt/rustwide/rustup-home" "-w" "/opt/rustwide/workdir" "-m" "1610612736" "--user" "0:0" "--network" "none" "ghcr.io/rust-lang/crates-build-env/linux@sha256:4a844ea9eb2546a2d2c7022eacef16ef2e8229c7fbb2c7d4d55a9ceca922f72d" "/opt/rustwide/cargo-home/bin/cargo" "+nightly-2024-10-28" "metadata" "--no-deps" "--format-version=1", kill_on_drop: false }`
[INFO] [stdout] ef0c6344d8b30aed3f2e1aa770e27155f62b4a18a0fb535db3d15ac0c7af1d8f
[INFO] running `Command { std: "docker" "start" "-a" "ef0c6344d8b30aed3f2e1aa770e27155f62b4a18a0fb535db3d15ac0c7af1d8f", kill_on_drop: false }`
[INFO] running `Command { std: "docker" "inspect" "ef0c6344d8b30aed3f2e1aa770e27155f62b4a18a0fb535db3d15ac0c7af1d8f", kill_on_drop: false }`
[INFO] running `Command { std: "docker" "rm" "-f" "ef0c6344d8b30aed3f2e1aa770e27155f62b4a18a0fb535db3d15ac0c7af1d8f", kill_on_drop: false }`
[INFO] [stdout] ef0c6344d8b30aed3f2e1aa770e27155f62b4a18a0fb535db3d15ac0c7af1d8f
[INFO] running `Command { std: "docker" "create" "-v" "/var/lib/crater-agent-workspace/builds/worker-4-tc2/target:/opt/rustwide/target:rw,Z" "-v" "/var/lib/crater-agent-workspace/builds/worker-4-tc2/source:/opt/rustwide/workdir:ro,Z" "-v" "/var/lib/crater-agent-workspace/cargo-home:/opt/rustwide/cargo-home:ro,Z" "-v" "/var/lib/crater-agent-workspace/rustup-home:/opt/rustwide/rustup-home:ro,Z" "-e" "SOURCE_DIR=/opt/rustwide/workdir" "-e" "CARGO_TARGET_DIR=/opt/rustwide/target" "-e" "CARGO_INCREMENTAL=0" "-e" "RUST_BACKTRACE=full" "-e" "RUSTFLAGS=--cap-lints=forbid -Zrandomize-layout" "-e" "RUSTDOCFLAGS=--cap-lints=forbid" "-e" "CARGO_HOME=/opt/rustwide/cargo-home" "-e" "RUSTUP_HOME=/opt/rustwide/rustup-home" "-w" "/opt/rustwide/workdir" "-m" "1610612736" "--user" "0:0" "--network" "none" "ghcr.io/rust-lang/crates-build-env/linux@sha256:4a844ea9eb2546a2d2c7022eacef16ef2e8229c7fbb2c7d4d55a9ceca922f72d" "/opt/rustwide/cargo-home/bin/cargo" "+nightly-2024-10-28" "build" "--frozen" "--message-format=json", kill_on_drop: false }`
[INFO] [stdout] 105e69c5bd400a9fb0cda983a1268836c36f413a83630fcff6ac64d05dae8858
[INFO] running `Command { std: "docker" "start" "-a" "105e69c5bd400a9fb0cda983a1268836c36f413a83630fcff6ac64d05dae8858", kill_on_drop: false }`
[INFO] [stderr]    Compiling proc-macro2 v1.0.88
[INFO] [stderr]    Compiling libc v0.2.161
[INFO] [stderr]    Compiling bitflags v2.6.0
[INFO] [stderr]    Compiling pin-project-lite v0.2.14
[INFO] [stderr]    Compiling serde v1.0.210
[INFO] [stderr]    Compiling cc v1.1.31
[INFO] [stderr]    Compiling vcpkg v0.2.15
[INFO] [stderr]    Compiling futures-channel v0.3.31
[INFO] [stderr]    Compiling thiserror v1.0.64
[INFO] [stderr]    Compiling http v1.1.0
[INFO] [stderr]    Compiling unicode-width v0.1.14
[INFO] [stderr]    Compiling rustix v0.38.34
[INFO] [stderr]    Compiling openssl v0.10.64
[INFO] [stderr]    Compiling foreign-types-shared v0.1.1
[INFO] [stderr]    Compiling utf8parse v0.2.2
[INFO] [stderr]    Compiling linux-raw-sys v0.4.13
[INFO] [stderr]    Compiling httparse v1.8.0
[INFO] [stderr]    Compiling anstyle-parse v0.2.5
[INFO] [stderr]    Compiling quote v1.0.37
[INFO] [stderr]    Compiling foreign-types v0.3.2
[INFO] [stderr]    Compiling regex-automata v0.4.8
[INFO] [stderr]    Compiling tracing v0.1.40
[INFO] [stderr]    Compiling syn v2.0.82
[INFO] [stderr]    Compiling native-tls v0.2.11
[INFO] [stderr]    Compiling http-body v1.0.1
[INFO] [stderr]    Compiling mio v1.0.2
[INFO] [stderr]    Compiling socket2 v0.5.7
[INFO] [stderr]    Compiling atomic-waker v1.1.2
[INFO] [stderr]    Compiling anstyle v1.0.8
[INFO] [stderr]    Compiling is_terminal_polyfill v1.70.1
[INFO] [stderr]    Compiling tokio v1.40.0
[INFO] [stderr]    Compiling openssl-sys v0.9.102
[INFO] [stderr]    Compiling colorchoice v1.0.2
[INFO] [stderr]    Compiling anstyle-query v1.1.1
[INFO] [stderr]    Compiling ucd-trie v0.1.6
[INFO] [stderr]    Compiling anstream v0.6.15
[INFO] [stderr]    Compiling proc-macro-error-attr v1.0.4
[INFO] [stderr]    Compiling openssl-probe v0.1.5
[INFO] [stderr]    Compiling syn v1.0.109
[INFO] [stderr]    Compiling smallvec v1.13.2
[INFO] [stderr]    Compiling unicode-normalization v0.1.24
[INFO] [stderr]    Compiling proc-macro-error v1.0.4
[INFO] [stderr]    Compiling num-traits v0.2.19
[INFO] [stderr]    Compiling strsim v0.11.1
[INFO] [stderr]    Compiling unicase v2.8.0
[INFO] [stderr]    Compiling tower-service v0.3.2
[INFO] [stderr]    Compiling clap_lex v0.7.0
[INFO] [stderr]    Compiling idna v0.5.0
[INFO] [stderr]    Compiling pulldown-cmark v0.10.3
[INFO] [stderr]    Compiling regex v1.11.0
[INFO] [stderr]    Compiling pulldown-cmark v0.12.2
[INFO] [stderr]    Compiling anyhow v1.0.90
[INFO] [stderr]    Compiling terminal_size v0.3.0
[INFO] [stderr]    Compiling unicode-segmentation v1.11.0
[INFO] [stderr]    Compiling clap_builder v4.5.2
[INFO] [stderr]    Compiling rustls-pki-types v1.10.0
[INFO] [stderr]    Compiling heck v0.3.3
[INFO] [stderr]    Compiling rustls-pemfile v2.2.0
[INFO] [stderr]    Compiling env_filter v0.1.2
[INFO] [stderr]    Compiling bstr v1.9.1
[INFO] [stderr]    Compiling atty v0.2.14
[INFO] [stderr]    Compiling getopts v0.2.21
[INFO] [stderr]    Compiling serde_derive v1.0.210
[INFO] [stderr]    Compiling futures-macro v0.3.31
[INFO] [stderr]    Compiling thiserror-impl v1.0.64
[INFO] [stderr]    Compiling openssl-macros v0.1.1
[INFO] [stderr]    Compiling tokio-util v0.7.11
[INFO] [stderr]    Compiling futures-util v0.3.31
[INFO] [stderr]    Compiling pest v2.7.10
[INFO] [stderr]    Compiling h2 v0.4.6
[INFO] [stderr]    Compiling clap v4.5.4
[INFO] [stderr]    Compiling textwrap v0.11.0
[INFO] [stderr]    Compiling encoding_rs v0.8.34
[INFO] [stderr]    Compiling sync_wrapper v1.0.1
[INFO] [stderr]    Compiling pulldown-cmark-escape v0.11.0
[INFO] [stderr]    Compiling ansi_term v0.12.1
[INFO] [stderr]    Compiling pulldown-cmark-escape v0.10.1
[INFO] [stderr]    Compiling pest_meta v2.7.10
[INFO] [stderr]    Compiling fastrand v2.1.0
[INFO] [stderr]    Compiling vec_map v0.8.2
[INFO] [stderr]    Compiling strsim v0.8.0
[INFO] [stderr]    Compiling pest_generator v2.7.10
[INFO] [stderr]    Compiling tokio-native-tls v0.3.1
[INFO] [stderr]    Compiling base64 v0.22.1
[INFO] [stderr]    Compiling http-body-util v0.1.2
[INFO] [stderr]    Compiling hyper v1.5.0
[INFO] [stderr]    Compiling futures-executor v0.3.31
[INFO] [stderr]    Compiling ipnet v2.9.0
[INFO] [stderr]    Compiling pest_derive v2.7.10
[INFO] [stderr]    Compiling semver v1.0.23
[INFO] [stderr]    Compiling env_logger v0.11.5
[INFO] [stderr]    Compiling clap v2.34.0
[INFO] [stderr]    Compiling futures v0.3.31
[INFO] [stderr]    Compiling tempfile v3.10.1
[INFO] [stderr]    Compiling chrono v0.4.38
[INFO] [stderr]    Compiling structopt-derive v0.4.18
[INFO] [stderr]    Compiling hyper-util v0.1.9
[INFO] [stderr]    Compiling clap_complete v4.5.2
[INFO] [stderr]    Compiling serde_json v1.0.132
[INFO] [stderr]    Compiling serde_urlencoded v0.7.1
[INFO] [stderr]    Compiling url v2.5.2
[INFO] [stderr]    Compiling codespan-reporting v0.11.1
[INFO] [stderr]    Compiling hyper-tls v0.6.0
[INFO] [stderr]    Compiling codespan v0.11.1
[INFO] [stderr]    Compiling reqwest v0.12.8
[INFO] [stderr]    Compiling handlebars v5.1.2
[INFO] [stderr]    Compiling toml v0.5.11
[INFO] [stderr]    Compiling opener v0.6.1
[INFO] [stderr]    Compiling linkify v0.10.0
[INFO] [stderr]    Compiling dunce v1.0.5
[INFO] [stderr]    Compiling topological-sort v0.2.2
[INFO] [stderr]    Compiling structopt v0.3.26
[INFO] [stderr]    Compiling linkcheck2 v0.5.0
[INFO] [stderr]    Compiling mdbook v0.4.37
[INFO] [stderr]    Compiling mdbook-linkcheck2 v0.8.1 (/opt/rustwide/workdir)
[INFO] [stderr]     Finished `dev` profile [unoptimized + debuginfo] target(s) in 50.60s
[INFO] running `Command { std: "docker" "inspect" "105e69c5bd400a9fb0cda983a1268836c36f413a83630fcff6ac64d05dae8858", kill_on_drop: false }`
[INFO] running `Command { std: "docker" "rm" "-f" "105e69c5bd400a9fb0cda983a1268836c36f413a83630fcff6ac64d05dae8858", kill_on_drop: false }`
[INFO] [stdout] 105e69c5bd400a9fb0cda983a1268836c36f413a83630fcff6ac64d05dae8858
[INFO] running `Command { std: "docker" "create" "-v" "/var/lib/crater-agent-workspace/builds/worker-4-tc2/target:/opt/rustwide/target:rw,Z" "-v" "/var/lib/crater-agent-workspace/builds/worker-4-tc2/source:/opt/rustwide/workdir:ro,Z" "-v" "/var/lib/crater-agent-workspace/cargo-home:/opt/rustwide/cargo-home:ro,Z" "-v" "/var/lib/crater-agent-workspace/rustup-home:/opt/rustwide/rustup-home:ro,Z" "-e" "SOURCE_DIR=/opt/rustwide/workdir" "-e" "CARGO_TARGET_DIR=/opt/rustwide/target" "-e" "CARGO_INCREMENTAL=0" "-e" "RUST_BACKTRACE=full" "-e" "RUSTFLAGS=--cap-lints=forbid -Zrandomize-layout" "-e" "RUSTDOCFLAGS=--cap-lints=forbid" "-e" "CARGO_HOME=/opt/rustwide/cargo-home" "-e" "RUSTUP_HOME=/opt/rustwide/rustup-home" "-w" "/opt/rustwide/workdir" "-m" "1610612736" "--user" "0:0" "--network" "none" "ghcr.io/rust-lang/crates-build-env/linux@sha256:4a844ea9eb2546a2d2c7022eacef16ef2e8229c7fbb2c7d4d55a9ceca922f72d" "/opt/rustwide/cargo-home/bin/cargo" "+nightly-2024-10-28" "test" "--frozen" "--no-run" "--message-format=json", kill_on_drop: false }`
[INFO] [stdout] 12118f718e82babcb3c2ada4d51f68b02f840a66665d1028badb17932e51d409
[INFO] running `Command { std: "docker" "start" "-a" "12118f718e82babcb3c2ada4d51f68b02f840a66665d1028badb17932e51d409", kill_on_drop: false }`
[INFO] [stderr]    Compiling serde_spanned v0.6.8
[INFO] [stderr]    Compiling toml_datetime v0.6.8
[INFO] [stderr]    Compiling diff v0.1.13
[INFO] [stderr]    Compiling yansi v1.0.1
[INFO] [stderr]    Compiling toml_edit v0.22.22
[INFO] [stderr]    Compiling pretty_assertions v1.4.1
[INFO] [stderr]    Compiling toml v0.8.19
[INFO] [stderr]    Compiling mdbook-linkcheck2 v0.8.1 (/opt/rustwide/workdir)
[INFO] [stderr]     Finished `test` profile [unoptimized + debuginfo] target(s) in 6.17s
[INFO] running `Command { std: "docker" "inspect" "12118f718e82babcb3c2ada4d51f68b02f840a66665d1028badb17932e51d409", kill_on_drop: false }`
[INFO] running `Command { std: "docker" "rm" "-f" "12118f718e82babcb3c2ada4d51f68b02f840a66665d1028badb17932e51d409", kill_on_drop: false }`
[INFO] [stdout] 12118f718e82babcb3c2ada4d51f68b02f840a66665d1028badb17932e51d409
[INFO] running `Command { std: "docker" "create" "-v" "/var/lib/crater-agent-workspace/builds/worker-4-tc2/target:/opt/rustwide/target:rw,Z" "-v" "/var/lib/crater-agent-workspace/builds/worker-4-tc2/source:/opt/rustwide/workdir:ro,Z" "-v" "/var/lib/crater-agent-workspace/cargo-home:/opt/rustwide/cargo-home:ro,Z" "-v" "/var/lib/crater-agent-workspace/rustup-home:/opt/rustwide/rustup-home:ro,Z" "-e" "SOURCE_DIR=/opt/rustwide/workdir" "-e" "CARGO_TARGET_DIR=/opt/rustwide/target" "-e" "CARGO_INCREMENTAL=0" "-e" "RUST_BACKTRACE=full" "-e" "RUSTFLAGS=--cap-lints=forbid -Zrandomize-layout" "-e" "RUSTDOCFLAGS=--cap-lints=forbid" "-e" "CARGO_HOME=/opt/rustwide/cargo-home" "-e" "RUSTUP_HOME=/opt/rustwide/rustup-home" "-w" "/opt/rustwide/workdir" "-m" "1610612736" "--user" "0:0" "--network" "none" "ghcr.io/rust-lang/crates-build-env/linux@sha256:4a844ea9eb2546a2d2c7022eacef16ef2e8229c7fbb2c7d4d55a9ceca922f72d" "/opt/rustwide/cargo-home/bin/cargo" "+nightly-2024-10-28" "test" "--frozen", kill_on_drop: false }`
[INFO] [stdout] b912bf01d26f2c463837800d945209a12ec701db447beffec36f8dd4fbe33b9f
[INFO] running `Command { std: "docker" "start" "-a" "b912bf01d26f2c463837800d945209a12ec701db447beffec36f8dd4fbe33b9f", kill_on_drop: false }`
[INFO] [stderr]     Finished `test` profile [unoptimized + debuginfo] target(s) in 0.22s
[INFO] [stderr]      Running unittests src/lib.rs (/opt/rustwide/target/debug/deps/mdbook_linkcheck2-6ccdb156d4bbf43f)
[INFO] [stdout] 
[INFO] [stdout] running 5 tests
[INFO] [stdout] test config::tests::deserialize_a_config ... ok
[INFO] [stdout] test tests::always_stay_compatible_with_mdbook_dependency ... ok
[INFO] [stdout] test config::tests::interpolation ... ok
[INFO] [stdout] test validate::tests::check_some_simple_relative_paths ... ok
[INFO] [stdout] test config::tests::round_trip_config ... ok
[INFO] [stdout] 
[INFO] [stdout] test result: ok. 5 passed; 0 failed; 0 ignored; 0 measured; 0 filtered out; finished in 0.01s
[INFO] [stdout] 
[INFO] [stderr]      Running unittests src/bin/mdbook-linkcheck.rs (/opt/rustwide/target/debug/deps/mdbook_linkcheck2-f5acaa47229db1a7)
[INFO] [stdout] 
[INFO] [stdout] running 0 tests
[INFO] [stdout] 
[INFO] [stdout] test result: ok. 0 passed; 0 failed; 0 ignored; 0 measured; 0 filtered out; finished in 0.00s
[INFO] [stdout] 
[INFO] [stderr]      Running tests/smoke_tests.rs (/opt/rustwide/target/debug/deps/smoke_tests-79ca520393e1dfec)
[INFO] [stdout] 
[INFO] [stdout] running 6 tests
[INFO] [stdout] test skip_web_links ... ok
[INFO] [stdout] test detect_when_a_linked_file_isnt_in_summary_md ... ok
[INFO] [stdout] test correctly_find_links_with_latex ... ok
[INFO] [stdout] test emit_valid_suggestions_on_absolute_links ... ok
[INFO] [stdout] test check_all_links_in_a_valid_book ... FAILED
[INFO] [stdout] test correctly_find_broken_links ... FAILED
[INFO] [stdout] 
[INFO] [stdout] failures:
[INFO] [stdout] 
[INFO] [stdout] ---- check_all_links_in_a_valid_book stdout ----
[INFO] [stdout] [2024-11-01T11:42:46Z DEBUG mdbook_linkcheck2::links] Scanning chapter_1.md
[INFO] [stdout] [2024-11-01T11:42:46Z DEBUG mdbook_linkcheck2::links] Scanning nested/index.md
[INFO] [stdout] [2024-11-01T11:42:46Z DEBUG mdbook_linkcheck2::links] Scanning nested/sibling.md
[INFO] [stdout] [2024-11-01T11:42:46Z DEBUG linkcheck2::validation::filesystem] Checking "./chapter_1.md" in the context of "/opt/rustwide/workdir/tests/all-green/src"
[INFO] [stdout] [2024-11-01T11:42:46Z DEBUG linkcheck2::validation::filesystem] "./chapter_1.md" resolved to "/opt/rustwide/workdir/tests/all-green/src/chapter_1.md"
[INFO] [stdout] [2024-11-01T11:42:46Z DEBUG linkcheck2::validation::filesystem] Checking "./chapter_1.html" in the context of "/opt/rustwide/workdir/tests/all-green/src"
[INFO] [stdout] [2024-11-01T11:42:46Z DEBUG linkcheck2::validation::filesystem] "./chapter_1.html" resolved to "/opt/rustwide/workdir/tests/all-green/src/chapter_1.md"
[INFO] [stdout] [2024-11-01T11:42:46Z DEBUG linkcheck2::validation::filesystem] Checking "nested/README.md" in the context of "/opt/rustwide/workdir/tests/all-green/src"
[INFO] [stdout] [2024-11-01T11:42:46Z DEBUG linkcheck2::validation::filesystem] "nested/README.md" resolved to "/opt/rustwide/workdir/tests/all-green/src/nested/README.md"
[INFO] [stdout] [2024-11-01T11:42:46Z DEBUG linkcheck2::validation::filesystem] Checking "nested/" in the context of "/opt/rustwide/workdir/tests/all-green/src"
[INFO] [stdout] [2024-11-01T11:42:46Z DEBUG linkcheck2::validation::filesystem] "nested/" resolved to "/opt/rustwide/workdir/tests/all-green/src/nested/README.md"
[INFO] [stdout] [2024-11-01T11:42:46Z DEBUG linkcheck2::validation::web] Checking "https://www.google.com/" on the web
[INFO] [stdout] [2024-11-01T11:42:46Z DEBUG linkcheck2::validation::web] Checking "https://crates.io/crates/mdbook-linkcheck" on the web
[INFO] [stdout] [2024-11-01T11:42:46Z DEBUG linkcheck2::validation] Ignoring "https://nonexistent.forbidden.com/"
[INFO] [stdout] [2024-11-01T11:42:46Z DEBUG linkcheck2::validation::filesystem] Checking "../chapter_1.md" in the context of "/opt/rustwide/workdir/tests/all-green/src/nested"
[INFO] [stdout] [2024-11-01T11:42:46Z DEBUG linkcheck2::validation::filesystem] "../chapter_1.md" resolved to "/opt/rustwide/workdir/tests/all-green/src/chapter_1.md"
[INFO] [stdout] [2024-11-01T11:42:46Z DEBUG linkcheck2::validation::filesystem] Checking "/chapter_1.md" in the context of "/opt/rustwide/workdir/tests/all-green/src/nested"
[INFO] [stdout] [2024-11-01T11:42:46Z DEBUG linkcheck2::validation::filesystem] "/chapter_1.md" resolved to "/opt/rustwide/workdir/tests/all-green/src/chapter_1.md"
[INFO] [stdout] [2024-11-01T11:42:46Z DEBUG linkcheck2::validation::filesystem] Checking "../chapter_1.md" in the context of "/opt/rustwide/workdir/tests/all-green/src/nested"
[INFO] [stdout] [2024-11-01T11:42:46Z DEBUG linkcheck2::validation::filesystem] "../chapter_1.md" resolved to "/opt/rustwide/workdir/tests/all-green/src/chapter_1.md"
[INFO] [stdout] [2024-11-01T11:42:46Z WARN  linkcheck2::validation::filesystem] Not checking that the "Subheading" section exists in "/opt/rustwide/workdir/tests/all-green/src/chapter_1.md" because fragment resolution isn't implemented
[INFO] [stdout] [2024-11-01T11:42:46Z DEBUG linkcheck2::validation::filesystem] Checking "/chapter_1.md" in the context of "/opt/rustwide/workdir/tests/all-green/src/nested"
[INFO] [stdout] [2024-11-01T11:42:46Z DEBUG linkcheck2::validation::filesystem] "/chapter_1.md" resolved to "/opt/rustwide/workdir/tests/all-green/src/chapter_1.md"
[INFO] [stdout] [2024-11-01T11:42:46Z WARN  linkcheck2::validation::filesystem] Not checking that the "Subheading" section exists in "/opt/rustwide/workdir/tests/all-green/src/chapter_1.md" because fragment resolution isn't implemented
[INFO] [stdout] [2024-11-01T11:42:46Z DEBUG linkcheck2::validation::filesystem] Checking "sibling.md" in the context of "/opt/rustwide/workdir/tests/all-green/src/nested"
[INFO] [stdout] [2024-11-01T11:42:46Z DEBUG linkcheck2::validation::filesystem] "sibling.md" resolved to "/opt/rustwide/workdir/tests/all-green/src/nested/sibling.md"
[INFO] [stdout] [2024-11-01T11:42:46Z DEBUG linkcheck2::validation::filesystem] Checking "./sibling.md" in the context of "/opt/rustwide/workdir/tests/all-green/src/nested"
[INFO] [stdout] [2024-11-01T11:42:46Z DEBUG linkcheck2::validation::filesystem] "./sibling.md" resolved to "/opt/rustwide/workdir/tests/all-green/src/nested/sibling.md"
[INFO] [stdout] thread 'check_all_links_in_a_valid_book' panicked at tests/smoke_tests.rs:49:5:
[INFO] [stdout] assertion failed: `(left == right)`
[INFO] [stdout] 
[INFO] [stdout] [1mDiff[0m [31m< left[0m / [32mright >[0m :
[INFO] [stdout]  [
[INFO] [stdout]      "../chapter_1.md",
[INFO] [stdout]      "../chapter_1.md#Subheading",
[INFO] [stdout]      "./chapter_1.html",
[INFO] [stdout]      "./chapter_1.md",
[INFO] [stdout]      "./sibling.md",
[INFO] [stdout]      "/chapter_1.md",
[INFO] [stdout]      "/chapter_1.md#Subheading",
[INFO] [stdout] [31m<    "https://crates.io/crates/mdbook-linkcheck",[0m
[INFO] [stdout] [31m<    "https://www.google.com/",[0m
[INFO] [stdout]      "nested/",
[INFO] [stdout]      "nested/README.md",
[INFO] [stdout]      "sibling.md",
[INFO] [stdout]  ]
[INFO] [stdout] 
[INFO] [stdout] 
[INFO] [stdout] stack backtrace:
[INFO] [stdout]    0:     0x6193b3e3635a - std::backtrace_rs::backtrace::libunwind::trace::h207520d6e9873551
[INFO] [stdout]                                at /rustc/df4ca44d3fbc9301ee17f30f4d474e6ae4b05252/library/std/src/../../backtrace/src/backtrace/libunwind.rs:116:5
[INFO] [stdout]    1:     0x6193b3e3635a - std::backtrace_rs::backtrace::trace_unsynchronized::h2ed7433f370e3eca
[INFO] [stdout]                                at /rustc/df4ca44d3fbc9301ee17f30f4d474e6ae4b05252/library/std/src/../../backtrace/src/backtrace/mod.rs:66:5
[INFO] [stdout]    2:     0x6193b3e3635a - std::sys::backtrace::_print_fmt::h916fac51166b18d7
[INFO] [stdout]                                at /rustc/df4ca44d3fbc9301ee17f30f4d474e6ae4b05252/library/std/src/sys/backtrace.rs:66:9
[INFO] [stdout]    3:     0x6193b3e3635a - <std::sys::backtrace::BacktraceLock::print::DisplayBacktrace as core::fmt::Display>::fmt::ha0a4c9b8ce3802e6
[INFO] [stdout]                                at /rustc/df4ca44d3fbc9301ee17f30f4d474e6ae4b05252/library/std/src/sys/backtrace.rs:39:26
[INFO] [stdout]    4:     0x6193b3e64033 - core::fmt::rt::Argument::fmt::h4cfc8587d52b3eb5
[INFO] [stdout]                                at /rustc/df4ca44d3fbc9301ee17f30f4d474e6ae4b05252/library/core/src/fmt/rt.rs:177:76
[INFO] [stdout]    5:     0x6193b3e64033 - core::fmt::write::h522cc39e5b36ae9f
[INFO] [stdout]                                at /rustc/df4ca44d3fbc9301ee17f30f4d474e6ae4b05252/library/core/src/fmt/mod.rs:1190:21
[INFO] [stdout]    6:     0x6193b3e31323 - std::io::Write::write_fmt::h7d3c26752da97734
[INFO] [stdout]                                at /rustc/df4ca44d3fbc9301ee17f30f4d474e6ae4b05252/library/std/src/io/mod.rs:1839:15
[INFO] [stdout]    7:     0x6193b3e361a2 - std::sys::backtrace::BacktraceLock::print::h4b9e00b29e9c0942
[INFO] [stdout]                                at /rustc/df4ca44d3fbc9301ee17f30f4d474e6ae4b05252/library/std/src/sys/backtrace.rs:42:9
[INFO] [stdout]    8:     0x6193b3e377ea - std::panicking::default_hook::{{closure}}::hb59b88280d0324d9
[INFO] [stdout]                                at /rustc/df4ca44d3fbc9301ee17f30f4d474e6ae4b05252/library/std/src/panicking.rs:268:22
[INFO] [stdout]    9:     0x6193b3e375f4 - std::panicking::default_hook::he1dd496665be4a29
[INFO] [stdout]                                at /rustc/df4ca44d3fbc9301ee17f30f4d474e6ae4b05252/library/std/src/panicking.rs:292:9
[INFO] [stdout]   10:     0x6193b34220a9 - <alloc::boxed::Box<F,A> as core::ops::function::Fn<Args>>::call::h4ff71de18744e1dc
[INFO] [stdout]                                at /rustc/df4ca44d3fbc9301ee17f30f4d474e6ae4b05252/library/alloc/src/boxed.rs:2468:9
[INFO] [stdout]   11:     0x6193b34220a9 - test::test_main::{{closure}}::hcf7c055ce117aa81
[INFO] [stdout]                                at /rustc/df4ca44d3fbc9301ee17f30f4d474e6ae4b05252/library/test/src/lib.rs:133:21
[INFO] [stdout]   12:     0x6193b3e37ee8 - <alloc::boxed::Box<F,A> as core::ops::function::Fn<Args>>::call::h1d66c6bbd60c9692
[INFO] [stdout]                                at /rustc/df4ca44d3fbc9301ee17f30f4d474e6ae4b05252/library/alloc/src/boxed.rs:2468:9
[INFO] [stdout]   13:     0x6193b3e37ee8 - std::panicking::rust_panic_with_hook::h2ff17fe8f26dfcf8
[INFO] [stdout]                                at /rustc/df4ca44d3fbc9301ee17f30f4d474e6ae4b05252/library/std/src/panicking.rs:809:13
[INFO] [stdout]   14:     0x6193b3e37caa - std::panicking::begin_panic_handler::{{closure}}::h4fad77951c07e101
[INFO] [stdout]                                at /rustc/df4ca44d3fbc9301ee17f30f4d474e6ae4b05252/library/std/src/panicking.rs:674:13
[INFO] [stdout]   15:     0x6193b3e36839 - std::sys::backtrace::__rust_end_short_backtrace::hb1a25b3da5d0ea08
[INFO] [stdout]                                at /rustc/df4ca44d3fbc9301ee17f30f4d474e6ae4b05252/library/std/src/sys/backtrace.rs:170:18
[INFO] [stdout]   16:     0x6193b3e3793c - rust_begin_unwind
[INFO] [stdout]                                at /rustc/df4ca44d3fbc9301ee17f30f4d474e6ae4b05252/library/std/src/panicking.rs:665:5
[INFO] [stdout]   17:     0x6193b3e61ee0 - core::panicking::panic_fmt::ha9db07b529f9b256
[INFO] [stdout]                                at /rustc/df4ca44d3fbc9301ee17f30f4d474e6ae4b05252/library/core/src/panicking.rs:75:14
[INFO] [stdout]   18:     0x6193b33a83c5 - smoke_tests::assert_same_links::ha902adf63f5480a0
[INFO] [stdout]                                at /opt/rustwide/workdir/tests/smoke_tests.rs:242:5
[INFO] [stdout]   19:     0x6193b33ab874 - smoke_tests::check_all_links_in_a_valid_book::hdd520f2c8fe131d6
[INFO] [stdout]                                at /opt/rustwide/workdir/tests/smoke_tests.rs:49:5
[INFO] [stdout]   20:     0x6193b33ab5c7 - smoke_tests::check_all_links_in_a_valid_book::{{closure}}::h3fd21e1ff66e889c
[INFO] [stdout]                                at /opt/rustwide/workdir/tests/smoke_tests.rs:25:37
[INFO] [stdout]   21:     0x6193b33afba6 - core::ops::function::FnOnce::call_once::h83f7ebe896fbe084
[INFO] [stdout]                                at /rustc/df4ca44d3fbc9301ee17f30f4d474e6ae4b05252/library/core/src/ops/function.rs:250:5
[INFO] [stdout]   22:     0x6193b342697b - core::ops::function::FnOnce::call_once::h22c3ba5715e93f05
[INFO] [stdout]                                at /rustc/df4ca44d3fbc9301ee17f30f4d474e6ae4b05252/library/core/src/ops/function.rs:250:5
[INFO] [stdout]   23:     0x6193b342697b - test::__rust_begin_short_backtrace::h8e82d8113d0da17f
[INFO] [stdout]                                at /rustc/df4ca44d3fbc9301ee17f30f4d474e6ae4b05252/library/test/src/lib.rs:621:18
[INFO] [stdout]   24:     0x6193b34262f7 - test::run_test_in_process::{{closure}}::h33235f4f20b7b7c7
[INFO] [stdout]                                at /rustc/df4ca44d3fbc9301ee17f30f4d474e6ae4b05252/library/test/src/lib.rs:644:60
[INFO] [stdout]   25:     0x6193b34262f7 - <core::panic::unwind_safe::AssertUnwindSafe<F> as core::ops::function::FnOnce<()>>::call_once::hb5043206310c586f
[INFO] [stdout]                                at /rustc/df4ca44d3fbc9301ee17f30f4d474e6ae4b05252/library/core/src/panic/unwind_safe.rs:272:9
[INFO] [stdout]   26:     0x6193b34262f7 - std::panicking::try::do_call::h9ad4731a60ab23e2
[INFO] [stdout]                                at /rustc/df4ca44d3fbc9301ee17f30f4d474e6ae4b05252/library/std/src/panicking.rs:557:40
[INFO] [stdout]   27:     0x6193b34262f7 - std::panicking::try::h3824d23db772a716
[INFO] [stdout]                                at /rustc/df4ca44d3fbc9301ee17f30f4d474e6ae4b05252/library/std/src/panicking.rs:520:19
[INFO] [stdout]   28:     0x6193b34262f7 - std::panic::catch_unwind::h5afd514605fde46b
[INFO] [stdout]                                at /rustc/df4ca44d3fbc9301ee17f30f4d474e6ae4b05252/library/std/src/panic.rs:358:14
[INFO] [stdout]   29:     0x6193b34262f7 - test::run_test_in_process::h0d5cbfa7067d1720
[INFO] [stdout]                                at /rustc/df4ca44d3fbc9301ee17f30f4d474e6ae4b05252/library/test/src/lib.rs:644:27
[INFO] [stdout]   30:     0x6193b34262f7 - test::run_test::{{closure}}::h708eb8872708115d
[INFO] [stdout]                                at /rustc/df4ca44d3fbc9301ee17f30f4d474e6ae4b05252/library/test/src/lib.rs:565:43
[INFO] [stdout]   31:     0x6193b33e9a14 - test::run_test::{{closure}}::h392c51cee94713ab
[INFO] [stdout]                                at /rustc/df4ca44d3fbc9301ee17f30f4d474e6ae4b05252/library/test/src/lib.rs:595:41
[INFO] [stdout]   32:     0x6193b33e9a14 - std::sys::backtrace::__rust_begin_short_backtrace::h2f40290710935a8b
[INFO] [stdout]                                at /rustc/df4ca44d3fbc9301ee17f30f4d474e6ae4b05252/library/std/src/sys/backtrace.rs:154:18
[INFO] [stdout]   33:     0x6193b33ed1be - std::thread::Builder::spawn_unchecked_::{{closure}}::{{closure}}::h3fd968d89053a903
[INFO] [stdout]                                at /rustc/df4ca44d3fbc9301ee17f30f4d474e6ae4b05252/library/std/src/thread/mod.rs:541:17
[INFO] [stdout]   34:     0x6193b33ed1be - <core::panic::unwind_safe::AssertUnwindSafe<F> as core::ops::function::FnOnce<()>>::call_once::h743f637ba4229880
[INFO] [stdout]                                at /rustc/df4ca44d3fbc9301ee17f30f4d474e6ae4b05252/library/core/src/panic/unwind_safe.rs:272:9
[INFO] [stdout]   35:     0x6193b33ed1be - std::panicking::try::do_call::h07440897322525a6
[INFO] [stdout]                                at /rustc/df4ca44d3fbc9301ee17f30f4d474e6ae4b05252/library/std/src/panicking.rs:557:40
[INFO] [stdout]   36:     0x6193b33ed1be - std::panicking::try::he5a2e00188156637
[INFO] [stdout]                                at /rustc/df4ca44d3fbc9301ee17f30f4d474e6ae4b05252/library/std/src/panicking.rs:520:19
[INFO] [stdout]   37:     0x6193b33ed1be - std::panic::catch_unwind::hbaf3cae49b3c6433
[INFO] [stdout]                                at /rustc/df4ca44d3fbc9301ee17f30f4d474e6ae4b05252/library/std/src/panic.rs:358:14
[INFO] [stdout]   38:     0x6193b33ed1be - std::thread::Builder::spawn_unchecked_::{{closure}}::h8e141ea224820bce
[INFO] [stdout]                                at /rustc/df4ca44d3fbc9301ee17f30f4d474e6ae4b05252/library/std/src/thread/mod.rs:540:30
[INFO] [stdout]   39:     0x6193b33ed1be - core::ops::function::FnOnce::call_once{{vtable.shim}}::h90d312fedd7b8ea8
[INFO] [stdout]                                at /rustc/df4ca44d3fbc9301ee17f30f4d474e6ae4b05252/library/core/src/ops/function.rs:250:5
[INFO] [stdout]   40:     0x6193b3e3d8ab - <alloc::boxed::Box<F,A> as core::ops::function::FnOnce<Args>>::call_once::h69aa08ddb6adb8b6
[INFO] [stdout]                                at /rustc/df4ca44d3fbc9301ee17f30f4d474e6ae4b05252/library/alloc/src/boxed.rs:2454:9
[INFO] [stdout]   41:     0x6193b3e3d8ab - <alloc::boxed::Box<F,A> as core::ops::function::FnOnce<Args>>::call_once::h5aa36efdb79c806f
[INFO] [stdout]                                at /rustc/df4ca44d3fbc9301ee17f30f4d474e6ae4b05252/library/alloc/src/boxed.rs:2454:9
[INFO] [stdout]   42:     0x6193b3e3d8ab - std::sys::pal::unix::thread::Thread::new::thread_start::h6cd80a1b4be5158d
[INFO] [stdout]                                at /rustc/df4ca44d3fbc9301ee17f30f4d474e6ae4b05252/library/std/src/sys/pal/unix/thread.rs:105:17
[INFO] [stdout]   43:     0x74cfea952ac3 - <unknown>
[INFO] [stdout]   44:     0x74cfea9e3a04 - clone
[INFO] [stdout]   45:                0x0 - <unknown>
[INFO] [stdout] 
[INFO] [stdout] ---- correctly_find_broken_links stdout ----
[INFO] [stdout] [2024-11-01T11:42:46Z DEBUG mdbook_linkcheck2::links] Scanning chapter_1.md
[INFO] [stdout] [2024-11-01T11:42:46Z DEBUG mdbook_linkcheck2::links] Found a (possibly) broken link to [incomplete link] at 268..285
[INFO] [stdout] [2024-11-01T11:42:46Z DEBUG mdbook_linkcheck2::links] Found a (possibly) broken link to [math_var] at 356..366
[INFO] [stdout] [2024-11-01T11:42:46Z DEBUG mdbook_linkcheck2::links] Scanning deeply/nested/index.md
[INFO] [stdout] [2024-11-01T11:42:46Z DEBUG mdbook_linkcheck2::links] Scanning second/directory.md
[INFO] [stdout] [2024-11-01T11:42:46Z DEBUG linkcheck2::validation::filesystem] Checking "../../chapter_1.md" in the context of "/opt/rustwide/workdir/tests/broken-links/src/deeply/nested"
[INFO] [stdout] [2024-11-01T11:42:46Z DEBUG linkcheck2::validation::filesystem] "../../chapter_1.md" resolved to "/opt/rustwide/workdir/tests/broken-links/src/chapter_1.md"
[INFO] [stdout] [2024-11-01T11:42:46Z DEBUG linkcheck2::validation::filesystem] Checking "./chapter_1.md" in the context of "/opt/rustwide/workdir/tests/broken-links/src/deeply/nested"
[INFO] [stdout] [2024-11-01T11:42:46Z DEBUG linkcheck2::validation::filesystem] Checking "./second/directory.md" in the context of "/opt/rustwide/workdir/tests/broken-links/src/deeply/nested"
[INFO] [stdout] [2024-11-01T11:42:46Z DEBUG linkcheck2::validation::filesystem] Checking "../../second/directory.md" in the context of "/opt/rustwide/workdir/tests/broken-links/src/deeply/nested"
[INFO] [stdout] [2024-11-01T11:42:46Z DEBUG linkcheck2::validation::filesystem] "../../second/directory.md" resolved to "/opt/rustwide/workdir/tests/broken-links/src/second/directory.md"
[INFO] [stdout] [2024-11-01T11:42:46Z DEBUG linkcheck2::validation::web] Checking "https://github.com/Michael-F-Bryan/mdbook-linkcheck/issues/3#issuecomment-417400242" on the web
[INFO] [stdout] [2024-11-01T11:42:46Z WARN  linkcheck2::validation::web] Fragment checking isn't implemented, not checking if there is a "issuecomment-417400242" header in "https://github.com/Michael-F-Bryan/mdbook-linkcheck/issues/3#issuecomment-417400242"
[INFO] [stdout] [2024-11-01T11:42:46Z DEBUG linkcheck2::validation::filesystem] Checking "./chapter_1.md" in the context of "/opt/rustwide/workdir/tests/broken-links/src"
[INFO] [stdout] [2024-11-01T11:42:46Z DEBUG linkcheck2::validation::filesystem] "./chapter_1.md" resolved to "/opt/rustwide/workdir/tests/broken-links/src/chapter_1.md"
[INFO] [stdout] [2024-11-01T11:42:46Z DEBUG linkcheck2::validation::web] Checking "http://this-doesnt-exist.com.au.nz.us/" on the web
[INFO] [stdout] [2024-11-01T11:42:46Z DEBUG linkcheck2::validation::filesystem] Checking "./foo/bar/baz.html" in the context of "/opt/rustwide/workdir/tests/broken-links/src"
[INFO] [stdout] [2024-11-01T11:42:46Z DEBUG linkcheck2::validation::filesystem] Checking "../../../../../../../../../../../../etc/shadow" in the context of "/opt/rustwide/workdir/tests/broken-links/src"
[INFO] [stdout] [2024-11-01T11:42:46Z DEBUG linkcheck2::validation::filesystem] Checking "latex_with_latex_support_disabled" in the context of "/opt/rustwide/workdir/tests/broken-links/src"
[INFO] [stdout] [2024-11-01T11:42:46Z DEBUG linkcheck2::validation::filesystem] Checking "./asdf.png" in the context of "/opt/rustwide/workdir/tests/broken-links/src"
[INFO] [stdout] [2024-11-01T11:42:46Z DEBUG linkcheck2::validation::filesystem] Checking "sibling.md" in the context of "/opt/rustwide/workdir/tests/broken-links/src/second"
[INFO] [stdout] [2024-11-01T11:42:46Z DEBUG linkcheck2::validation::filesystem] "sibling.md" resolved to "/opt/rustwide/workdir/tests/broken-links/src/second/sibling.md"
[INFO] [stdout] [2024-11-01T11:42:46Z DEBUG linkcheck2::validation::filesystem] Custom validation reported "/opt/rustwide/workdir/tests/broken-links/src/second/sibling.md" as invalid because An OS-level error occurred
[INFO] [stdout] thread 'correctly_find_broken_links' panicked at tests/smoke_tests.rs:78:5:
[INFO] [stdout] assertion failed: `(left == right)`
[INFO] [stdout] 
[INFO] [stdout] [1mDiff[0m [31m< left[0m / [32mright >[0m :
[INFO] [stdout]  [
[INFO] [stdout]      "../../../../../../../../../../../../etc/shadow",
[INFO] [stdout]      "./asdf.png",
[INFO] [stdout]      "./chapter_1.md",
[INFO] [stdout]      "./foo/bar/baz.html",
[INFO] [stdout]      "./second/directory.md",
[INFO] [stdout]      "http://this-doesnt-exist.com.au.nz.us/",
[INFO] [stdout] [31m<    "https://github.com/Michael-F-Bryan/mdbook-linkcheck/issues/3#issuecomment-417400242",[0m
[INFO] [stdout]      "latex_with_latex_support_disabled",
[INFO] [stdout]      "sibling.md",
[INFO] [stdout]  ]
[INFO] [stdout] 
[INFO] [stdout] 
[INFO] [stdout] stack backtrace:
[INFO] [stdout]    0:     0x6193b3e3635a - std::backtrace_rs::backtrace::libunwind::trace::h207520d6e9873551
[INFO] [stdout]                                at /rustc/df4ca44d3fbc9301ee17f30f4d474e6ae4b05252/library/std/src/../../backtrace/src/backtrace/libunwind.rs:116:5
[INFO] [stdout]    1:     0x6193b3e3635a - std::backtrace_rs::backtrace::trace_unsynchronized::h2ed7433f370e3eca
[INFO] [stdout]                                at /rustc/df4ca44d3fbc9301ee17f30f4d474e6ae4b05252/library/std/src/../../backtrace/src/backtrace/mod.rs:66:5
[INFO] [stdout]    2:     0x6193b3e3635a - std::sys::backtrace::_print_fmt::h916fac51166b18d7
[INFO] [stdout]                                at /rustc/df4ca44d3fbc9301ee17f30f4d474e6ae4b05252/library/std/src/sys/backtrace.rs:66:9
[INFO] [stdout]    3:     0x6193b3e3635a - <std::sys::backtrace::BacktraceLock::print::DisplayBacktrace as core::fmt::Display>::fmt::ha0a4c9b8ce3802e6
[INFO] [stdout]                                at /rustc/df4ca44d3fbc9301ee17f30f4d474e6ae4b05252/library/std/src/sys/backtrace.rs:39:26
[INFO] [stdout]    4:     0x6193b3e64033 - core::fmt::rt::Argument::fmt::h4cfc8587d52b3eb5
[INFO] [stdout]                                at /rustc/df4ca44d3fbc9301ee17f30f4d474e6ae4b05252/library/core/src/fmt/rt.rs:177:76
[INFO] [stdout]    5:     0x6193b3e64033 - core::fmt::write::h522cc39e5b36ae9f
[INFO] [stdout]                                at /rustc/df4ca44d3fbc9301ee17f30f4d474e6ae4b05252/library/core/src/fmt/mod.rs:1190:21
[INFO] [stdout]    6:     0x6193b3e31323 - std::io::Write::write_fmt::h7d3c26752da97734
[INFO] [stdout]                                at /rustc/df4ca44d3fbc9301ee17f30f4d474e6ae4b05252/library/std/src/io/mod.rs:1839:15
[INFO] [stdout]    7:     0x6193b3e361a2 - std::sys::backtrace::BacktraceLock::print::h4b9e00b29e9c0942
[INFO] [stdout]                                at /rustc/df4ca44d3fbc9301ee17f30f4d474e6ae4b05252/library/std/src/sys/backtrace.rs:42:9
[INFO] [stdout]    8:     0x6193b3e377ea - std::panicking::default_hook::{{closure}}::hb59b88280d0324d9
[INFO] [stdout]                                at /rustc/df4ca44d3fbc9301ee17f30f4d474e6ae4b05252/library/std/src/panicking.rs:268:22
[INFO] [stdout]    9:     0x6193b3e375f4 - std::panicking::default_hook::he1dd496665be4a29
[INFO] [stdout]                                at /rustc/df4ca44d3fbc9301ee17f30f4d474e6ae4b05252/library/std/src/panicking.rs:292:9
[INFO] [stdout]   10:     0x6193b34220a9 - <alloc::boxed::Box<F,A> as core::ops::function::Fn<Args>>::call::h4ff71de18744e1dc
[INFO] [stdout]                                at /rustc/df4ca44d3fbc9301ee17f30f4d474e6ae4b05252/library/alloc/src/boxed.rs:2468:9
[INFO] [stdout]   11:     0x6193b34220a9 - test::test_main::{{closure}}::hcf7c055ce117aa81
[INFO] [stdout]                                at /rustc/df4ca44d3fbc9301ee17f30f4d474e6ae4b05252/library/test/src/lib.rs:133:21
[INFO] [stdout]   12:     0x6193b3e37ee8 - <alloc::boxed::Box<F,A> as core::ops::function::Fn<Args>>::call::h1d66c6bbd60c9692
[INFO] [stdout]                                at /rustc/df4ca44d3fbc9301ee17f30f4d474e6ae4b05252/library/alloc/src/boxed.rs:2468:9
[INFO] [stdout]   13:     0x6193b3e37ee8 - std::panicking::rust_panic_with_hook::h2ff17fe8f26dfcf8
[INFO] [stdout]                                at /rustc/df4ca44d3fbc9301ee17f30f4d474e6ae4b05252/library/std/src/panicking.rs:809:13
[INFO] [stdout]   14:     0x6193b3e37caa - std::panicking::begin_panic_handler::{{closure}}::h4fad77951c07e101
[INFO] [stdout]                                at /rustc/df4ca44d3fbc9301ee17f30f4d474e6ae4b05252/library/std/src/panicking.rs:674:13
[INFO] [stdout]   15:     0x6193b3e36839 - std::sys::backtrace::__rust_end_short_backtrace::hb1a25b3da5d0ea08
[INFO] [stdout]                                at /rustc/df4ca44d3fbc9301ee17f30f4d474e6ae4b05252/library/std/src/sys/backtrace.rs:170:18
[INFO] [stdout]   16:     0x6193b3e3793c - rust_begin_unwind
[INFO] [stdout]                                at /rustc/df4ca44d3fbc9301ee17f30f4d474e6ae4b05252/library/std/src/panicking.rs:665:5
[INFO] [stdout]   17:     0x6193b3e61ee0 - core::panicking::panic_fmt::ha9db07b529f9b256
[INFO] [stdout]                                at /rustc/df4ca44d3fbc9301ee17f30f4d474e6ae4b05252/library/core/src/panicking.rs:75:14
[INFO] [stdout]   18:     0x6193b33a7d39 - smoke_tests::assert_same_links::h2e905eb48c243e1e
[INFO] [stdout]                                at /opt/rustwide/workdir/tests/smoke_tests.rs:242:5
[INFO] [stdout]   19:     0x6193b33abcd7 - smoke_tests::correctly_find_broken_links::h3741dedc8e911782
[INFO] [stdout]                                at /opt/rustwide/workdir/tests/smoke_tests.rs:78:5
[INFO] [stdout]   20:     0x6193b33ab9e7 - smoke_tests::correctly_find_broken_links::{{closure}}::h13547d8ce0b21ce3
[INFO] [stdout]                                at /opt/rustwide/workdir/tests/smoke_tests.rs:58:33
[INFO] [stdout]   21:     0x6193b33afa56 - core::ops::function::FnOnce::call_once::h213a814d1e67cf2e
[INFO] [stdout]                                at /rustc/df4ca44d3fbc9301ee17f30f4d474e6ae4b05252/library/core/src/ops/function.rs:250:5
[INFO] [stdout]   22:     0x6193b342697b - core::ops::function::FnOnce::call_once::h22c3ba5715e93f05
[INFO] [stdout]                                at /rustc/df4ca44d3fbc9301ee17f30f4d474e6ae4b05252/library/core/src/ops/function.rs:250:5
[INFO] [stdout]   23:     0x6193b342697b - test::__rust_begin_short_backtrace::h8e82d8113d0da17f
[INFO] [stdout]                                at /rustc/df4ca44d3fbc9301ee17f30f4d474e6ae4b05252/library/test/src/lib.rs:621:18
[INFO] [stdout]   24:     0x6193b34262f7 - test::run_test_in_process::{{closure}}::h33235f4f20b7b7c7
[INFO] [stdout]                                at /rustc/df4ca44d3fbc9301ee17f30f4d474e6ae4b05252/library/test/src/lib.rs:644:60
[INFO] [stdout]   25:     0x6193b34262f7 - <core::panic::unwind_safe::AssertUnwindSafe<F> as core::ops::function::FnOnce<()>>::call_once::hb5043206310c586f
[INFO] [stdout]                                at /rustc/df4ca44d3fbc9301ee17f30f4d474e6ae4b05252/library/core/src/panic/unwind_safe.rs:272:9
[INFO] [stdout]   26:     0x6193b34262f7 - std::panicking::try::do_call::h9ad4731a60ab23e2
[INFO] [stdout]                                at /rustc/df4ca44d3fbc9301ee17f30f4d474e6ae4b05252/library/std/src/panicking.rs:557:40
[INFO] [stdout]   27:     0x6193b34262f7 - std::panicking::try::h3824d23db772a716
[INFO] [stdout]                                at /rustc/df4ca44d3fbc9301ee17f30f4d474e6ae4b05252/library/std/src/panicking.rs:520:19
[INFO] [stdout]   28:     0x6193b34262f7 - std::panic::catch_unwind::h5afd514605fde46b
[INFO] [stdout]                                at /rustc/df4ca44d3fbc9301ee17f30f4d474e6ae4b05252/library/std/src/panic.rs:358:14
[INFO] [stdout]   29:     0x6193b34262f7 - test::run_test_in_process::h0d5cbfa7067d1720
[INFO] [stdout]                                at /rustc/df4ca44d3fbc9301ee17f30f4d474e6ae4b05252/library/test/src/lib.rs:644:27
[INFO] [stdout]   30:     0x6193b34262f7 - test::run_test::{{closure}}::h708eb8872708115d
[INFO] [stdout]                                at /rustc/df4ca44d3fbc9301ee17f30f4d474e6ae4b05252/library/test/src/lib.rs:565:43
[INFO] [stdout]   31:     0x6193b33e9a14 - test::run_test::{{closure}}::h392c51cee94713ab
[INFO] [stdout]                                at /rustc/df4ca44d3fbc9301ee17f30f4d474e6ae4b05252/library/test/src/lib.rs:595:41
[INFO] [stdout]   32:     0x6193b33e9a14 - std::sys::backtrace::__rust_begin_short_backtrace::h2f40290710935a8b
[INFO] [stdout]                                at /rustc/df4ca44d3fbc9301ee17f30f4d474e6ae4b05252/library/std/src/sys/backtrace.rs:154:18
[INFO] [stdout]   33:     0x6193b33ed1be - std::thread::Builder::spawn_unchecked_::{{closure}}::{{closure}}::h3fd968d89053a903
[INFO] [stdout]                                at /rustc/df4ca44d3fbc9301ee17f30f4d474e6ae4b05252/library/std/src/thread/mod.rs:541:17
[INFO] [stdout]   34:     0x6193b33ed1be - <core::panic::unwind_safe::AssertUnwindSafe<F> as core::ops::function::FnOnce<()>>::call_once::h743f637ba4229880
[INFO] [stdout]                                at /rustc/df4ca44d3fbc9301ee17f30f4d474e6ae4b05252/library/core/src/panic/unwind_safe.rs:272:9
[INFO] [stdout]   35:     0x6193b33ed1be - std::panicking::try::do_call::h07440897322525a6
[INFO] [stdout]                                at /rustc/df4ca44d3fbc9301ee17f30f4d474e6ae4b05252/library/std/src/panicking.rs:557:40
[INFO] [stdout]   36:     0x6193b33ed1be - std::panicking::try::he5a2e00188156637
[INFO] [stdout]                                at /rustc/df4ca44d3fbc9301ee17f30f4d474e6ae4b05252/library/std/src/panicking.rs:520:19
[INFO] [stdout]   37:     0x6193b33ed1be - std::panic::catch_unwind::hbaf3cae49b3c6433
[INFO] [stdout]                                at /rustc/df4ca44d3fbc9301ee17f30f4d474e6ae4b05252/library/std/src/panic.rs:358:14
[INFO] [stdout]   38:     0x6193b33ed1be - std::thread::Builder::spawn_unchecked_::{{closure}}::h8e141ea224820bce
[INFO] [stdout]                                at /rustc/df4ca44d3fbc9301ee17f30f4d474e6ae4b05252/library/std/src/thread/mod.rs:540:30
[INFO] [stdout]   39:     0x6193b33ed1be - core::ops::function::FnOnce::call_once{{vtable.shim}}::h90d312fedd7b8ea8
[INFO] [stdout]                                at /rustc/df4ca44d3fbc9301ee17f30f4d474e6ae4b05252/library/core/src/ops/function.rs:250:5
[INFO] [stdout]   40:     0x6193b3e3d8ab - <alloc::boxed::Box<F,A> as core::ops::function::FnOnce<Args>>::call_once::h69aa08ddb6adb8b6
[INFO] [stdout]                                at /rustc/df4ca44d3fbc9301ee17f30f4d474e6ae4b05252/library/alloc/src/boxed.rs:2454:9
[INFO] [stdout]   41:     0x6193b3e3d8ab - <alloc::boxed::Box<F,A> as core::ops::function::FnOnce<Args>>::call_once::h5aa36efdb79c806f
[INFO] [stdout]                                at /rustc/df4ca44d3fbc9301ee17f30f4d474e6ae4b05252/library/alloc/src/boxed.rs:2454:9
[INFO] [stdout]   42:     0x6193b3e3d8ab - std::sys::pal::unix::thread::Thread::new::thread_start::h6cd80a1b4be5158d
[INFO] [stdout]                                at /rustc/df4ca44d3fbc9301ee17f30f4d474e6ae4b05252/library/std/src/sys/pal/unix/thread.rs:105:17
[INFO] [stdout]   43:     0x74cfea952ac3 - <unknown>
[INFO] [stdout]   44:     0x74cfea9e3a04 - clone
[INFO] [stdout]   45:                0x0 - <unknown>
[INFO] [stdout] 
[INFO] [stdout] 
[INFO] [stdout] failures:
[INFO] [stdout]     check_all_links_in_a_valid_book
[INFO] [stdout]     correctly_find_broken_links
[INFO] [stdout] 
[INFO] [stdout] test result: FAILED. 4 passed; 2 failed; 0 ignored; 0 measured; 0 filtered out; finished in 0.26s
[INFO] [stdout] 
[INFO] [stderr] error: test failed, to rerun pass `--test smoke_tests`
[INFO] running `Command { std: "docker" "inspect" "b912bf01d26f2c463837800d945209a12ec701db447beffec36f8dd4fbe33b9f", kill_on_drop: false }`
[INFO] running `Command { std: "docker" "rm" "-f" "b912bf01d26f2c463837800d945209a12ec701db447beffec36f8dd4fbe33b9f", kill_on_drop: false }`
[INFO] [stdout] b912bf01d26f2c463837800d945209a12ec701db447beffec36f8dd4fbe33b9f
