[INFO] fetching crate mcp346x 0.1.0...
[INFO] testing mcp346x-0.1.0 against nightly-2024-10-28+rustflags=-Zrandomize-layout for randomize-layout
[INFO] extracting crate mcp346x 0.1.0 into /workspace/builds/worker-0-tc2/source
[INFO] validating manifest of crates.io crate mcp346x 0.1.0 on toolchain nightly-2024-10-28
[INFO] running `Command { std: CARGO_HOME="/workspace/cargo-home" RUSTUP_HOME="/workspace/rustup-home" "/workspace/cargo-home/bin/cargo" "+nightly-2024-10-28" "metadata" "--manifest-path" "Cargo.toml" "--no-deps", kill_on_drop: false }`
[INFO] started tweaking crates.io crate mcp346x 0.1.0
[INFO] finished tweaking crates.io crate mcp346x 0.1.0
[INFO] tweaked toml for crates.io crate mcp346x 0.1.0 written to /workspace/builds/worker-0-tc2/source/Cargo.toml
[INFO] running `Command { std: CARGO_HOME="/workspace/cargo-home" RUSTUP_HOME="/workspace/rustup-home" "/workspace/cargo-home/bin/cargo" "+nightly-2024-10-28" "generate-lockfile" "--manifest-path" "Cargo.toml", kill_on_drop: false }`
[INFO] [stderr]     Updating crates.io index
[INFO] [stderr]      Locking 7 packages to latest compatible versions
[INFO] [stderr]       Adding bitflags v1.3.2 (available: v2.6.0)
[INFO] [stderr]       Adding embedded-hal v0.2.7 (available: v1.0.0)
[INFO] running `Command { std: CARGO_HOME="/workspace/cargo-home" RUSTUP_HOME="/workspace/rustup-home" "/workspace/cargo-home/bin/cargo" "+nightly-2024-10-28" "fetch" "--manifest-path" "Cargo.toml", kill_on_drop: false }`
[INFO] running `Command { std: "docker" "create" "-v" "/var/lib/crater-agent-workspace/builds/worker-0-tc2/target:/opt/rustwide/target:rw,Z" "-v" "/var/lib/crater-agent-workspace/builds/worker-0-tc2/source:/opt/rustwide/workdir:ro,Z" "-v" "/var/lib/crater-agent-workspace/cargo-home:/opt/rustwide/cargo-home:ro,Z" "-v" "/var/lib/crater-agent-workspace/rustup-home:/opt/rustwide/rustup-home:ro,Z" "-e" "SOURCE_DIR=/opt/rustwide/workdir" "-e" "CARGO_TARGET_DIR=/opt/rustwide/target" "-e" "CARGO_HOME=/opt/rustwide/cargo-home" "-e" "RUSTUP_HOME=/opt/rustwide/rustup-home" "-w" "/opt/rustwide/workdir" "-m" "1610612736" "--user" "0:0" "--network" "none" "ghcr.io/rust-lang/crates-build-env/linux@sha256:4a844ea9eb2546a2d2c7022eacef16ef2e8229c7fbb2c7d4d55a9ceca922f72d" "/opt/rustwide/cargo-home/bin/cargo" "+nightly-2024-10-28" "metadata" "--no-deps" "--format-version=1", kill_on_drop: false }`
[INFO] [stdout] 3c7a0b12d5cc761a59e2c59b2cc94a45ee121322245a73508f39b720bbb51bb0
[INFO] running `Command { std: "docker" "start" "-a" "3c7a0b12d5cc761a59e2c59b2cc94a45ee121322245a73508f39b720bbb51bb0", kill_on_drop: false }`
[INFO] running `Command { std: "docker" "inspect" "3c7a0b12d5cc761a59e2c59b2cc94a45ee121322245a73508f39b720bbb51bb0", kill_on_drop: false }`
[INFO] running `Command { std: "docker" "rm" "-f" "3c7a0b12d5cc761a59e2c59b2cc94a45ee121322245a73508f39b720bbb51bb0", kill_on_drop: false }`
[INFO] [stdout] 3c7a0b12d5cc761a59e2c59b2cc94a45ee121322245a73508f39b720bbb51bb0
[INFO] running `Command { std: "docker" "create" "-v" "/var/lib/crater-agent-workspace/builds/worker-0-tc2/target:/opt/rustwide/target:rw,Z" "-v" "/var/lib/crater-agent-workspace/builds/worker-0-tc2/source:/opt/rustwide/workdir:ro,Z" "-v" "/var/lib/crater-agent-workspace/cargo-home:/opt/rustwide/cargo-home:ro,Z" "-v" "/var/lib/crater-agent-workspace/rustup-home:/opt/rustwide/rustup-home:ro,Z" "-e" "SOURCE_DIR=/opt/rustwide/workdir" "-e" "CARGO_TARGET_DIR=/opt/rustwide/target" "-e" "CARGO_INCREMENTAL=0" "-e" "RUST_BACKTRACE=full" "-e" "RUSTFLAGS=--cap-lints=forbid -Zrandomize-layout" "-e" "RUSTDOCFLAGS=--cap-lints=forbid" "-e" "CARGO_HOME=/opt/rustwide/cargo-home" "-e" "RUSTUP_HOME=/opt/rustwide/rustup-home" "-w" "/opt/rustwide/workdir" "-m" "1610612736" "--user" "0:0" "--network" "none" "ghcr.io/rust-lang/crates-build-env/linux@sha256:4a844ea9eb2546a2d2c7022eacef16ef2e8229c7fbb2c7d4d55a9ceca922f72d" "/opt/rustwide/cargo-home/bin/cargo" "+nightly-2024-10-28" "build" "--frozen" "--message-format=json", kill_on_drop: false }`
[INFO] [stdout] 5fb52a05cd8a53008ffb6fe1e9743fc3a55e5aa83dfb4737676ef1c8d34ea695
[INFO] running `Command { std: "docker" "start" "-a" "5fb52a05cd8a53008ffb6fe1e9743fc3a55e5aa83dfb4737676ef1c8d34ea695", kill_on_drop: false }`
[INFO] [stderr]    Compiling libm v0.2.11
[INFO] [stderr]    Compiling nb v1.1.0
[INFO] [stderr]    Compiling void v1.0.2
[INFO] [stderr]    Compiling nb v0.1.3
[INFO] [stderr]    Compiling embedded-hal v0.2.7
[INFO] [stderr]    Compiling measurements v0.11.0
[INFO] [stderr]    Compiling mcp346x v0.1.0 (/opt/rustwide/workdir)
[INFO] [stderr]     Finished `dev` profile [unoptimized + debuginfo] target(s) in 1.07s
[INFO] running `Command { std: "docker" "inspect" "5fb52a05cd8a53008ffb6fe1e9743fc3a55e5aa83dfb4737676ef1c8d34ea695", kill_on_drop: false }`
[INFO] running `Command { std: "docker" "rm" "-f" "5fb52a05cd8a53008ffb6fe1e9743fc3a55e5aa83dfb4737676ef1c8d34ea695", kill_on_drop: false }`
[INFO] [stdout] 5fb52a05cd8a53008ffb6fe1e9743fc3a55e5aa83dfb4737676ef1c8d34ea695
[INFO] running `Command { std: "docker" "create" "-v" "/var/lib/crater-agent-workspace/builds/worker-0-tc2/target:/opt/rustwide/target:rw,Z" "-v" "/var/lib/crater-agent-workspace/builds/worker-0-tc2/source:/opt/rustwide/workdir:ro,Z" "-v" "/var/lib/crater-agent-workspace/cargo-home:/opt/rustwide/cargo-home:ro,Z" "-v" "/var/lib/crater-agent-workspace/rustup-home:/opt/rustwide/rustup-home:ro,Z" "-e" "SOURCE_DIR=/opt/rustwide/workdir" "-e" "CARGO_TARGET_DIR=/opt/rustwide/target" "-e" "CARGO_INCREMENTAL=0" "-e" "RUST_BACKTRACE=full" "-e" "RUSTFLAGS=--cap-lints=forbid -Zrandomize-layout" "-e" "RUSTDOCFLAGS=--cap-lints=forbid" "-e" "CARGO_HOME=/opt/rustwide/cargo-home" "-e" "RUSTUP_HOME=/opt/rustwide/rustup-home" "-w" "/opt/rustwide/workdir" "-m" "1610612736" "--user" "0:0" "--network" "none" "ghcr.io/rust-lang/crates-build-env/linux@sha256:4a844ea9eb2546a2d2c7022eacef16ef2e8229c7fbb2c7d4d55a9ceca922f72d" "/opt/rustwide/cargo-home/bin/cargo" "+nightly-2024-10-28" "test" "--frozen" "--no-run" "--message-format=json", kill_on_drop: false }`
[INFO] [stdout] 40ad57a27bd8de30879b78f64132ae2713a4c0d821643bf7f3ad2df447bd7ee6
[INFO] running `Command { std: "docker" "start" "-a" "40ad57a27bd8de30879b78f64132ae2713a4c0d821643bf7f3ad2df447bd7ee6", kill_on_drop: false }`
[INFO] [stderr]    Compiling mcp346x v0.1.0 (/opt/rustwide/workdir)
[INFO] [stderr]     Finished `test` profile [unoptimized + debuginfo] target(s) in 0.15s
[INFO] running `Command { std: "docker" "inspect" "40ad57a27bd8de30879b78f64132ae2713a4c0d821643bf7f3ad2df447bd7ee6", kill_on_drop: false }`
[INFO] running `Command { std: "docker" "rm" "-f" "40ad57a27bd8de30879b78f64132ae2713a4c0d821643bf7f3ad2df447bd7ee6", kill_on_drop: false }`
[INFO] [stdout] 40ad57a27bd8de30879b78f64132ae2713a4c0d821643bf7f3ad2df447bd7ee6
[INFO] running `Command { std: "docker" "create" "-v" "/var/lib/crater-agent-workspace/builds/worker-0-tc2/target:/opt/rustwide/target:rw,Z" "-v" "/var/lib/crater-agent-workspace/builds/worker-0-tc2/source:/opt/rustwide/workdir:ro,Z" "-v" "/var/lib/crater-agent-workspace/cargo-home:/opt/rustwide/cargo-home:ro,Z" "-v" "/var/lib/crater-agent-workspace/rustup-home:/opt/rustwide/rustup-home:ro,Z" "-e" "SOURCE_DIR=/opt/rustwide/workdir" "-e" "CARGO_TARGET_DIR=/opt/rustwide/target" "-e" "CARGO_INCREMENTAL=0" "-e" "RUST_BACKTRACE=full" "-e" "RUSTFLAGS=--cap-lints=forbid -Zrandomize-layout" "-e" "RUSTDOCFLAGS=--cap-lints=forbid" "-e" "CARGO_HOME=/opt/rustwide/cargo-home" "-e" "RUSTUP_HOME=/opt/rustwide/rustup-home" "-w" "/opt/rustwide/workdir" "-m" "1610612736" "--user" "0:0" "--network" "none" "ghcr.io/rust-lang/crates-build-env/linux@sha256:4a844ea9eb2546a2d2c7022eacef16ef2e8229c7fbb2c7d4d55a9ceca922f72d" "/opt/rustwide/cargo-home/bin/cargo" "+nightly-2024-10-28" "test" "--frozen", kill_on_drop: false }`
[INFO] [stdout] 38b8ab57e05c55784888fc374a393b55066a9a66d0b12ecf6d1f4613427ccc9d
[INFO] running `Command { std: "docker" "start" "-a" "38b8ab57e05c55784888fc374a393b55066a9a66d0b12ecf6d1f4613427ccc9d", kill_on_drop: false }`
[INFO] [stderr]     Finished `test` profile [unoptimized + debuginfo] target(s) in 0.01s
[INFO] [stderr]      Running unittests src/lib.rs (/opt/rustwide/target/debug/deps/mcp346x-7469b860b660d39f)
[INFO] [stdout] 
[INFO] [stdout] running 0 tests
[INFO] [stdout] 
[INFO] [stdout] test result: ok. 0 passed; 0 failed; 0 ignored; 0 measured; 0 filtered out; finished in 0.00s
[INFO] [stdout] 
[INFO] [stderr]    Doc-tests mcp346x
[INFO] [stdout] 
[INFO] [stdout] running 1 test
[INFO] [stdout] test src/lib.rs - (line 6) - compile ... FAILED
[INFO] [stdout] 
[INFO] [stdout] failures:
[INFO] [stdout] 
[INFO] [stdout] ---- src/lib.rs - (line 6) stdout ----
[INFO] [stdout] error[E0432]: unresolved import `stm32f3_discovery`
[INFO] [stdout]  --> src/lib.rs:9:5
[INFO] [stdout]   |
[INFO] [stdout] 5 | use stm32f3_discovery::stm32f3xx_hal as hal;
[INFO] [stdout]   |     ^^^^^^^^^^^^^^^^^ use of undeclared crate or module `stm32f3_discovery`
[INFO] [stdout] 
[INFO] [stdout] error[E0405]: cannot find trait `Error` in this scope
[INFO] [stdout]  --> src/lib.rs:13:33
[INFO] [stdout]   |
[INFO] [stdout] 9 | fn main() -> Result<(), Box<dyn Error>> {
[INFO] [stdout]   |                                 ^^^^^ not found in this scope
[INFO] [stdout]   |
[INFO] [stdout] help: consider importing one of these traits
[INFO] [stdout]   |
[INFO] [stdout] 4 + use std::error::Error;
[INFO] [stdout]   |
[INFO] [stdout] 4 + use embedded_hal::can::Error;
[INFO] [stdout]   |
[INFO] [stdout] 
[INFO] [stdout] error[E0425]: cannot find value `sck` in this scope
[INFO] [stdout]   --> src/lib.rs:17:17
[INFO] [stdout]    |
[INFO] [stdout] 13 | let spi_pins = (sck, miso, mosi);
[INFO] [stdout]    |                 ^^^ not found in this scope
[INFO] [stdout] 
[INFO] [stdout] error[E0425]: cannot find value `miso` in this scope
[INFO] [stdout]   --> src/lib.rs:17:22
[INFO] [stdout]    |
[INFO] [stdout] 13 | let spi_pins = (sck, miso, mosi);
[INFO] [stdout]    |                      ^^^^ not found in this scope
[INFO] [stdout] 
[INFO] [stdout] error[E0425]: cannot find value `mosi` in this scope
[INFO] [stdout]   --> src/lib.rs:17:28
[INFO] [stdout]    |
[INFO] [stdout] 13 | let spi_pins = (sck, miso, mosi);
[INFO] [stdout]    |                            ^^^^ not found in this scope
[INFO] [stdout] 
[INFO] [stdout] error[E0425]: cannot find value `p` in this scope
[INFO] [stdout]   --> src/lib.rs:18:20
[INFO] [stdout]    |
[INFO] [stdout] 14 | let spi = Spi::new(p.SPI0, spi_pins, Frequency::K500, MODE_0);
[INFO] [stdout]    |                    ^ not found in this scope
[INFO] [stdout] 
[INFO] [stdout] error[E0433]: failed to resolve: use of undeclared type `Frequency`
[INFO] [stdout]   --> src/lib.rs:18:38
[INFO] [stdout]    |
[INFO] [stdout] 14 | let spi = Spi::new(p.SPI0, spi_pins, Frequency::K500, MODE_0);
[INFO] [stdout]    |                                      ^^^^^^^^^ use of undeclared type `Frequency`
[INFO] [stdout]    |
[INFO] [stdout] help: consider importing this struct
[INFO] [stdout]    |
[INFO] [stdout] 4  + use measurements::Frequency;
[INFO] [stdout]    |
[INFO] [stdout] 
[INFO] [stdout] error: aborting due to 7 previous errors
[INFO] [stdout] 
[INFO] [stdout] Some errors have detailed explanations: E0405, E0425, E0432, E0433.
[INFO] [stdout] For more information about an error, try `rustc --explain E0405`.
[INFO] [stdout] Couldn't compile the test.
[INFO] [stdout] 
[INFO] [stdout] failures:
[INFO] [stdout]     src/lib.rs - (line 6)
[INFO] [stdout] 
[INFO] [stdout] test result: FAILED. 0 passed; 1 failed; 0 ignored; 0 measured; 0 filtered out; finished in 0.05s
[INFO] [stdout] 
[INFO] [stderr] error: doctest failed, to rerun pass `--doc`
[INFO] running `Command { std: "docker" "inspect" "38b8ab57e05c55784888fc374a393b55066a9a66d0b12ecf6d1f4613427ccc9d", kill_on_drop: false }`
[INFO] running `Command { std: "docker" "rm" "-f" "38b8ab57e05c55784888fc374a393b55066a9a66d0b12ecf6d1f4613427ccc9d", kill_on_drop: false }`
[INFO] [stdout] 38b8ab57e05c55784888fc374a393b55066a9a66d0b12ecf6d1f4613427ccc9d
