[INFO] fetching crate mcp23s17 0.1.0...
[INFO] testing mcp23s17-0.1.0 against nightly-2024-10-28+rustflags=-Zrandomize-layout for randomize-layout
[INFO] extracting crate mcp23s17 0.1.0 into /workspace/builds/worker-1-tc2/source
[INFO] validating manifest of crates.io crate mcp23s17 0.1.0 on toolchain nightly-2024-10-28
[INFO] running `Command { std: CARGO_HOME="/workspace/cargo-home" RUSTUP_HOME="/workspace/rustup-home" "/workspace/cargo-home/bin/cargo" "+nightly-2024-10-28" "metadata" "--manifest-path" "Cargo.toml" "--no-deps", kill_on_drop: false }`
[INFO] started tweaking crates.io crate mcp23s17 0.1.0
[INFO] finished tweaking crates.io crate mcp23s17 0.1.0
[INFO] tweaked toml for crates.io crate mcp23s17 0.1.0 written to /workspace/builds/worker-1-tc2/source/Cargo.toml
[INFO] running `Command { std: CARGO_HOME="/workspace/cargo-home" RUSTUP_HOME="/workspace/rustup-home" "/workspace/cargo-home/bin/cargo" "+nightly-2024-10-28" "generate-lockfile" "--manifest-path" "Cargo.toml", kill_on_drop: false }`
[INFO] [stderr]     Updating crates.io index
[INFO] [stderr]      Locking 5 packages to latest compatible versions
[INFO] [stderr]       Adding embedded-hal v0.2.7 (available: v1.0.0)
[INFO] running `Command { std: CARGO_HOME="/workspace/cargo-home" RUSTUP_HOME="/workspace/rustup-home" "/workspace/cargo-home/bin/cargo" "+nightly-2024-10-28" "fetch" "--manifest-path" "Cargo.toml", kill_on_drop: false }`
[INFO] running `Command { std: "docker" "create" "-v" "/var/lib/crater-agent-workspace/builds/worker-1-tc2/target:/opt/rustwide/target:rw,Z" "-v" "/var/lib/crater-agent-workspace/builds/worker-1-tc2/source:/opt/rustwide/workdir:ro,Z" "-v" "/var/lib/crater-agent-workspace/cargo-home:/opt/rustwide/cargo-home:ro,Z" "-v" "/var/lib/crater-agent-workspace/rustup-home:/opt/rustwide/rustup-home:ro,Z" "-e" "SOURCE_DIR=/opt/rustwide/workdir" "-e" "CARGO_TARGET_DIR=/opt/rustwide/target" "-e" "CARGO_HOME=/opt/rustwide/cargo-home" "-e" "RUSTUP_HOME=/opt/rustwide/rustup-home" "-w" "/opt/rustwide/workdir" "-m" "1610612736" "--user" "0:0" "--network" "none" "ghcr.io/rust-lang/crates-build-env/linux@sha256:4a844ea9eb2546a2d2c7022eacef16ef2e8229c7fbb2c7d4d55a9ceca922f72d" "/opt/rustwide/cargo-home/bin/cargo" "+nightly-2024-10-28" "metadata" "--no-deps" "--format-version=1", kill_on_drop: false }`
[INFO] [stdout] eb0d39ffc5bd199b787a5069055bbaa72825736771289fb706001d9b40cad1b7
[INFO] running `Command { std: "docker" "start" "-a" "eb0d39ffc5bd199b787a5069055bbaa72825736771289fb706001d9b40cad1b7", kill_on_drop: false }`
[INFO] running `Command { std: "docker" "inspect" "eb0d39ffc5bd199b787a5069055bbaa72825736771289fb706001d9b40cad1b7", kill_on_drop: false }`
[INFO] running `Command { std: "docker" "rm" "-f" "eb0d39ffc5bd199b787a5069055bbaa72825736771289fb706001d9b40cad1b7", kill_on_drop: false }`
[INFO] [stdout] eb0d39ffc5bd199b787a5069055bbaa72825736771289fb706001d9b40cad1b7
[INFO] running `Command { std: "docker" "create" "-v" "/var/lib/crater-agent-workspace/builds/worker-1-tc2/target:/opt/rustwide/target:rw,Z" "-v" "/var/lib/crater-agent-workspace/builds/worker-1-tc2/source:/opt/rustwide/workdir:ro,Z" "-v" "/var/lib/crater-agent-workspace/cargo-home:/opt/rustwide/cargo-home:ro,Z" "-v" "/var/lib/crater-agent-workspace/rustup-home:/opt/rustwide/rustup-home:ro,Z" "-e" "SOURCE_DIR=/opt/rustwide/workdir" "-e" "CARGO_TARGET_DIR=/opt/rustwide/target" "-e" "CARGO_INCREMENTAL=0" "-e" "RUST_BACKTRACE=full" "-e" "RUSTFLAGS=--cap-lints=forbid -Zrandomize-layout" "-e" "RUSTDOCFLAGS=--cap-lints=forbid" "-e" "CARGO_HOME=/opt/rustwide/cargo-home" "-e" "RUSTUP_HOME=/opt/rustwide/rustup-home" "-w" "/opt/rustwide/workdir" "-m" "1610612736" "--user" "0:0" "--network" "none" "ghcr.io/rust-lang/crates-build-env/linux@sha256:4a844ea9eb2546a2d2c7022eacef16ef2e8229c7fbb2c7d4d55a9ceca922f72d" "/opt/rustwide/cargo-home/bin/cargo" "+nightly-2024-10-28" "build" "--frozen" "--message-format=json", kill_on_drop: false }`
[INFO] [stdout] 0254bad99df316c6227f8ec784b22821cf1db1e12c8dc8d4d1692775ebfa8794
[INFO] running `Command { std: "docker" "start" "-a" "0254bad99df316c6227f8ec784b22821cf1db1e12c8dc8d4d1692775ebfa8794", kill_on_drop: false }`
[INFO] [stderr]    Compiling nb v1.1.0
[INFO] [stderr]    Compiling void v1.0.2
[INFO] [stderr]    Compiling bitflags v2.6.0
[INFO] [stderr]    Compiling nb v0.1.3
[INFO] [stderr]    Compiling embedded-hal v0.2.7
[INFO] [stderr]    Compiling mcp23s17 v0.1.0 (/opt/rustwide/workdir)
[INFO] [stderr]     Finished `dev` profile [unoptimized + debuginfo] target(s) in 0.27s
[INFO] running `Command { std: "docker" "inspect" "0254bad99df316c6227f8ec784b22821cf1db1e12c8dc8d4d1692775ebfa8794", kill_on_drop: false }`
[INFO] running `Command { std: "docker" "rm" "-f" "0254bad99df316c6227f8ec784b22821cf1db1e12c8dc8d4d1692775ebfa8794", kill_on_drop: false }`
[INFO] [stdout] 0254bad99df316c6227f8ec784b22821cf1db1e12c8dc8d4d1692775ebfa8794
[INFO] running `Command { std: "docker" "create" "-v" "/var/lib/crater-agent-workspace/builds/worker-1-tc2/target:/opt/rustwide/target:rw,Z" "-v" "/var/lib/crater-agent-workspace/builds/worker-1-tc2/source:/opt/rustwide/workdir:ro,Z" "-v" "/var/lib/crater-agent-workspace/cargo-home:/opt/rustwide/cargo-home:ro,Z" "-v" "/var/lib/crater-agent-workspace/rustup-home:/opt/rustwide/rustup-home:ro,Z" "-e" "SOURCE_DIR=/opt/rustwide/workdir" "-e" "CARGO_TARGET_DIR=/opt/rustwide/target" "-e" "CARGO_INCREMENTAL=0" "-e" "RUST_BACKTRACE=full" "-e" "RUSTFLAGS=--cap-lints=forbid -Zrandomize-layout" "-e" "RUSTDOCFLAGS=--cap-lints=forbid" "-e" "CARGO_HOME=/opt/rustwide/cargo-home" "-e" "RUSTUP_HOME=/opt/rustwide/rustup-home" "-w" "/opt/rustwide/workdir" "-m" "1610612736" "--user" "0:0" "--network" "none" "ghcr.io/rust-lang/crates-build-env/linux@sha256:4a844ea9eb2546a2d2c7022eacef16ef2e8229c7fbb2c7d4d55a9ceca922f72d" "/opt/rustwide/cargo-home/bin/cargo" "+nightly-2024-10-28" "test" "--frozen" "--no-run" "--message-format=json", kill_on_drop: false }`
[INFO] [stdout] 2b0c653ea1d2825ceeb1edc8e0af8e3287fc72a66461200ab5f4617cabf0661e
[INFO] running `Command { std: "docker" "start" "-a" "2b0c653ea1d2825ceeb1edc8e0af8e3287fc72a66461200ab5f4617cabf0661e", kill_on_drop: false }`
[INFO] [stderr]    Compiling mcp23s17 v0.1.0 (/opt/rustwide/workdir)
[INFO] [stderr]     Finished `test` profile [unoptimized + debuginfo] target(s) in 0.15s
[INFO] running `Command { std: "docker" "inspect" "2b0c653ea1d2825ceeb1edc8e0af8e3287fc72a66461200ab5f4617cabf0661e", kill_on_drop: false }`
[INFO] running `Command { std: "docker" "rm" "-f" "2b0c653ea1d2825ceeb1edc8e0af8e3287fc72a66461200ab5f4617cabf0661e", kill_on_drop: false }`
[INFO] [stdout] 2b0c653ea1d2825ceeb1edc8e0af8e3287fc72a66461200ab5f4617cabf0661e
[INFO] running `Command { std: "docker" "create" "-v" "/var/lib/crater-agent-workspace/builds/worker-1-tc2/target:/opt/rustwide/target:rw,Z" "-v" "/var/lib/crater-agent-workspace/builds/worker-1-tc2/source:/opt/rustwide/workdir:ro,Z" "-v" "/var/lib/crater-agent-workspace/cargo-home:/opt/rustwide/cargo-home:ro,Z" "-v" "/var/lib/crater-agent-workspace/rustup-home:/opt/rustwide/rustup-home:ro,Z" "-e" "SOURCE_DIR=/opt/rustwide/workdir" "-e" "CARGO_TARGET_DIR=/opt/rustwide/target" "-e" "CARGO_INCREMENTAL=0" "-e" "RUST_BACKTRACE=full" "-e" "RUSTFLAGS=--cap-lints=forbid -Zrandomize-layout" "-e" "RUSTDOCFLAGS=--cap-lints=forbid" "-e" "CARGO_HOME=/opt/rustwide/cargo-home" "-e" "RUSTUP_HOME=/opt/rustwide/rustup-home" "-w" "/opt/rustwide/workdir" "-m" "1610612736" "--user" "0:0" "--network" "none" "ghcr.io/rust-lang/crates-build-env/linux@sha256:4a844ea9eb2546a2d2c7022eacef16ef2e8229c7fbb2c7d4d55a9ceca922f72d" "/opt/rustwide/cargo-home/bin/cargo" "+nightly-2024-10-28" "test" "--frozen", kill_on_drop: false }`
[INFO] [stdout] 5bf30b70caa7b6b274ef495cc5cad1a04d1a9ca8cfb03aaad7c9886b32183954
[INFO] running `Command { std: "docker" "start" "-a" "5bf30b70caa7b6b274ef495cc5cad1a04d1a9ca8cfb03aaad7c9886b32183954", kill_on_drop: false }`
[INFO] [stderr]     Finished `test` profile [unoptimized + debuginfo] target(s) in 0.01s
[INFO] [stderr]      Running unittests src/lib.rs (/opt/rustwide/target/debug/deps/mcp23s17-efafb55949aeadf8)
[INFO] [stdout] 
[INFO] [stdout] running 0 tests
[INFO] [stdout] 
[INFO] [stdout] test result: ok. 0 passed; 0 failed; 0 ignored; 0 measured; 0 filtered out; finished in 0.00s
[INFO] [stdout] 
[INFO] [stderr]    Doc-tests mcp23s17
[INFO] [stdout] 
[INFO] [stdout] running 2 tests
[INFO] [stdout] test src/lib.rs - Mcp23s17 (line 241) - compile ... FAILED
[INFO] [stdout] test src/lib.rs - (line 11) ... FAILED
[INFO] [stdout] 
[INFO] [stdout] failures:
[INFO] [stdout] 
[INFO] [stdout] ---- src/lib.rs - Mcp23s17 (line 241) stdout ----
[INFO] [stdout] error[E0425]: cannot find value `spi` in this scope
[INFO] [stdout]  --> src/lib.rs:243:44
[INFO] [stdout]   |
[INFO] [stdout] 5 | let mut mcp23s17 = mcp23s17::Mcp23s17::new(spi, cs_pin, 0b000).ok().unwrap();
[INFO] [stdout]   |                                            ^^^ not found in this scope
[INFO] [stdout] 
[INFO] [stdout] error[E0425]: cannot find value `cs_pin` in this scope
[INFO] [stdout]  --> src/lib.rs:243:49
[INFO] [stdout]   |
[INFO] [stdout] 5 | let mut mcp23s17 = mcp23s17::Mcp23s17::new(spi, cs_pin, 0b000).ok().unwrap();
[INFO] [stdout]   |                                                 ^^^^^^ not found in this scope
[INFO] [stdout] 
[INFO] [stdout] error: aborting due to 2 previous errors
[INFO] [stdout] 
[INFO] [stdout] For more information about this error, try `rustc --explain E0425`.
[INFO] [stdout] Couldn't compile the test.
[INFO] [stdout] ---- src/lib.rs - (line 11) stdout ----
[INFO] [stdout] error[E0425]: cannot find value `spi` in this scope
[INFO] [stdout]  --> src/lib.rs:17:44
[INFO] [stdout]   |
[INFO] [stdout] 9 | let mut mcp23s17 = mcp23s17::Mcp23s17::new(spi, cs_pin, 0b000).ok().unwrap();
[INFO] [stdout]   |                                            ^^^ not found in this scope
[INFO] [stdout] 
[INFO] [stdout] error[E0425]: cannot find value `cs_pin` in this scope
[INFO] [stdout]  --> src/lib.rs:17:49
[INFO] [stdout]   |
[INFO] [stdout] 9 | let mut mcp23s17 = mcp23s17::Mcp23s17::new(spi, cs_pin, 0b000).ok().unwrap();
[INFO] [stdout]   |                                                 ^^^^^^ not found in this scope
[INFO] [stdout] 
[INFO] [stdout] error: aborting due to 2 previous errors
[INFO] [stdout] 
[INFO] [stdout] For more information about this error, try `rustc --explain E0425`.
[INFO] [stdout] Couldn't compile the test.
[INFO] [stdout] 
[INFO] [stdout] failures:
[INFO] [stdout]     src/lib.rs - (line 11)
[INFO] [stdout]     src/lib.rs - Mcp23s17 (line 241)
[INFO] [stdout] 
[INFO] [stdout] test result: FAILED. 0 passed; 2 failed; 0 ignored; 0 measured; 0 filtered out; finished in 0.04s
[INFO] [stdout] 
[INFO] [stderr] error: doctest failed, to rerun pass `--doc`
[INFO] running `Command { std: "docker" "inspect" "5bf30b70caa7b6b274ef495cc5cad1a04d1a9ca8cfb03aaad7c9886b32183954", kill_on_drop: false }`
[INFO] running `Command { std: "docker" "rm" "-f" "5bf30b70caa7b6b274ef495cc5cad1a04d1a9ca8cfb03aaad7c9886b32183954", kill_on_drop: false }`
[INFO] [stdout] 5bf30b70caa7b6b274ef495cc5cad1a04d1a9ca8cfb03aaad7c9886b32183954
