[INFO] fetching crate mco-http 0.1.32...
[INFO] testing mco-http-0.1.32 against nightly-2024-10-28+rustflags=-Zrandomize-layout for randomize-layout
[INFO] extracting crate mco-http 0.1.32 into /workspace/builds/worker-0-tc2/source
[INFO] validating manifest of crates.io crate mco-http 0.1.32 on toolchain nightly-2024-10-28
[INFO] running `Command { std: CARGO_HOME="/workspace/cargo-home" RUSTUP_HOME="/workspace/rustup-home" "/workspace/cargo-home/bin/cargo" "+nightly-2024-10-28" "metadata" "--manifest-path" "Cargo.toml" "--no-deps", kill_on_drop: false }`
[INFO] started tweaking crates.io crate mco-http 0.1.32
[INFO] finished tweaking crates.io crate mco-http 0.1.32
[INFO] tweaked toml for crates.io crate mco-http 0.1.32 written to /workspace/builds/worker-0-tc2/source/Cargo.toml
[INFO] running `Command { std: CARGO_HOME="/workspace/cargo-home" RUSTUP_HOME="/workspace/rustup-home" "/workspace/cargo-home/bin/cargo" "+nightly-2024-10-28" "generate-lockfile" "--manifest-path" "Cargo.toml", kill_on_drop: false }`
[INFO] [stderr]     Updating crates.io index
[INFO] [stderr]      Locking 131 packages to latest compatible versions
[INFO] [stderr]       Adding base64 v0.21.7 (available: v0.22.1)
[INFO] [stderr]       Adding language-tags v0.2.2 (available: v0.3.2)
[INFO] [stderr]       Adding mime v0.2.6 (available: v0.3.17)
[INFO] [stderr]       Adding time v0.1.45 (available: v0.3.36)
[INFO] [stderr]       Adding unicase v1.4.2 (available: v2.8.0)
[INFO] [stderr]       Adding url v1.7.2 (available: v2.5.2)
[INFO] [stderr]       Adding wasi v0.10.0+wasi-snapshot-preview1 (available: v0.10.2+wasi-snapshot-preview1)
[INFO] running `Command { std: CARGO_HOME="/workspace/cargo-home" RUSTUP_HOME="/workspace/rustup-home" "/workspace/cargo-home/bin/cargo" "+nightly-2024-10-28" "fetch" "--manifest-path" "Cargo.toml", kill_on_drop: false }`
[INFO] running `Command { std: "docker" "create" "-v" "/var/lib/crater-agent-workspace/builds/worker-0-tc2/target:/opt/rustwide/target:rw,Z" "-v" "/var/lib/crater-agent-workspace/builds/worker-0-tc2/source:/opt/rustwide/workdir:ro,Z" "-v" "/var/lib/crater-agent-workspace/cargo-home:/opt/rustwide/cargo-home:ro,Z" "-v" "/var/lib/crater-agent-workspace/rustup-home:/opt/rustwide/rustup-home:ro,Z" "-e" "SOURCE_DIR=/opt/rustwide/workdir" "-e" "CARGO_TARGET_DIR=/opt/rustwide/target" "-e" "CARGO_HOME=/opt/rustwide/cargo-home" "-e" "RUSTUP_HOME=/opt/rustwide/rustup-home" "-w" "/opt/rustwide/workdir" "-m" "1610612736" "--user" "0:0" "--network" "none" "ghcr.io/rust-lang/crates-build-env/linux@sha256:4a844ea9eb2546a2d2c7022eacef16ef2e8229c7fbb2c7d4d55a9ceca922f72d" "/opt/rustwide/cargo-home/bin/cargo" "+nightly-2024-10-28" "metadata" "--no-deps" "--format-version=1", kill_on_drop: false }`
[INFO] [stdout] eccfd868de91247aa193330f3b72934cd3c31bf8ba64b7d1e20c5c7d8954a3aa
[INFO] running `Command { std: "docker" "start" "-a" "eccfd868de91247aa193330f3b72934cd3c31bf8ba64b7d1e20c5c7d8954a3aa", kill_on_drop: false }`
[INFO] running `Command { std: "docker" "inspect" "eccfd868de91247aa193330f3b72934cd3c31bf8ba64b7d1e20c5c7d8954a3aa", kill_on_drop: false }`
[INFO] running `Command { std: "docker" "rm" "-f" "eccfd868de91247aa193330f3b72934cd3c31bf8ba64b7d1e20c5c7d8954a3aa", kill_on_drop: false }`
[INFO] [stdout] eccfd868de91247aa193330f3b72934cd3c31bf8ba64b7d1e20c5c7d8954a3aa
[INFO] running `Command { std: "docker" "create" "-v" "/var/lib/crater-agent-workspace/builds/worker-0-tc2/target:/opt/rustwide/target:rw,Z" "-v" "/var/lib/crater-agent-workspace/builds/worker-0-tc2/source:/opt/rustwide/workdir:ro,Z" "-v" "/var/lib/crater-agent-workspace/cargo-home:/opt/rustwide/cargo-home:ro,Z" "-v" "/var/lib/crater-agent-workspace/rustup-home:/opt/rustwide/rustup-home:ro,Z" "-e" "SOURCE_DIR=/opt/rustwide/workdir" "-e" "CARGO_TARGET_DIR=/opt/rustwide/target" "-e" "CARGO_INCREMENTAL=0" "-e" "RUST_BACKTRACE=full" "-e" "RUSTFLAGS=--cap-lints=forbid -Zrandomize-layout" "-e" "RUSTDOCFLAGS=--cap-lints=forbid" "-e" "CARGO_HOME=/opt/rustwide/cargo-home" "-e" "RUSTUP_HOME=/opt/rustwide/rustup-home" "-w" "/opt/rustwide/workdir" "-m" "1610612736" "--user" "0:0" "--network" "none" "ghcr.io/rust-lang/crates-build-env/linux@sha256:4a844ea9eb2546a2d2c7022eacef16ef2e8229c7fbb2c7d4d55a9ceca922f72d" "/opt/rustwide/cargo-home/bin/cargo" "+nightly-2024-10-28" "build" "--frozen" "--message-format=json", kill_on_drop: false }`
[INFO] [stdout] 7e64fabcc2671b23b3d112d7aa2472223ac3229dce89dea9949b12957e16f82c
[INFO] running `Command { std: "docker" "start" "-a" "7e64fabcc2671b23b3d112d7aa2472223ac3229dce89dea9949b12957e16f82c", kill_on_drop: false }`
[INFO] [stderr]    Compiling libc v0.2.161
[INFO] [stderr]    Compiling crossbeam-utils v0.8.20
[INFO] [stderr]    Compiling serde v1.0.214
[INFO] [stderr]    Compiling encoding_index_tests v0.1.4
[INFO] [stderr]    Compiling getrandom v0.1.16
[INFO] [stderr]    Compiling rustversion v1.0.18
[INFO] [stderr]    Compiling byteorder v1.5.0
[INFO] [stderr]    Compiling syn v2.0.86
[INFO] [stderr]    Compiling log v0.4.22
[INFO] [stderr]    Compiling tinyvec_macros v0.1.1
[INFO] [stderr]    Compiling parking_lot_core v0.8.6
[INFO] [stderr]    Compiling tinyvec v1.8.0
[INFO] [stderr]    Compiling instant v0.1.13
[INFO] [stderr]    Compiling version_check v0.1.5
[INFO] [stderr]    Compiling powerfmt v0.2.0
[INFO] [stderr]    Compiling unicode-bidi v0.3.17
[INFO] [stderr]    Compiling unicase v1.4.2
[INFO] [stderr]    Compiling crossbeam-epoch v0.9.18
[INFO] [stderr]    Compiling generator v0.7.5
[INFO] [stderr]    Compiling crossbeam-channel v0.5.13
[INFO] [stderr]    Compiling crossbeam-deque v0.8.5
[INFO] [stderr]    Compiling unicode-normalization v0.1.24
[INFO] [stderr]    Compiling crossbeam-queue v0.3.11
[INFO] [stderr]    Compiling remove_dir_all v0.5.3
[INFO] [stderr]    Compiling time-core v0.1.2
[INFO] [stderr]    Compiling num-conv v0.1.0
[INFO] [stderr]    Compiling percent-encoding v2.3.1
[INFO] [stderr]    Compiling httparse v1.9.5
[INFO] [stderr]    Compiling num_threads v0.1.7
[INFO] [stderr]    Compiling matches v0.1.10
[INFO] [stderr]    Compiling form_urlencoded v1.2.1
[INFO] [stderr]    Compiling crossbeam v0.8.4
[INFO] [stderr]    Compiling log v0.3.9
[INFO] [stderr]    Compiling encoding-index-singlebyte v1.20141219.5
[INFO] [stderr]    Compiling idna v0.1.5
[INFO] [stderr]    Compiling encoding-index-korean v1.20141219.5
[INFO] [stderr]    Compiling encoding-index-japanese v1.20141219.5
[INFO] [stderr]    Compiling encoding-index-tradchinese v1.20141219.5
[INFO] [stderr]    Compiling encoding-index-simpchinese v1.20141219.5
[INFO] [stderr]    Compiling base64 v0.12.3
[INFO] [stderr]    Compiling rand v0.4.6
[INFO] [stderr]    Compiling rand_core v0.5.1
[INFO] [stderr]    Compiling parking_lot v0.11.2
[INFO] [stderr]    Compiling num_cpus v1.16.0
[INFO] [stderr]    Compiling nix v0.27.1
[INFO] [stderr]    Compiling socket2 v0.5.7
[INFO] [stderr]    Compiling memchr v2.7.4
[INFO] [stderr]    Compiling tempdir v0.3.7
[INFO] [stderr]    Compiling percent-encoding v1.0.1
[INFO] [stderr]    Compiling url v1.7.2
[INFO] [stderr]    Compiling encoding v0.2.33
[INFO] [stderr]    Compiling time v0.1.45
[INFO] [stderr]    Compiling mime v0.2.6
[INFO] [stderr]    Compiling zerocopy-derive v0.7.35
[INFO] [stderr]    Compiling deranged v0.3.11
[INFO] [stderr]    Compiling serde_json v1.0.132
[INFO] [stderr]    Compiling serde_urlencoded v0.7.1
[INFO] [stderr]    Compiling language-tags v0.2.2
[INFO] [stderr]    Compiling httpdate v1.0.3
[INFO] [stderr]    Compiling base64 v0.21.7
[INFO] [stderr]    Compiling buf-read-ext v0.4.0
[INFO] [stderr]    Compiling traitobject v0.1.0
[INFO] [stderr]    Compiling typeable v0.1.2
[INFO] [stderr]    Compiling zerocopy v0.7.35
[INFO] [stderr]    Compiling time v0.3.36
[INFO] [stderr]    Compiling ppv-lite86 v0.2.20
[INFO] [stderr]    Compiling rand_chacha v0.2.2
[INFO] [stderr]    Compiling rand v0.7.3
[INFO] [stderr]    Compiling textnonce v1.0.0
[INFO] [stderr]    Compiling mco v0.1.48
[INFO] [stderr]    Compiling mco-http v0.1.32 (/opt/rustwide/workdir)
[INFO] [stdout] warning: unexpected `cfg` condition value: `openssl`
[INFO] [stdout]    --> src/client/proxy.rs:159:15
[INFO] [stdout]     |
[INFO] [stdout] 159 | #[cfg(not(any(feature = "openssl", feature = "security-framework")))]
[INFO] [stdout]     |               ^^^^^^^^^^^^^^^^^^^
[INFO] [stdout]     |
[INFO] [stdout]     = note: expected values for `feature` are: `dark-std`, `default`, `mco`, `nightly`, `runtime_mco`, `runtime_thread`, and `serde_json`
[INFO] [stdout]     = help: consider adding `openssl` as a feature in `Cargo.toml`
[INFO] [stdout]     = note: see <https://doc.rust-lang.org/nightly/rustc/check-cfg/cargo-specifics.html> for more information about checking conditional configuration
[INFO] [stdout]     = note: `#[warn(unexpected_cfgs)]` on by default
[INFO] [stdout] 
[INFO] [stdout] 
[INFO] [stdout] warning: unexpected `cfg` condition value: `security-framework`
[INFO] [stdout]    --> src/client/proxy.rs:159:36
[INFO] [stdout]     |
[INFO] [stdout] 159 | #[cfg(not(any(feature = "openssl", feature = "security-framework")))]
[INFO] [stdout]     |                                    ^^^^^^^^^^^^^^^^^^^^^^^^^^^^^^
[INFO] [stdout]     |
[INFO] [stdout]     = note: expected values for `feature` are: `dark-std`, `default`, `mco`, `nightly`, `runtime_mco`, `runtime_thread`, and `serde_json`
[INFO] [stdout]     = help: consider adding `security-framework` as a feature in `Cargo.toml`
[INFO] [stdout]     = note: see <https://doc.rust-lang.org/nightly/rustc/check-cfg/cargo-specifics.html> for more information about checking conditional configuration
[INFO] [stdout] 
[INFO] [stdout] 
[INFO] [stdout] warning: unexpected `cfg` condition value: `openssl`
[INFO] [stdout]   --> src/error.rs:12:7
[INFO] [stdout]    |
[INFO] [stdout] 12 | #[cfg(feature = "openssl")]
[INFO] [stdout]    |       ^^^^^^^^^^^^^^^^^^^
[INFO] [stdout]    |
[INFO] [stdout]    = note: expected values for `feature` are: `dark-std`, `default`, `mco`, `nightly`, `runtime_mco`, `runtime_thread`, and `serde_json`
[INFO] [stdout]    = help: consider adding `openssl` as a feature in `Cargo.toml`
[INFO] [stdout]    = note: see <https://doc.rust-lang.org/nightly/rustc/check-cfg/cargo-specifics.html> for more information about checking conditional configuration
[INFO] [stdout] 
[INFO] [stdout] 
[INFO] [stdout] warning: unexpected `cfg` condition value: `openssl`
[INFO] [stdout]    --> src/error.rs:112:7
[INFO] [stdout]     |
[INFO] [stdout] 112 | #[cfg(feature = "openssl")]
[INFO] [stdout]     |       ^^^^^^^^^^^^^^^^^^^
[INFO] [stdout]     |
[INFO] [stdout]     = note: expected values for `feature` are: `dark-std`, `default`, `mco`, `nightly`, `runtime_mco`, `runtime_thread`, and `serde_json`
[INFO] [stdout]     = help: consider adding `openssl` as a feature in `Cargo.toml`
[INFO] [stdout]     = note: see <https://doc.rust-lang.org/nightly/rustc/check-cfg/cargo-specifics.html> for more information about checking conditional configuration
[INFO] [stdout] 
[INFO] [stdout] 
[INFO] [stdout] warning: unexpected `cfg` condition name: `ndebug`
[INFO] [stdout]    --> src/lib.rs:163:35
[INFO] [stdout]     |
[INFO] [stdout] 163 |     ($($arg:tt)*) => (if cfg!(not(ndebug)) {
[INFO] [stdout]     |                                   ^^^^^^
[INFO] [stdout]     |
[INFO] [stdout]    ::: src/http/h1.rs:702:17
[INFO] [stdout]     |
[INFO] [stdout] 702 |                 todo!("chunk extension byte={}", ext);
[INFO] [stdout]     |                 ------------------------------------- in this macro invocation
[INFO] [stdout]     |
[INFO] [stdout]     = help: expected names are: `clippy`, `debug_assertions`, `doc`, `docsrs`, `doctest`, `feature`, `fmt_debug`, `miri`, `overflow_checks`, `panic`, `proc_macro`, `relocation_model`, `rustfmt`, `sanitize`, `sanitizer_cfi_generalize_pointers`, `sanitizer_cfi_normalize_integers`, `target_abi`, `target_arch`, `target_endian`, `target_env`, `target_family`, `target_feature`, `target_has_atomic`, `target_has_atomic_equal_alignment`, `target_has_atomic_load_store`, `target_os`, `target_pointer_width`, `target_thread_local`, `target_vendor`, `test`, `ub_checks`, `unix`, and `windows`
[INFO] [stdout]     = help: consider using a Cargo feature instead
[INFO] [stdout]     = help: or consider adding in `Cargo.toml` the `check-cfg` lint config for the lint:
[INFO] [stdout]              [lints.rust]
[INFO] [stdout]              unexpected_cfgs = { level = "warn", check-cfg = ['cfg(ndebug)'] }
[INFO] [stdout]     = help: or consider adding `println!("cargo::rustc-check-cfg=cfg(ndebug)");` to the top of the `build.rs`
[INFO] [stdout]     = note: see <https://doc.rust-lang.org/nightly/rustc/check-cfg/cargo-specifics.html> for more information about checking conditional configuration
[INFO] [stdout]     = note: this warning originates in the macro `todo` (in Nightly builds, run with -Z macro-backtrace for more info)
[INFO] [stdout] 
[INFO] [stdout] 
[INFO] [stdout] warning: unexpected `cfg` condition name: `ndebug`
[INFO] [stdout]    --> src/lib.rs:163:35
[INFO] [stdout]     |
[INFO] [stdout] 163 |     ($($arg:tt)*) => (if cfg!(not(ndebug)) {
[INFO] [stdout]     |                                   ^^^^^^
[INFO] [stdout]     |
[INFO] [stdout]    ::: src/server/request.rs:54:13
[INFO] [stdout]     |
[INFO] [stdout] 54  |             todo!("check for Transfer-Encoding: chunked");
[INFO] [stdout]     |             --------------------------------------------- in this macro invocation
[INFO] [stdout]     |
[INFO] [stdout]     = help: consider using a Cargo feature instead
[INFO] [stdout]     = help: or consider adding in `Cargo.toml` the `check-cfg` lint config for the lint:
[INFO] [stdout]              [lints.rust]
[INFO] [stdout]              unexpected_cfgs = { level = "warn", check-cfg = ['cfg(ndebug)'] }
[INFO] [stdout]     = help: or consider adding `println!("cargo::rustc-check-cfg=cfg(ndebug)");` to the top of the `build.rs`
[INFO] [stdout]     = note: see <https://doc.rust-lang.org/nightly/rustc/check-cfg/cargo-specifics.html> for more information about checking conditional configuration
[INFO] [stdout]     = note: this warning originates in the macro `todo` (in Nightly builds, run with -Z macro-backtrace for more info)
[INFO] [stdout] 
[INFO] [stdout] 
[INFO] [stdout] warning: unexpected `cfg` condition name: `ndebug`
[INFO] [stdout]    --> src/lib.rs:163:35
[INFO] [stdout]     |
[INFO] [stdout] 163 |     ($($arg:tt)*) => (if cfg!(not(ndebug)) {
[INFO] [stdout]     |                                   ^^^^^^
[INFO] [stdout]     |
[INFO] [stdout]    ::: src/uri.rs:70:13
[INFO] [stdout]     |
[INFO] [stdout] 70  |             todo!("compare vs u.authority()");
[INFO] [stdout]     |             --------------------------------- in this macro invocation
[INFO] [stdout]     |
[INFO] [stdout]     = help: consider using a Cargo feature instead
[INFO] [stdout]     = help: or consider adding in `Cargo.toml` the `check-cfg` lint config for the lint:
[INFO] [stdout]              [lints.rust]
[INFO] [stdout]              unexpected_cfgs = { level = "warn", check-cfg = ['cfg(ndebug)'] }
[INFO] [stdout]     = help: or consider adding `println!("cargo::rustc-check-cfg=cfg(ndebug)");` to the top of the `build.rs`
[INFO] [stdout]     = note: see <https://doc.rust-lang.org/nightly/rustc/check-cfg/cargo-specifics.html> for more information about checking conditional configuration
[INFO] [stdout]     = note: this warning originates in the macro `todo` (in Nightly builds, run with -Z macro-backtrace for more info)
[INFO] [stdout] 
[INFO] [stdout] 
[INFO] [stderr]     Finished `dev` profile [unoptimized + debuginfo] target(s) in 6.71s
[INFO] [stderr] warning: the following packages contain code that will be rejected by a future version of Rust: traitobject v0.1.0
[INFO] [stderr] note: to see what the problems were, use the option `--future-incompat-report`, or run `cargo report future-incompatibilities --id 1`
[INFO] running `Command { std: "docker" "inspect" "7e64fabcc2671b23b3d112d7aa2472223ac3229dce89dea9949b12957e16f82c", kill_on_drop: false }`
[INFO] running `Command { std: "docker" "rm" "-f" "7e64fabcc2671b23b3d112d7aa2472223ac3229dce89dea9949b12957e16f82c", kill_on_drop: false }`
[INFO] [stdout] 7e64fabcc2671b23b3d112d7aa2472223ac3229dce89dea9949b12957e16f82c
[INFO] running `Command { std: "docker" "create" "-v" "/var/lib/crater-agent-workspace/builds/worker-0-tc2/target:/opt/rustwide/target:rw,Z" "-v" "/var/lib/crater-agent-workspace/builds/worker-0-tc2/source:/opt/rustwide/workdir:ro,Z" "-v" "/var/lib/crater-agent-workspace/cargo-home:/opt/rustwide/cargo-home:ro,Z" "-v" "/var/lib/crater-agent-workspace/rustup-home:/opt/rustwide/rustup-home:ro,Z" "-e" "SOURCE_DIR=/opt/rustwide/workdir" "-e" "CARGO_TARGET_DIR=/opt/rustwide/target" "-e" "CARGO_INCREMENTAL=0" "-e" "RUST_BACKTRACE=full" "-e" "RUSTFLAGS=--cap-lints=forbid -Zrandomize-layout" "-e" "RUSTDOCFLAGS=--cap-lints=forbid" "-e" "CARGO_HOME=/opt/rustwide/cargo-home" "-e" "RUSTUP_HOME=/opt/rustwide/rustup-home" "-w" "/opt/rustwide/workdir" "-m" "1610612736" "--user" "0:0" "--network" "none" "ghcr.io/rust-lang/crates-build-env/linux@sha256:4a844ea9eb2546a2d2c7022eacef16ef2e8229c7fbb2c7d4d55a9ceca922f72d" "/opt/rustwide/cargo-home/bin/cargo" "+nightly-2024-10-28" "test" "--frozen" "--no-run" "--message-format=json", kill_on_drop: false }`
[INFO] [stdout] 604353262f24f13ec87ffc767f7e1559fd9cbec26ee05c6eca30e2a3b26a21ac
[INFO] running `Command { std: "docker" "start" "-a" "604353262f24f13ec87ffc767f7e1559fd9cbec26ee05c6eca30e2a3b26a21ac", kill_on_drop: false }`
[INFO] [stdout] warning: unexpected `cfg` condition value: `openssl`
[INFO] [stdout]    --> src/client/proxy.rs:159:15
[INFO] [stdout]     |
[INFO] [stdout] 159 | #[cfg(not(any(feature = "openssl", feature = "security-framework")))]
[INFO] [stdout]     |               ^^^^^^^^^^^^^^^^^^^
[INFO] [stdout]     |
[INFO] [stdout]     = note: expected values for `feature` are: `dark-std`, `default`, `mco`, `nightly`, `runtime_mco`, `runtime_thread`, and `serde_json`
[INFO] [stdout]     = help: consider adding `openssl` as a feature in `Cargo.toml`
[INFO] [stdout]     = note: see <https://doc.rust-lang.org/nightly/rustc/check-cfg/cargo-specifics.html> for more information about checking conditional configuration
[INFO] [stdout]     = note: `#[warn(unexpected_cfgs)]` on by default
[INFO] [stdout] 
[INFO] [stdout] 
[INFO] [stdout] warning: unexpected `cfg` condition value: `security-framework`
[INFO] [stdout]    --> src/client/proxy.rs:159:36
[INFO] [stdout]     |
[INFO] [stdout] 159 | #[cfg(not(any(feature = "openssl", feature = "security-framework")))]
[INFO] [stdout]     |                                    ^^^^^^^^^^^^^^^^^^^^^^^^^^^^^^
[INFO] [stdout]     |
[INFO] [stdout]     = note: expected values for `feature` are: `dark-std`, `default`, `mco`, `nightly`, `runtime_mco`, `runtime_thread`, and `serde_json`
[INFO] [stdout]     = help: consider adding `security-framework` as a feature in `Cargo.toml`
[INFO] [stdout]     = note: see <https://doc.rust-lang.org/nightly/rustc/check-cfg/cargo-specifics.html> for more information about checking conditional configuration
[INFO] [stdout] 
[INFO] [stdout] 
[INFO] [stdout] warning: unexpected `cfg` condition value: `openssl`
[INFO] [stdout]   --> src/error.rs:12:7
[INFO] [stdout]    |
[INFO] [stdout] 12 | #[cfg(feature = "openssl")]
[INFO] [stdout]    |       ^^^^^^^^^^^^^^^^^^^
[INFO] [stdout]    |
[INFO] [stdout]    = note: expected values for `feature` are: `dark-std`, `default`, `mco`, `nightly`, `runtime_mco`, `runtime_thread`, and `serde_json`
[INFO] [stdout]    = help: consider adding `openssl` as a feature in `Cargo.toml`
[INFO] [stdout]    = note: see <https://doc.rust-lang.org/nightly/rustc/check-cfg/cargo-specifics.html> for more information about checking conditional configuration
[INFO] [stdout] 
[INFO] [stdout] 
[INFO] [stdout] warning: unexpected `cfg` condition value: `openssl`
[INFO] [stdout]    --> src/error.rs:112:7
[INFO] [stdout]     |
[INFO] [stdout] 112 | #[cfg(feature = "openssl")]
[INFO] [stdout]     |       ^^^^^^^^^^^^^^^^^^^
[INFO] [stdout]     |
[INFO] [stdout]     = note: expected values for `feature` are: `dark-std`, `default`, `mco`, `nightly`, `runtime_mco`, `runtime_thread`, and `serde_json`
[INFO] [stdout]     = help: consider adding `openssl` as a feature in `Cargo.toml`
[INFO] [stdout]     = note: see <https://doc.rust-lang.org/nightly/rustc/check-cfg/cargo-specifics.html> for more information about checking conditional configuration
[INFO] [stdout] 
[INFO] [stdout] 
[INFO] [stdout] warning: unexpected `cfg` condition name: `ndebug`
[INFO] [stdout]    --> src/lib.rs:163:35
[INFO] [stdout]     |
[INFO] [stdout] 163 |     ($($arg:tt)*) => (if cfg!(not(ndebug)) {
[INFO] [stdout]     |                                   ^^^^^^
[INFO] [stdout]     |
[INFO] [stdout]    ::: src/http/h1.rs:702:17
[INFO] [stdout]     |
[INFO] [stdout] 702 |                 todo!("chunk extension byte={}", ext);
[INFO] [stdout]     |                 ------------------------------------- in this macro invocation
[INFO] [stdout]     |
[INFO] [stdout]     = help: expected names are: `clippy`, `debug_assertions`, `doc`, `docsrs`, `doctest`, `feature`, `fmt_debug`, `miri`, `overflow_checks`, `panic`, `proc_macro`, `relocation_model`, `rustfmt`, `sanitize`, `sanitizer_cfi_generalize_pointers`, `sanitizer_cfi_normalize_integers`, `target_abi`, `target_arch`, `target_endian`, `target_env`, `target_family`, `target_feature`, `target_has_atomic`, `target_has_atomic_equal_alignment`, `target_has_atomic_load_store`, `target_os`, `target_pointer_width`, `target_thread_local`, `target_vendor`, `test`, `ub_checks`, `unix`, and `windows`
[INFO] [stdout]     = help: consider using a Cargo feature instead
[INFO] [stdout]     = help: or consider adding in `Cargo.toml` the `check-cfg` lint config for the lint:
[INFO] [stdout]              [lints.rust]
[INFO] [stdout]              unexpected_cfgs = { level = "warn", check-cfg = ['cfg(ndebug)'] }
[INFO] [stdout]     = help: or consider adding `println!("cargo::rustc-check-cfg=cfg(ndebug)");` to the top of the `build.rs`
[INFO] [stdout]     = note: see <https://doc.rust-lang.org/nightly/rustc/check-cfg/cargo-specifics.html> for more information about checking conditional configuration
[INFO] [stdout]     = note: this warning originates in the macro `todo` (in Nightly builds, run with -Z macro-backtrace for more info)
[INFO] [stdout] 
[INFO] [stdout] 
[INFO] [stdout] warning: unexpected `cfg` condition name: `ndebug`
[INFO] [stdout]    --> src/lib.rs:163:35
[INFO] [stdout]     |
[INFO] [stdout] 163 |     ($($arg:tt)*) => (if cfg!(not(ndebug)) {
[INFO] [stdout]     |                                   ^^^^^^
[INFO] [stdout]     |
[INFO] [stdout]    ::: src/server/request.rs:54:13
[INFO] [stdout]     |
[INFO] [stdout] 54  |             todo!("check for Transfer-Encoding: chunked");
[INFO] [stdout]     |             --------------------------------------------- in this macro invocation
[INFO] [stdout]     |
[INFO] [stdout]     = help: consider using a Cargo feature instead
[INFO] [stdout]     = help: or consider adding in `Cargo.toml` the `check-cfg` lint config for the lint:
[INFO] [stdout]              [lints.rust]
[INFO] [stdout]              unexpected_cfgs = { level = "warn", check-cfg = ['cfg(ndebug)'] }
[INFO] [stdout]     = help: or consider adding `println!("cargo::rustc-check-cfg=cfg(ndebug)");` to the top of the `build.rs`
[INFO] [stdout]     = note: see <https://doc.rust-lang.org/nightly/rustc/check-cfg/cargo-specifics.html> for more information about checking conditional configuration
[INFO] [stdout]     = note: this warning originates in the macro `todo` (in Nightly builds, run with -Z macro-backtrace for more info)
[INFO] [stdout] 
[INFO] [stdout] 
[INFO] [stderr]    Compiling mco-http v0.1.32 (/opt/rustwide/workdir)
[INFO] [stdout] warning: unexpected `cfg` condition name: `ndebug`
[INFO] [stdout]    --> src/lib.rs:163:35
[INFO] [stdout]     |
[INFO] [stdout] 163 |     ($($arg:tt)*) => (if cfg!(not(ndebug)) {
[INFO] [stdout]     |                                   ^^^^^^
[INFO] [stdout]     |
[INFO] [stdout]    ::: src/uri.rs:70:13
[INFO] [stdout]     |
[INFO] [stdout] 70  |             todo!("compare vs u.authority()");
[INFO] [stdout]     |             --------------------------------- in this macro invocation
[INFO] [stdout]     |
[INFO] [stdout]     = help: consider using a Cargo feature instead
[INFO] [stdout]     = help: or consider adding in `Cargo.toml` the `check-cfg` lint config for the lint:
[INFO] [stdout]              [lints.rust]
[INFO] [stdout]              unexpected_cfgs = { level = "warn", check-cfg = ['cfg(ndebug)'] }
[INFO] [stdout]     = help: or consider adding `println!("cargo::rustc-check-cfg=cfg(ndebug)");` to the top of the `build.rs`
[INFO] [stdout]     = note: see <https://doc.rust-lang.org/nightly/rustc/check-cfg/cargo-specifics.html> for more information about checking conditional configuration
[INFO] [stdout]     = note: this warning originates in the macro `todo` (in Nightly builds, run with -Z macro-backtrace for more info)
[INFO] [stdout] 
[INFO] [stdout] 
[INFO] [stdout] warning: unexpected `cfg` condition value: `openssl`
[INFO] [stdout]    --> src/client/proxy.rs:159:15
[INFO] [stdout]     |
[INFO] [stdout] 159 | #[cfg(not(any(feature = "openssl", feature = "security-framework")))]
[INFO] [stdout]     |               ^^^^^^^^^^^^^^^^^^^
[INFO] [stdout]     |
[INFO] [stdout]     = note: expected values for `feature` are: `dark-std`, `default`, `mco`, `nightly`, `runtime_mco`, `runtime_thread`, and `serde_json`
[INFO] [stdout]     = help: consider adding `openssl` as a feature in `Cargo.toml`
[INFO] [stdout]     = note: see <https://doc.rust-lang.org/nightly/rustc/check-cfg/cargo-specifics.html> for more information about checking conditional configuration
[INFO] [stdout]     = note: `#[warn(unexpected_cfgs)]` on by default
[INFO] [stdout] 
[INFO] [stdout] 
[INFO] [stdout] warning: unexpected `cfg` condition value: `security-framework`
[INFO] [stdout]    --> src/client/proxy.rs:159:36
[INFO] [stdout]     |
[INFO] [stdout] 159 | #[cfg(not(any(feature = "openssl", feature = "security-framework")))]
[INFO] [stdout]     |                                    ^^^^^^^^^^^^^^^^^^^^^^^^^^^^^^
[INFO] [stdout]     |
[INFO] [stdout]     = note: expected values for `feature` are: `dark-std`, `default`, `mco`, `nightly`, `runtime_mco`, `runtime_thread`, and `serde_json`
[INFO] [stdout]     = help: consider adding `security-framework` as a feature in `Cargo.toml`
[INFO] [stdout]     = note: see <https://doc.rust-lang.org/nightly/rustc/check-cfg/cargo-specifics.html> for more information about checking conditional configuration
[INFO] [stdout] 
[INFO] [stdout] 
[INFO] [stdout] warning: unexpected `cfg` condition value: `openssl`
[INFO] [stdout]   --> src/error.rs:12:7
[INFO] [stdout]    |
[INFO] [stdout] 12 | #[cfg(feature = "openssl")]
[INFO] [stdout]    |       ^^^^^^^^^^^^^^^^^^^
[INFO] [stdout]    |
[INFO] [stdout]    = note: expected values for `feature` are: `dark-std`, `default`, `mco`, `nightly`, `runtime_mco`, `runtime_thread`, and `serde_json`
[INFO] [stdout]    = help: consider adding `openssl` as a feature in `Cargo.toml`
[INFO] [stdout]    = note: see <https://doc.rust-lang.org/nightly/rustc/check-cfg/cargo-specifics.html> for more information about checking conditional configuration
[INFO] [stdout] 
[INFO] [stdout] 
[INFO] [stdout] warning: unexpected `cfg` condition value: `openssl`
[INFO] [stdout]    --> src/error.rs:112:7
[INFO] [stdout]     |
[INFO] [stdout] 112 | #[cfg(feature = "openssl")]
[INFO] [stdout]     |       ^^^^^^^^^^^^^^^^^^^
[INFO] [stdout]     |
[INFO] [stdout]     = note: expected values for `feature` are: `dark-std`, `default`, `mco`, `nightly`, `runtime_mco`, `runtime_thread`, and `serde_json`
[INFO] [stdout]     = help: consider adding `openssl` as a feature in `Cargo.toml`
[INFO] [stdout]     = note: see <https://doc.rust-lang.org/nightly/rustc/check-cfg/cargo-specifics.html> for more information about checking conditional configuration
[INFO] [stdout] 
[INFO] [stdout] 
[INFO] [stdout] warning: unexpected `cfg` condition value: `openssl`
[INFO] [stdout]    --> src/error.rs:205:11
[INFO] [stdout]     |
[INFO] [stdout] 205 |     #[cfg(feature = "openssl")]
[INFO] [stdout]     |           ^^^^^^^^^^^^^^^^^^^
[INFO] [stdout]     |
[INFO] [stdout]     = note: expected values for `feature` are: `dark-std`, `default`, `mco`, `nightly`, `runtime_mco`, `runtime_thread`, and `serde_json`
[INFO] [stdout]     = help: consider adding `openssl` as a feature in `Cargo.toml`
[INFO] [stdout]     = note: see <https://doc.rust-lang.org/nightly/rustc/check-cfg/cargo-specifics.html> for more information about checking conditional configuration
[INFO] [stdout] 
[INFO] [stdout] 
[INFO] [stdout] warning: unused attribute `doc`
[INFO] [stdout]   --> src/header/common/accept_charset.rs:53:9
[INFO] [stdout]    |
[INFO] [stdout] 53 |         /// Testcase from RFC
[INFO] [stdout]    |         ^^^^^^^^^^^^^^^^^^^^^
[INFO] [stdout]    |
[INFO] [stdout] note: the built-in attribute `doc` will be ignored, since it's applied to the macro invocation `test_header`
[INFO] [stdout]   --> src/header/common/accept_charset.rs:54:9
[INFO] [stdout]    |
[INFO] [stdout] 54 |         test_header!(test1, vec![b"iso-8859-5, unicode-1-1;q=0.8"]);
[INFO] [stdout]    |         ^^^^^^^^^^^
[INFO] [stdout]    = note: `#[warn(unused_attributes)]` on by default
[INFO] [stdout] 
[INFO] [stdout] 
[INFO] [stdout] warning: unused attribute `doc`
[INFO] [stdout]   --> src/header/common/content_encoding.rs:44:9
[INFO] [stdout]    |
[INFO] [stdout] 44 |         /// Testcase from the RFC
[INFO] [stdout]    |         ^^^^^^^^^^^^^^^^^^^^^^^^^
[INFO] [stdout]    |
[INFO] [stdout] note: the built-in attribute `doc` will be ignored, since it's applied to the macro invocation `test_header`
[INFO] [stdout]   --> src/header/common/content_encoding.rs:45:9
[INFO] [stdout]    |
[INFO] [stdout] 45 |         test_header!(test1, vec![b"gzip"], Some(ContentEncoding(vec![Encoding::Gzip])));
[INFO] [stdout]    |         ^^^^^^^^^^^
[INFO] [stdout] 
[INFO] [stdout] 
[INFO] [stdout] warning: unnecessary trailing semicolon
[INFO] [stdout]     --> src/header/common/link.rs:1082:59
[INFO] [stdout]      |
[INFO] [stdout] 1082 |         struct TestFormatterStruct<'a> { v: Vec<&'a str> };
[INFO] [stdout]      |                                                           ^ help: remove this semicolon
[INFO] [stdout]      |
[INFO] [stdout]      = note: `#[warn(redundant_semicolons)]` on by default
[INFO] [stdout] 
[INFO] [stdout] 
[INFO] [stdout] warning: unexpected `cfg` condition name: `ndebug`
[INFO] [stdout]    --> src/lib.rs:163:35
[INFO] [stdout]     |
[INFO] [stdout] 163 |     ($($arg:tt)*) => (if cfg!(not(ndebug)) {
[INFO] [stdout]     |                                   ^^^^^^
[INFO] [stdout]     |
[INFO] [stdout]    ::: src/http/h1.rs:702:17
[INFO] [stdout]     |
[INFO] [stdout] 702 |                 todo!("chunk extension byte={}", ext);
[INFO] [stdout]     |                 ------------------------------------- in this macro invocation
[INFO] [stdout]     |
[INFO] [stdout]     = help: expected names are: `clippy`, `debug_assertions`, `doc`, `docsrs`, `doctest`, `feature`, `fmt_debug`, `miri`, `overflow_checks`, `panic`, `proc_macro`, `relocation_model`, `rustfmt`, `sanitize`, `sanitizer_cfi_generalize_pointers`, `sanitizer_cfi_normalize_integers`, `target_abi`, `target_arch`, `target_endian`, `target_env`, `target_family`, `target_feature`, `target_has_atomic`, `target_has_atomic_equal_alignment`, `target_has_atomic_load_store`, `target_os`, `target_pointer_width`, `target_thread_local`, `target_vendor`, `test`, `ub_checks`, `unix`, and `windows`
[INFO] [stdout]     = help: consider using a Cargo feature instead
[INFO] [stdout]     = help: or consider adding in `Cargo.toml` the `check-cfg` lint config for the lint:
[INFO] [stdout]              [lints.rust]
[INFO] [stdout]              unexpected_cfgs = { level = "warn", check-cfg = ['cfg(ndebug)'] }
[INFO] [stdout]     = help: or consider adding `println!("cargo::rustc-check-cfg=cfg(ndebug)");` to the top of the `build.rs`
[INFO] [stdout]     = note: see <https://doc.rust-lang.org/nightly/rustc/check-cfg/cargo-specifics.html> for more information about checking conditional configuration
[INFO] [stdout]     = note: this warning originates in the macro `todo` (in Nightly builds, run with -Z macro-backtrace for more info)
[INFO] [stdout] 
[INFO] [stdout] 
[INFO] [stdout] warning: unexpected `cfg` condition name: `ndebug`
[INFO] [stdout]    --> src/lib.rs:163:35
[INFO] [stdout]     |
[INFO] [stdout] 163 |     ($($arg:tt)*) => (if cfg!(not(ndebug)) {
[INFO] [stdout]     |                                   ^^^^^^
[INFO] [stdout]     |
[INFO] [stdout]    ::: src/server/request.rs:54:13
[INFO] [stdout]     |
[INFO] [stdout] 54  |             todo!("check for Transfer-Encoding: chunked");
[INFO] [stdout]     |             --------------------------------------------- in this macro invocation
[INFO] [stdout]     |
[INFO] [stdout]     = help: consider using a Cargo feature instead
[INFO] [stdout]     = help: or consider adding in `Cargo.toml` the `check-cfg` lint config for the lint:
[INFO] [stdout]              [lints.rust]
[INFO] [stdout]              unexpected_cfgs = { level = "warn", check-cfg = ['cfg(ndebug)'] }
[INFO] [stdout]     = help: or consider adding `println!("cargo::rustc-check-cfg=cfg(ndebug)");` to the top of the `build.rs`
[INFO] [stdout]     = note: see <https://doc.rust-lang.org/nightly/rustc/check-cfg/cargo-specifics.html> for more information about checking conditional configuration
[INFO] [stdout]     = note: this warning originates in the macro `todo` (in Nightly builds, run with -Z macro-backtrace for more info)
[INFO] [stdout] 
[INFO] [stdout] 
[INFO] [stdout] warning: unexpected `cfg` condition name: `ndebug`
[INFO] [stdout]    --> src/lib.rs:163:35
[INFO] [stdout]     |
[INFO] [stdout] 163 |     ($($arg:tt)*) => (if cfg!(not(ndebug)) {
[INFO] [stdout]     |                                   ^^^^^^
[INFO] [stdout]     |
[INFO] [stdout]    ::: src/uri.rs:70:13
[INFO] [stdout]     |
[INFO] [stdout] 70  |             todo!("compare vs u.authority()");
[INFO] [stdout]     |             --------------------------------- in this macro invocation
[INFO] [stdout]     |
[INFO] [stdout]     = help: consider using a Cargo feature instead
[INFO] [stdout]     = help: or consider adding in `Cargo.toml` the `check-cfg` lint config for the lint:
[INFO] [stdout]              [lints.rust]
[INFO] [stdout]              unexpected_cfgs = { level = "warn", check-cfg = ['cfg(ndebug)'] }
[INFO] [stdout]     = help: or consider adding `println!("cargo::rustc-check-cfg=cfg(ndebug)");` to the top of the `build.rs`
[INFO] [stdout]     = note: see <https://doc.rust-lang.org/nightly/rustc/check-cfg/cargo-specifics.html> for more information about checking conditional configuration
[INFO] [stdout]     = note: this warning originates in the macro `todo` (in Nightly builds, run with -Z macro-backtrace for more info)
[INFO] [stdout] 
[INFO] [stdout] 
[INFO] [stdout] warning: use of deprecated method `std::error::Error::description`: use the Display impl or to_string()
[INFO] [stdout]    --> src/error.rs:160:25
[INFO] [stdout]     |
[INFO] [stdout] 160 |         let desc = orig.description().to_owned();
[INFO] [stdout]     |                         ^^^^^^^^^^^
[INFO] [stdout]     |
[INFO] [stdout]     = note: `#[warn(deprecated)]` on by default
[INFO] [stdout] 
[INFO] [stdout] 
[INFO] [stdout] warning: use of deprecated method `std::error::Error::cause`: replaced by Error::source, which can support downcasting
[INFO] [stdout]    --> src/error.rs:162:22
[INFO] [stdout]     |
[INFO] [stdout] 162 |         assert_eq!(e.cause().unwrap().description(), desc);
[INFO] [stdout]     |                      ^^^^^
[INFO] [stdout] 
[INFO] [stdout] 
[INFO] [stdout] warning: use of deprecated method `std::error::Error::description`: use the Display impl or to_string()
[INFO] [stdout]    --> src/error.rs:162:39
[INFO] [stdout]     |
[INFO] [stdout] 162 |         assert_eq!(e.cause().unwrap().description(), desc);
[INFO] [stdout]     |                                       ^^^^^^^^^^^
[INFO] [stdout] 
[INFO] [stdout] 
[INFO] [stdout] warning: use of deprecated method `std::error::Error::cause`: replaced by Error::source, which can support downcasting
[INFO] [stdout]    --> src/error.rs:180:34
[INFO] [stdout]     |
[INFO] [stdout] 180 |                     let desc = e.cause().unwrap().to_string();
[INFO] [stdout]     |                                  ^^^^^
[INFO] [stdout] ...
[INFO] [stdout] 192 |         from_and_cause!(io::Error::new(io::ErrorKind::Other, "other") => Io(..));
[INFO] [stdout]     |         ------------------------------------------------------------------------ in this macro invocation
[INFO] [stdout]     |
[INFO] [stdout]     = note: this warning originates in the macro `from_and_cause` (in Nightly builds, run with -Z macro-backtrace for more info)
[INFO] [stdout] 
[INFO] [stdout] 
[INFO] [stdout] warning: use of deprecated method `std::error::Error::cause`: replaced by Error::source, which can support downcasting
[INFO] [stdout]    --> src/error.rs:180:34
[INFO] [stdout]     |
[INFO] [stdout] 180 |                     let desc = e.cause().unwrap().to_string();
[INFO] [stdout]     |                                  ^^^^^
[INFO] [stdout] ...
[INFO] [stdout] 193 |         from_and_cause!(url::ParseError::EmptyHost => Uri(..));
[INFO] [stdout]     |         ------------------------------------------------------ in this macro invocation
[INFO] [stdout]     |
[INFO] [stdout]     = note: this warning originates in the macro `from_and_cause` (in Nightly builds, run with -Z macro-backtrace for more info)
[INFO] [stdout] 
[INFO] [stdout] 
[INFO] [stdout] warning: use of deprecated method `std::error::Error::description`: use the Display impl or to_string()
[INFO] [stdout]    --> src/error.rs:169:31
[INFO] [stdout]     |
[INFO] [stdout] 169 |                     assert!(e.description().len() > 5);
[INFO] [stdout]     |                               ^^^^^^^^^^^
[INFO] [stdout] ...
[INFO] [stdout] 195 |         from!(httparse::Error::HeaderName => Header);
[INFO] [stdout]     |         -------------------------------------------- in this macro invocation
[INFO] [stdout]     |
[INFO] [stdout]     = note: this warning originates in the macro `from` (in Nightly builds, run with -Z macro-backtrace for more info)
[INFO] [stdout] 
[INFO] [stdout] 
[INFO] [stdout] warning: use of deprecated method `std::error::Error::description`: use the Display impl or to_string()
[INFO] [stdout]    --> src/error.rs:169:31
[INFO] [stdout]     |
[INFO] [stdout] 169 |                     assert!(e.description().len() > 5);
[INFO] [stdout]     |                               ^^^^^^^^^^^
[INFO] [stdout] ...
[INFO] [stdout] 196 |         from!(httparse::Error::HeaderName => Header);
[INFO] [stdout]     |         -------------------------------------------- in this macro invocation
[INFO] [stdout]     |
[INFO] [stdout]     = note: this warning originates in the macro `from` (in Nightly builds, run with -Z macro-backtrace for more info)
[INFO] [stdout] 
[INFO] [stdout] 
[INFO] [stdout] warning: use of deprecated method `std::error::Error::description`: use the Display impl or to_string()
[INFO] [stdout]    --> src/error.rs:169:31
[INFO] [stdout]     |
[INFO] [stdout] 169 |                     assert!(e.description().len() > 5);
[INFO] [stdout]     |                               ^^^^^^^^^^^
[INFO] [stdout] ...
[INFO] [stdout] 197 |         from!(httparse::Error::HeaderValue => Header);
[INFO] [stdout]     |         --------------------------------------------- in this macro invocation
[INFO] [stdout]     |
[INFO] [stdout]     = note: this warning originates in the macro `from` (in Nightly builds, run with -Z macro-backtrace for more info)
[INFO] [stdout] 
[INFO] [stdout] 
[INFO] [stdout] warning: use of deprecated method `std::error::Error::description`: use the Display impl or to_string()
[INFO] [stdout]    --> src/error.rs:169:31
[INFO] [stdout]     |
[INFO] [stdout] 169 |                     assert!(e.description().len() > 5);
[INFO] [stdout]     |                               ^^^^^^^^^^^
[INFO] [stdout] ...
[INFO] [stdout] 198 |         from!(httparse::Error::NewLine => Header);
[INFO] [stdout]     |         ----------------------------------------- in this macro invocation
[INFO] [stdout]     |
[INFO] [stdout]     = note: this warning originates in the macro `from` (in Nightly builds, run with -Z macro-backtrace for more info)
[INFO] [stdout] 
[INFO] [stdout] 
[INFO] [stdout] warning: use of deprecated method `std::error::Error::description`: use the Display impl or to_string()
[INFO] [stdout]    --> src/error.rs:169:31
[INFO] [stdout]     |
[INFO] [stdout] 169 |                     assert!(e.description().len() > 5);
[INFO] [stdout]     |                               ^^^^^^^^^^^
[INFO] [stdout] ...
[INFO] [stdout] 199 |         from!(httparse::Error::Status => Status);
[INFO] [stdout]     |         ---------------------------------------- in this macro invocation
[INFO] [stdout]     |
[INFO] [stdout]     = note: this warning originates in the macro `from` (in Nightly builds, run with -Z macro-backtrace for more info)
[INFO] [stdout] 
[INFO] [stdout] 
[INFO] [stdout] warning: use of deprecated method `std::error::Error::description`: use the Display impl or to_string()
[INFO] [stdout]    --> src/error.rs:169:31
[INFO] [stdout]     |
[INFO] [stdout] 169 |                     assert!(e.description().len() > 5);
[INFO] [stdout]     |                               ^^^^^^^^^^^
[INFO] [stdout] ...
[INFO] [stdout] 200 |         from!(httparse::Error::Token => Header);
[INFO] [stdout]     |         --------------------------------------- in this macro invocation
[INFO] [stdout]     |
[INFO] [stdout]     = note: this warning originates in the macro `from` (in Nightly builds, run with -Z macro-backtrace for more info)
[INFO] [stdout] 
[INFO] [stdout] 
[INFO] [stdout] warning: use of deprecated method `std::error::Error::description`: use the Display impl or to_string()
[INFO] [stdout]    --> src/error.rs:169:31
[INFO] [stdout]     |
[INFO] [stdout] 169 |                     assert!(e.description().len() > 5);
[INFO] [stdout]     |                               ^^^^^^^^^^^
[INFO] [stdout] ...
[INFO] [stdout] 201 |         from!(httparse::Error::TooManyHeaders => TooLarge);
[INFO] [stdout]     |         -------------------------------------------------- in this macro invocation
[INFO] [stdout]     |
[INFO] [stdout]     = note: this warning originates in the macro `from` (in Nightly builds, run with -Z macro-backtrace for more info)
[INFO] [stdout] 
[INFO] [stdout] 
[INFO] [stdout] warning: use of deprecated method `std::error::Error::description`: use the Display impl or to_string()
[INFO] [stdout]    --> src/error.rs:169:31
[INFO] [stdout]     |
[INFO] [stdout] 169 |                     assert!(e.description().len() > 5);
[INFO] [stdout]     |                               ^^^^^^^^^^^
[INFO] [stdout] ...
[INFO] [stdout] 202 |         from!(httparse::Error::Version => Version);
[INFO] [stdout]     |         ------------------------------------------ in this macro invocation
[INFO] [stdout]     |
[INFO] [stdout]     = note: this warning originates in the macro `from` (in Nightly builds, run with -Z macro-backtrace for more info)
[INFO] [stdout] 
[INFO] [stdout] 
[INFO] [stdout] warning: use of deprecated method `std::error::Error::description`: use the Display impl or to_string()
[INFO] [stdout]     --> src/http/h1.rs:1071:22
[INFO] [stdout]      |
[INFO] [stdout] 1071 |         assert_eq!(e.description(), "early eof");
[INFO] [stdout]      |                      ^^^^^^^^^^^
[INFO] [stdout] 
[INFO] [stdout] 
[INFO] [stdout] warning: use of deprecated method `std::error::Error::description`: use the Display impl or to_string()
[INFO] [stdout]     --> src/http/h1.rs:1085:22
[INFO] [stdout]      |
[INFO] [stdout] 1085 |         assert_eq!(e.description(), "early eof");
[INFO] [stdout]      |                      ^^^^^^^^^^^
[INFO] [stdout] 
[INFO] [stdout] 
[INFO] [stdout] warning: unused `std::result::Result` that must be used
[INFO] [stdout]    --> src/multipart/tests.rs:101:5
[INFO] [stdout]     |
[INFO] [stdout] 101 |     std::fs::remove_file("awesome_image.gif");
[INFO] [stdout]     |     ^^^^^^^^^^^^^^^^^^^^^^^^^^^^^^^^^^^^^^^^^
[INFO] [stdout]     |
[INFO] [stdout]     = note: this `Result` may be an `Err` variant, which should be handled
[INFO] [stdout]     = note: `#[warn(unused_must_use)]` on by default
[INFO] [stdout] help: use `let _ = ...` to ignore the resulting value
[INFO] [stdout]     |
[INFO] [stdout] 101 |     let _ = std::fs::remove_file("awesome_image.gif");
[INFO] [stdout]     |     +++++++
[INFO] [stdout] 
[INFO] [stdout] 
[INFO] [stdout] warning: unused `std::result::Result` that must be used
[INFO] [stdout]    --> src/multipart/tests.rs:102:5
[INFO] [stdout]     |
[INFO] [stdout] 102 |     std::fs::remove_file("file.txt");
[INFO] [stdout]     |     ^^^^^^^^^^^^^^^^^^^^^^^^^^^^^^^^
[INFO] [stdout]     |
[INFO] [stdout]     = note: this `Result` may be an `Err` variant, which should be handled
[INFO] [stdout] help: use `let _ = ...` to ignore the resulting value
[INFO] [stdout]     |
[INFO] [stdout] 102 |     let _ = std::fs::remove_file("file.txt");
[INFO] [stdout]     |     +++++++
[INFO] [stdout] 
[INFO] [stdout] 
[INFO] [stdout] warning: unused `std::result::Result` that must be used
[INFO] [stdout]    --> src/multipart/tests.rs:103:5
[INFO] [stdout]     |
[INFO] [stdout] 103 |     std::fs::remove_file("file1.txt");
[INFO] [stdout]     |     ^^^^^^^^^^^^^^^^^^^^^^^^^^^^^^^^^
[INFO] [stdout]     |
[INFO] [stdout]     = note: this `Result` may be an `Err` variant, which should be handled
[INFO] [stdout] help: use `let _ = ...` to ignore the resulting value
[INFO] [stdout]     |
[INFO] [stdout] 103 |     let _ = std::fs::remove_file("file1.txt");
[INFO] [stdout]     |     +++++++
[INFO] [stdout] 
[INFO] [stdout] 
[INFO] [stdout] warning: unused `std::result::Result` that must be used
[INFO] [stdout]    --> src/multipart/tests.rs:104:5
[INFO] [stdout]     |
[INFO] [stdout] 104 |     std::fs::remove_file("genome.txt");
[INFO] [stdout]     |     ^^^^^^^^^^^^^^^^^^^^^^^^^^^^^^^^^^
[INFO] [stdout]     |
[INFO] [stdout]     = note: this `Result` may be an `Err` variant, which should be handled
[INFO] [stdout] help: use `let _ = ...` to ignore the resulting value
[INFO] [stdout]     |
[INFO] [stdout] 104 |     let _ = std::fs::remove_file("genome.txt");
[INFO] [stdout]     |     +++++++
[INFO] [stdout] 
[INFO] [stdout] 
[INFO] [stdout] warning: unused `std::result::Result` that must be used
[INFO] [stdout]    --> src/multipart/tests.rs:105:5
[INFO] [stdout]     |
[INFO] [stdout] 105 |     std::fs::remove_file("image.gif");
[INFO] [stdout]     |     ^^^^^^^^^^^^^^^^^^^^^^^^^^^^^^^^^
[INFO] [stdout]     |
[INFO] [stdout]     = note: this `Result` may be an `Err` variant, which should be handled
[INFO] [stdout] help: use `let _ = ...` to ignore the resulting value
[INFO] [stdout]     |
[INFO] [stdout] 105 |     let _ = std::fs::remove_file("image.gif");
[INFO] [stdout]     |     +++++++
[INFO] [stdout] 
[INFO] [stdout] 
[INFO] [stdout] warning: unused `std::result::Result` that must be used
[INFO] [stdout]    --> src/multipart/tests.rs:200:5
[INFO] [stdout]     |
[INFO] [stdout] 200 |     std::fs::remove_file("awesome_image.gif");
[INFO] [stdout]     |     ^^^^^^^^^^^^^^^^^^^^^^^^^^^^^^^^^^^^^^^^^
[INFO] [stdout]     |
[INFO] [stdout]     = note: this `Result` may be an `Err` variant, which should be handled
[INFO] [stdout] help: use `let _ = ...` to ignore the resulting value
[INFO] [stdout]     |
[INFO] [stdout] 200 |     let _ = std::fs::remove_file("awesome_image.gif");
[INFO] [stdout]     |     +++++++
[INFO] [stdout] 
[INFO] [stdout] 
[INFO] [stdout] warning: unused `std::result::Result` that must be used
[INFO] [stdout]    --> src/multipart/tests.rs:201:5
[INFO] [stdout]     |
[INFO] [stdout] 201 |     std::fs::remove_file("file.txt");
[INFO] [stdout]     |     ^^^^^^^^^^^^^^^^^^^^^^^^^^^^^^^^
[INFO] [stdout]     |
[INFO] [stdout]     = note: this `Result` may be an `Err` variant, which should be handled
[INFO] [stdout] help: use `let _ = ...` to ignore the resulting value
[INFO] [stdout]     |
[INFO] [stdout] 201 |     let _ = std::fs::remove_file("file.txt");
[INFO] [stdout]     |     +++++++
[INFO] [stdout] 
[INFO] [stdout] 
[INFO] [stdout] warning: unused `std::result::Result` that must be used
[INFO] [stdout]    --> src/multipart/tests.rs:202:5
[INFO] [stdout]     |
[INFO] [stdout] 202 |     std::fs::remove_file("file1.txt");
[INFO] [stdout]     |     ^^^^^^^^^^^^^^^^^^^^^^^^^^^^^^^^^
[INFO] [stdout]     |
[INFO] [stdout]     = note: this `Result` may be an `Err` variant, which should be handled
[INFO] [stdout] help: use `let _ = ...` to ignore the resulting value
[INFO] [stdout]     |
[INFO] [stdout] 202 |     let _ = std::fs::remove_file("file1.txt");
[INFO] [stdout]     |     +++++++
[INFO] [stdout] 
[INFO] [stdout] 
[INFO] [stdout] warning: unused `std::result::Result` that must be used
[INFO] [stdout]    --> src/multipart/tests.rs:203:5
[INFO] [stdout]     |
[INFO] [stdout] 203 |     std::fs::remove_file("genome.txt");
[INFO] [stdout]     |     ^^^^^^^^^^^^^^^^^^^^^^^^^^^^^^^^^^
[INFO] [stdout]     |
[INFO] [stdout]     = note: this `Result` may be an `Err` variant, which should be handled
[INFO] [stdout] help: use `let _ = ...` to ignore the resulting value
[INFO] [stdout]     |
[INFO] [stdout] 203 |     let _ = std::fs::remove_file("genome.txt");
[INFO] [stdout]     |     +++++++
[INFO] [stdout] 
[INFO] [stdout] 
[INFO] [stdout] warning: unused `std::result::Result` that must be used
[INFO] [stdout]    --> src/multipart/tests.rs:204:5
[INFO] [stdout]     |
[INFO] [stdout] 204 |     std::fs::remove_file("image.gif");
[INFO] [stdout]     |     ^^^^^^^^^^^^^^^^^^^^^^^^^^^^^^^^^
[INFO] [stdout]     |
[INFO] [stdout]     = note: this `Result` may be an `Err` variant, which should be handled
[INFO] [stdout] help: use `let _ = ...` to ignore the resulting value
[INFO] [stdout]     |
[INFO] [stdout] 204 |     let _ = std::fs::remove_file("image.gif");
[INFO] [stdout]     |     +++++++
[INFO] [stdout] 
[INFO] [stdout] 
[INFO] [stderr]     Finished `test` profile [unoptimized + debuginfo] target(s) in 3.12s
[INFO] [stderr] warning: the following packages contain code that will be rejected by a future version of Rust: traitobject v0.1.0
[INFO] [stderr] note: to see what the problems were, use the option `--future-incompat-report`, or run `cargo report future-incompatibilities --id 1`
[INFO] running `Command { std: "docker" "inspect" "604353262f24f13ec87ffc767f7e1559fd9cbec26ee05c6eca30e2a3b26a21ac", kill_on_drop: false }`
[INFO] running `Command { std: "docker" "rm" "-f" "604353262f24f13ec87ffc767f7e1559fd9cbec26ee05c6eca30e2a3b26a21ac", kill_on_drop: false }`
[INFO] [stdout] 604353262f24f13ec87ffc767f7e1559fd9cbec26ee05c6eca30e2a3b26a21ac
[INFO] running `Command { std: "docker" "create" "-v" "/var/lib/crater-agent-workspace/builds/worker-0-tc2/target:/opt/rustwide/target:rw,Z" "-v" "/var/lib/crater-agent-workspace/builds/worker-0-tc2/source:/opt/rustwide/workdir:ro,Z" "-v" "/var/lib/crater-agent-workspace/cargo-home:/opt/rustwide/cargo-home:ro,Z" "-v" "/var/lib/crater-agent-workspace/rustup-home:/opt/rustwide/rustup-home:ro,Z" "-e" "SOURCE_DIR=/opt/rustwide/workdir" "-e" "CARGO_TARGET_DIR=/opt/rustwide/target" "-e" "CARGO_INCREMENTAL=0" "-e" "RUST_BACKTRACE=full" "-e" "RUSTFLAGS=--cap-lints=forbid -Zrandomize-layout" "-e" "RUSTDOCFLAGS=--cap-lints=forbid" "-e" "CARGO_HOME=/opt/rustwide/cargo-home" "-e" "RUSTUP_HOME=/opt/rustwide/rustup-home" "-w" "/opt/rustwide/workdir" "-m" "1610612736" "--user" "0:0" "--network" "none" "ghcr.io/rust-lang/crates-build-env/linux@sha256:4a844ea9eb2546a2d2c7022eacef16ef2e8229c7fbb2c7d4d55a9ceca922f72d" "/opt/rustwide/cargo-home/bin/cargo" "+nightly-2024-10-28" "test" "--frozen", kill_on_drop: false }`
[INFO] [stdout] 4733b19174c86ea475cd3c7950dc016f52e383b82b7d7274bf226f943f9d3657
[INFO] running `Command { std: "docker" "start" "-a" "4733b19174c86ea475cd3c7950dc016f52e383b82b7d7274bf226f943f9d3657", kill_on_drop: false }`
[INFO] [stderr] warning: unexpected `cfg` condition value: `openssl`
[INFO] [stderr]    --> src/client/proxy.rs:159:15
[INFO] [stderr]     |
[INFO] [stderr] 159 | #[cfg(not(any(feature = "openssl", feature = "security-framework")))]
[INFO] [stderr]     |               ^^^^^^^^^^^^^^^^^^^
[INFO] [stderr]     |
[INFO] [stderr]     = note: expected values for `feature` are: `dark-std`, `default`, `mco`, `nightly`, `runtime_mco`, `runtime_thread`, and `serde_json`
[INFO] [stderr]     = help: consider adding `openssl` as a feature in `Cargo.toml`
[INFO] [stderr]     = note: see <https://doc.rust-lang.org/nightly/rustc/check-cfg/cargo-specifics.html> for more information about checking conditional configuration
[INFO] [stderr]     = note: `#[warn(unexpected_cfgs)]` on by default
[INFO] [stderr] 
[INFO] [stderr] warning: unexpected `cfg` condition value: `security-framework`
[INFO] [stderr]    --> src/client/proxy.rs:159:36
[INFO] [stderr]     |
[INFO] [stderr] 159 | #[cfg(not(any(feature = "openssl", feature = "security-framework")))]
[INFO] [stderr]     |                                    ^^^^^^^^^^^^^^^^^^^^^^^^^^^^^^
[INFO] [stderr]     |
[INFO] [stderr]     = note: expected values for `feature` are: `dark-std`, `default`, `mco`, `nightly`, `runtime_mco`, `runtime_thread`, and `serde_json`
[INFO] [stderr]     = help: consider adding `security-framework` as a feature in `Cargo.toml`
[INFO] [stderr]     = note: see <https://doc.rust-lang.org/nightly/rustc/check-cfg/cargo-specifics.html> for more information about checking conditional configuration
[INFO] [stderr] 
[INFO] [stderr] warning: unexpected `cfg` condition value: `openssl`
[INFO] [stderr]   --> src/error.rs:12:7
[INFO] [stderr]    |
[INFO] [stderr] 12 | #[cfg(feature = "openssl")]
[INFO] [stderr]    |       ^^^^^^^^^^^^^^^^^^^
[INFO] [stderr]    |
[INFO] [stderr]    = note: expected values for `feature` are: `dark-std`, `default`, `mco`, `nightly`, `runtime_mco`, `runtime_thread`, and `serde_json`
[INFO] [stderr]    = help: consider adding `openssl` as a feature in `Cargo.toml`
[INFO] [stderr]    = note: see <https://doc.rust-lang.org/nightly/rustc/check-cfg/cargo-specifics.html> for more information about checking conditional configuration
[INFO] [stderr] 
[INFO] [stderr] warning: unexpected `cfg` condition value: `openssl`
[INFO] [stderr]    --> src/error.rs:112:7
[INFO] [stderr]     |
[INFO] [stderr] 112 | #[cfg(feature = "openssl")]
[INFO] [stderr]     |       ^^^^^^^^^^^^^^^^^^^
[INFO] [stderr]     |
[INFO] [stderr]     = note: expected values for `feature` are: `dark-std`, `default`, `mco`, `nightly`, `runtime_mco`, `runtime_thread`, and `serde_json`
[INFO] [stderr]     = help: consider adding `openssl` as a feature in `Cargo.toml`
[INFO] [stderr]     = note: see <https://doc.rust-lang.org/nightly/rustc/check-cfg/cargo-specifics.html> for more information about checking conditional configuration
[INFO] [stderr] 
[INFO] [stderr] warning: unexpected `cfg` condition name: `ndebug`
[INFO] [stderr]    --> src/lib.rs:163:35
[INFO] [stderr]     |
[INFO] [stderr] 163 |     ($($arg:tt)*) => (if cfg!(not(ndebug)) {
[INFO] [stderr]     |                                   ^^^^^^
[INFO] [stderr]     |
[INFO] [stderr]    ::: src/http/h1.rs:702:17
[INFO] [stderr]     |
[INFO] [stderr] 702 |                 todo!("chunk extension byte={}", ext);
[INFO] [stderr]     |                 ------------------------------------- in this macro invocation
[INFO] [stderr]     |
[INFO] [stderr]     = help: expected names are: `clippy`, `debug_assertions`, `doc`, `docsrs`, `doctest`, `feature`, `fmt_debug`, `miri`, `overflow_checks`, `panic`, `proc_macro`, `relocation_model`, `rustfmt`, `sanitize`, `sanitizer_cfi_generalize_pointers`, `sanitizer_cfi_normalize_integers`, `target_abi`, `target_arch`, `target_endian`, `target_env`, `target_family`, `target_feature`, `target_has_atomic`, `target_has_atomic_equal_alignment`, `target_has_atomic_load_store`, `target_os`, `target_pointer_width`, `target_thread_local`, `target_vendor`, `test`, `ub_checks`, `unix`, and `windows`
[INFO] [stderr]     = help: consider using a Cargo feature instead
[INFO] [stderr]     = help: or consider adding in `Cargo.toml` the `check-cfg` lint config for the lint:
[INFO] [stderr]              [lints.rust]
[INFO] [stderr]              unexpected_cfgs = { level = "warn", check-cfg = ['cfg(ndebug)'] }
[INFO] [stderr]     = help: or consider adding `println!("cargo::rustc-check-cfg=cfg(ndebug)");` to the top of the `build.rs`
[INFO] [stderr]     = note: see <https://doc.rust-lang.org/nightly/rustc/check-cfg/cargo-specifics.html> for more information about checking conditional configuration
[INFO] [stderr]     = note: this warning originates in the macro `todo` (in Nightly builds, run with -Z macro-backtrace for more info)
[INFO] [stderr] 
[INFO] [stderr] warning: unexpected `cfg` condition name: `ndebug`
[INFO] [stderr]    --> src/lib.rs:163:35
[INFO] [stderr]     |
[INFO] [stderr] 163 |     ($($arg:tt)*) => (if cfg!(not(ndebug)) {
[INFO] [stderr]     |                                   ^^^^^^
[INFO] [stderr]     |
[INFO] [stderr]    ::: src/server/request.rs:54:13
[INFO] [stderr]     |
[INFO] [stderr] 54  |             todo!("check for Transfer-Encoding: chunked");
[INFO] [stderr]     |             --------------------------------------------- in this macro invocation
[INFO] [stderr]     |
[INFO] [stderr]     = help: consider using a Cargo feature instead
[INFO] [stderr]     = help: or consider adding in `Cargo.toml` the `check-cfg` lint config for the lint:
[INFO] [stderr]              [lints.rust]
[INFO] [stderr]              unexpected_cfgs = { level = "warn", check-cfg = ['cfg(ndebug)'] }
[INFO] [stderr]     = help: or consider adding `println!("cargo::rustc-check-cfg=cfg(ndebug)");` to the top of the `build.rs`
[INFO] [stderr]     = note: see <https://doc.rust-lang.org/nightly/rustc/check-cfg/cargo-specifics.html> for more information about checking conditional configuration
[INFO] [stderr]     = note: this warning originates in the macro `todo` (in Nightly builds, run with -Z macro-backtrace for more info)
[INFO] [stderr] 
[INFO] [stderr] warning: unexpected `cfg` condition name: `ndebug`
[INFO] [stderr]    --> src/lib.rs:163:35
[INFO] [stderr]     |
[INFO] [stderr] 163 |     ($($arg:tt)*) => (if cfg!(not(ndebug)) {
[INFO] [stderr]     |                                   ^^^^^^
[INFO] [stderr]     |
[INFO] [stderr]    ::: src/uri.rs:70:13
[INFO] [stderr]     |
[INFO] [stderr] 70  |             todo!("compare vs u.authority()");
[INFO] [stderr]     |             --------------------------------- in this macro invocation
[INFO] [stderr]     |
[INFO] [stderr]     = help: consider using a Cargo feature instead
[INFO] [stderr]     = help: or consider adding in `Cargo.toml` the `check-cfg` lint config for the lint:
[INFO] [stderr]              [lints.rust]
[INFO] [stderr]              unexpected_cfgs = { level = "warn", check-cfg = ['cfg(ndebug)'] }
[INFO] [stderr]     = help: or consider adding `println!("cargo::rustc-check-cfg=cfg(ndebug)");` to the top of the `build.rs`
[INFO] [stderr]     = note: see <https://doc.rust-lang.org/nightly/rustc/check-cfg/cargo-specifics.html> for more information about checking conditional configuration
[INFO] [stderr]     = note: this warning originates in the macro `todo` (in Nightly builds, run with -Z macro-backtrace for more info)
[INFO] [stderr] 
[INFO] [stderr] warning: unexpected `cfg` condition value: `openssl`
[INFO] [stderr]    --> src/error.rs:205:11
[INFO] [stderr]     |
[INFO] [stderr] 205 |     #[cfg(feature = "openssl")]
[INFO] [stderr]     |           ^^^^^^^^^^^^^^^^^^^
[INFO] [stderr]     |
[INFO] [stderr]     = note: expected values for `feature` are: `dark-std`, `default`, `mco`, `nightly`, `runtime_mco`, `runtime_thread`, and `serde_json`
[INFO] [stderr]     = help: consider adding `openssl` as a feature in `Cargo.toml`
[INFO] [stderr]     = note: see <https://doc.rust-lang.org/nightly/rustc/check-cfg/cargo-specifics.html> for more information about checking conditional configuration
[INFO] [stderr] 
[INFO] [stderr] warning: unused attribute `doc`
[INFO] [stderr]   --> src/header/common/accept_charset.rs:53:9
[INFO] [stderr]    |
[INFO] [stderr] 53 |         /// Testcase from RFC
[INFO] [stderr]    |         ^^^^^^^^^^^^^^^^^^^^^
[INFO] [stderr]    |
[INFO] [stderr] note: the built-in attribute `doc` will be ignored, since it's applied to the macro invocation `test_header`
[INFO] [stderr]   --> src/header/common/accept_charset.rs:54:9
[INFO] [stderr]    |
[INFO] [stderr] 54 |         test_header!(test1, vec![b"iso-8859-5, unicode-1-1;q=0.8"]);
[INFO] [stderr]    |         ^^^^^^^^^^^
[INFO] [stderr]    = note: `#[warn(unused_attributes)]` on by default
[INFO] [stderr] 
[INFO] [stderr] warning: unused attribute `doc`
[INFO] [stderr]   --> src/header/common/content_encoding.rs:44:9
[INFO] [stderr]    |
[INFO] [stderr] 44 |         /// Testcase from the RFC
[INFO] [stderr]    |         ^^^^^^^^^^^^^^^^^^^^^^^^^
[INFO] [stderr]    |
[INFO] [stderr] note: the built-in attribute `doc` will be ignored, since it's applied to the macro invocation `test_header`
[INFO] [stderr]   --> src/header/common/content_encoding.rs:45:9
[INFO] [stderr]    |
[INFO] [stderr] 45 |         test_header!(test1, vec![b"gzip"], Some(ContentEncoding(vec![Encoding::Gzip])));
[INFO] [stderr]    |         ^^^^^^^^^^^
[INFO] [stderr] 
[INFO] [stderr] warning: unnecessary trailing semicolon
[INFO] [stderr]     --> src/header/common/link.rs:1082:59
[INFO] [stderr]      |
[INFO] [stderr] 1082 |         struct TestFormatterStruct<'a> { v: Vec<&'a str> };
[INFO] [stderr]      |                                                           ^ help: remove this semicolon
[INFO] [stderr]      |
[INFO] [stderr]      = note: `#[warn(redundant_semicolons)]` on by default
[INFO] [stderr] 
[INFO] [stderr] warning: use of deprecated method `std::error::Error::description`: use the Display impl or to_string()
[INFO] [stderr]    --> src/error.rs:160:25
[INFO] [stderr]     |
[INFO] [stderr] 160 |         let desc = orig.description().to_owned();
[INFO] [stderr]     |                         ^^^^^^^^^^^
[INFO] [stderr]     |
[INFO] [stderr]     = note: `#[warn(deprecated)]` on by default
[INFO] [stderr] 
[INFO] [stderr] warning: use of deprecated method `std::error::Error::cause`: replaced by Error::source, which can support downcasting
[INFO] [stderr]    --> src/error.rs:162:22
[INFO] [stderr]     |
[INFO] [stderr] 162 |         assert_eq!(e.cause().unwrap().description(), desc);
[INFO] [stderr]     |                      ^^^^^
[INFO] [stderr] 
[INFO] [stderr] warning: use of deprecated method `std::error::Error::description`: use the Display impl or to_string()
[INFO] [stderr]    --> src/error.rs:162:39
[INFO] [stderr]     |
[INFO] [stderr] 162 |         assert_eq!(e.cause().unwrap().description(), desc);
[INFO] [stderr]     |                                       ^^^^^^^^^^^
[INFO] [stderr] 
[INFO] [stderr] warning: use of deprecated method `std::error::Error::cause`: replaced by Error::source, which can support downcasting
[INFO] [stderr]    --> src/error.rs:180:34
[INFO] [stderr]     |
[INFO] [stderr] 180 |                     let desc = e.cause().unwrap().to_string();
[INFO] [stderr]     |                                  ^^^^^
[INFO] [stderr] ...
[INFO] [stderr] 192 |         from_and_cause!(io::Error::new(io::ErrorKind::Other, "other") => Io(..));
[INFO] [stderr]     |         ------------------------------------------------------------------------ in this macro invocation
[INFO] [stderr]     |
[INFO] [stderr]     = note: this warning originates in the macro `from_and_cause` (in Nightly builds, run with -Z macro-backtrace for more info)
[INFO] [stderr] 
[INFO] [stderr] warning: use of deprecated method `std::error::Error::cause`: replaced by Error::source, which can support downcasting
[INFO] [stderr]    --> src/error.rs:180:34
[INFO] [stderr]     |
[INFO] [stderr] 180 |                     let desc = e.cause().unwrap().to_string();
[INFO] [stderr]     |                                  ^^^^^
[INFO] [stderr] ...
[INFO] [stderr] 193 |         from_and_cause!(url::ParseError::EmptyHost => Uri(..));
[INFO] [stderr]     |         ------------------------------------------------------ in this macro invocation
[INFO] [stderr]     |
[INFO] [stderr]     = note: this warning originates in the macro `from_and_cause` (in Nightly builds, run with -Z macro-backtrace for more info)
[INFO] [stderr] 
[INFO] [stderr] warning: use of deprecated method `std::error::Error::description`: use the Display impl or to_string()
[INFO] [stderr]    --> src/error.rs:169:31
[INFO] [stderr]     |
[INFO] [stderr] 169 |                     assert!(e.description().len() > 5);
[INFO] [stderr]     |                               ^^^^^^^^^^^
[INFO] [stderr] ...
[INFO] [stderr] 195 |         from!(httparse::Error::HeaderName => Header);
[INFO] [stderr]     |         -------------------------------------------- in this macro invocation
[INFO] [stderr]     |
[INFO] [stderr]     = note: this warning originates in the macro `from` (in Nightly builds, run with -Z macro-backtrace for more info)
[INFO] [stderr] 
[INFO] [stderr] warning: use of deprecated method `std::error::Error::description`: use the Display impl or to_string()
[INFO] [stderr]    --> src/error.rs:169:31
[INFO] [stderr]     |
[INFO] [stderr] 169 |                     assert!(e.description().len() > 5);
[INFO] [stderr]     |                               ^^^^^^^^^^^
[INFO] [stderr] ...
[INFO] [stderr] 196 |         from!(httparse::Error::HeaderName => Header);
[INFO] [stderr]     |         -------------------------------------------- in this macro invocation
[INFO] [stderr]     |
[INFO] [stderr]     = note: this warning originates in the macro `from` (in Nightly builds, run with -Z macro-backtrace for more info)
[INFO] [stderr] 
[INFO] [stderr] warning: use of deprecated method `std::error::Error::description`: use the Display impl or to_string()
[INFO] [stderr]    --> src/error.rs:169:31
[INFO] [stderr]     |
[INFO] [stderr] 169 |                     assert!(e.description().len() > 5);
[INFO] [stderr]     |                               ^^^^^^^^^^^
[INFO] [stderr] ...
[INFO] [stderr] 197 |         from!(httparse::Error::HeaderValue => Header);
[INFO] [stderr]     |         --------------------------------------------- in this macro invocation
[INFO] [stderr]     |
[INFO] [stderr]     = note: this warning originates in the macro `from` (in Nightly builds, run with -Z macro-backtrace for more info)
[INFO] [stderr] 
[INFO] [stderr] warning: use of deprecated method `std::error::Error::description`: use the Display impl or to_string()
[INFO] [stderr]    --> src/error.rs:169:31
[INFO] [stderr]     |
[INFO] [stderr] 169 |                     assert!(e.description().len() > 5);
[INFO] [stderr]     |                               ^^^^^^^^^^^
[INFO] [stderr] ...
[INFO] [stderr] 198 |         from!(httparse::Error::NewLine => Header);
[INFO] [stderr]     |         ----------------------------------------- in this macro invocation
[INFO] [stderr]     |
[INFO] [stderr]     = note: this warning originates in the macro `from` (in Nightly builds, run with -Z macro-backtrace for more info)
[INFO] [stderr] 
[INFO] [stderr] warning: use of deprecated method `std::error::Error::description`: use the Display impl or to_string()
[INFO] [stderr]    --> src/error.rs:169:31
[INFO] [stderr]     |
[INFO] [stderr] 169 |                     assert!(e.description().len() > 5);
[INFO] [stderr]     |                               ^^^^^^^^^^^
[INFO] [stderr] ...
[INFO] [stderr] 199 |         from!(httparse::Error::Status => Status);
[INFO] [stderr]     |         ---------------------------------------- in this macro invocation
[INFO] [stderr]     |
[INFO] [stderr]     = note: this warning originates in the macro `from` (in Nightly builds, run with -Z macro-backtrace for more info)
[INFO] [stderr] 
[INFO] [stderr] warning: use of deprecated method `std::error::Error::description`: use the Display impl or to_string()
[INFO] [stderr]    --> src/error.rs:169:31
[INFO] [stderr]     |
[INFO] [stderr] 169 |                     assert!(e.description().len() > 5);
[INFO] [stderr]     |                               ^^^^^^^^^^^
[INFO] [stderr] ...
[INFO] [stderr] 200 |         from!(httparse::Error::Token => Header);
[INFO] [stderr]     |         --------------------------------------- in this macro invocation
[INFO] [stderr]     |
[INFO] [stderr]     = note: this warning originates in the macro `from` (in Nightly builds, run with -Z macro-backtrace for more info)
[INFO] [stderr] 
[INFO] [stderr] warning: use of deprecated method `std::error::Error::description`: use the Display impl or to_string()
[INFO] [stderr]    --> src/error.rs:169:31
[INFO] [stderr]     |
[INFO] [stderr] 169 |                     assert!(e.description().len() > 5);
[INFO] [stderr]     |                               ^^^^^^^^^^^
[INFO] [stderr] ...
[INFO] [stderr] 201 |         from!(httparse::Error::TooManyHeaders => TooLarge);
[INFO] [stderr]     |         -------------------------------------------------- in this macro invocation
[INFO] [stderr]     |
[INFO] [stderr]     = note: this warning originates in the macro `from` (in Nightly builds, run with -Z macro-backtrace for more info)
[INFO] [stderr] 
[INFO] [stderr] warning: use of deprecated method `std::error::Error::description`: use the Display impl or to_string()
[INFO] [stderr]    --> src/error.rs:169:31
[INFO] [stderr]     |
[INFO] [stderr] 169 |                     assert!(e.description().len() > 5);
[INFO] [stderr]     |                               ^^^^^^^^^^^
[INFO] [stderr] ...
[INFO] [stderr] 202 |         from!(httparse::Error::Version => Version);
[INFO] [stderr]     |         ------------------------------------------ in this macro invocation
[INFO] [stderr]     |
[INFO] [stderr]     = note: this warning originates in the macro `from` (in Nightly builds, run with -Z macro-backtrace for more info)
[INFO] [stderr] 
[INFO] [stderr] warning: use of deprecated method `std::error::Error::description`: use the Display impl or to_string()
[INFO] [stderr]     --> src/http/h1.rs:1071:22
[INFO] [stderr]      |
[INFO] [stderr] 1071 |         assert_eq!(e.description(), "early eof");
[INFO] [stderr]      |                      ^^^^^^^^^^^
[INFO] [stderr] 
[INFO] [stderr] warning: use of deprecated method `std::error::Error::description`: use the Display impl or to_string()
[INFO] [stderr]     --> src/http/h1.rs:1085:22
[INFO] [stderr]      |
[INFO] [stderr] 1085 |         assert_eq!(e.description(), "early eof");
[INFO] [stderr]      |                      ^^^^^^^^^^^
[INFO] [stderr] 
[INFO] [stderr] warning: unused `std::result::Result` that must be used
[INFO] [stderr]    --> src/multipart/tests.rs:101:5
[INFO] [stderr]     |
[INFO] [stderr] 101 |     std::fs::remove_file("awesome_image.gif");
[INFO] [stderr]     |     ^^^^^^^^^^^^^^^^^^^^^^^^^^^^^^^^^^^^^^^^^
[INFO] [stderr]     |
[INFO] [stderr]     = note: this `Result` may be an `Err` variant, which should be handled
[INFO] [stderr]     = note: `#[warn(unused_must_use)]` on by default
[INFO] [stderr] help: use `let _ = ...` to ignore the resulting value
[INFO] [stderr]     |
[INFO] [stderr] 101 |     let _ = std::fs::remove_file("awesome_image.gif");
[INFO] [stderr]     |     +++++++
[INFO] [stderr] 
[INFO] [stderr] warning: unused `std::result::Result` that must be used
[INFO] [stderr]    --> src/multipart/tests.rs:102:5
[INFO] [stderr]     |
[INFO] [stderr] 102 |     std::fs::remove_file("file.txt");
[INFO] [stderr]     |     ^^^^^^^^^^^^^^^^^^^^^^^^^^^^^^^^
[INFO] [stderr]     |
[INFO] [stderr]     = note: this `Result` may be an `Err` variant, which should be handled
[INFO] [stderr] help: use `let _ = ...` to ignore the resulting value
[INFO] [stderr]     |
[INFO] [stderr] 102 |     let _ = std::fs::remove_file("file.txt");
[INFO] [stderr]     |     +++++++
[INFO] [stderr] 
[INFO] [stderr] warning: unused `std::result::Result` that must be used
[INFO] [stderr]    --> src/multipart/tests.rs:103:5
[INFO] [stderr]     |
[INFO] [stderr] 103 |     std::fs::remove_file("file1.txt");
[INFO] [stderr]     |     ^^^^^^^^^^^^^^^^^^^^^^^^^^^^^^^^^
[INFO] [stderr]     |
[INFO] [stderr]     = note: this `Result` may be an `Err` variant, which should be handled
[INFO] [stderr] help: use `let _ = ...` to ignore the resulting value
[INFO] [stderr]     |
[INFO] [stderr] 103 |     let _ = std::fs::remove_file("file1.txt");
[INFO] [stderr]     |     +++++++
[INFO] [stderr] 
[INFO] [stderr] warning: unused `std::result::Result` that must be used
[INFO] [stderr]    --> src/multipart/tests.rs:104:5
[INFO] [stderr]     |
[INFO] [stderr] 104 |     std::fs::remove_file("genome.txt");
[INFO] [stderr]     |     ^^^^^^^^^^^^^^^^^^^^^^^^^^^^^^^^^^
[INFO] [stderr]     |
[INFO] [stderr]     = note: this `Result` may be an `Err` variant, which should be handled
[INFO] [stderr] help: use `let _ = ...` to ignore the resulting value
[INFO] [stderr]     |
[INFO] [stderr] 104 |     let _ = std::fs::remove_file("genome.txt");
[INFO] [stderr]     |     +++++++
[INFO] [stderr] 
[INFO] [stderr] warning: unused `std::result::Result` that must be used
[INFO] [stderr]    --> src/multipart/tests.rs:105:5
[INFO] [stderr]     |
[INFO] [stderr] 105 |     std::fs::remove_file("image.gif");
[INFO] [stderr]     |     ^^^^^^^^^^^^^^^^^^^^^^^^^^^^^^^^^
[INFO] [stderr]     |
[INFO] [stderr]     = note: this `Result` may be an `Err` variant, which should be handled
[INFO] [stderr] help: use `let _ = ...` to ignore the resulting value
[INFO] [stderr]     |
[INFO] [stderr] 105 |     let _ = std::fs::remove_file("image.gif");
[INFO] [stderr]     |     +++++++
[INFO] [stderr] 
[INFO] [stderr] warning: unused `std::result::Result` that must be used
[INFO] [stderr]    --> src/multipart/tests.rs:200:5
[INFO] [stderr]     |
[INFO] [stderr] 200 |     std::fs::remove_file("awesome_image.gif");
[INFO] [stderr]     |     ^^^^^^^^^^^^^^^^^^^^^^^^^^^^^^^^^^^^^^^^^
[INFO] [stderr]     |
[INFO] [stderr]     = note: this `Result` may be an `Err` variant, which should be handled
[INFO] [stderr] help: use `let _ = ...` to ignore the resulting value
[INFO] [stderr]     |
[INFO] [stderr] 200 |     let _ = std::fs::remove_file("awesome_image.gif");
[INFO] [stderr]     |     +++++++
[INFO] [stderr] 
[INFO] [stderr] warning: unused `std::result::Result` that must be used
[INFO] [stderr]    --> src/multipart/tests.rs:201:5
[INFO] [stderr]     |
[INFO] [stderr] 201 |     std::fs::remove_file("file.txt");
[INFO] [stderr]     |     ^^^^^^^^^^^^^^^^^^^^^^^^^^^^^^^^
[INFO] [stderr]     |
[INFO] [stderr]     = note: this `Result` may be an `Err` variant, which should be handled
[INFO] [stderr] help: use `let _ = ...` to ignore the resulting value
[INFO] [stderr]     |
[INFO] [stderr] 201 |     let _ = std::fs::remove_file("file.txt");
[INFO] [stderr]     |     +++++++
[INFO] [stderr] 
[INFO] [stderr] warning: unused `std::result::Result` that must be used
[INFO] [stderr]    --> src/multipart/tests.rs:202:5
[INFO] [stderr]     |
[INFO] [stderr] 202 |     std::fs::remove_file("file1.txt");
[INFO] [stderr]     |     ^^^^^^^^^^^^^^^^^^^^^^^^^^^^^^^^^
[INFO] [stderr]     |
[INFO] [stderr]     = note: this `Result` may be an `Err` variant, which should be handled
[INFO] [stderr] help: use `let _ = ...` to ignore the resulting value
[INFO] [stderr]     |
[INFO] [stderr] 202 |     let _ = std::fs::remove_file("file1.txt");
[INFO] [stderr]     |     +++++++
[INFO] [stderr] 
[INFO] [stderr] warning: unused `std::result::Result` that must be used
[INFO] [stderr]    --> src/multipart/tests.rs:203:5
[INFO] [stderr]     |
[INFO] [stderr] 203 |     std::fs::remove_file("genome.txt");
[INFO] [stderr]     |     ^^^^^^^^^^^^^^^^^^^^^^^^^^^^^^^^^^
[INFO] [stderr]     |
[INFO] [stderr]     = note: this `Result` may be an `Err` variant, which should be handled
[INFO] [stderr] help: use `let _ = ...` to ignore the resulting value
[INFO] [stderr]     |
[INFO] [stderr] 203 |     let _ = std::fs::remove_file("genome.txt");
[INFO] [stderr]     |     +++++++
[INFO] [stderr] 
[INFO] [stderr] warning: unused `std::result::Result` that must be used
[INFO] [stderr]    --> src/multipart/tests.rs:204:5
[INFO] [stderr]     |
[INFO] [stderr] 204 |     std::fs::remove_file("image.gif");
[INFO] [stderr]     |     ^^^^^^^^^^^^^^^^^^^^^^^^^^^^^^^^^
[INFO] [stderr]     |
[INFO] [stderr]     = note: this `Result` may be an `Err` variant, which should be handled
[INFO] [stderr] help: use `let _ = ...` to ignore the resulting value
[INFO] [stderr]     |
[INFO] [stderr] 204 |     let _ = std::fs::remove_file("image.gif");
[INFO] [stderr]     |     +++++++
[INFO] [stderr] 
[INFO] [stderr] warning: `mco-http` (lib) generated 7 warnings
[INFO] [stderr] warning: `mco-http` (lib test) generated 36 warnings (7 duplicates)
[INFO] [stderr]     Finished `test` profile [unoptimized + debuginfo] target(s) in 0.05s
[INFO] [stderr] warning: the following packages contain code that will be rejected by a future version of Rust: traitobject v0.1.0
[INFO] [stderr] note: to see what the problems were, use the option `--future-incompat-report`, or run `cargo report future-incompatibilities --id 1`
[INFO] [stderr]      Running unittests src/lib.rs (/opt/rustwide/target/debug/deps/mco_http-4b6cd7d989bca8f3)
[INFO] [stdout] 
[INFO] [stdout] running 282 tests
[INFO] [stdout] test buffer::tests::test_consume_and_get_buf ... ok
[INFO] [stdout] test buffer::tests::test_resize ... ok
[INFO] [stdout] test client::pool::tests::test_closed ... ok
[INFO] [stdout] test client::pool::tests::test_connect_and_drop ... ok
[INFO] [stdout] test client::pool::tests::test_double_connect_reuse ... ok
[INFO] [stdout] test client::pool::tests::test_eof_closes ... ok
[INFO] [stdout] test client::pool::tests::test_read_conn_aborted ... ok
[INFO] [stdout] test client::request::tests::test_head_empty_body ... ok
[INFO] [stdout] test client::request::tests::test_get_empty_body ... ok
[INFO] [stdout] test client::request::tests::test_post_chunked ... ok
[INFO] [stdout] test client::request::tests::test_post_content_length ... ok
[INFO] [stdout] test client::request::tests::test_post_chunked_with_encoding ... ok
[INFO] [stdout] test client::request::tests::test_url_query ... ok
[INFO] [stdout] test client::request::tests::test_host_header ... ok
[INFO] [stdout] test client::request::tests::test_proxy ... ok
[INFO] [stdout] test client::response::tests::test_chunk_size_with_extension ... ok
[INFO] [stdout] test client::response::tests::test_into_inner ... ok
[INFO] [stdout] test client::request::tests::test_write_error_closes ... ok
[INFO] [stdout] test client::response::tests::test_invalid_chunk_size_extension ... ok
[INFO] [stdout] test client::response::tests::test_invalid_chunk_size_not_hex_digit ... ok
[INFO] [stdout] test client::response::tests::test_parse_error_closes ... ok
[INFO] [stdout] test client::response::tests::test_parse_chunked_response ... ok
[INFO] [stdout] test client::tests::test_proxy ... ok
[INFO] [stdout] test client::tests::test_redirect_dontfollow ... ok
[INFO] [stdout] test client::tests::test_head_response_body_keep_alive ... ok
[INFO] [stdout] test client::tests::test_proxy_tunnel ... ok
[INFO] [stdout] test client::tests::test_request_body_error_is_returned ... ok
[INFO] [stdout] test client::tests::test_redirect_followall ... ok
[INFO] [stdout] test error::tests::test_from ... ok
[INFO] [stdout] test client::tests::test_redirect_followif ... ok
[INFO] [stdout] test header::common::accept::test_accept::test4 ... ok
[INFO] [stdout] test header::common::accept::test_accept::test2 ... ok
[INFO] [stdout] test header::common::accept::test_accept::test3 ... ok
[INFO] [stdout] test error::tests::test_cause ... ok
[INFO] [stdout] test header::common::accept_encoding::test_accept_encoding::test1 ... ok
[INFO] [stdout] test header::common::accept_charset::test_accept_charset::test1 ... ok
[INFO] [stdout] test header::common::accept_encoding::test_accept_encoding::test3 ... ok
[INFO] [stdout] test header::common::accept_encoding::test_accept_encoding::test4 ... ok
[INFO] [stdout] test header::common::accept_encoding::test_accept_encoding::test2 ... ok
[INFO] [stdout] test header::common::accept_ranges::test_acccept_ranges::test2 ... ok
[INFO] [stdout] test header::common::accept_ranges::test_acccept_ranges::test3 ... ok
[INFO] [stdout] test header::common::accept_language::test_accept_language::test2 ... ok
[INFO] [stdout] test header::common::accept_encoding::test_accept_encoding::test5 ... ok
[INFO] [stdout] test header::common::accept_ranges::test_acccept_ranges::test1 ... ok
[INFO] [stdout] test header::common::accept_ranges::test_acccept_ranges::test4 ... ok
[INFO] [stdout] test header::common::accept_language::test_accept_language::test1 ... ok
[INFO] [stdout] test header::common::access_control_allow_credentials::test_access_control_allow_credentials::ignores_case ... ok
[INFO] [stdout] test header::common::access_control_allow_credentials::test_access_control_allow_credentials::no_gibberish ... ok
[INFO] [stdout] test header::common::access_control_allow_credentials::test_access_control_allow_credentials::not_bool ... ok
[INFO] [stdout] test header::common::access_control_allow_headers::test_access_control_allow_headers::test1 ... ok
[INFO] [stdout] test header::common::access_control_allow_credentials::test_access_control_allow_credentials::only_single ... ok
[INFO] [stdout] test header::common::access_control_allow_credentials::test_access_control_allow_credentials::works ... ok
[INFO] [stdout] test header::common::access_control_allow_methods::test_access_control_allow_methods::test1 ... ok
[INFO] [stdout] test header::common::access_control_allow_origin::test_access_control_allow_orgin::test2 ... ok
[INFO] [stdout] test header::common::access_control_allow_origin::test_access_control_allow_orgin::test1 ... ok
[INFO] [stdout] test header::common::access_control_allow_origin::test_access_control_allow_orgin::test3 ... ok
[INFO] [stdout] test header::common::access_control_expose_headers::test_access_control_expose_headers::test1 ... ok
[INFO] [stdout] test header::common::access_control_request_method::test_access_control_request_method::test1 ... ok
[INFO] [stdout] test header::common::access_control_max_age::test_access_control_max_age::test1 ... ok
[INFO] [stdout] test header::common::access_control_request_headers::test_access_control_request_headers::test1 ... ok
[INFO] [stdout] test header::common::allow::test_allow::test3 ... ok
[INFO] [stdout] test header::common::allow::test_allow::test2 ... ok
[INFO] [stdout] test header::common::authorization::tests::test_basic_auth ... ok
[INFO] [stdout] test header::common::authorization::tests::test_basic_auth_no_password ... ok
[INFO] [stdout] test header::common::allow::test_allow::test1 ... ok
[INFO] [stdout] test header::common::authorization::tests::test_basic_auth_parse ... ok
[INFO] [stdout] test header::common::authorization::tests::test_bearer_auth_parse ... ok
[INFO] [stdout] test header::common::authorization::tests::test_bearer_auth ... ok
[INFO] [stdout] test header::common::authorization::tests::test_raw_auth_parse ... ok
[INFO] [stdout] test header::common::authorization::tests::test_basic_auth_parse_no_password ... ok
[INFO] [stdout] test header::common::cache_control::tests::test_parse_bad_syntax ... ok
[INFO] [stdout] test header::common::cache_control::tests::test_parse_extension ... ok
[INFO] [stdout] test header::common::cache_control::tests::test_parse_argument ... ok
[INFO] [stdout] test header::common::authorization::tests::test_raw_auth ... ok
[INFO] [stdout] test header::common::cache_control::tests::test_parse_quote_form ... ok
[INFO] [stdout] test header::common::connection::test_connection::test2 ... ok
[INFO] [stdout] test header::common::connection::test_connection::test1 ... ok
[INFO] [stdout] test header::common::cache_control::tests::test_parse_multiple_headers ... ok
[INFO] [stdout] test header::common::connection::test_connection::test3 ... ok
[INFO] [stdout] test header::common::content_encoding::test_content_encoding::test1 ... ok
[INFO] [stdout] test header::common::content_disposition::tests::test_parse_header ... ok
[INFO] [stdout] test header::common::content_language::test_content_language::test1 ... ok
[INFO] [stdout] test header::common::connection::tests::test_parse ... ok
[INFO] [stdout] test header::common::content_disposition::tests::test_display ... ok
[INFO] [stdout] test header::common::content_language::test_content_language::test2 ... ok
[INFO] [stdout] test header::common::content_length::tests::test1 ... ok
[INFO] [stdout] test header::common::content_length::tests::test_duplicates ... ok
[INFO] [stdout] test header::common::content_length::tests::test_invalid ... ok
[INFO] [stdout] test header::common::content_range::test_content_range::test_blank ... ok
[INFO] [stdout] test header::common::content_range::test_content_range::test_bytes ... ok
[INFO] [stdout] test header::common::content_length::tests::test_duplicates_vary ... ok
[INFO] [stdout] test header::common::content_range::test_content_range::test_bytes_unknown_range ... ok
[INFO] [stdout] test header::common::content_range::test_content_range::test_bytes_many_dashes ... ok
[INFO] [stdout] test header::common::content_range::test_content_range::test_end_less_than_start ... ok
[INFO] [stdout] test header::common::content_range::test_content_range::test_no_len ... ok
[INFO] [stdout] test header::common::content_range::test_content_range::test_bytes_many_spaces ... ok
[INFO] [stdout] test header::common::content_range::test_content_range::test_bytes_many_slashes ... ok
[INFO] [stdout] test header::common::content_range::test_content_range::test_bytes_unknown_len ... ok
[INFO] [stdout] test header::common::content_range::test_content_range::test_only_unit ... ok
[INFO] [stdout] test header::common::content_range::test_content_range::test_unregistered ... ok
[INFO] [stdout] test header::common::content_type::test_content_type::test1 ... ok
[INFO] [stdout] test header::common::date::test_date::test1 ... ok
[INFO] [stdout] test header::common::etag::test_etag::test1 ... ok
[INFO] [stdout] test header::common::etag::test_etag::test10 ... ok
[INFO] [stdout] test header::common::etag::test_etag::test11 ... ok
[INFO] [stdout] test header::common::etag::test_etag::test12 ... ok
[INFO] [stdout] test header::common::etag::test_etag::test14 ... ok
[INFO] [stdout] test header::common::etag::test_etag::test13 ... ok
[INFO] [stdout] test header::common::etag::test_etag::test2 ... ok
[INFO] [stdout] test header::common::etag::test_etag::test4 ... ok
[INFO] [stdout] test header::common::etag::test_etag::test3 ... ok
[INFO] [stdout] test header::common::etag::test_etag::test7 ... ok
[INFO] [stdout] test header::common::etag::test_etag::test5 ... ok
[INFO] [stdout] test header::common::etag::test_etag::test6 ... ok
[INFO] [stdout] test header::common::etag::test_etag::test8 ... ok
[INFO] [stdout] test header::common::etag::test_etag::test9 ... ok
[INFO] [stdout] test header::common::expires::test_expires::test1 ... ok
[INFO] [stdout] test header::common::from::test_from::test1 ... ok
[INFO] [stdout] test header::common::if_match::test_if_match::test1 ... ok
[INFO] [stdout] test header::common::host::tests::test_host ... ok
[INFO] [stdout] test header::common::if_match::test_if_match::test2 ... ok
[INFO] [stdout] test header::common::if_match::test_if_match::test3 ... ok
[INFO] [stdout] test header::common::if_modified_since::test_if_modified_since::test1 ... ok
[INFO] [stdout] test header::common::if_none_match::test_if_none_match::test1 ... ok
[INFO] [stdout] test header::common::if_none_match::test_if_none_match::test2 ... ok
[INFO] [stdout] test header::common::if_none_match::test_if_none_match::test3 ... ok
[INFO] [stdout] test header::common::if_none_match::test_if_none_match::test4 ... ok
[INFO] [stdout] test header::common::if_none_match::test_if_none_match::test5 ... ok
[INFO] [stdout] test header::common::if_none_match::tests::test_if_none_match ... ok
[INFO] [stdout] test header::common::if_range::test_if_range::test2 ... ok
[INFO] [stdout] test header::common::if_range::test_if_range::test3 ... ok
[INFO] [stdout] test header::common::if_range::test_if_range::test1 ... ok
[INFO] [stdout] test header::common::last_modified::test_last_modified::test1 ... ok
[INFO] [stdout] test header::common::if_unmodified_since::test_if_unmodified_since::test1 ... ok
[INFO] [stdout] test header::common::link::tests::test_link ... ok
[INFO] [stdout] test header::common::link::tests::test_link_all_attributes ... ok
[INFO] [stdout] test header::common::link::tests::test_link_display ... ok
[INFO] [stdout] test header::common::link::tests::test_link_fmt_delimited ... ok
[INFO] [stdout] test header::common::link::tests::test_link_parsing_errors ... ok
[INFO] [stdout] test header::common::link::tests::test_link_multiple_link_headers ... ok
[INFO] [stdout] test header::common::link::tests::test_link_multiple_values ... ok
[INFO] [stdout] test header::common::link::tests::test_link_split_ascii_unquoted_iterator ... ok
[INFO] [stdout] test header::common::location::test_location::test1 ... ok
[INFO] [stdout] test header::common::link::tests::test_link_verify_and_trim ... ok
[INFO] [stdout] test header::common::pragma::test_parse_header ... ok
[INFO] [stdout] test header::common::location::test_location::test2 ... ok
[INFO] [stdout] test header::common::prefer::tests::test_fail_with_args ... ok
[INFO] [stdout] test header::common::prefer::tests::test_parse_argument ... ok
[INFO] [stdout] test header::common::origin::tests::test_origin ... ok
[INFO] [stdout] test header::common::prefer::tests::test_parse_multiple_headers ... ok
[INFO] [stdout] test header::common::prefer::tests::test_parse_extension ... ok
[INFO] [stdout] test header::common::range::test_fmt ... ok
[INFO] [stdout] test header::common::prefer::tests::test_parse_quote_form ... ok
[INFO] [stdout] test header::common::range::test_parse_bytes_range_valid ... ok
[INFO] [stdout] test header::common::preference_applied::tests::test_format_ignore_parameters ... ok
[INFO] [stdout] test header::common::range::test_parse_unregistered_range_valid ... ok
[INFO] [stdout] test header::common::range::test_parse_invalid ... ok
[INFO] [stdout] test header::common::referer::test_referer::test1 ... ok
[INFO] [stdout] test header::common::referrer_policy::test_parse_header ... ok
[INFO] [stdout] test header::common::referrer_policy::test_rightmost_header ... ok
[INFO] [stdout] test header::common::server::test_server::test1 ... ok
[INFO] [stdout] test header::common::strict_transport_security::tests::test_parse_include_subdomains ... ok
[INFO] [stdout] test header::common::set_cookie::test_set_cookie_fmt ... ok
[INFO] [stdout] test header::common::strict_transport_security::tests::test_parse_max_age_nan ... ok
[INFO] [stdout] test header::common::strict_transport_security::tests::test_parse_max_age_no_value ... ok
[INFO] [stdout] test header::common::strict_transport_security::tests::test_parse_max_age ... ok
[INFO] [stdout] test header::common::strict_transport_security::tests::test_parse_quoted_max_age ... ok
[INFO] [stdout] test header::common::strict_transport_security::tests::test_parse_no_max_age ... ok
[INFO] [stdout] test header::common::strict_transport_security::tests::test_parse_duplicate_directives ... ok
[INFO] [stdout] test header::common::strict_transport_security::tests::test_parse_spaces_max_age ... ok
[INFO] [stdout] test header::common::transfer_encoding::transfer_encoding::test1 ... ok
[INFO] [stdout] test header::common::transfer_encoding::transfer_encoding::test2 ... ok
[INFO] [stdout] test header::common::upgrade::test_upgrade::test1 ... ok
[INFO] [stdout] test header::common::upgrade::test_upgrade::test2 ... ok
[INFO] [stdout] test header::common::upgrade::test_upgrade::test3 ... ok
[INFO] [stdout] test header::common::user_agent::test_user_agent::test1 ... ok
[INFO] [stdout] test header::common::user_agent::test_user_agent::test2 ... ok
[INFO] [stdout] test header::common::vary::test_vary::test1 ... ok
[INFO] [stdout] test header::common::vary::test_vary::test2 ... ok
[INFO] [stdout] test header::internals::cell::test::test_opt_cell_set ... ok
[INFO] [stdout] test header::internals::cell::test::test_ptr_map_cell_one ... ok
[INFO] [stdout] test header::internals::cell::test::test_ptr_map_cell_two ... ok
[INFO] [stdout] test header::parsing::tests::test_fmt_extended_value_with_encoding ... ok
[INFO] [stdout] test header::parsing::tests::test_fmt_extended_value_with_encoding_and_language_tag ... ok
[INFO] [stdout] test header::internals::cell::test::test_ptr_map_cell_none ... ok
[INFO] [stdout] test header::internals::cell::test::test_opt_cell_clone ... ok
[INFO] [stdout] test header::internals::cell::test::test_ptr_map_cell_many ... ok
[INFO] [stdout] test header::internals::cell::test::test_ptr_map_cell_clone ... ok
[INFO] [stdout] test header::parsing::tests::test_parse_extended_value_missing_language_tag_and_encoding ... ok
[INFO] [stdout] test header::parsing::tests::test_parse_extended_value_partially_formatted ... ok
[INFO] [stdout] test header::parsing::tests::test_parse_extended_value_partially_formatted_blank ... ok
[INFO] [stdout] test header::parsing::tests::test_parse_extended_value_with_encoding ... ok
[INFO] [stdout] test header::shared::charset::test_display ... ok
[INFO] [stdout] test header::shared::charset::test_parse ... ok
[INFO] [stdout] test header::parsing::tests::test_parse_extended_value_with_encoding_and_language_tag ... ok
[INFO] [stdout] test header::shared::entity::tests::test_etag_parse_failures ... ok
[INFO] [stdout] test header::shared::entity::tests::test_etag_parse_success ... ok
[INFO] [stdout] test header::shared::entity::tests::test_cmp ... ok
[INFO] [stdout] test header::shared::httpdate::tests::test_asctime ... ok
[INFO] [stdout] test header::shared::entity::tests::test_etag_fmt ... ok
[INFO] [stdout] test header::shared::httpdate::tests::test_imf_fixdate ... ok
[INFO] [stdout] test header::shared::httpdate::tests::test_no_date ... ok
[INFO] [stdout] test header::shared::httpdate::tests::test_rfc_850 ... ok
[INFO] [stdout] test header::shared::quality_item::tests::test_quality2 ... ok
[INFO] [stdout] test header::shared::quality_item::tests::test_quality ... ok
[INFO] [stdout] test header::shared::quality_item::tests::test_quality_item_from_str2 ... ok
[INFO] [stdout] test header::shared::quality_item::tests::test_quality_item_from_str1 ... ok
[INFO] [stdout] test header::shared::quality_item::tests::test_quality_item_from_str3 ... ok
[INFO] [stdout] test header::shared::quality_item::tests::test_quality_item_from_str6 ... ok
[INFO] [stdout] test header::shared::quality_item::tests::test_quality_item_from_str4 ... ok
[INFO] [stdout] test header::shared::quality_item::tests::test_quality_item_ordering ... ok
[INFO] [stdout] test header::shared::quality_item::tests::test_quality_item_show1 ... ok
[INFO] [stdout] test header::shared::quality_item::tests::test_quality_item_from_str5 ... ok
[INFO] [stdout] test header::shared::quality_item::tests::test_quality_item_show2 ... ok
[INFO] [stdout] test header::tests::test_append_raw ... ok
[INFO] [stdout] test header::shared::quality_item::tests::test_quality_item_show3 ... ok
[INFO] [stdout] test header::tests::test_accept ... ok
[INFO] [stdout] test header::tests::test_clear ... ok
[INFO] [stdout] test header::tests::test_different_reads ... ok
[INFO] [stdout] test header::tests::test_content_type ... ok
[INFO] [stdout] test header::tests::test_eq ... ok
[INFO] [stdout] test header::tests::test_from_raw ... ok
[INFO] [stdout] test header::tests::test_different_structs_for_same_header ... ok
[INFO] [stdout] test header::tests::test_header_view_value_string ... ok
[INFO] [stdout] test header::tests::test_get_mutable ... ok
[INFO] [stdout] test header::tests::test_headers_fmt ... ok
[INFO] [stdout] test header::tests::test_len ... ok
[INFO] [stdout] test header::tests::test_multiple_reads ... ok
[INFO] [stdout] test header::tests::test_iter ... ok
[INFO] [stdout] test header::tests::test_trailing_whitespace ... ok
[INFO] [stdout] test header::tests::test_headers_fmt_raw ... ok
[INFO] [stdout] test header::tests::test_set_raw ... ok
[INFO] [stdout] test header::tests::test_remove_raw ... ok
[INFO] [stdout] test http::h1::tests::test_message_get_incoming_invalid_content_length ... ok
[INFO] [stdout] test http::h1::tests::test_parse_incoming ... ok
[INFO] [stdout] test http::h1::tests::test_parse_raw_status ... ok
[INFO] [stdout] test http::h1::tests::test_read_chunked_early_eof ... ok
[INFO] [stdout] test http::h1::tests::test_parse_tcp_closed ... ok
[INFO] [stdout] test http::h1::tests::test_read_chunked_zero_len_buf ... ok
[INFO] [stdout] test http::h1::tests::test_read_chunk_size ... ok
[INFO] [stdout] test http::h1::tests::test_read_chunked_fully_consumes ... ok
[INFO] [stdout] test http::h1::tests::test_read_sized_early_eof ... ok
[INFO] [stdout] test http::h1::tests::test_read_sized_zero_len_buf ... ok
[INFO] [stdout] test http::h1::tests::test_write_sized ... ok
[INFO] [stdout] test http::h1::tests::test_write_chunked ... ok
[INFO] [stdout] test http::test_should_keep_alive ... ok
[INFO] [stdout] test method::tests::test_fmt ... ok
[INFO] [stdout] test method::tests::test_as_str ... ok
[INFO] [stdout] test method::tests::test_hashable ... ok
[INFO] [stdout] test method::tests::test_from_str ... ok
[INFO] [stdout] test method::tests::test_safe ... ok
[INFO] [stdout] test method::tests::test_idempotent ... ok
[INFO] [stdout] test multipart::tests::test_chunked ... ok
[INFO] [stdout] test multipart::tests::test_output ... ok
[INFO] [stdout] test net::tests::test_downcast_box_stream ... ok
[INFO] [stdout] test net::tests::test_downcast_unchecked_box_stream ... ok
[INFO] [stdout] test server::extensions::test_extensions ... ok
[INFO] [stdout] test server::request::tests::test_chunk_size_with_extension ... ok
[INFO] [stdout] test server::request::tests::test_get_empty_body ... ok
[INFO] [stdout] test server::request::tests::test_get_with_body ... ok
[INFO] [stdout] test server::request::tests::test_head_empty_body ... ok
[INFO] [stdout] test server::request::tests::test_invalid_chunk_size_extension ... ok
[INFO] [stdout] test server::request::tests::test_invalid_chunk_size_not_hex_digit ... ok
[INFO] [stdout] test server::request::tests::test_parse_chunked_request ... ok
[INFO] [stdout] test server::request::tests::test_post_empty_body ... ok
[INFO] [stdout] test server::response::tests::test_fresh_drop ... ok
[INFO] [stdout] test server::response::tests::test_fresh_start ... ok
[INFO] [stdout] test server::response::tests::test_no_content ... ok
[INFO] [stdout] test server::response::tests::test_streaming_drop ... ok
[INFO] [stdout] test server::response::tests::test_streaming_end ... ok
[INFO] [stdout] test server::tests::test_check_continue_default ... ok
[INFO] [stdout] test server::tests::test_check_continue_reject ... ok
[INFO] [stdout] test status::tests::test_status_code ... ok
[INFO] [stdout] test uri::test_uri_display ... ok
[INFO] [stdout] test uri::test_uri_fromstr ... ok
[INFO] [stdout] test header::shared::quality_item::tests::test_quality_invalid - should panic ... ok
[INFO] [stdout] test header::shared::quality_item::tests::test_quality_invalid2 - should panic ... ok
[INFO] [stdout] test multipart::tests::mixed_parser ... FAILED
[INFO] [stdout] test multipart::tests::parser ... FAILED
[INFO] [stdout] test multipart::tests::test_line_feed ... FAILED
[INFO] [stdout] test server::response::tests::test_fresh_drop_panicing ... ok
[INFO] [stdout] test client::pool::tests::test_idle_timeout ... ok
[INFO] [stdout] 
[INFO] [stdout] failures:
[INFO] [stdout] 
[INFO] [stdout] ---- multipart::tests::mixed_parser stdout ----
[INFO] [stdout] thread 'multipart::tests::mixed_parser' panicked at src/multipart/tests.rs:146:68:
[INFO] [stdout] called `Result::unwrap()` on an `Err` value: Os { code: 30, kind: ReadOnlyFilesystem, message: "Read-only file system" }
[INFO] [stdout] stack backtrace:
[INFO] [stdout]    0:     0x5f01e0da862a - std::backtrace_rs::backtrace::libunwind::trace::h207520d6e9873551
[INFO] [stdout]                                at /rustc/df4ca44d3fbc9301ee17f30f4d474e6ae4b05252/library/std/src/../../backtrace/src/backtrace/libunwind.rs:116:5
[INFO] [stdout]    1:     0x5f01e0da862a - std::backtrace_rs::backtrace::trace_unsynchronized::h2ed7433f370e3eca
[INFO] [stdout]                                at /rustc/df4ca44d3fbc9301ee17f30f4d474e6ae4b05252/library/std/src/../../backtrace/src/backtrace/mod.rs:66:5
[INFO] [stdout]    2:     0x5f01e0da862a - std::sys::backtrace::_print_fmt::h916fac51166b18d7
[INFO] [stdout]                                at /rustc/df4ca44d3fbc9301ee17f30f4d474e6ae4b05252/library/std/src/sys/backtrace.rs:66:9
[INFO] [stdout]    3:     0x5f01e0da862a - <std::sys::backtrace::BacktraceLock::print::DisplayBacktrace as core::fmt::Display>::fmt::ha0a4c9b8ce3802e6
[INFO] [stdout]                                at /rustc/df4ca44d3fbc9301ee17f30f4d474e6ae4b05252/library/std/src/sys/backtrace.rs:39:26
[INFO] [stdout]    4:     0x5f01e0dd2ad3 - core::fmt::rt::Argument::fmt::h4cfc8587d52b3eb5
[INFO] [stdout]                                at /rustc/df4ca44d3fbc9301ee17f30f4d474e6ae4b05252/library/core/src/fmt/rt.rs:177:76
[INFO] [stdout]    5:     0x5f01e0dd2ad3 - core::fmt::write::h522cc39e5b36ae9f
[INFO] [stdout]                                at /rustc/df4ca44d3fbc9301ee17f30f4d474e6ae4b05252/library/core/src/fmt/mod.rs:1190:21
[INFO] [stdout]    6:     0x5f01e0da4fe3 - std::io::Write::write_fmt::h7d3c26752da97734
[INFO] [stdout]                                at /rustc/df4ca44d3fbc9301ee17f30f4d474e6ae4b05252/library/std/src/io/mod.rs:1839:15
[INFO] [stdout]    7:     0x5f01e0da8472 - std::sys::backtrace::BacktraceLock::print::h4b9e00b29e9c0942
[INFO] [stdout]                                at /rustc/df4ca44d3fbc9301ee17f30f4d474e6ae4b05252/library/std/src/sys/backtrace.rs:42:9
[INFO] [stdout]    8:     0x5f01e0da9aba - std::panicking::default_hook::{{closure}}::hb59b88280d0324d9
[INFO] [stdout]                                at /rustc/df4ca44d3fbc9301ee17f30f4d474e6ae4b05252/library/std/src/panicking.rs:268:22
[INFO] [stdout]    9:     0x5f01e0da98c4 - std::panicking::default_hook::he1dd496665be4a29
[INFO] [stdout]                                at /rustc/df4ca44d3fbc9301ee17f30f4d474e6ae4b05252/library/std/src/panicking.rs:292:9
[INFO] [stdout]   10:     0x5f01e0cb2af9 - <alloc::boxed::Box<F,A> as core::ops::function::Fn<Args>>::call::h4ff71de18744e1dc
[INFO] [stdout]                                at /rustc/df4ca44d3fbc9301ee17f30f4d474e6ae4b05252/library/alloc/src/boxed.rs:2468:9
[INFO] [stdout]   11:     0x5f01e0cb2af9 - test::test_main::{{closure}}::hcf7c055ce117aa81
[INFO] [stdout]                                at /rustc/df4ca44d3fbc9301ee17f30f4d474e6ae4b05252/library/test/src/lib.rs:133:21
[INFO] [stdout]   12:     0x5f01e0daa1b8 - <alloc::boxed::Box<F,A> as core::ops::function::Fn<Args>>::call::h1d66c6bbd60c9692
[INFO] [stdout]                                at /rustc/df4ca44d3fbc9301ee17f30f4d474e6ae4b05252/library/alloc/src/boxed.rs:2468:9
[INFO] [stdout]   13:     0x5f01e0daa1b8 - std::panicking::rust_panic_with_hook::h2ff17fe8f26dfcf8
[INFO] [stdout]                                at /rustc/df4ca44d3fbc9301ee17f30f4d474e6ae4b05252/library/std/src/panicking.rs:809:13
[INFO] [stdout]   14:     0x5f01e0da9f7a - std::panicking::begin_panic_handler::{{closure}}::h4fad77951c07e101
[INFO] [stdout]                                at /rustc/df4ca44d3fbc9301ee17f30f4d474e6ae4b05252/library/std/src/panicking.rs:674:13
[INFO] [stdout]   15:     0x5f01e0da8b09 - std::sys::backtrace::__rust_end_short_backtrace::hb1a25b3da5d0ea08
[INFO] [stdout]                                at /rustc/df4ca44d3fbc9301ee17f30f4d474e6ae4b05252/library/std/src/sys/backtrace.rs:170:18
[INFO] [stdout]   16:     0x5f01e0da9c0c - rust_begin_unwind
[INFO] [stdout]                                at /rustc/df4ca44d3fbc9301ee17f30f4d474e6ae4b05252/library/std/src/panicking.rs:665:5
[INFO] [stdout]   17:     0x5f01e0dd0ce0 - core::panicking::panic_fmt::ha9db07b529f9b256
[INFO] [stdout]                                at /rustc/df4ca44d3fbc9301ee17f30f4d474e6ae4b05252/library/core/src/panicking.rs:75:14
[INFO] [stdout]   18:     0x5f01e0dd1166 - core::result::unwrap_failed::h5e8218e4d4338b8a
[INFO] [stdout]                                at /rustc/df4ca44d3fbc9301ee17f30f4d474e6ae4b05252/library/core/src/result.rs:1698:5
[INFO] [stdout]   19:     0x5f01e0b589f6 - core::result::Result<T,E>::unwrap::h1ef80da5d2336c28
[INFO] [stdout]                                at /rustc/df4ca44d3fbc9301ee17f30f4d474e6ae4b05252/library/core/src/result.rs:1103:23
[INFO] [stdout]   20:     0x5f01e0b589f6 - mco_http::multipart::tests::mixed_parser::{{closure}}::hb28511872801cf99
[INFO] [stdout]                                at /opt/rustwide/workdir/src/multipart/tests.rs:146:21
[INFO] [stdout]   21:     0x5f01e0af2a38 - core::ops::function::FnOnce::call_once::hd51b332e43d68a7b
[INFO] [stdout]                                at /rustc/df4ca44d3fbc9301ee17f30f4d474e6ae4b05252/library/core/src/ops/function.rs:250:5
[INFO] [stdout]   22:     0x5f01e0bf84dd - mco_http::multipart::inner::h7355a54f7f49576e
[INFO] [stdout]                                at /opt/rustwide/workdir/src/multipart/mod.rs:330:21
[INFO] [stdout]   23:     0x5f01e0bf889a - mco_http::multipart::inner::h7355a54f7f49576e
[INFO] [stdout]                                at /opt/rustwide/workdir/src/multipart/mod.rs:303:13
[INFO] [stdout]   24:     0x5f01e0bf6ab3 - mco_http::multipart::read_multipart_body::h4ed740bd981bec52
[INFO] [stdout]                                at /opt/rustwide/workdir/src/multipart/mod.rs:217:5
[INFO] [stdout]   25:     0x5f01e0b574e1 - mco_http::multipart::tests::mixed_parser::h20ca16e49385dc45
[INFO] [stdout]                                at /opt/rustwide/workdir/src/multipart/tests.rs:145:11
[INFO] [stdout]   26:     0x5f01e0b570e7 - mco_http::multipart::tests::mixed_parser::{{closure}}::h00855fde177b209d
[INFO] [stdout]                                at /opt/rustwide/workdir/src/multipart/tests.rs:109:18
[INFO] [stdout]   27:     0x5f01e0af1c56 - core::ops::function::FnOnce::call_once::haae1b95c9b2417b4
[INFO] [stdout]                                at /rustc/df4ca44d3fbc9301ee17f30f4d474e6ae4b05252/library/core/src/ops/function.rs:250:5
[INFO] [stdout]   28:     0x5f01e0cb73cb - core::ops::function::FnOnce::call_once::h22c3ba5715e93f05
[INFO] [stdout]                                at /rustc/df4ca44d3fbc9301ee17f30f4d474e6ae4b05252/library/core/src/ops/function.rs:250:5
[INFO] [stdout]   29:     0x5f01e0cb73cb - test::__rust_begin_short_backtrace::h8e82d8113d0da17f
[INFO] [stdout]                                at /rustc/df4ca44d3fbc9301ee17f30f4d474e6ae4b05252/library/test/src/lib.rs:621:18
[INFO] [stdout]   30:     0x5f01e0cb6d47 - test::run_test_in_process::{{closure}}::h33235f4f20b7b7c7
[INFO] [stdout]                                at /rustc/df4ca44d3fbc9301ee17f30f4d474e6ae4b05252/library/test/src/lib.rs:644:60
[INFO] [stdout]   31:     0x5f01e0cb6d47 - <core::panic::unwind_safe::AssertUnwindSafe<F> as core::ops::function::FnOnce<()>>::call_once::hb5043206310c586f
[INFO] [stdout]                                at /rustc/df4ca44d3fbc9301ee17f30f4d474e6ae4b05252/library/core/src/panic/unwind_safe.rs:272:9
[INFO] [stdout]   32:     0x5f01e0cb6d47 - std::panicking::try::do_call::h9ad4731a60ab23e2
[INFO] [stdout]                                at /rustc/df4ca44d3fbc9301ee17f30f4d474e6ae4b05252/library/std/src/panicking.rs:557:40
[INFO] [stdout]   33:     0x5f01e0cb6d47 - std::panicking::try::h3824d23db772a716
[INFO] [stdout]                                at /rustc/df4ca44d3fbc9301ee17f30f4d474e6ae4b05252/library/std/src/panicking.rs:520:19
[INFO] [stdout]   34:     0x5f01e0cb6d47 - std::panic::catch_unwind::h5afd514605fde46b
[INFO] [stdout]                                at /rustc/df4ca44d3fbc9301ee17f30f4d474e6ae4b05252/library/std/src/panic.rs:358:14
[INFO] [stdout]   35:     0x5f01e0cb6d47 - test::run_test_in_process::h0d5cbfa7067d1720
[INFO] [stdout]                                at /rustc/df4ca44d3fbc9301ee17f30f4d474e6ae4b05252/library/test/src/lib.rs:644:27
[INFO] [stdout]   36:     0x5f01e0cb6d47 - test::run_test::{{closure}}::h708eb8872708115d
[INFO] [stdout]                                at /rustc/df4ca44d3fbc9301ee17f30f4d474e6ae4b05252/library/test/src/lib.rs:565:43
[INFO] [stdout]   37:     0x5f01e0c7a464 - test::run_test::{{closure}}::h392c51cee94713ab
[INFO] [stdout]                                at /rustc/df4ca44d3fbc9301ee17f30f4d474e6ae4b05252/library/test/src/lib.rs:595:41
[INFO] [stdout]   38:     0x5f01e0c7a464 - std::sys::backtrace::__rust_begin_short_backtrace::h2f40290710935a8b
[INFO] [stdout]                                at /rustc/df4ca44d3fbc9301ee17f30f4d474e6ae4b05252/library/std/src/sys/backtrace.rs:154:18
[INFO] [stdout]   39:     0x5f01e0c7dc0e - std::thread::Builder::spawn_unchecked_::{{closure}}::{{closure}}::h3fd968d89053a903
[INFO] [stdout]                                at /rustc/df4ca44d3fbc9301ee17f30f4d474e6ae4b05252/library/std/src/thread/mod.rs:541:17
[INFO] [stdout]   40:     0x5f01e0c7dc0e - <core::panic::unwind_safe::AssertUnwindSafe<F> as core::ops::function::FnOnce<()>>::call_once::h743f637ba4229880
[INFO] [stdout]                                at /rustc/df4ca44d3fbc9301ee17f30f4d474e6ae4b05252/library/core/src/panic/unwind_safe.rs:272:9
[INFO] [stdout]   41:     0x5f01e0c7dc0e - std::panicking::try::do_call::h07440897322525a6
[INFO] [stdout]                                at /rustc/df4ca44d3fbc9301ee17f30f4d474e6ae4b05252/library/std/src/panicking.rs:557:40
[INFO] [stdout]   42:     0x5f01e0c7dc0e - std::panicking::try::he5a2e00188156637
[INFO] [stdout]                                at /rustc/df4ca44d3fbc9301ee17f30f4d474e6ae4b05252/library/std/src/panicking.rs:520:19
[INFO] [stdout]   43:     0x5f01e0c7dc0e - std::panic::catch_unwind::hbaf3cae49b3c6433
[INFO] [stdout]                                at /rustc/df4ca44d3fbc9301ee17f30f4d474e6ae4b05252/library/std/src/panic.rs:358:14
[INFO] [stdout]   44:     0x5f01e0c7dc0e - std::thread::Builder::spawn_unchecked_::{{closure}}::h8e141ea224820bce
[INFO] [stdout]                                at /rustc/df4ca44d3fbc9301ee17f30f4d474e6ae4b05252/library/std/src/thread/mod.rs:540:30
[INFO] [stdout]   45:     0x5f01e0c7dc0e - core::ops::function::FnOnce::call_once{{vtable.shim}}::h90d312fedd7b8ea8
[INFO] [stdout]                                at /rustc/df4ca44d3fbc9301ee17f30f4d474e6ae4b05252/library/core/src/ops/function.rs:250:5
[INFO] [stdout]   46:     0x5f01e0dae19b - <alloc::boxed::Box<F,A> as core::ops::function::FnOnce<Args>>::call_once::h69aa08ddb6adb8b6
[INFO] [stdout]                                at /rustc/df4ca44d3fbc9301ee17f30f4d474e6ae4b05252/library/alloc/src/boxed.rs:2454:9
[INFO] [stdout]   47:     0x5f01e0dae19b - <alloc::boxed::Box<F,A> as core::ops::function::FnOnce<Args>>::call_once::h5aa36efdb79c806f
[INFO] [stdout]                                at /rustc/df4ca44d3fbc9301ee17f30f4d474e6ae4b05252/library/alloc/src/boxed.rs:2454:9
[INFO] [stdout]   48:     0x5f01e0dae19b - std::sys::pal::unix::thread::Thread::new::thread_start::h6cd80a1b4be5158d
[INFO] [stdout]                                at /rustc/df4ca44d3fbc9301ee17f30f4d474e6ae4b05252/library/std/src/sys/pal/unix/thread.rs:105:17
[INFO] [stdout]   49:     0x77298153fac3 - <unknown>
[INFO] [stdout]   50:     0x7729815d0a04 - clone
[INFO] [stdout]   51:                0x0 - <unknown>
[INFO] [stdout] 
[INFO] [stdout] ---- multipart::tests::parser stdout ----
[INFO] [stdout] thread 'multipart::tests::parser' panicked at src/multipart/tests.rs:57:68:
[INFO] [stdout] called `Result::unwrap()` on an `Err` value: Os { code: 30, kind: ReadOnlyFilesystem, message: "Read-only file system" }
[INFO] [stdout] stack backtrace:
[INFO] [stdout]    0:     0x5f01e0da862a - std::backtrace_rs::backtrace::libunwind::trace::h207520d6e9873551
[INFO] [stdout]                                at /rustc/df4ca44d3fbc9301ee17f30f4d474e6ae4b05252/library/std/src/../../backtrace/src/backtrace/libunwind.rs:116:5
[INFO] [stdout]    1:     0x5f01e0da862a - std::backtrace_rs::backtrace::trace_unsynchronized::h2ed7433f370e3eca
[INFO] [stdout]                                at /rustc/df4ca44d3fbc9301ee17f30f4d474e6ae4b05252/library/std/src/../../backtrace/src/backtrace/mod.rs:66:5
[INFO] [stdout]    2:     0x5f01e0da862a - std::sys::backtrace::_print_fmt::h916fac51166b18d7
[INFO] [stdout]                                at /rustc/df4ca44d3fbc9301ee17f30f4d474e6ae4b05252/library/std/src/sys/backtrace.rs:66:9
[INFO] [stdout]    3:     0x5f01e0da862a - <std::sys::backtrace::BacktraceLock::print::DisplayBacktrace as core::fmt::Display>::fmt::ha0a4c9b8ce3802e6
[INFO] [stdout]                                at /rustc/df4ca44d3fbc9301ee17f30f4d474e6ae4b05252/library/std/src/sys/backtrace.rs:39:26
[INFO] [stdout]    4:     0x5f01e0dd2ad3 - core::fmt::rt::Argument::fmt::h4cfc8587d52b3eb5
[INFO] [stdout]                                at /rustc/df4ca44d3fbc9301ee17f30f4d474e6ae4b05252/library/core/src/fmt/rt.rs:177:76
[INFO] [stdout]    5:     0x5f01e0dd2ad3 - core::fmt::write::h522cc39e5b36ae9f
[INFO] [stdout]                                at /rustc/df4ca44d3fbc9301ee17f30f4d474e6ae4b05252/library/core/src/fmt/mod.rs:1190:21
[INFO] [stdout]    6:     0x5f01e0da4fe3 - std::io::Write::write_fmt::h7d3c26752da97734
[INFO] [stdout]                                at /rustc/df4ca44d3fbc9301ee17f30f4d474e6ae4b05252/library/std/src/io/mod.rs:1839:15
[INFO] [stdout]    7:     0x5f01e0da8472 - std::sys::backtrace::BacktraceLock::print::h4b9e00b29e9c0942
[INFO] [stdout]                                at /rustc/df4ca44d3fbc9301ee17f30f4d474e6ae4b05252/library/std/src/sys/backtrace.rs:42:9
[INFO] [stdout]    8:     0x5f01e0da9aba - std::panicking::default_hook::{{closure}}::hb59b88280d0324d9
[INFO] [stdout]                                at /rustc/df4ca44d3fbc9301ee17f30f4d474e6ae4b05252/library/std/src/panicking.rs:268:22
[INFO] [stdout]    9:     0x5f01e0da98c4 - std::panicking::default_hook::he1dd496665be4a29
[INFO] [stdout]                                at /rustc/df4ca44d3fbc9301ee17f30f4d474e6ae4b05252/library/std/src/panicking.rs:292:9
[INFO] [stdout]   10:     0x5f01e0cb2af9 - <alloc::boxed::Box<F,A> as core::ops::function::Fn<Args>>::call::h4ff71de18744e1dc
[INFO] [stdout]                                at /rustc/df4ca44d3fbc9301ee17f30f4d474e6ae4b05252/library/alloc/src/boxed.rs:2468:9
[INFO] [stdout]   11:     0x5f01e0cb2af9 - test::test_main::{{closure}}::hcf7c055ce117aa81
[INFO] [stdout]                                at /rustc/df4ca44d3fbc9301ee17f30f4d474e6ae4b05252/library/test/src/lib.rs:133:21
[INFO] [stdout]   12:     0x5f01e0daa1b8 - <alloc::boxed::Box<F,A> as core::ops::function::Fn<Args>>::call::h1d66c6bbd60c9692
[INFO] [stdout]                                at /rustc/df4ca44d3fbc9301ee17f30f4d474e6ae4b05252/library/alloc/src/boxed.rs:2468:9
[INFO] [stdout]   13:     0x5f01e0daa1b8 - std::panicking::rust_panic_with_hook::h2ff17fe8f26dfcf8
[INFO] [stdout]                                at /rustc/df4ca44d3fbc9301ee17f30f4d474e6ae4b05252/library/std/src/panicking.rs:809:13
[INFO] [stdout]   14:     0x5f01e0da9f7a - std::panicking::begin_panic_handler::{{closure}}::h4fad77951c07e101
[INFO] [stdout]                                at /rustc/df4ca44d3fbc9301ee17f30f4d474e6ae4b05252/library/std/src/panicking.rs:674:13
[INFO] [stdout]   15:     0x5f01e0da8b09 - std::sys::backtrace::__rust_end_short_backtrace::hb1a25b3da5d0ea08
[INFO] [stdout]                                at /rustc/df4ca44d3fbc9301ee17f30f4d474e6ae4b05252/library/std/src/sys/backtrace.rs:170:18
[INFO] [stdout]   16:     0x5f01e0da9c0c - rust_begin_unwind
[INFO] [stdout]                                at /rustc/df4ca44d3fbc9301ee17f30f4d474e6ae4b05252/library/std/src/panicking.rs:665:5
[INFO] [stdout]   17:     0x5f01e0dd0ce0 - core::panicking::panic_fmt::ha9db07b529f9b256
[INFO] [stdout]                                at /rustc/df4ca44d3fbc9301ee17f30f4d474e6ae4b05252/library/core/src/panicking.rs:75:14
[INFO] [stdout]   18:     0x5f01e0dd1166 - core::result::unwrap_failed::h5e8218e4d4338b8a
[INFO] [stdout]                                at /rustc/df4ca44d3fbc9301ee17f30f4d474e6ae4b05252/library/core/src/result.rs:1698:5
[INFO] [stdout]   19:     0x5f01e0b56f26 - core::result::Result<T,E>::unwrap::h1ef80da5d2336c28
[INFO] [stdout]                                at /rustc/df4ca44d3fbc9301ee17f30f4d474e6ae4b05252/library/core/src/result.rs:1103:23
[INFO] [stdout]   20:     0x5f01e0b56f26 - mco_http::multipart::tests::parser::{{closure}}::h4e4d6d2d243bcf4c
[INFO] [stdout]                                at /opt/rustwide/workdir/src/multipart/tests.rs:57:21
[INFO] [stdout]   21:     0x5f01e0af0d28 - core::ops::function::FnOnce::call_once::h8404d8e57cd27a01
[INFO] [stdout]                                at /rustc/df4ca44d3fbc9301ee17f30f4d474e6ae4b05252/library/core/src/ops/function.rs:250:5
[INFO] [stdout]   22:     0x5f01e0bf84dd - mco_http::multipart::inner::h7355a54f7f49576e
[INFO] [stdout]                                at /opt/rustwide/workdir/src/multipart/mod.rs:330:21
[INFO] [stdout]   23:     0x5f01e0bf6ab3 - mco_http::multipart::read_multipart_body::h4ed740bd981bec52
[INFO] [stdout]                                at /opt/rustwide/workdir/src/multipart/mod.rs:217:5
[INFO] [stdout]   24:     0x5f01e0b56071 - mco_http::multipart::tests::parser::hc99f249fdbbe4438
[INFO] [stdout]                                at /opt/rustwide/workdir/src/multipart/tests.rs:56:11
[INFO] [stdout]   25:     0x5f01e0b55c77 - mco_http::multipart::tests::parser::{{closure}}::hca54a9e7e474a318
[INFO] [stdout]                                at /opt/rustwide/workdir/src/multipart/tests.rs:24:12
[INFO] [stdout]   26:     0x5f01e0aee056 - core::ops::function::FnOnce::call_once::h0c093848cbd98400
[INFO] [stdout]                                at /rustc/df4ca44d3fbc9301ee17f30f4d474e6ae4b05252/library/core/src/ops/function.rs:250:5
[INFO] [stdout]   27:     0x5f01e0cb73cb - core::ops::function::FnOnce::call_once::h22c3ba5715e93f05
[INFO] [stdout]                                at /rustc/df4ca44d3fbc9301ee17f30f4d474e6ae4b05252/library/core/src/ops/function.rs:250:5
[INFO] [stdout]   28:     0x5f01e0cb73cb - test::__rust_begin_short_backtrace::h8e82d8113d0da17f
[INFO] [stdout]                                at /rustc/df4ca44d3fbc9301ee17f30f4d474e6ae4b05252/library/test/src/lib.rs:621:18
[INFO] [stdout]   29:     0x5f01e0cb6d47 - test::run_test_in_process::{{closure}}::h33235f4f20b7b7c7
[INFO] [stdout]                                at /rustc/df4ca44d3fbc9301ee17f30f4d474e6ae4b05252/library/test/src/lib.rs:644:60
[INFO] [stdout]   30:     0x5f01e0cb6d47 - <core::panic::unwind_safe::AssertUnwindSafe<F> as core::ops::function::FnOnce<()>>::call_once::hb5043206310c586f
[INFO] [stdout]                                at /rustc/df4ca44d3fbc9301ee17f30f4d474e6ae4b05252/library/core/src/panic/unwind_safe.rs:272:9
[INFO] [stdout]   31:     0x5f01e0cb6d47 - std::panicking::try::do_call::h9ad4731a60ab23e2
[INFO] [stdout]                                at /rustc/df4ca44d3fbc9301ee17f30f4d474e6ae4b05252/library/std/src/panicking.rs:557:40
[INFO] [stdout]   32:     0x5f01e0cb6d47 - std::panicking::try::h3824d23db772a716
[INFO] [stdout]                                at /rustc/df4ca44d3fbc9301ee17f30f4d474e6ae4b05252/library/std/src/panicking.rs:520:19
[INFO] [stdout]   33:     0x5f01e0cb6d47 - std::panic::catch_unwind::h5afd514605fde46b
[INFO] [stdout]                                at /rustc/df4ca44d3fbc9301ee17f30f4d474e6ae4b05252/library/std/src/panic.rs:358:14
[INFO] [stdout]   34:     0x5f01e0cb6d47 - test::run_test_in_process::h0d5cbfa7067d1720
[INFO] [stdout]                                at /rustc/df4ca44d3fbc9301ee17f30f4d474e6ae4b05252/library/test/src/lib.rs:644:27
[INFO] [stdout]   35:     0x5f01e0cb6d47 - test::run_test::{{closure}}::h708eb8872708115d
[INFO] [stdout]                                at /rustc/df4ca44d3fbc9301ee17f30f4d474e6ae4b05252/library/test/src/lib.rs:565:43
[INFO] [stdout]   36:     0x5f01e0c7a464 - test::run_test::{{closure}}::h392c51cee94713ab
[INFO] [stdout]                                at /rustc/df4ca44d3fbc9301ee17f30f4d474e6ae4b05252/library/test/src/lib.rs:595:41
[INFO] [stdout]   37:     0x5f01e0c7a464 - std::sys::backtrace::__rust_begin_short_backtrace::h2f40290710935a8b
[INFO] [stdout]                                at /rustc/df4ca44d3fbc9301ee17f30f4d474e6ae4b05252/library/std/src/sys/backtrace.rs:154:18
[INFO] [stdout]   38:     0x5f01e0c7dc0e - std::thread::Builder::spawn_unchecked_::{{closure}}::{{closure}}::h3fd968d89053a903
[INFO] [stdout]                                at /rustc/df4ca44d3fbc9301ee17f30f4d474e6ae4b05252/library/std/src/thread/mod.rs:541:17
[INFO] [stdout]   39:     0x5f01e0c7dc0e - <core::panic::unwind_safe::AssertUnwindSafe<F> as core::ops::function::FnOnce<()>>::call_once::h743f637ba4229880
[INFO] [stdout]                                at /rustc/df4ca44d3fbc9301ee17f30f4d474e6ae4b05252/library/core/src/panic/unwind_safe.rs:272:9
[INFO] [stdout]   40:     0x5f01e0c7dc0e - std::panicking::try::do_call::h07440897322525a6
[INFO] [stdout]                                at /rustc/df4ca44d3fbc9301ee17f30f4d474e6ae4b05252/library/std/src/panicking.rs:557:40
[INFO] [stdout]   41:     0x5f01e0c7dc0e - std::panicking::try::he5a2e00188156637
[INFO] [stdout]                                at /rustc/df4ca44d3fbc9301ee17f30f4d474e6ae4b05252/library/std/src/panicking.rs:520:19
[INFO] [stdout]   42:     0x5f01e0c7dc0e - std::panic::catch_unwind::hbaf3cae49b3c6433
[INFO] [stdout]                                at /rustc/df4ca44d3fbc9301ee17f30f4d474e6ae4b05252/library/std/src/panic.rs:358:14
[INFO] [stdout]   43:     0x5f01e0c7dc0e - std::thread::Builder::spawn_unchecked_::{{closure}}::h8e141ea224820bce
[INFO] [stdout]                                at /rustc/df4ca44d3fbc9301ee17f30f4d474e6ae4b05252/library/std/src/thread/mod.rs:540:30
[INFO] [stdout]   44:     0x5f01e0c7dc0e - core::ops::function::FnOnce::call_once{{vtable.shim}}::h90d312fedd7b8ea8
[INFO] [stdout]                                at /rustc/df4ca44d3fbc9301ee17f30f4d474e6ae4b05252/library/core/src/ops/function.rs:250:5
[INFO] [stdout]   45:     0x5f01e0dae19b - <alloc::boxed::Box<F,A> as core::ops::function::FnOnce<Args>>::call_once::h69aa08ddb6adb8b6
[INFO] [stdout]                                at /rustc/df4ca44d3fbc9301ee17f30f4d474e6ae4b05252/library/alloc/src/boxed.rs:2454:9
[INFO] [stdout]   46:     0x5f01e0dae19b - <alloc::boxed::Box<F,A> as core::ops::function::FnOnce<Args>>::call_once::h5aa36efdb79c806f
[INFO] [stdout]                                at /rustc/df4ca44d3fbc9301ee17f30f4d474e6ae4b05252/library/alloc/src/boxed.rs:2454:9
[INFO] [stdout]   47:     0x5f01e0dae19b - std::sys::pal::unix::thread::Thread::new::thread_start::h6cd80a1b4be5158d
[INFO] [stdout]                                at /rustc/df4ca44d3fbc9301ee17f30f4d474e6ae4b05252/library/std/src/sys/pal/unix/thread.rs:105:17
[INFO] [stdout]   48:     0x77298153fac3 - <unknown>
[INFO] [stdout]   49:     0x7729815d0a04 - clone
[INFO] [stdout]   50:                0x0 - <unknown>
[INFO] [stdout] 
[INFO] [stdout] ---- multipart::tests::test_line_feed stdout ----
[INFO] [stdout] thread 'multipart::tests::test_line_feed' panicked at src/multipart/tests.rs:240:68:
[INFO] [stdout] called `Result::unwrap()` on an `Err` value: Os { code: 30, kind: ReadOnlyFilesystem, message: "Read-only file system" }
[INFO] [stdout] stack backtrace:
[INFO] [stdout]    0:     0x5f01e0da862a - std::backtrace_rs::backtrace::libunwind::trace::h207520d6e9873551
[INFO] [stdout]                                at /rustc/df4ca44d3fbc9301ee17f30f4d474e6ae4b05252/library/std/src/../../backtrace/src/backtrace/libunwind.rs:116:5
[INFO] [stdout]    1:     0x5f01e0da862a - std::backtrace_rs::backtrace::trace_unsynchronized::h2ed7433f370e3eca
[INFO] [stdout]                                at /rustc/df4ca44d3fbc9301ee17f30f4d474e6ae4b05252/library/std/src/../../backtrace/src/backtrace/mod.rs:66:5
[INFO] [stdout]    2:     0x5f01e0da862a - std::sys::backtrace::_print_fmt::h916fac51166b18d7
[INFO] [stdout]                                at /rustc/df4ca44d3fbc9301ee17f30f4d474e6ae4b05252/library/std/src/sys/backtrace.rs:66:9
[INFO] [stdout]    3:     0x5f01e0da862a - <std::sys::backtrace::BacktraceLock::print::DisplayBacktrace as core::fmt::Display>::fmt::ha0a4c9b8ce3802e6
[INFO] [stdout]                                at /rustc/df4ca44d3fbc9301ee17f30f4d474e6ae4b05252/library/std/src/sys/backtrace.rs:39:26
[INFO] [stdout]    4:     0x5f01e0dd2ad3 - core::fmt::rt::Argument::fmt::h4cfc8587d52b3eb5
[INFO] [stdout]                                at /rustc/df4ca44d3fbc9301ee17f30f4d474e6ae4b05252/library/core/src/fmt/rt.rs:177:76
[INFO] [stdout]    5:     0x5f01e0dd2ad3 - core::fmt::write::h522cc39e5b36ae9f
[INFO] [stdout]                                at /rustc/df4ca44d3fbc9301ee17f30f4d474e6ae4b05252/library/core/src/fmt/mod.rs:1190:21
[INFO] [stdout]    6:     0x5f01e0da4fe3 - std::io::Write::write_fmt::h7d3c26752da97734
[INFO] [stdout]                                at /rustc/df4ca44d3fbc9301ee17f30f4d474e6ae4b05252/library/std/src/io/mod.rs:1839:15
[INFO] [stdout]    7:     0x5f01e0da8472 - std::sys::backtrace::BacktraceLock::print::h4b9e00b29e9c0942
[INFO] [stdout]                                at /rustc/df4ca44d3fbc9301ee17f30f4d474e6ae4b05252/library/std/src/sys/backtrace.rs:42:9
[INFO] [stdout]    8:     0x5f01e0da9aba - std::panicking::default_hook::{{closure}}::hb59b88280d0324d9
[INFO] [stdout]                                at /rustc/df4ca44d3fbc9301ee17f30f4d474e6ae4b05252/library/std/src/panicking.rs:268:22
[INFO] [stdout]    9:     0x5f01e0da98c4 - std::panicking::default_hook::he1dd496665be4a29
[INFO] [stdout]                                at /rustc/df4ca44d3fbc9301ee17f30f4d474e6ae4b05252/library/std/src/panicking.rs:292:9
[INFO] [stdout]   10:     0x5f01e0cb2af9 - <alloc::boxed::Box<F,A> as core::ops::function::Fn<Args>>::call::h4ff71de18744e1dc
[INFO] [stdout]                                at /rustc/df4ca44d3fbc9301ee17f30f4d474e6ae4b05252/library/alloc/src/boxed.rs:2468:9
[INFO] [stdout]   11:     0x5f01e0cb2af9 - test::test_main::{{closure}}::hcf7c055ce117aa81
[INFO] [stdout]                                at /rustc/df4ca44d3fbc9301ee17f30f4d474e6ae4b05252/library/test/src/lib.rs:133:21
[INFO] [stdout]   12:     0x5f01e0daa1b8 - <alloc::boxed::Box<F,A> as core::ops::function::Fn<Args>>::call::h1d66c6bbd60c9692
[INFO] [stdout]                                at /rustc/df4ca44d3fbc9301ee17f30f4d474e6ae4b05252/library/alloc/src/boxed.rs:2468:9
[INFO] [stdout]   13:     0x5f01e0daa1b8 - std::panicking::rust_panic_with_hook::h2ff17fe8f26dfcf8
[INFO] [stdout]                                at /rustc/df4ca44d3fbc9301ee17f30f4d474e6ae4b05252/library/std/src/panicking.rs:809:13
[INFO] [stdout]   14:     0x5f01e0da9f7a - std::panicking::begin_panic_handler::{{closure}}::h4fad77951c07e101
[INFO] [stdout]                                at /rustc/df4ca44d3fbc9301ee17f30f4d474e6ae4b05252/library/std/src/panicking.rs:674:13
[INFO] [stdout]   15:     0x5f01e0da8b09 - std::sys::backtrace::__rust_end_short_backtrace::hb1a25b3da5d0ea08
[INFO] [stdout]                                at /rustc/df4ca44d3fbc9301ee17f30f4d474e6ae4b05252/library/std/src/sys/backtrace.rs:170:18
[INFO] [stdout]   16:     0x5f01e0da9c0c - rust_begin_unwind
[INFO] [stdout]                                at /rustc/df4ca44d3fbc9301ee17f30f4d474e6ae4b05252/library/std/src/panicking.rs:665:5
[INFO] [stdout]   17:     0x5f01e0dd0ce0 - core::panicking::panic_fmt::ha9db07b529f9b256
[INFO] [stdout]                                at /rustc/df4ca44d3fbc9301ee17f30f4d474e6ae4b05252/library/core/src/panicking.rs:75:14
[INFO] [stdout]   18:     0x5f01e0dd1166 - core::result::unwrap_failed::h5e8218e4d4338b8a
[INFO] [stdout]                                at /rustc/df4ca44d3fbc9301ee17f30f4d474e6ae4b05252/library/core/src/result.rs:1698:5
[INFO] [stdout]   19:     0x5f01e0b5915a - core::result::Result<T,E>::unwrap::h1ef80da5d2336c28
[INFO] [stdout]                                at /rustc/df4ca44d3fbc9301ee17f30f4d474e6ae4b05252/library/core/src/result.rs:1103:23
[INFO] [stdout]   20:     0x5f01e0b5915a - mco_http::multipart::tests::test_line_feed::{{closure}}::hedbaefad549bff34
[INFO] [stdout]                                at /opt/rustwide/workdir/src/multipart/tests.rs:240:21
[INFO] [stdout]   21:     0x5f01e0af33b8 - core::ops::function::FnOnce::call_once::hf1687cd9dac576c4
[INFO] [stdout]                                at /rustc/df4ca44d3fbc9301ee17f30f4d474e6ae4b05252/library/core/src/ops/function.rs:250:5
[INFO] [stdout]   22:     0x5f01e0bf84dd - mco_http::multipart::inner::h7355a54f7f49576e
[INFO] [stdout]                                at /opt/rustwide/workdir/src/multipart/mod.rs:330:21
[INFO] [stdout]   23:     0x5f01e0bf6ab3 - mco_http::multipart::read_multipart_body::h4ed740bd981bec52
[INFO] [stdout]                                at /opt/rustwide/workdir/src/multipart/mod.rs:217:5
[INFO] [stdout]   24:     0x5f01e0b58f26 - mco_http::multipart::tests::test_line_feed::hd420ecb9a362506e
[INFO] [stdout]                                at /opt/rustwide/workdir/src/multipart/tests.rs:239:21
[INFO] [stdout]   25:     0x5f01e0b58b57 - mco_http::multipart::tests::test_line_feed::{{closure}}::ha03b7af5ab5c67a1
[INFO] [stdout]                                at /opt/rustwide/workdir/src/multipart/tests.rs:208:20
[INFO] [stdout]   26:     0x5f01e0aedd46 - core::ops::function::FnOnce::call_once::h031a8b49c178e859
[INFO] [stdout]                                at /rustc/df4ca44d3fbc9301ee17f30f4d474e6ae4b05252/library/core/src/ops/function.rs:250:5
[INFO] [stdout]   27:     0x5f01e0cb73cb - core::ops::function::FnOnce::call_once::h22c3ba5715e93f05
[INFO] [stdout]                                at /rustc/df4ca44d3fbc9301ee17f30f4d474e6ae4b05252/library/core/src/ops/function.rs:250:5
[INFO] [stdout]   28:     0x5f01e0cb73cb - test::__rust_begin_short_backtrace::h8e82d8113d0da17f
[INFO] [stdout]                                at /rustc/df4ca44d3fbc9301ee17f30f4d474e6ae4b05252/library/test/src/lib.rs:621:18
[INFO] [stdout]   29:     0x5f01e0cb6d47 - test::run_test_in_process::{{closure}}::h33235f4f20b7b7c7
[INFO] [stdout]                                at /rustc/df4ca44d3fbc9301ee17f30f4d474e6ae4b05252/library/test/src/lib.rs:644:60
[INFO] [stdout]   30:     0x5f01e0cb6d47 - <core::panic::unwind_safe::AssertUnwindSafe<F> as core::ops::function::FnOnce<()>>::call_once::hb5043206310c586f
[INFO] [stdout]                                at /rustc/df4ca44d3fbc9301ee17f30f4d474e6ae4b05252/library/core/src/panic/unwind_safe.rs:272:9
[INFO] [stdout]   31:     0x5f01e0cb6d47 - std::panicking::try::do_call::h9ad4731a60ab23e2
[INFO] [stdout]                                at /rustc/df4ca44d3fbc9301ee17f30f4d474e6ae4b05252/library/std/src/panicking.rs:557:40
[INFO] [stdout]   32:     0x5f01e0cb6d47 - std::panicking::try::h3824d23db772a716
[INFO] [stdout]                                at /rustc/df4ca44d3fbc9301ee17f30f4d474e6ae4b05252/library/std/src/panicking.rs:520:19
[INFO] [stdout]   33:     0x5f01e0cb6d47 - std::panic::catch_unwind::h5afd514605fde46b
[INFO] [stdout]                                at /rustc/df4ca44d3fbc9301ee17f30f4d474e6ae4b05252/library/std/src/panic.rs:358:14
[INFO] [stdout]   34:     0x5f01e0cb6d47 - test::run_test_in_process::h0d5cbfa7067d1720
[INFO] [stdout]                                at /rustc/df4ca44d3fbc9301ee17f30f4d474e6ae4b05252/library/test/src/lib.rs:644:27
[INFO] [stdout]   35:     0x5f01e0cb6d47 - test::run_test::{{closure}}::h708eb8872708115d
[INFO] [stdout]                                at /rustc/df4ca44d3fbc9301ee17f30f4d474e6ae4b05252/library/test/src/lib.rs:565:43
[INFO] [stdout]   36:     0x5f01e0c7a464 - test::run_test::{{closure}}::h392c51cee94713ab
[INFO] [stdout]                                at /rustc/df4ca44d3fbc9301ee17f30f4d474e6ae4b05252/library/test/src/lib.rs:595:41
[INFO] [stdout]   37:     0x5f01e0c7a464 - std::sys::backtrace::__rust_begin_short_backtrace::h2f40290710935a8b
[INFO] [stdout]                                at /rustc/df4ca44d3fbc9301ee17f30f4d474e6ae4b05252/library/std/src/sys/backtrace.rs:154:18
[INFO] [stdout]   38:     0x5f01e0c7dc0e - std::thread::Builder::spawn_unchecked_::{{closure}}::{{closure}}::h3fd968d89053a903
[INFO] [stdout]                                at /rustc/df4ca44d3fbc9301ee17f30f4d474e6ae4b05252/library/std/src/thread/mod.rs:541:17
[INFO] [stdout]   39:     0x5f01e0c7dc0e - <core::panic::unwind_safe::AssertUnwindSafe<F> as core::ops::function::FnOnce<()>>::call_once::h743f637ba4229880
[INFO] [stdout]                                at /rustc/df4ca44d3fbc9301ee17f30f4d474e6ae4b05252/library/core/src/panic/unwind_safe.rs:272:9
[INFO] [stdout]   40:     0x5f01e0c7dc0e - std::panicking::try::do_call::h07440897322525a6
[INFO] [stdout]                                at /rustc/df4ca44d3fbc9301ee17f30f4d474e6ae4b05252/library/std/src/panicking.rs:557:40
[INFO] [stdout]   41:     0x5f01e0c7dc0e - std::panicking::try::he5a2e00188156637
[INFO] [stdout]                                at /rustc/df4ca44d3fbc9301ee17f30f4d474e6ae4b05252/library/std/src/panicking.rs:520:19
[INFO] [stdout]   42:     0x5f01e0c7dc0e - std::panic::catch_unwind::hbaf3cae49b3c6433
[INFO] [stdout]                                at /rustc/df4ca44d3fbc9301ee17f30f4d474e6ae4b05252/library/std/src/panic.rs:358:14
[INFO] [stdout]   43:     0x5f01e0c7dc0e - std::thread::Builder::spawn_unchecked_::{{closure}}::h8e141ea224820bce
[INFO] [stdout]                                at /rustc/df4ca44d3fbc9301ee17f30f4d474e6ae4b05252/library/std/src/thread/mod.rs:540:30
[INFO] [stdout]   44:     0x5f01e0c7dc0e - core::ops::function::FnOnce::call_once{{vtable.shim}}::h90d312fedd7b8ea8
[INFO] [stdout]                                at /rustc/df4ca44d3fbc9301ee17f30f4d474e6ae4b05252/library/core/src/ops/function.rs:250:5
[INFO] [stdout]   45:     0x5f01e0dae19b - <alloc::boxed::Box<F,A> as core::ops::function::FnOnce<Args>>::call_once::h69aa08ddb6adb8b6
[INFO] [stdout]                                at /rustc/df4ca44d3fbc9301ee17f30f4d474e6ae4b05252/library/alloc/src/boxed.rs:2454:9
[INFO] [stdout]   46:     0x5f01e0dae19b - <alloc::boxed::Box<F,A> as core::ops::function::FnOnce<Args>>::call_once::h5aa36efdb79c806f
[INFO] [stdout]                                at /rustc/df4ca44d3fbc9301ee17f30f4d474e6ae4b05252/library/alloc/src/boxed.rs:2454:9
[INFO] [stdout]   47:     0x5f01e0dae19b - std::sys::pal::unix::thread::Thread::new::thread_start::h6cd80a1b4be5158d
[INFO] [stdout]                                at /rustc/df4ca44d3fbc9301ee17f30f4d474e6ae4b05252/library/std/src/sys/pal/unix/thread.rs:105:17
[INFO] [stdout]   48:     0x77298153fac3 - <unknown>
[INFO] [stdout]   49:     0x7729815d0a04 - clone
[INFO] [stdout]   50:                0x0 - <unknown>
[INFO] [stdout] 
[INFO] [stdout] 
[INFO] [stdout] failures:
[INFO] [stdout]     multipart::tests::mixed_parser
[INFO] [stdout]     multipart::tests::parser
[INFO] [stdout]     multipart::tests::test_line_feed
[INFO] [stdout] 
[INFO] [stdout] test result: FAILED. 279 passed; 3 failed; 0 ignored; 0 measured; 0 filtered out; finished in 0.10s
[INFO] [stdout] 
[INFO] [stderr] error: test failed, to rerun pass `--lib`
[INFO] running `Command { std: "docker" "inspect" "4733b19174c86ea475cd3c7950dc016f52e383b82b7d7274bf226f943f9d3657", kill_on_drop: false }`
[INFO] running `Command { std: "docker" "rm" "-f" "4733b19174c86ea475cd3c7950dc016f52e383b82b7d7274bf226f943f9d3657", kill_on_drop: false }`
[INFO] [stdout] 4733b19174c86ea475cd3c7950dc016f52e383b82b7d7274bf226f943f9d3657
