[INFO] fetching crate mcnbt 1.1.0...
[INFO] testing mcnbt-1.1.0 against nightly-2024-10-28+rustflags=-Zrandomize-layout for randomize-layout
[INFO] extracting crate mcnbt 1.1.0 into /workspace/builds/worker-1-tc2/source
[INFO] validating manifest of crates.io crate mcnbt 1.1.0 on toolchain nightly-2024-10-28
[INFO] running `Command { std: CARGO_HOME="/workspace/cargo-home" RUSTUP_HOME="/workspace/rustup-home" "/workspace/cargo-home/bin/cargo" "+nightly-2024-10-28" "metadata" "--manifest-path" "Cargo.toml" "--no-deps", kill_on_drop: false }`
[INFO] started tweaking crates.io crate mcnbt 1.1.0
[INFO] removed 0 missing examples
[INFO] finished tweaking crates.io crate mcnbt 1.1.0
[INFO] tweaked toml for crates.io crate mcnbt 1.1.0 written to /workspace/builds/worker-1-tc2/source/Cargo.toml
[INFO] crate crates.io crate mcnbt 1.1.0 already has a lockfile, it will not be regenerated
[INFO] running `Command { std: CARGO_HOME="/workspace/cargo-home" RUSTUP_HOME="/workspace/rustup-home" "/workspace/cargo-home/bin/cargo" "+nightly-2024-10-28" "fetch" "--manifest-path" "Cargo.toml", kill_on_drop: false }`
[INFO] running `Command { std: "docker" "create" "-v" "/var/lib/crater-agent-workspace/builds/worker-1-tc2/target:/opt/rustwide/target:rw,Z" "-v" "/var/lib/crater-agent-workspace/builds/worker-1-tc2/source:/opt/rustwide/workdir:ro,Z" "-v" "/var/lib/crater-agent-workspace/cargo-home:/opt/rustwide/cargo-home:ro,Z" "-v" "/var/lib/crater-agent-workspace/rustup-home:/opt/rustwide/rustup-home:ro,Z" "-e" "SOURCE_DIR=/opt/rustwide/workdir" "-e" "CARGO_TARGET_DIR=/opt/rustwide/target" "-e" "CARGO_HOME=/opt/rustwide/cargo-home" "-e" "RUSTUP_HOME=/opt/rustwide/rustup-home" "-w" "/opt/rustwide/workdir" "-m" "1610612736" "--user" "0:0" "--network" "none" "ghcr.io/rust-lang/crates-build-env/linux@sha256:4a844ea9eb2546a2d2c7022eacef16ef2e8229c7fbb2c7d4d55a9ceca922f72d" "/opt/rustwide/cargo-home/bin/cargo" "+nightly-2024-10-28" "metadata" "--no-deps" "--format-version=1", kill_on_drop: false }`
[INFO] [stdout] ad8118e7e019f29fe9da6e508b12f7a5b03880305677c14887c3e6d1610883c8
[INFO] running `Command { std: "docker" "start" "-a" "ad8118e7e019f29fe9da6e508b12f7a5b03880305677c14887c3e6d1610883c8", kill_on_drop: false }`
[INFO] running `Command { std: "docker" "inspect" "ad8118e7e019f29fe9da6e508b12f7a5b03880305677c14887c3e6d1610883c8", kill_on_drop: false }`
[INFO] running `Command { std: "docker" "rm" "-f" "ad8118e7e019f29fe9da6e508b12f7a5b03880305677c14887c3e6d1610883c8", kill_on_drop: false }`
[INFO] [stdout] ad8118e7e019f29fe9da6e508b12f7a5b03880305677c14887c3e6d1610883c8
[INFO] running `Command { std: "docker" "create" "-v" "/var/lib/crater-agent-workspace/builds/worker-1-tc2/target:/opt/rustwide/target:rw,Z" "-v" "/var/lib/crater-agent-workspace/builds/worker-1-tc2/source:/opt/rustwide/workdir:ro,Z" "-v" "/var/lib/crater-agent-workspace/cargo-home:/opt/rustwide/cargo-home:ro,Z" "-v" "/var/lib/crater-agent-workspace/rustup-home:/opt/rustwide/rustup-home:ro,Z" "-e" "SOURCE_DIR=/opt/rustwide/workdir" "-e" "CARGO_TARGET_DIR=/opt/rustwide/target" "-e" "CARGO_INCREMENTAL=0" "-e" "RUST_BACKTRACE=full" "-e" "RUSTFLAGS=--cap-lints=forbid -Zrandomize-layout" "-e" "RUSTDOCFLAGS=--cap-lints=forbid" "-e" "CARGO_HOME=/opt/rustwide/cargo-home" "-e" "RUSTUP_HOME=/opt/rustwide/rustup-home" "-w" "/opt/rustwide/workdir" "-m" "1610612736" "--user" "0:0" "--network" "none" "ghcr.io/rust-lang/crates-build-env/linux@sha256:4a844ea9eb2546a2d2c7022eacef16ef2e8229c7fbb2c7d4d55a9ceca922f72d" "/opt/rustwide/cargo-home/bin/cargo" "+nightly-2024-10-28" "build" "--frozen" "--message-format=json", kill_on_drop: false }`
[INFO] [stdout] 43f2fa372e717bd81b5368eabd97d0b94a1b3a0b4e31eff0292a68a3660520f7
[INFO] running `Command { std: "docker" "start" "-a" "43f2fa372e717bd81b5368eabd97d0b94a1b3a0b4e31eff0292a68a3660520f7", kill_on_drop: false }`
[INFO] [stderr]    Compiling proc-macro2 v1.0.69
[INFO] [stderr]    Compiling unicode-ident v1.0.12
[INFO] [stderr]    Compiling autocfg v1.1.0
[INFO] [stderr]    Compiling thiserror v1.0.50
[INFO] [stderr]    Compiling memchr v2.6.4
[INFO] [stderr]    Compiling residua-cesu8 v2.0.0
[INFO] [stderr]    Compiling minimal-lexical v0.2.1
[INFO] [stderr]    Compiling residua-mutf8 v2.0.0
[INFO] [stderr]    Compiling num-traits v0.2.17
[INFO] [stderr]    Compiling nom v7.1.3
[INFO] [stderr]    Compiling quote v1.0.33
[INFO] [stderr]    Compiling syn v2.0.39
[INFO] [stderr]    Compiling thiserror-impl v1.0.50
[INFO] [stderr]    Compiling mcnbt v1.1.0 (/opt/rustwide/workdir)
[INFO] [stderr]     Finished `dev` profile [unoptimized + debuginfo] target(s) in 3.90s
[INFO] running `Command { std: "docker" "inspect" "43f2fa372e717bd81b5368eabd97d0b94a1b3a0b4e31eff0292a68a3660520f7", kill_on_drop: false }`
[INFO] running `Command { std: "docker" "rm" "-f" "43f2fa372e717bd81b5368eabd97d0b94a1b3a0b4e31eff0292a68a3660520f7", kill_on_drop: false }`
[INFO] [stdout] 43f2fa372e717bd81b5368eabd97d0b94a1b3a0b4e31eff0292a68a3660520f7
[INFO] running `Command { std: "docker" "create" "-v" "/var/lib/crater-agent-workspace/builds/worker-1-tc2/target:/opt/rustwide/target:rw,Z" "-v" "/var/lib/crater-agent-workspace/builds/worker-1-tc2/source:/opt/rustwide/workdir:ro,Z" "-v" "/var/lib/crater-agent-workspace/cargo-home:/opt/rustwide/cargo-home:ro,Z" "-v" "/var/lib/crater-agent-workspace/rustup-home:/opt/rustwide/rustup-home:ro,Z" "-e" "SOURCE_DIR=/opt/rustwide/workdir" "-e" "CARGO_TARGET_DIR=/opt/rustwide/target" "-e" "CARGO_INCREMENTAL=0" "-e" "RUST_BACKTRACE=full" "-e" "RUSTFLAGS=--cap-lints=forbid -Zrandomize-layout" "-e" "RUSTDOCFLAGS=--cap-lints=forbid" "-e" "CARGO_HOME=/opt/rustwide/cargo-home" "-e" "RUSTUP_HOME=/opt/rustwide/rustup-home" "-w" "/opt/rustwide/workdir" "-m" "1610612736" "--user" "0:0" "--network" "none" "ghcr.io/rust-lang/crates-build-env/linux@sha256:4a844ea9eb2546a2d2c7022eacef16ef2e8229c7fbb2c7d4d55a9ceca922f72d" "/opt/rustwide/cargo-home/bin/cargo" "+nightly-2024-10-28" "test" "--frozen" "--no-run" "--message-format=json", kill_on_drop: false }`
[INFO] [stdout] ba076333a5c480d45a811e77c8ed6b3ba92f13e794b234881d57bf874ef3ab8a
[INFO] running `Command { std: "docker" "start" "-a" "ba076333a5c480d45a811e77c8ed6b3ba92f13e794b234881d57bf874ef3ab8a", kill_on_drop: false }`
[INFO] [stderr]    Compiling serde v1.0.192
[INFO] [stderr]    Compiling equivalent v1.0.1
[INFO] [stderr]    Compiling serde_json v1.0.108
[INFO] [stderr]    Compiling hashbrown v0.14.2
[INFO] [stderr]    Compiling itoa v1.0.9
[INFO] [stderr]    Compiling ryu v1.0.15
[INFO] [stderr]    Compiling indexmap v2.1.0
[INFO] [stderr]    Compiling mcnbt v1.1.0 (/opt/rustwide/workdir)
[INFO] [stderr]     Finished `test` profile [unoptimized + debuginfo] target(s) in 3.94s
[INFO] running `Command { std: "docker" "inspect" "ba076333a5c480d45a811e77c8ed6b3ba92f13e794b234881d57bf874ef3ab8a", kill_on_drop: false }`
[INFO] running `Command { std: "docker" "rm" "-f" "ba076333a5c480d45a811e77c8ed6b3ba92f13e794b234881d57bf874ef3ab8a", kill_on_drop: false }`
[INFO] [stdout] ba076333a5c480d45a811e77c8ed6b3ba92f13e794b234881d57bf874ef3ab8a
[INFO] running `Command { std: "docker" "create" "-v" "/var/lib/crater-agent-workspace/builds/worker-1-tc2/target:/opt/rustwide/target:rw,Z" "-v" "/var/lib/crater-agent-workspace/builds/worker-1-tc2/source:/opt/rustwide/workdir:ro,Z" "-v" "/var/lib/crater-agent-workspace/cargo-home:/opt/rustwide/cargo-home:ro,Z" "-v" "/var/lib/crater-agent-workspace/rustup-home:/opt/rustwide/rustup-home:ro,Z" "-e" "SOURCE_DIR=/opt/rustwide/workdir" "-e" "CARGO_TARGET_DIR=/opt/rustwide/target" "-e" "CARGO_INCREMENTAL=0" "-e" "RUST_BACKTRACE=full" "-e" "RUSTFLAGS=--cap-lints=forbid -Zrandomize-layout" "-e" "RUSTDOCFLAGS=--cap-lints=forbid" "-e" "CARGO_HOME=/opt/rustwide/cargo-home" "-e" "RUSTUP_HOME=/opt/rustwide/rustup-home" "-w" "/opt/rustwide/workdir" "-m" "1610612736" "--user" "0:0" "--network" "none" "ghcr.io/rust-lang/crates-build-env/linux@sha256:4a844ea9eb2546a2d2c7022eacef16ef2e8229c7fbb2c7d4d55a9ceca922f72d" "/opt/rustwide/cargo-home/bin/cargo" "+nightly-2024-10-28" "test" "--frozen", kill_on_drop: false }`
[INFO] [stdout] c635bd0f54ebb2023721d737e560dfd96cd545661f6a238249d55e22d3639b4b
[INFO] running `Command { std: "docker" "start" "-a" "c635bd0f54ebb2023721d737e560dfd96cd545661f6a238249d55e22d3639b4b", kill_on_drop: false }`
[INFO] [stderr]     Finished `test` profile [unoptimized + debuginfo] target(s) in 0.02s
[INFO] [stderr]      Running unittests src/lib.rs (/opt/rustwide/target/debug/deps/mcnbt-34c8ec4253edbe63)
[INFO] [stdout] 
[INFO] [stdout] running 13 tests
[INFO] [stdout] test parser::test::byte ... ok
[INFO] [stdout] test parser::test::byte_array ... ok
[INFO] [stdout] test parser::test::double ... ok
[INFO] [stdout] test parser::test::compound ... ok
[INFO] [stdout] test parser::test::empty_list ... ok
[INFO] [stdout] test parser::test::float ... ok
[INFO] [stdout] test parser::test::int ... ok
[INFO] [stdout] test parser::test::int_array ... ok
[INFO] [stdout] test parser::test::list ... ok
[INFO] [stdout] test parser::test::long ... ok
[INFO] [stdout] test parser::test::long_array ... ok
[INFO] [stdout] test parser::test::short ... ok
[INFO] [stdout] test parser::test::string ... ok
[INFO] [stdout] 
[INFO] [stdout] test result: ok. 13 passed; 0 failed; 0 ignored; 0 measured; 0 filtered out; finished in 0.00s
[INFO] [stdout] 
[INFO] [stderr]    Doc-tests mcnbt
[INFO] [stdout] 
[INFO] [stdout] running 18 tests
[INFO] [stdout] test src/../README.md - (line 21) ... FAILED
[INFO] [stdout] test src/../README.md - (line 91) ... FAILED
[INFO] [stdout] test src/tag.rs - tag::double (line 649) ... ok
[INFO] [stdout] test src/tag.rs - tag::float (line 621) ... ok
[INFO] [stdout] test src/tag.rs - tag::list (line 733) ... ok
[INFO] [stdout] test src/tag.rs - tag::Tag::name (line 156) ... ok
[INFO] [stdout] test src/../README.md - (line 33) ... ok
[INFO] [stdout] test src/tag.rs - tag::long_array (line 917) ... ok
[INFO] [stdout] test src/tag.rs - tag::long (line 593) ... ok
[INFO] [stdout] test src/tag.rs - tag::int_array (line 889) ... ok
[INFO] [stdout] test src/tag.rs - tag::byte_array (line 677) ... ok
[INFO] [stdout] test src/tag.rs - tag::int (line 565) ... ok
[INFO] [stdout] test src/tag.rs - tag::list (line 763) ... ok
[INFO] [stdout] test src/tag.rs - tag::byte (line 509) ... ok
[INFO] [stdout] test src/tag.rs - tag::nbt (line 481) ... ok
[INFO] [stdout] test src/tag.rs - tag::compound (line 835) ... ok
[INFO] [stdout] test src/tag.rs - tag::short (line 537) ... ok
[INFO] [stdout] test src/tag.rs - tag::string (line 705) ... ok
[INFO] [stdout] 
[INFO] [stdout] failures:
[INFO] [stdout] 
[INFO] [stdout] ---- src/../README.md - (line 21) stdout ----
[INFO] [stdout] error: couldn't read `src/../../examples/hello_world.nbt`: No such file or directory (os error 2)
[INFO] [stdout]  --> src/../README.md:26:5
[INFO] [stdout]   |
[INFO] [stdout] 8 |     include_bytes!("../examples/hello_world.nbt"), // file to read
[INFO] [stdout]   |     ^^^^^^^^^^^^^^^^^^^^^^^^^^^^^^^^^^^^^^^^^^^^^
[INFO] [stdout]   |
[INFO] [stdout]   = note: this error originates in the macro `include_bytes` (in Nightly builds, run with -Z macro-backtrace for more info)
[INFO] [stdout] help: there is a file with the same name in a different directory
[INFO] [stdout]   |
[INFO] [stdout] 8 |     include_bytes!("examples/hello_world.nbt"), // file to read
[INFO] [stdout]   |                    ~~~~~~~~~~~~~~~~~~~~~~~~~~
[INFO] [stdout] 
[INFO] [stdout] error: aborting due to 1 previous error
[INFO] [stdout] 
[INFO] [stdout] Couldn't compile the test.
[INFO] [stdout] ---- src/../README.md - (line 91) stdout ----
[INFO] [stdout] error[E0277]: the trait bound `Tag: serde::ser::Serialize` is not satisfied
[INFO] [stdout]     --> src/../README.md:115:27
[INFO] [stdout]      |
[INFO] [stdout] 27   |     serde_json::to_string(&data).unwrap(),
[INFO] [stdout]      |     --------------------- ^^^^^ the trait `serde::ser::Serialize` is not implemented for `Tag`
[INFO] [stdout]      |     |
[INFO] [stdout]      |     required by a bound introduced by this call
[INFO] [stdout]      |
[INFO] [stdout]      = help: the following other types implement trait `serde::ser::Serialize`:
[INFO] [stdout]                &'a T
[INFO] [stdout]                &'a mut T
[INFO] [stdout]                ()
[INFO] [stdout]                (T0, T1)
[INFO] [stdout]                (T0, T1, T2)
[INFO] [stdout]                (T0, T1, T2, T3)
[INFO] [stdout]                (T0, T1, T2, T3, T4)
[INFO] [stdout]                (T0, T1, T2, T3, T4, T5)
[INFO] [stdout]              and 130 others
[INFO] [stdout] note: required by a bound in `serde_json::to_string`
[INFO] [stdout]     --> /opt/rustwide/cargo-home/registry/src/index.crates.io-6f17d22bba15001f/serde_json-1.0.108/src/ser.rs:2209:17
[INFO] [stdout]      |
[INFO] [stdout] 2207 | pub fn to_string<T>(value: &T) -> Result<String>
[INFO] [stdout]      |        --------- required by a bound in this function
[INFO] [stdout] 2208 | where
[INFO] [stdout] 2209 |     T: ?Sized + Serialize,
[INFO] [stdout]      |                 ^^^^^^^^^ required by this bound in `to_string`
[INFO] [stdout] 
[INFO] [stdout] error: aborting due to 1 previous error
[INFO] [stdout] 
[INFO] [stdout] For more information about this error, try `rustc --explain E0277`.
[INFO] [stdout] Couldn't compile the test.
[INFO] [stdout] 
[INFO] [stdout] failures:
[INFO] [stdout]     src/../README.md - (line 21)
[INFO] [stdout]     src/../README.md - (line 91)
[INFO] [stdout] 
[INFO] [stdout] test result: FAILED. 16 passed; 2 failed; 0 ignored; 0 measured; 0 filtered out; finished in 0.24s
[INFO] [stdout] 
[INFO] [stderr] error: doctest failed, to rerun pass `--doc`
[INFO] running `Command { std: "docker" "inspect" "c635bd0f54ebb2023721d737e560dfd96cd545661f6a238249d55e22d3639b4b", kill_on_drop: false }`
[INFO] running `Command { std: "docker" "rm" "-f" "c635bd0f54ebb2023721d737e560dfd96cd545661f6a238249d55e22d3639b4b", kill_on_drop: false }`
[INFO] [stdout] c635bd0f54ebb2023721d737e560dfd96cd545661f6a238249d55e22d3639b4b
