[INFO] fetching crate mcdata 0.4.0...
[INFO] testing mcdata-0.4.0 against nightly-2024-10-28+rustflags=-Zrandomize-layout for randomize-layout
[INFO] extracting crate mcdata 0.4.0 into /workspace/builds/worker-6-tc2/source
[INFO] validating manifest of crates.io crate mcdata 0.4.0 on toolchain nightly-2024-10-28
[INFO] running `Command { std: CARGO_HOME="/workspace/cargo-home" RUSTUP_HOME="/workspace/rustup-home" "/workspace/cargo-home/bin/cargo" "+nightly-2024-10-28" "metadata" "--manifest-path" "Cargo.toml" "--no-deps", kill_on_drop: false }`
[INFO] removed /workspace/builds/worker-6-tc2/source/.cargo/config.toml
[INFO] started tweaking crates.io crate mcdata 0.4.0
[INFO] finished tweaking crates.io crate mcdata 0.4.0
[INFO] tweaked toml for crates.io crate mcdata 0.4.0 written to /workspace/builds/worker-6-tc2/source/Cargo.toml
[INFO] running `Command { std: CARGO_HOME="/workspace/cargo-home" RUSTUP_HOME="/workspace/rustup-home" "/workspace/cargo-home/bin/cargo" "+nightly-2024-10-28" "generate-lockfile" "--manifest-path" "Cargo.toml", kill_on_drop: false }`
[INFO] [stderr]     Updating crates.io index
[INFO] [stderr]      Locking 20 packages to latest compatible versions
[INFO] running `Command { std: CARGO_HOME="/workspace/cargo-home" RUSTUP_HOME="/workspace/rustup-home" "/workspace/cargo-home/bin/cargo" "+nightly-2024-10-28" "fetch" "--manifest-path" "Cargo.toml", kill_on_drop: false }`
[INFO] running `Command { std: "docker" "create" "-v" "/var/lib/crater-agent-workspace/builds/worker-6-tc2/target:/opt/rustwide/target:rw,Z" "-v" "/var/lib/crater-agent-workspace/builds/worker-6-tc2/source:/opt/rustwide/workdir:ro,Z" "-v" "/var/lib/crater-agent-workspace/cargo-home:/opt/rustwide/cargo-home:ro,Z" "-v" "/var/lib/crater-agent-workspace/rustup-home:/opt/rustwide/rustup-home:ro,Z" "-e" "SOURCE_DIR=/opt/rustwide/workdir" "-e" "CARGO_TARGET_DIR=/opt/rustwide/target" "-e" "CARGO_HOME=/opt/rustwide/cargo-home" "-e" "RUSTUP_HOME=/opt/rustwide/rustup-home" "-w" "/opt/rustwide/workdir" "-m" "1610612736" "--user" "0:0" "--network" "none" "ghcr.io/rust-lang/crates-build-env/linux@sha256:4a844ea9eb2546a2d2c7022eacef16ef2e8229c7fbb2c7d4d55a9ceca922f72d" "/opt/rustwide/cargo-home/bin/cargo" "+nightly-2024-10-28" "metadata" "--no-deps" "--format-version=1", kill_on_drop: false }`
[INFO] [stdout] 91dc03c08fa88ea2c8b932477c43872f0cbc0a97f3f7fa14f15cb6b5c4709ac1
[INFO] running `Command { std: "docker" "start" "-a" "91dc03c08fa88ea2c8b932477c43872f0cbc0a97f3f7fa14f15cb6b5c4709ac1", kill_on_drop: false }`
[INFO] running `Command { std: "docker" "inspect" "91dc03c08fa88ea2c8b932477c43872f0cbc0a97f3f7fa14f15cb6b5c4709ac1", kill_on_drop: false }`
[INFO] running `Command { std: "docker" "rm" "-f" "91dc03c08fa88ea2c8b932477c43872f0cbc0a97f3f7fa14f15cb6b5c4709ac1", kill_on_drop: false }`
[INFO] [stdout] 91dc03c08fa88ea2c8b932477c43872f0cbc0a97f3f7fa14f15cb6b5c4709ac1
[INFO] running `Command { std: "docker" "create" "-v" "/var/lib/crater-agent-workspace/builds/worker-6-tc2/target:/opt/rustwide/target:rw,Z" "-v" "/var/lib/crater-agent-workspace/builds/worker-6-tc2/source:/opt/rustwide/workdir:ro,Z" "-v" "/var/lib/crater-agent-workspace/cargo-home:/opt/rustwide/cargo-home:ro,Z" "-v" "/var/lib/crater-agent-workspace/rustup-home:/opt/rustwide/rustup-home:ro,Z" "-e" "SOURCE_DIR=/opt/rustwide/workdir" "-e" "CARGO_TARGET_DIR=/opt/rustwide/target" "-e" "CARGO_INCREMENTAL=0" "-e" "RUST_BACKTRACE=full" "-e" "RUSTFLAGS=--cap-lints=forbid -Zrandomize-layout" "-e" "RUSTDOCFLAGS=--cap-lints=forbid" "-e" "CARGO_HOME=/opt/rustwide/cargo-home" "-e" "RUSTUP_HOME=/opt/rustwide/rustup-home" "-w" "/opt/rustwide/workdir" "-m" "1610612736" "--user" "0:0" "--network" "none" "ghcr.io/rust-lang/crates-build-env/linux@sha256:4a844ea9eb2546a2d2c7022eacef16ef2e8229c7fbb2c7d4d55a9ceca922f72d" "/opt/rustwide/cargo-home/bin/cargo" "+nightly-2024-10-28" "build" "--frozen" "--message-format=json", kill_on_drop: false }`
[INFO] [stdout] 9ad7223da0c2d9875c046e9fd61fddd21968aa96636e51d7d2b0f14ecf49dfca
[INFO] running `Command { std: "docker" "start" "-a" "9ad7223da0c2d9875c046e9fd61fddd21968aa96636e51d7d2b0f14ecf49dfca", kill_on_drop: false }`
[INFO] [stderr]    Compiling serde v1.0.214
[INFO] [stderr]    Compiling heck v0.5.0
[INFO] [stderr]    Compiling mcdata v0.4.0 (/opt/rustwide/workdir)
[INFO] [stderr]    Compiling cesu8 v1.1.0
[INFO] [stderr]    Compiling syn v2.0.86
[INFO] [stderr]    Compiling serde_derive v1.0.214
[INFO] [stderr]    Compiling strum_macros v0.26.4
[INFO] [stderr]    Compiling strum v0.26.3
[INFO] [stderr]    Compiling serde_bytes v0.11.15
[INFO] [stderr]    Compiling fastnbt v2.5.0
[INFO] [stdout] warning: unexpected `cfg` condition name: `CHANNEL_NIGHTLY`
[INFO] [stdout]  --> src/lib.rs:6:22
[INFO] [stdout]   |
[INFO] [stdout] 6 | #![cfg_attr(all(doc, CHANNEL_NIGHTLY), feature(doc_auto_cfg))]
[INFO] [stdout]   |                      ^^^^^^^^^^^^^^^
[INFO] [stdout]   |
[INFO] [stdout]   = help: expected names are: `clippy`, `debug_assertions`, `doc`, `docsrs`, `doctest`, `feature`, `fmt_debug`, `miri`, `overflow_checks`, `panic`, `proc_macro`, `relocation_model`, `rustfmt`, `sanitize`, `sanitizer_cfi_generalize_pointers`, `sanitizer_cfi_normalize_integers`, `target_abi`, `target_arch`, `target_endian`, `target_env`, `target_family`, `target_feature`, `target_has_atomic`, `target_has_atomic_equal_alignment`, `target_has_atomic_load_store`, `target_os`, `target_pointer_width`, `target_thread_local`, `target_vendor`, `test`, `ub_checks`, `unix`, and `windows`
[INFO] [stdout]   = help: consider using a Cargo feature instead
[INFO] [stdout]   = help: or consider adding in `Cargo.toml` the `check-cfg` lint config for the lint:
[INFO] [stdout]            [lints.rust]
[INFO] [stdout]            unexpected_cfgs = { level = "warn", check-cfg = ['cfg(CHANNEL_NIGHTLY)'] }
[INFO] [stdout]   = help: or consider adding `println!("cargo::rustc-check-cfg=cfg(CHANNEL_NIGHTLY)");` to the top of the `build.rs`
[INFO] [stdout]   = note: see <https://doc.rust-lang.org/nightly/rustc/check-cfg/cargo-specifics.html> for more information about checking conditional configuration
[INFO] [stdout]   = note: `#[warn(unexpected_cfgs)]` on by default
[INFO] [stdout] 
[INFO] [stdout] 
[INFO] [stderr]     Finished `dev` profile [unoptimized + debuginfo] target(s) in 5.84s
[INFO] running `Command { std: "docker" "inspect" "9ad7223da0c2d9875c046e9fd61fddd21968aa96636e51d7d2b0f14ecf49dfca", kill_on_drop: false }`
[INFO] running `Command { std: "docker" "rm" "-f" "9ad7223da0c2d9875c046e9fd61fddd21968aa96636e51d7d2b0f14ecf49dfca", kill_on_drop: false }`
[INFO] [stdout] 9ad7223da0c2d9875c046e9fd61fddd21968aa96636e51d7d2b0f14ecf49dfca
[INFO] running `Command { std: "docker" "create" "-v" "/var/lib/crater-agent-workspace/builds/worker-6-tc2/target:/opt/rustwide/target:rw,Z" "-v" "/var/lib/crater-agent-workspace/builds/worker-6-tc2/source:/opt/rustwide/workdir:ro,Z" "-v" "/var/lib/crater-agent-workspace/cargo-home:/opt/rustwide/cargo-home:ro,Z" "-v" "/var/lib/crater-agent-workspace/rustup-home:/opt/rustwide/rustup-home:ro,Z" "-e" "SOURCE_DIR=/opt/rustwide/workdir" "-e" "CARGO_TARGET_DIR=/opt/rustwide/target" "-e" "CARGO_INCREMENTAL=0" "-e" "RUST_BACKTRACE=full" "-e" "RUSTFLAGS=--cap-lints=forbid -Zrandomize-layout" "-e" "RUSTDOCFLAGS=--cap-lints=forbid" "-e" "CARGO_HOME=/opt/rustwide/cargo-home" "-e" "RUSTUP_HOME=/opt/rustwide/rustup-home" "-w" "/opt/rustwide/workdir" "-m" "1610612736" "--user" "0:0" "--network" "none" "ghcr.io/rust-lang/crates-build-env/linux@sha256:4a844ea9eb2546a2d2c7022eacef16ef2e8229c7fbb2c7d4d55a9ceca922f72d" "/opt/rustwide/cargo-home/bin/cargo" "+nightly-2024-10-28" "test" "--frozen" "--no-run" "--message-format=json", kill_on_drop: false }`
[INFO] [stdout] cbb7561d504f4a6cde1decf2453ec4028641f292fc9b43785a1e8dfabab24b26
[INFO] running `Command { std: "docker" "start" "-a" "cbb7561d504f4a6cde1decf2453ec4028641f292fc9b43785a1e8dfabab24b26", kill_on_drop: false }`
[INFO] [stdout] warning: unexpected `cfg` condition name: `CHANNEL_NIGHTLY`
[INFO] [stdout]  --> src/lib.rs:6:22
[INFO] [stdout]   |
[INFO] [stdout] 6 | #![cfg_attr(all(doc, CHANNEL_NIGHTLY), feature(doc_auto_cfg))]
[INFO] [stdout]   |                      ^^^^^^^^^^^^^^^
[INFO] [stdout]   |
[INFO] [stdout]   = help: expected names are: `clippy`, `debug_assertions`, `doc`, `docsrs`, `doctest`, `feature`, `fmt_debug`, `miri`, `overflow_checks`, `panic`, `proc_macro`, `relocation_model`, `rustfmt`, `sanitize`, `sanitizer_cfi_generalize_pointers`, `sanitizer_cfi_normalize_integers`, `target_abi`, `target_arch`, `target_endian`, `target_env`, `target_family`, `target_feature`, `target_has_atomic`, `target_has_atomic_equal_alignment`, `target_has_atomic_load_store`, `target_os`, `target_pointer_width`, `target_thread_local`, `target_vendor`, `test`, `ub_checks`, `unix`, and `windows`
[INFO] [stdout]   = help: consider using a Cargo feature instead
[INFO] [stdout]   = help: or consider adding in `Cargo.toml` the `check-cfg` lint config for the lint:
[INFO] [stdout]            [lints.rust]
[INFO] [stdout]            unexpected_cfgs = { level = "warn", check-cfg = ['cfg(CHANNEL_NIGHTLY)'] }
[INFO] [stdout]   = help: or consider adding `println!("cargo::rustc-check-cfg=cfg(CHANNEL_NIGHTLY)");` to the top of the `build.rs`
[INFO] [stdout]   = note: see <https://doc.rust-lang.org/nightly/rustc/check-cfg/cargo-specifics.html> for more information about checking conditional configuration
[INFO] [stdout]   = note: `#[warn(unexpected_cfgs)]` on by default
[INFO] [stdout] 
[INFO] [stdout] 
[INFO] [stderr]    Compiling mcdata v0.4.0 (/opt/rustwide/workdir)
[INFO] [stdout] warning: unexpected `cfg` condition name: `CHANNEL_NIGHTLY`
[INFO] [stdout]  --> src/lib.rs:6:22
[INFO] [stdout]   |
[INFO] [stdout] 6 | #![cfg_attr(all(doc, CHANNEL_NIGHTLY), feature(doc_auto_cfg))]
[INFO] [stdout]   |                      ^^^^^^^^^^^^^^^
[INFO] [stdout]   |
[INFO] [stdout]   = help: expected names are: `clippy`, `debug_assertions`, `doc`, `docsrs`, `doctest`, `feature`, `fmt_debug`, `miri`, `overflow_checks`, `panic`, `proc_macro`, `relocation_model`, `rustfmt`, `sanitize`, `sanitizer_cfi_generalize_pointers`, `sanitizer_cfi_normalize_integers`, `target_abi`, `target_arch`, `target_endian`, `target_env`, `target_family`, `target_feature`, `target_has_atomic`, `target_has_atomic_equal_alignment`, `target_has_atomic_load_store`, `target_os`, `target_pointer_width`, `target_thread_local`, `target_vendor`, `test`, `ub_checks`, `unix`, and `windows`
[INFO] [stdout]   = help: consider using a Cargo feature instead
[INFO] [stdout]   = help: or consider adding in `Cargo.toml` the `check-cfg` lint config for the lint:
[INFO] [stdout]            [lints.rust]
[INFO] [stdout]            unexpected_cfgs = { level = "warn", check-cfg = ['cfg(CHANNEL_NIGHTLY)'] }
[INFO] [stdout]   = help: or consider adding `println!("cargo::rustc-check-cfg=cfg(CHANNEL_NIGHTLY)");` to the top of the `build.rs`
[INFO] [stdout]   = note: see <https://doc.rust-lang.org/nightly/rustc/check-cfg/cargo-specifics.html> for more information about checking conditional configuration
[INFO] [stdout]   = note: `#[warn(unexpected_cfgs)]` on by default
[INFO] [stdout] 
[INFO] [stdout] 
[INFO] [stderr]     Finished `test` profile [unoptimized + debuginfo] target(s) in 0.13s
[INFO] running `Command { std: "docker" "inspect" "cbb7561d504f4a6cde1decf2453ec4028641f292fc9b43785a1e8dfabab24b26", kill_on_drop: false }`
[INFO] running `Command { std: "docker" "rm" "-f" "cbb7561d504f4a6cde1decf2453ec4028641f292fc9b43785a1e8dfabab24b26", kill_on_drop: false }`
[INFO] [stdout] cbb7561d504f4a6cde1decf2453ec4028641f292fc9b43785a1e8dfabab24b26
[INFO] running `Command { std: "docker" "create" "-v" "/var/lib/crater-agent-workspace/builds/worker-6-tc2/target:/opt/rustwide/target:rw,Z" "-v" "/var/lib/crater-agent-workspace/builds/worker-6-tc2/source:/opt/rustwide/workdir:ro,Z" "-v" "/var/lib/crater-agent-workspace/cargo-home:/opt/rustwide/cargo-home:ro,Z" "-v" "/var/lib/crater-agent-workspace/rustup-home:/opt/rustwide/rustup-home:ro,Z" "-e" "SOURCE_DIR=/opt/rustwide/workdir" "-e" "CARGO_TARGET_DIR=/opt/rustwide/target" "-e" "CARGO_INCREMENTAL=0" "-e" "RUST_BACKTRACE=full" "-e" "RUSTFLAGS=--cap-lints=forbid -Zrandomize-layout" "-e" "RUSTDOCFLAGS=--cap-lints=forbid" "-e" "CARGO_HOME=/opt/rustwide/cargo-home" "-e" "RUSTUP_HOME=/opt/rustwide/rustup-home" "-w" "/opt/rustwide/workdir" "-m" "1610612736" "--user" "0:0" "--network" "none" "ghcr.io/rust-lang/crates-build-env/linux@sha256:4a844ea9eb2546a2d2c7022eacef16ef2e8229c7fbb2c7d4d55a9ceca922f72d" "/opt/rustwide/cargo-home/bin/cargo" "+nightly-2024-10-28" "test" "--frozen", kill_on_drop: false }`
[INFO] [stdout] 5ab5a944543990042078c85121ab5f7fcaa031e7ec0b11a99577ae4dea50041a
[INFO] running `Command { std: "docker" "start" "-a" "5ab5a944543990042078c85121ab5f7fcaa031e7ec0b11a99577ae4dea50041a", kill_on_drop: false }`
[INFO] [stderr] warning: unexpected `cfg` condition name: `CHANNEL_NIGHTLY`
[INFO] [stderr]  --> src/lib.rs:6:22
[INFO] [stderr]   |
[INFO] [stderr] 6 | #![cfg_attr(all(doc, CHANNEL_NIGHTLY), feature(doc_auto_cfg))]
[INFO] [stderr]   |                      ^^^^^^^^^^^^^^^
[INFO] [stderr]   |
[INFO] [stderr]   = help: expected names are: `clippy`, `debug_assertions`, `doc`, `docsrs`, `doctest`, `feature`, `fmt_debug`, `miri`, `overflow_checks`, `panic`, `proc_macro`, `relocation_model`, `rustfmt`, `sanitize`, `sanitizer_cfi_generalize_pointers`, `sanitizer_cfi_normalize_integers`, `target_abi`, `target_arch`, `target_endian`, `target_env`, `target_family`, `target_feature`, `target_has_atomic`, `target_has_atomic_equal_alignment`, `target_has_atomic_load_store`, `target_os`, `target_pointer_width`, `target_thread_local`, `target_vendor`, `test`, `ub_checks`, `unix`, and `windows`
[INFO] [stderr]   = help: consider using a Cargo feature instead
[INFO] [stderr]   = help: or consider adding in `Cargo.toml` the `check-cfg` lint config for the lint:
[INFO] [stderr]            [lints.rust]
[INFO] [stderr]            unexpected_cfgs = { level = "warn", check-cfg = ['cfg(CHANNEL_NIGHTLY)'] }
[INFO] [stderr]   = help: or consider adding `println!("cargo::rustc-check-cfg=cfg(CHANNEL_NIGHTLY)");` to the top of the `build.rs`
[INFO] [stderr]   = note: see <https://doc.rust-lang.org/nightly/rustc/check-cfg/cargo-specifics.html> for more information about checking conditional configuration
[INFO] [stderr]   = note: `#[warn(unexpected_cfgs)]` on by default
[INFO] [stderr] 
[INFO] [stderr] warning: `mcdata` (lib) generated 1 warning
[INFO] [stderr] warning: `mcdata` (lib test) generated 1 warning (1 duplicate)
[INFO] [stderr]     Finished `test` profile [unoptimized + debuginfo] target(s) in 0.01s
[INFO] [stderr]      Running unittests src/lib.rs (/opt/rustwide/target/debug/deps/mcdata-edbce208775956a8)
[INFO] [stdout] 
[INFO] [stdout] running 0 tests
[INFO] [stdout] 
[INFO] [stdout] test result: ok. 0 passed; 0 failed; 0 ignored; 0 measured; 0 filtered out; finished in 0.00s
[INFO] [stdout] 
[INFO] [stderr]    Doc-tests mcdata
[INFO] [stdout] 
[INFO] [stdout] running 3 tests
[INFO] [stdout] test src/../README.md - (line 189) ... FAILED
[INFO] [stdout] test src/../README.md - (line 45) ... FAILED
[INFO] [stdout] test src/../README.md - (line 71) ... FAILED
[INFO] [stdout] 
[INFO] [stdout] failures:
[INFO] [stdout] 
[INFO] [stdout] ---- src/../README.md - (line 189) stdout ----
[INFO] [stdout] error: tests should be run with the 'test' feature enabled
[INFO] [stdout]  --> src/../README.md:192:1
[INFO] [stdout]   |
[INFO] [stdout] 6 | compile_error!("tests should be run with the 'test' feature enabled");
[INFO] [stdout]   | ^^^^^^^^^^^^^^^^^^^^^^^^^^^^^^^^^^^^^^^^^^^^^^^^^^^^^^^^^^^^^^^^^^^^^
[INFO] [stdout] 
[INFO] [stdout] error[E0432]: unresolved import `mcdata::latest`
[INFO] [stdout]  --> src/../README.md:193:13
[INFO] [stdout]   |
[INFO] [stdout] 7 | use mcdata::latest::{BlockEntity, block_entity_types as types};
[INFO] [stdout]   |             ^^^^^^ could not find `latest` in `mcdata`
[INFO] [stdout] 
[INFO] [stdout] error: aborting due to 2 previous errors
[INFO] [stdout] 
[INFO] [stdout] For more information about this error, try `rustc --explain E0432`.
[INFO] [stdout] Couldn't compile the test.
[INFO] [stdout] ---- src/../README.md - (line 45) stdout ----
[INFO] [stdout] error: tests should be run with the 'test' feature enabled
[INFO] [stdout]  --> src/../README.md:48:1
[INFO] [stdout]   |
[INFO] [stdout] 6 | compile_error!("tests should be run with the 'test' feature enabled");
[INFO] [stdout]   | ^^^^^^^^^^^^^^^^^^^^^^^^^^^^^^^^^^^^^^^^^^^^^^^^^^^^^^^^^^^^^^^^^^^^^
[INFO] [stdout] 
[INFO] [stdout] error[E0432]: unresolved import `mcdata::latest`
[INFO] [stdout]  --> src/../README.md:49:13
[INFO] [stdout]   |
[INFO] [stdout] 7 | use mcdata::latest::{BlockState, props};
[INFO] [stdout]   |             ^^^^^^ could not find `latest` in `mcdata`
[INFO] [stdout] 
[INFO] [stdout] error[E0433]: failed to resolve: use of undeclared crate or module `bounded_integer`
[INFO] [stdout]   --> src/../README.md:53:11
[INFO] [stdout]    |
[INFO] [stdout] 11 |     note: bounded_integer::BoundedU8::new(10).unwrap(),
[INFO] [stdout]    |           ^^^^^^^^^^^^^^^ use of undeclared crate or module `bounded_integer`
[INFO] [stdout] 
[INFO] [stdout] error: aborting due to 3 previous errors
[INFO] [stdout] 
[INFO] [stdout] Some errors have detailed explanations: E0432, E0433.
[INFO] [stdout] For more information about an error, try `rustc --explain E0432`.
[INFO] [stdout] Couldn't compile the test.
[INFO] [stdout] ---- src/../README.md - (line 71) stdout ----
[INFO] [stdout] error: tests should be run with the 'test' feature enabled
[INFO] [stdout]  --> src/../README.md:74:1
[INFO] [stdout]   |
[INFO] [stdout] 6 | compile_error!("tests should be run with the 'test' feature enabled");
[INFO] [stdout]   | ^^^^^^^^^^^^^^^^^^^^^^^^^^^^^^^^^^^^^^^^^^^^^^^^^^^^^^^^^^^^^^^^^^^^^
[INFO] [stdout] 
[INFO] [stdout] error[E0432]: unresolved import `mcdata::latest`
[INFO] [stdout]  --> src/../README.md:76:13
[INFO] [stdout]   |
[INFO] [stdout] 8 | use mcdata::latest::{Entity, entity_types as types, entity_compounds as compounds};
[INFO] [stdout]   |             ^^^^^^ could not find `latest` in `mcdata`
[INFO] [stdout] 
[INFO] [stdout] error: aborting due to 2 previous errors
[INFO] [stdout] 
[INFO] [stdout] For more information about this error, try `rustc --explain E0432`.
[INFO] [stdout] Couldn't compile the test.
[INFO] [stdout] 
[INFO] [stdout] failures:
[INFO] [stdout]     src/../README.md - (line 189)
[INFO] [stdout]     src/../README.md - (line 45)
[INFO] [stdout]     src/../README.md - (line 71)
[INFO] [stdout] 
[INFO] [stdout] test result: FAILED. 0 passed; 3 failed; 0 ignored; 0 measured; 0 filtered out; finished in 0.05s
[INFO] [stdout] 
[INFO] [stderr] error: doctest failed, to rerun pass `--doc`
[INFO] running `Command { std: "docker" "inspect" "5ab5a944543990042078c85121ab5f7fcaa031e7ec0b11a99577ae4dea50041a", kill_on_drop: false }`
[INFO] running `Command { std: "docker" "rm" "-f" "5ab5a944543990042078c85121ab5f7fcaa031e7ec0b11a99577ae4dea50041a", kill_on_drop: false }`
[INFO] [stdout] 5ab5a944543990042078c85121ab5f7fcaa031e7ec0b11a99577ae4dea50041a
