[INFO] fetching crate mc-attestation-verifier 0.4.3...
[INFO] testing mc-attestation-verifier-0.4.3 against nightly-2024-10-28 for randomize-layout
[INFO] extracting crate mc-attestation-verifier 0.4.3 into /workspace/builds/worker-1-tc1/source
[INFO] validating manifest of crates.io crate mc-attestation-verifier 0.4.3 on toolchain nightly-2024-10-28
[INFO] running `Command { std: CARGO_HOME="/workspace/cargo-home" RUSTUP_HOME="/workspace/rustup-home" "/workspace/cargo-home/bin/cargo" "+nightly-2024-10-28" "metadata" "--manifest-path" "Cargo.toml" "--no-deps", kill_on_drop: false }`
[INFO] started tweaking crates.io crate mc-attestation-verifier 0.4.3
[INFO] finished tweaking crates.io crate mc-attestation-verifier 0.4.3
[INFO] tweaked toml for crates.io crate mc-attestation-verifier 0.4.3 written to /workspace/builds/worker-1-tc1/source/Cargo.toml
[INFO] running `Command { std: CARGO_HOME="/workspace/cargo-home" RUSTUP_HOME="/workspace/rustup-home" "/workspace/cargo-home/bin/cargo" "+nightly-2024-10-28" "generate-lockfile" "--manifest-path" "Cargo.toml", kill_on_drop: false }`
[INFO] [stderr]     Updating crates.io index
[INFO] [stderr]      Locking 144 packages to latest compatible versions
[INFO] [stderr]       Adding mbedtls v0.8.4 (available: v0.12.3)
[INFO] [stderr]       Adding yare v2.0.0 (available: v3.0.0)
[INFO] running `Command { std: CARGO_HOME="/workspace/cargo-home" RUSTUP_HOME="/workspace/rustup-home" "/workspace/cargo-home/bin/cargo" "+nightly-2024-10-28" "fetch" "--manifest-path" "Cargo.toml", kill_on_drop: false }`
[INFO] [stderr]  Downloading crates ...
[INFO] [stderr]   Downloaded mc-sgx-util v0.11.0
[INFO] [stderr]   Downloaded mc-sgx-dcap-types v0.11.0
[INFO] [stderr]   Downloaded mc-sgx-dcap-sys-types v0.11.0
[INFO] [stderr]   Downloaded yare-macro v2.0.0
[INFO] [stderr]   Downloaded mc-sgx-core-build v0.11.0
[INFO] [stderr]   Downloaded mbedtls-platform-support v0.1.1
[INFO] [stderr]   Downloaded spin v0.4.10
[INFO] [stderr]   Downloaded rs-libc v0.2.4
[INFO] [stderr]   Downloaded mc-sgx-core-types v0.11.0
[INFO] [stderr]   Downloaded cargo-emit v0.2.1
[INFO] [stderr]   Downloaded mc-sgx-core-sys-types v0.11.0
[INFO] [stderr]   Downloaded yare v2.0.0
[INFO] [stderr]   Downloaded mbedtls v0.8.4
[INFO] [stderr]   Downloaded mbedtls-sys-auto v2.28.7
[INFO] [stderr]   Downloaded core_io v0.1.20210325
[INFO] running `Command { std: "docker" "create" "-v" "/var/lib/crater-agent-workspace/builds/worker-1-tc1/target:/opt/rustwide/target:rw,Z" "-v" "/var/lib/crater-agent-workspace/builds/worker-1-tc1/source:/opt/rustwide/workdir:ro,Z" "-v" "/var/lib/crater-agent-workspace/cargo-home:/opt/rustwide/cargo-home:ro,Z" "-v" "/var/lib/crater-agent-workspace/rustup-home:/opt/rustwide/rustup-home:ro,Z" "-e" "SOURCE_DIR=/opt/rustwide/workdir" "-e" "CARGO_TARGET_DIR=/opt/rustwide/target" "-e" "CARGO_HOME=/opt/rustwide/cargo-home" "-e" "RUSTUP_HOME=/opt/rustwide/rustup-home" "-w" "/opt/rustwide/workdir" "-m" "1610612736" "--user" "0:0" "--network" "none" "ghcr.io/rust-lang/crates-build-env/linux@sha256:4a844ea9eb2546a2d2c7022eacef16ef2e8229c7fbb2c7d4d55a9ceca922f72d" "/opt/rustwide/cargo-home/bin/cargo" "+nightly-2024-10-28" "metadata" "--no-deps" "--format-version=1", kill_on_drop: false }`
[INFO] [stdout] fe61cc988c01ec1033034b901b1501872a38a505ce059b920cf49ffb95596810
[INFO] running `Command { std: "docker" "start" "-a" "fe61cc988c01ec1033034b901b1501872a38a505ce059b920cf49ffb95596810", kill_on_drop: false }`
[INFO] running `Command { std: "docker" "inspect" "fe61cc988c01ec1033034b901b1501872a38a505ce059b920cf49ffb95596810", kill_on_drop: false }`
[INFO] running `Command { std: "docker" "rm" "-f" "fe61cc988c01ec1033034b901b1501872a38a505ce059b920cf49ffb95596810", kill_on_drop: false }`
[INFO] [stdout] fe61cc988c01ec1033034b901b1501872a38a505ce059b920cf49ffb95596810
[INFO] running `Command { std: "docker" "create" "-v" "/var/lib/crater-agent-workspace/builds/worker-1-tc1/target:/opt/rustwide/target:rw,Z" "-v" "/var/lib/crater-agent-workspace/builds/worker-1-tc1/source:/opt/rustwide/workdir:ro,Z" "-v" "/var/lib/crater-agent-workspace/cargo-home:/opt/rustwide/cargo-home:ro,Z" "-v" "/var/lib/crater-agent-workspace/rustup-home:/opt/rustwide/rustup-home:ro,Z" "-e" "SOURCE_DIR=/opt/rustwide/workdir" "-e" "CARGO_TARGET_DIR=/opt/rustwide/target" "-e" "CARGO_INCREMENTAL=0" "-e" "RUST_BACKTRACE=full" "-e" "RUSTFLAGS=--cap-lints=forbid" "-e" "RUSTDOCFLAGS=--cap-lints=forbid" "-e" "CARGO_HOME=/opt/rustwide/cargo-home" "-e" "RUSTUP_HOME=/opt/rustwide/rustup-home" "-w" "/opt/rustwide/workdir" "-m" "1610612736" "--user" "0:0" "--network" "none" "ghcr.io/rust-lang/crates-build-env/linux@sha256:4a844ea9eb2546a2d2c7022eacef16ef2e8229c7fbb2c7d4d55a9ceca922f72d" "/opt/rustwide/cargo-home/bin/cargo" "+nightly-2024-10-28" "build" "--frozen" "--message-format=json", kill_on_drop: false }`
[INFO] [stdout] efb3546c501044d3c433db727a21ad56e4871dec1356f27fbb0fc43a92be2efe
[INFO] running `Command { std: "docker" "start" "-a" "efb3546c501044d3c433db727a21ad56e4871dec1356f27fbb0fc43a92be2efe", kill_on_drop: false }`
[INFO] [stderr]    Compiling proc-macro2 v1.0.89
[INFO] [stderr]    Compiling unicode-ident v1.0.13
[INFO] [stderr]    Compiling zeroize v1.8.1
[INFO] [stderr]    Compiling version_check v0.9.5
[INFO] [stderr]    Compiling typenum v1.17.0
[INFO] [stderr]    Compiling subtle v2.6.1
[INFO] [stderr]    Compiling const-oid v0.9.6
[INFO] [stderr]    Compiling glob v0.3.1
[INFO] [stderr]    Compiling cfg-if v1.0.0
[INFO] [stderr]    Compiling prettyplease v0.2.25
[INFO] [stderr]    Compiling libc v0.2.161
[INFO] [stderr]    Compiling rustix v0.38.38
[INFO] [stderr]    Compiling bitflags v2.6.0
[INFO] [stderr]    Compiling regex-syntax v0.8.5
[INFO] [stderr]    Compiling linux-raw-sys v0.4.14
[INFO] [stderr]    Compiling minimal-lexical v0.2.1
[INFO] [stderr]    Compiling memchr v2.7.4
[INFO] [stderr]    Compiling libloading v0.8.5
[INFO] [stderr]    Compiling home v0.5.9
[INFO] [stderr]    Compiling bindgen v0.66.1
[INFO] [stderr]    Compiling either v1.13.0
[INFO] [stderr]    Compiling rustc-hash v1.1.0
[INFO] [stderr]    Compiling shlex v1.3.0
[INFO] [stderr]    Compiling rand_core v0.6.4
[INFO] [stderr]    Compiling log v0.4.22
[INFO] [stderr]    Compiling lazy_static v1.5.0
[INFO] [stderr]    Compiling generic-array v0.14.7
[INFO] [stderr]    Compiling lazycell v1.3.0
[INFO] [stderr]    Compiling peeking_take_while v0.1.2
[INFO] [stderr]    Compiling base64ct v1.6.0
[INFO] [stderr]    Compiling ident_case v1.0.1
[INFO] [stderr]    Compiling clang-sys v1.8.1
[INFO] [stderr]    Compiling cargo-emit v0.2.1
[INFO] [stderr]    Compiling flagset v0.4.6
[INFO] [stderr]    Compiling strsim v0.11.1
[INFO] [stderr]    Compiling fnv v1.0.7
[INFO] [stderr]    Compiling serde v1.0.214
[INFO] [stderr]    Compiling ff v0.13.0
[INFO] [stderr]    Compiling base16ct v0.2.0
[INFO] [stderr]    Compiling cpufeatures v0.2.14
[INFO] [stderr]    Compiling group v0.13.0
[INFO] [stderr]    Compiling mc-sgx-util v0.11.0
[INFO] [stderr]    Compiling serde_json v1.0.132
[INFO] [stderr]    Compiling nom v7.1.3
[INFO] [stderr]    Compiling pem-rfc7468 v0.7.0
[INFO] [stderr]    Compiling itoa v1.0.11
[INFO] [stderr]    Compiling quote v1.0.37
[INFO] [stderr]    Compiling ryu v1.0.18
[INFO] [stderr]    Compiling static_assertions v1.1.0
[INFO] [stderr]    Compiling syn v2.0.86
[INFO] [stderr]    Compiling crypto-common v0.1.6
[INFO] [stderr]    Compiling block-buffer v0.10.4
[INFO] [stderr]    Compiling crypto-bigint v0.5.5
[INFO] [stderr]    Compiling digest v0.10.7
[INFO] [stderr]    Compiling hmac v0.12.1
[INFO] [stderr]    Compiling signature v2.2.0
[INFO] [stderr]    Compiling sha2 v0.10.8
[INFO] [stderr]    Compiling regex-automata v0.4.8
[INFO] [stderr]    Compiling rfc6979 v0.4.0
[INFO] [stderr]    Compiling cexpr v0.6.0
[INFO] [stderr]    Compiling which v4.4.2
[INFO] [stderr]    Compiling regex v1.11.1
[INFO] [stderr]    Compiling darling_core v0.20.10
[INFO] [stderr]    Compiling der_derive v0.7.3
[INFO] [stderr]    Compiling serde_derive v1.0.214
[INFO] [stderr]    Compiling displaydoc v0.2.5
[INFO] [stderr]    Compiling der v0.7.9
[INFO] [stderr]    Compiling darling_macro v0.20.10
[INFO] [stderr]    Compiling darling v0.20.10
[INFO] [stderr]    Compiling serde_with_macros v3.11.0
[INFO] [stderr]    Compiling sec1 v0.7.3
[INFO] [stderr]    Compiling spki v0.7.3
[INFO] [stderr]    Compiling x509-cert v0.2.5
[INFO] [stderr]    Compiling elliptic-curve v0.13.8
[INFO] [stderr]    Compiling primeorder v0.13.6
[INFO] [stderr]    Compiling ecdsa v0.16.9
[INFO] [stderr]    Compiling p256 v0.13.2
[INFO] [stderr]    Compiling mc-sgx-core-build v0.11.0
[INFO] [stderr]    Compiling mc-sgx-core-sys-types v0.11.0
[INFO] [stderr]    Compiling mc-sgx-dcap-sys-types v0.11.0
[INFO] [stderr]    Compiling serde_with v3.11.0
[INFO] [stderr]    Compiling hex v0.4.3
[INFO] [stderr]    Compiling mc-sgx-core-types v0.11.0
[INFO] [stderr]    Compiling mc-sgx-dcap-types v0.11.0
[INFO] [stderr]    Compiling mc-attestation-verifier v0.4.3 (/opt/rustwide/workdir)
[INFO] [stderr]     Finished `dev` profile [unoptimized + debuginfo] target(s) in 13.16s
[INFO] running `Command { std: "docker" "inspect" "efb3546c501044d3c433db727a21ad56e4871dec1356f27fbb0fc43a92be2efe", kill_on_drop: false }`
[INFO] running `Command { std: "docker" "rm" "-f" "efb3546c501044d3c433db727a21ad56e4871dec1356f27fbb0fc43a92be2efe", kill_on_drop: false }`
[INFO] [stdout] efb3546c501044d3c433db727a21ad56e4871dec1356f27fbb0fc43a92be2efe
[INFO] running `Command { std: "docker" "create" "-v" "/var/lib/crater-agent-workspace/builds/worker-1-tc1/target:/opt/rustwide/target:rw,Z" "-v" "/var/lib/crater-agent-workspace/builds/worker-1-tc1/source:/opt/rustwide/workdir:ro,Z" "-v" "/var/lib/crater-agent-workspace/cargo-home:/opt/rustwide/cargo-home:ro,Z" "-v" "/var/lib/crater-agent-workspace/rustup-home:/opt/rustwide/rustup-home:ro,Z" "-e" "SOURCE_DIR=/opt/rustwide/workdir" "-e" "CARGO_TARGET_DIR=/opt/rustwide/target" "-e" "CARGO_INCREMENTAL=0" "-e" "RUST_BACKTRACE=full" "-e" "RUSTFLAGS=--cap-lints=forbid" "-e" "RUSTDOCFLAGS=--cap-lints=forbid" "-e" "CARGO_HOME=/opt/rustwide/cargo-home" "-e" "RUSTUP_HOME=/opt/rustwide/rustup-home" "-w" "/opt/rustwide/workdir" "-m" "1610612736" "--user" "0:0" "--network" "none" "ghcr.io/rust-lang/crates-build-env/linux@sha256:4a844ea9eb2546a2d2c7022eacef16ef2e8229c7fbb2c7d4d55a9ceca922f72d" "/opt/rustwide/cargo-home/bin/cargo" "+nightly-2024-10-28" "test" "--frozen" "--no-run" "--message-format=json", kill_on_drop: false }`
[INFO] [stdout] 1135cc320fb2d343ece8deaa58fa9fa075d0023206726cc0079f0b26f4688d5b
[INFO] running `Command { std: "docker" "start" "-a" "1135cc320fb2d343ece8deaa58fa9fa075d0023206726cc0079f0b26f4688d5b", kill_on_drop: false }`
[INFO] [stderr]    Compiling libc v0.2.161
[INFO] [stderr]    Compiling byteorder v1.5.0
[INFO] [stderr]    Compiling zerocopy-derive v0.7.35
[INFO] [stderr]    Compiling yare-macro v2.0.0
[INFO] [stderr]    Compiling smawk v0.3.2
[INFO] [stderr]    Compiling unicode-linebreak v0.1.5
[INFO] [stderr]    Compiling unicode-width v0.1.14
[INFO] [stderr]    Compiling assert_matches v1.5.0
[INFO] [stderr]    Compiling textwrap v0.16.1
[INFO] [stderr]    Compiling yare v2.0.0
[INFO] [stderr]    Compiling zerocopy v0.7.35
[INFO] [stderr]    Compiling getrandom v0.2.15
[INFO] [stderr]    Compiling clang-sys v1.8.1
[INFO] [stderr]    Compiling rand_core v0.6.4
[INFO] [stderr]    Compiling ff v0.13.0
[INFO] [stderr]    Compiling crypto-bigint v0.5.5
[INFO] [stderr]    Compiling signature v2.2.0
[INFO] [stderr]    Compiling group v0.13.0
[INFO] [stderr]    Compiling ppv-lite86 v0.2.20
[INFO] [stderr]    Compiling rand_chacha v0.3.1
[INFO] [stderr]    Compiling rand v0.8.5
[INFO] [stderr]    Compiling elliptic-curve v0.13.8
[INFO] [stderr]    Compiling bindgen v0.66.1
[INFO] [stderr]    Compiling primeorder v0.13.6
[INFO] [stderr]    Compiling ecdsa v0.16.9
[INFO] [stderr]    Compiling p256 v0.13.2
[INFO] [stderr]    Compiling mc-sgx-core-build v0.11.0
[INFO] [stderr]    Compiling mc-sgx-core-sys-types v0.11.0
[INFO] [stderr]    Compiling mc-sgx-dcap-sys-types v0.11.0
[INFO] [stderr]    Compiling mc-sgx-core-types v0.11.0
[INFO] [stderr]    Compiling mc-sgx-dcap-types v0.11.0
[INFO] [stderr]    Compiling mc-attestation-verifier v0.4.3 (/opt/rustwide/workdir)
[INFO] [stderr]     Finished `test` profile [unoptimized + debuginfo] target(s) in 10.94s
[INFO] running `Command { std: "docker" "inspect" "1135cc320fb2d343ece8deaa58fa9fa075d0023206726cc0079f0b26f4688d5b", kill_on_drop: false }`
[INFO] running `Command { std: "docker" "rm" "-f" "1135cc320fb2d343ece8deaa58fa9fa075d0023206726cc0079f0b26f4688d5b", kill_on_drop: false }`
[INFO] [stdout] 1135cc320fb2d343ece8deaa58fa9fa075d0023206726cc0079f0b26f4688d5b
[INFO] running `Command { std: "docker" "create" "-v" "/var/lib/crater-agent-workspace/builds/worker-1-tc1/target:/opt/rustwide/target:rw,Z" "-v" "/var/lib/crater-agent-workspace/builds/worker-1-tc1/source:/opt/rustwide/workdir:ro,Z" "-v" "/var/lib/crater-agent-workspace/cargo-home:/opt/rustwide/cargo-home:ro,Z" "-v" "/var/lib/crater-agent-workspace/rustup-home:/opt/rustwide/rustup-home:ro,Z" "-e" "SOURCE_DIR=/opt/rustwide/workdir" "-e" "CARGO_TARGET_DIR=/opt/rustwide/target" "-e" "CARGO_INCREMENTAL=0" "-e" "RUST_BACKTRACE=full" "-e" "RUSTFLAGS=--cap-lints=forbid" "-e" "RUSTDOCFLAGS=--cap-lints=forbid" "-e" "CARGO_HOME=/opt/rustwide/cargo-home" "-e" "RUSTUP_HOME=/opt/rustwide/rustup-home" "-w" "/opt/rustwide/workdir" "-m" "1610612736" "--user" "0:0" "--network" "none" "ghcr.io/rust-lang/crates-build-env/linux@sha256:4a844ea9eb2546a2d2c7022eacef16ef2e8229c7fbb2c7d4d55a9ceca922f72d" "/opt/rustwide/cargo-home/bin/cargo" "+nightly-2024-10-28" "test" "--frozen", kill_on_drop: false }`
[INFO] [stdout] 67afaf4c0580996b546bf940fa221554428a743f21f540ab3322f4f70184637a
[INFO] running `Command { std: "docker" "start" "-a" "67afaf4c0580996b546bf940fa221554428a743f21f540ab3322f4f70184637a", kill_on_drop: false }`
[INFO] [stderr]     Finished `test` profile [unoptimized + debuginfo] target(s) in 0.08s
[INFO] [stderr]      Running unittests src/lib.rs (/opt/rustwide/target/debug/deps/mc_attestation_verifier-504bdf28e76d6c4d)
[INFO] [stdout] 
[INFO] [stdout] running 185 tests
[INFO] [stdout] test advisories::test::advisories_have_lower_status_when_verifying ... ok
[INFO] [stdout] test advisories::test::verifying_when_no_advisories_allowed ... ok
[INFO] [stdout] test advisories::test::advisories_have_one_more_when_verifying ... ok
[INFO] [stdout] test advisories::test::advisories_have_one_less_when_verifying ... ok
[INFO] [stdout] test advisories::test::verifying_advisories_the_same ... ok
[INFO] [stdout] test error::test::der_error_to_string ... ok
[INFO] [stdout] test error::test::serde_error_to_string ... ok
[INFO] [stdout] test identity::test::config_and_sw_hardening_needed_advisories_for_mr_enclave_identity ... ok
[INFO] [stdout] test identity::test::config_and_sw_hardening_needed_advisories_for_mr_signer_identity ... ok
[INFO] [stdout] test identity::test::config_needed_advisories_for_mr_enclave_identity ... ok
[INFO] [stdout] test identity::test::identities_verifier_no_identities ... ok
[INFO] [stdout] test identity::test::identity_verifiers_middle_identity_matches ... ok
[INFO] [stdout] test identity::test::identity_verifiers_one_identity_matches ... ok
[INFO] [stdout] test identity::test::identities_verifier_no_matches ... ok
[INFO] [stdout] test identity::test::sw_hardening_needed_advisories_for_mr_signer_identity ... ok
[INFO] [stdout] test identity::test::up_to_date_advisories_for_mr_enclave_identity ... ok
[INFO] [stdout] test identity::test::sw_hardening_needed_advisories_for_mr_enclave_identity ... ok
[INFO] [stdout] test identity::test::up_to_date_advisories_for_mr_signer_identity ... ok
[INFO] [stdout] test qe_identity::test::parse_signed_id ... ok
[INFO] [stdout] test qe_identity::test::parse_qe_identity ... ok
[INFO] [stdout] test qe_identity::test::parse_example_qe_identity ... ok
[INFO] [stdout] test identity::test::config_needed_advisories_for_mr_signer_identity ... ok
[INFO] [stdout] test evidence::test::evidence_fails_due_inability_get_underlying_qe_identity ... ok
[INFO] [stdout] test evidence::test::evidence_fails_due_inability_get_underlying_signed_qe_identity ... ok
[INFO] [stdout] test qe_identity::test::qe_identity_fails_to_verify_when_no_key ... ok
[INFO] [stdout] test evidence::test::evidence_fails_due_to_wrong_quote_certification_data ... ok
[INFO] [stdout] test qe_identity::test::qe_identity_verifier_fails_to_decode_signature ... ok
[INFO] [stdout] test evidence::test::evidence_fails_due_inability_get_advisories ... ok
[INFO] [stdout] test evidence::test::evidence_fails_due_inability_get_underlying_tcb_info ... ok
[INFO] [stdout] test qe_identity::test::signed_id_enclave_identity_inside_enclave_identity ... ok
[INFO] [stdout] test qe_identity::test::signed_id_two_enclave_identitys_errors ... ok
[INFO] [stdout] test qe_identity::test::qe_identity_verifier_fails_before_issue_date ... ok
[INFO] [stdout] test qe_identity::test::signed_id_two_signatures_errors ... ok
[INFO] [stdout] test qe_identity::test::qe_identity_verifier_fails_at_next_update ... ok
[INFO] [stdout] test qe_identity::test::qe_identity_fails_to_verify_different_version::version_3 ... ok
[INFO] [stdout] test qe_identity::test::qe_identity_fails_to_verify_different_version::version_1 ... ok
[INFO] [stdout] test qe_report_body::test::correct_tcb_level_is_used_from_multiple_levels ... ok
[INFO] [stdout] test qe_report_body::test::no_tcb_levels_for_qe_isv_svn_fails ... ok
[INFO] [stdout] test qe_report_body::test::qe_report_body_fails_for_attributes ... ok
[INFO] [stdout] test qe_report_body::test::qe_report_body_fails_for_isv_prod_id ... ok
[INFO] [stdout] test qe_report_body::test::qe_report_body_fails_for_isv_svn ... ok
[INFO] [stdout] test qe_report_body::test::qe_report_body_fails_for_miscellaneous_select ... ok
[INFO] [stdout] test qe_report_body::test::qe_report_body_fails_for_mr_signer_key ... ok
[INFO] [stdout] test qe_identity::test::qe_identity_verifier_wrong_signature ... ok
[INFO] [stdout] test qe_report_body::test::qe_report_body_succeeds ... ok
[INFO] [stdout] test qe_identity::test::qe_identity_verifier_passes_ignoring_time ... ok
[INFO] [stdout] test qe_report_body::test::tcb_level_above_isv_svn_fails ... ok
[INFO] [stdout] test qe_report_body::test::tcb_level_at_isv_svn_succeeds ... ok
[INFO] [stdout] test qe_identity::test::verify_signature_of_qe_identity::at_issue_date ... ok
[INFO] [stdout] test qe_identity::test::verify_signature_of_qe_identity::one_secend_after_issue_date ... ok
[INFO] [stdout] test qe_report_body::test::tcb_level_not_up_to_date_fails ... ok
[INFO] [stdout] test quote::test::no_key_to_verify_quote3 ... ok
[INFO] [stdout] test qe_report_body::test::tcb_level_with_advisories_fails ... ok
[INFO] [stdout] test report_body::test::attributes_fail_for_feature_mask ... ok
[INFO] [stdout] test qe_identity::test::verify_signature_of_qe_identity::one_second_before_next_update ... ok
[INFO] [stdout] test report_body::test::attributes_succeed_when_debug_bit_not_set_in_mask ... ok
[INFO] [stdout] test report_body::test::attributes_size ... ok
[INFO] [stdout] test report_body::test::attributes_success ... ok
[INFO] [stdout] test report_body::test::attributes_fail_for_debug_bit_in_mask ... ok
[INFO] [stdout] test report_body::test::config_id_success ... ok
[INFO] [stdout] test report_body::test::attributes_fail_for_flags ... ok
[INFO] [stdout] test report_body::test::config_id_verifier_display ... ok
[INFO] [stdout] test report_body::test::config_id_fail ... ok
[INFO] [stdout] test report_body::test::config_svn_succeeds::equal ... ok
[INFO] [stdout] test report_body::test::config_svn_fails_less_than_expected ... ok
[INFO] [stdout] test report_body::test::config_svn_succeeds::greater ... ok
[INFO] [stdout] test report_body::test::config_svn_verifier_display ... ok
[INFO] [stdout] test qe_identity::test::qe_identity_fails_to_parse_issue_date ... ok
[INFO] [stdout] test report_body::test::config_svn_succeeds::much_greater ... ok
[INFO] [stdout] test report_body::test::cpu_svn_fails_on_high_u64 ... ok
[INFO] [stdout] test report_body::test::cpu_svn_fails_on_low_u64 ... ok
[INFO] [stdout] test report_body::test::cpu_svn_fails_when_high_u64_less_but_low_greater ... ok
[INFO] [stdout] test report_body::test::cpu_svn_succeeds ... ok
[INFO] [stdout] test report_body::test::cpu_svn_succeeds_when_high_u64_greater ... ok
[INFO] [stdout] test report_body::test::cpu_svn_verifier_display ... ok
[INFO] [stdout] test qe_identity::test::verify_fails_to_parse_qe_identity ... ok
[INFO] [stdout] test report_body::test::extended_product_id_fails ... ok
[INFO] [stdout] test report_body::test::family_id_fails ... ok
[INFO] [stdout] test report_body::test::extended_product_id_succeeds ... ok
[INFO] [stdout] test report_body::test::extended_product_id_verifier_display ... ok
[INFO] [stdout] test qe_identity::test::qe_identity_fails_to_parse_next_update ... ok
[INFO] [stdout] test report_body::test::family_id_succeeds ... ok
[INFO] [stdout] test report_body::test::family_id_verifier_display ... ok
[INFO] [stdout] test report_body::test::isv_product_id_fails ... ok
[INFO] [stdout] test report_body::test::isv_product_id_succeeds ... ok
[INFO] [stdout] test report_body::test::isv_product_id_verifier_display ... ok
[INFO] [stdout] test report_body::test::isv_svn_fails_less_than_expected ... ok
[INFO] [stdout] test report_body::test::isv_svn_succeeds::equal ... ok
[INFO] [stdout] test report_body::test::isv_svn_succeeds::greater ... ok
[INFO] [stdout] test report_body::test::isv_svn_succeeds::much_greater ... ok
[INFO] [stdout] test report_body::test::miscellaneous_select_fails ... ok
[INFO] [stdout] test report_body::test::miscellaneous_select_success::last_bit_masked ... ok
[INFO] [stdout] test report_body::test::isv_svn_verifier_display ... ok
[INFO] [stdout] test report_body::test::miscellaneous_select_success::upper_nybble_masked ... ok
[INFO] [stdout] test report_body::test::miscellaneous_select_success::empty_mask ... ok
[INFO] [stdout] test report_body::test::miscellaneous_select_success::last_nybble_masked ... ok
[INFO] [stdout] test report_body::test::miscellaneous_select_verifier_display ... ok
[INFO] [stdout] test report_body::test::miscellaneous_select_success::upper_bit_masked ... ok
[INFO] [stdout] test report_body::test::mr_enclave_fails ... ok
[INFO] [stdout] test report_body::test::mr_encalve_success ... ok
[INFO] [stdout] test report_body::test::mr_enclave_verifier_display ... ok
[INFO] [stdout] test report_body::test::mr_signer_fails_due_to_isv_svn ... ok
[INFO] [stdout] test report_body::test::mr_signer_fails_due_to_product_id ... ok
[INFO] [stdout] test report_body::test::report_body_fails_due_to_attributes ... ok
[INFO] [stdout] test report_body::test::mr_signer_fails_due_to_mr_signer_key ... ok
[INFO] [stdout] test report_body::test::mr_signer_key_success ... ok
[INFO] [stdout] test report_body::test::mr_signer_key_fails ... ok
[INFO] [stdout] test report_body::test::report_body_fails_due_to_config_id ... ok
[INFO] [stdout] test report_body::test::mr_signer_succeeds ... ok
[INFO] [stdout] test report_body::test::report_body_fails_due_to_config_security_version ... ok
[INFO] [stdout] test report_body::test::report_body_fails_due_to_mr_signer ... ok
[INFO] [stdout] test report_body::test::report_body_succeeds ... ok
[INFO] [stdout] test report_body::test::report_body_fails_due_to_mr_enclave ... ok
[INFO] [stdout] test report_body::test::report_data_fails ... ok
[INFO] [stdout] test report_body::test::report_data_fails_when_non_masked_bit_differs ... ok
[INFO] [stdout] test report_body::test::report_data_fails_when_non_masked_bits_differ ... ok
[INFO] [stdout] test report_body::test::report_data_ignores_masked_off_bits ... ok
[INFO] [stdout] test report_body::test::report_data_success ... ok
[INFO] [stdout] test report_body::test::report_data_ignores_masked_off_bit_at_end ... ok
[INFO] [stdout] test tcb::tests::advisories_from_example_tcb::best ... ok
[INFO] [stdout] test tcb::tests::advisories_from_example_tcb::pce_svn_5 ... ok
[INFO] [stdout] test tcb::tests::advisories_from_tcb::pce_svn_12 ... ok
[INFO] [stdout] test tcb::tests::advisories_from_tcb::best ... ok
[INFO] [stdout] test tcb::tests::advisories_from_tcb::second_best ... ok
[INFO] [stdout] test tcb::tests::fmspc_mismatch_no_advisories ... ok
[INFO] [stdout] test tcb::tests::no_advisories_from_tcb::first_component_too_small ... ok
[INFO] [stdout] test tcb::tests::parse_example_tcb_info ... ok
[INFO] [stdout] test evidence::test::evidence_verifier_fails_for_expired_tcb_info ... ok
[INFO] [stdout] test tcb::tests::no_advisories_from_tcb::pce_svn_too_small ... ok
[INFO] [stdout] test evidence::test::evidence_verifier_succeeds ... ok
[INFO] [stdout] test tcb::tests::parse_tcb_json ... ok
[INFO] [stdout] test tcb::tests::parse_tcb_info ... ok
[INFO] [stdout] test evidence::test::evidence_verifier_fails_for_tcb_certificate_revoked ... ok
[INFO] [stdout] test evidence::test::evidence_verifier_fails_for_qe_identity_not_yet_valid ... ok
[INFO] [stdout] test tcb::tests::signature_decode_error ... ok
[INFO] [stdout] test evidence::test::evidence_verifier_fails_for_no_identities ... ok
[INFO] [stdout] test tcb::tests::signed_tcb_info_verifier_fails_when_no_key ... ok
[INFO] [stdout] test tcb::tests::tcb_is_corresponding_level::component_greater_pce_less ... ok
[INFO] [stdout] test evidence::test::evidence_verifier_fails_for_expired_quote_certificate ... ok
[INFO] [stdout] test evidence::test::evidence_verifier_fails_for_quote_signature ... ok
[INFO] [stdout] test tcb::tests::tcb_is_corresponding_level::equal ... ok
[INFO] [stdout] test tcb::tests::tcb_is_corresponding_level::first_greater ... ok
[INFO] [stdout] test tcb::tests::tcb_is_corresponding_level::first_greater_second_less ... ok
[INFO] [stdout] test quote::test::failure_to_verify_quote3 ... ok
[INFO] [stdout] test tcb::tests::fails_at_next_update ... ok
[INFO] [stdout] test tcb::tests::tcb_is_corresponding_level::first_less_second_greater ... ok
[INFO] [stdout] test tcb::tests::tcb_is_corresponding_level::first_less ... ok
[INFO] [stdout] test tcb::tests::tcb_is_corresponding_level::last_greater ... ok
[INFO] [stdout] test tcb::tests::tcb_is_corresponding_level::multiple_greater ... ok
[INFO] [stdout] test tcb::tests::tcb_is_corresponding_level::last_less ... ok
[INFO] [stdout] test tcb::tests::tcb_is_corresponding_level::pce_less ... ok
[INFO] [stdout] test tcb::tests::tcb_is_corresponding_level::pce_greater ... ok
[INFO] [stdout] test tcb::tests::tcb_is_corresponding_level::multiple_less ... ok
[INFO] [stdout] test tcb::tests::tcb_is_corresponding_level::second_less ... ok
[INFO] [stdout] test tcb::tests::tcb_is_corresponding_level::second_greater ... ok
[INFO] [stdout] test tcb::tests::tcb_json_with_two_signatures_errors ... ok
[INFO] [stdout] test tcb::tests::tcb_is_corresponding_level::component_less_pce_greater ... ok
[INFO] [stdout] test tcb::tests::tcb_json_with_two_tcb_infos_errors ... ok
[INFO] [stdout] test tcb::tests::tcb_json_with_nested_tcb_info_stops_parsing_at_outer_tcb_info ... ok
[INFO] [stdout] test tcb::tests::signature_wrong ... ok
[INFO] [stdout] test tcb::tests::fails_before_issue_date ... ok
[INFO] [stdout] test tcb::tests::tcb_full_option_permutation ... ok
[INFO] [stdout] test quote::test::verify_quote3 ... ok
[INFO] [stdout] test tests::and_fails_at_left ... ok
[INFO] [stdout] test tcb::tests::passes_ignoring_time ... ok
[INFO] [stdout] test tcb::tests::signed_tcb_info_verifier_fails_at_next_update ... ok
[INFO] [stdout] test tests::and_fails_at_right ... ok
[INFO] [stdout] test tests::not_negates_failure ... ok
[INFO] [stdout] test tests::and_succeeds ... ok
[INFO] [stdout] test tests::or_succeeds_when_right_is_false ... ok
[INFO] [stdout] test tests::composing_and_and_or ... ok
[INFO] [stdout] test tests::composing_or_and_and ... ok
[INFO] [stdout] test tests::not_negates_success ... ok
[INFO] [stdout] test tests::or_fails_for_both_failing ... ok
[INFO] [stdout] test tcb::tests::signed_tcb_info_verifier_succeeds ... ok
[INFO] [stdout] test tests::or_succeeds_when_left_is_false ... ok
[INFO] [stdout] test tcb::tests::tcb_verification::one_secend_after_issue_date ... ok
[INFO] [stdout] test tcb::tests::signed_tcb_info_verifier_fails_for_different_version::version_3 ... ok
[INFO] [stdout] test report_body::test::attributes_verifier_display ... FAILED
[INFO] [stdout] test tcb::tests::tcb_verification::just_before_next_update ... ok
[INFO] [stdout] test tcb::tests::tcb_verification::at_issue_date ... ok
[INFO] [stdout] test tcb::tests::tcb_info_fails_to_parse_when_verifying ... ok
[INFO] [stdout] test tcb::tests::tcb_issue_time_fails_to_parse_when_verifying ... ok
[INFO] [stdout] test tcb::tests::signed_tcb_info_verifier_fails_for_different_version::version_1 ... ok
[INFO] [stdout] test tcb::tests::tcb_next_update_time_fails_to_parse_when_verifying ... ok
[INFO] [stdout] 
[INFO] [stdout] failures:
[INFO] [stdout] 
[INFO] [stdout] ---- report_body::test::attributes_verifier_display stdout ----
[INFO] [stdout] thread 'report_body::test::attributes_verifier_display' panicked at src/report_body.rs:911:9:
[INFO] [stdout] assertion `left == right` failed
[INFO] [stdout]   left: "The expected attributes is Flags: 0x0102_0304_0506_0708 Xfrm: PKRU | 0x0807_0605_0403_0001 with mask Flags: 0xFFFF_FFFF_FFFF_FFFF Xfrm: LEGACY | AVX | AVX_512 | MPX | PKRU | AMX | RESERVED"
[INFO] [stdout]  right: "The expected attributes is Flags: 0x0102_0304_0506_0708 Xfrm: 0x0807_0605_0403_0201 with mask Flags: 0xFFFF_FFFF_FFFF_FFFF Xfrm: LEGACY | AVX | AVX_512 | MPX | PKRU | AMX | RESERVED"
[INFO] [stdout] stack backtrace:
[INFO] [stdout]    0:     0x610c21e614ca - std::backtrace_rs::backtrace::libunwind::trace::h207520d6e9873551
[INFO] [stdout]                                at /rustc/df4ca44d3fbc9301ee17f30f4d474e6ae4b05252/library/std/src/../../backtrace/src/backtrace/libunwind.rs:116:5
[INFO] [stdout]    1:     0x610c21e614ca - std::backtrace_rs::backtrace::trace_unsynchronized::h2ed7433f370e3eca
[INFO] [stdout]                                at /rustc/df4ca44d3fbc9301ee17f30f4d474e6ae4b05252/library/std/src/../../backtrace/src/backtrace/mod.rs:66:5
[INFO] [stdout]    2:     0x610c21e614ca - std::sys::backtrace::_print_fmt::h916fac51166b18d7
[INFO] [stdout]                                at /rustc/df4ca44d3fbc9301ee17f30f4d474e6ae4b05252/library/std/src/sys/backtrace.rs:66:9
[INFO] [stdout]    3:     0x610c21e614ca - <std::sys::backtrace::BacktraceLock::print::DisplayBacktrace as core::fmt::Display>::fmt::ha0a4c9b8ce3802e6
[INFO] [stdout]                                at /rustc/df4ca44d3fbc9301ee17f30f4d474e6ae4b05252/library/std/src/sys/backtrace.rs:39:26
[INFO] [stdout]    4:     0x610c21ed8973 - core::fmt::rt::Argument::fmt::h4cfc8587d52b3eb5
[INFO] [stdout]                                at /rustc/df4ca44d3fbc9301ee17f30f4d474e6ae4b05252/library/core/src/fmt/rt.rs:177:76
[INFO] [stdout]    5:     0x610c21ed8973 - core::fmt::write::h522cc39e5b36ae9f
[INFO] [stdout]                                at /rustc/df4ca44d3fbc9301ee17f30f4d474e6ae4b05252/library/core/src/fmt/mod.rs:1190:21
[INFO] [stdout]    6:     0x610c21e5e133 - std::io::Write::write_fmt::h7d3c26752da97734
[INFO] [stdout]                                at /rustc/df4ca44d3fbc9301ee17f30f4d474e6ae4b05252/library/std/src/io/mod.rs:1839:15
[INFO] [stdout]    7:     0x610c21e61312 - std::sys::backtrace::BacktraceLock::print::h4b9e00b29e9c0942
[INFO] [stdout]                                at /rustc/df4ca44d3fbc9301ee17f30f4d474e6ae4b05252/library/std/src/sys/backtrace.rs:42:9
[INFO] [stdout]    8:     0x610c21e6295a - std::panicking::default_hook::{{closure}}::hb59b88280d0324d9
[INFO] [stdout]                                at /rustc/df4ca44d3fbc9301ee17f30f4d474e6ae4b05252/library/std/src/panicking.rs:268:22
[INFO] [stdout]    9:     0x610c21e62764 - std::panicking::default_hook::he1dd496665be4a29
[INFO] [stdout]                                at /rustc/df4ca44d3fbc9301ee17f30f4d474e6ae4b05252/library/std/src/panicking.rs:292:9
[INFO] [stdout]   10:     0x610c21d87db9 - <alloc::boxed::Box<F,A> as core::ops::function::Fn<Args>>::call::h4ff71de18744e1dc
[INFO] [stdout]                                at /rustc/df4ca44d3fbc9301ee17f30f4d474e6ae4b05252/library/alloc/src/boxed.rs:2468:9
[INFO] [stdout]   11:     0x610c21d87db9 - test::test_main::{{closure}}::hcf7c055ce117aa81
[INFO] [stdout]                                at /rustc/df4ca44d3fbc9301ee17f30f4d474e6ae4b05252/library/test/src/lib.rs:133:21
[INFO] [stdout]   12:     0x610c21e63058 - <alloc::boxed::Box<F,A> as core::ops::function::Fn<Args>>::call::h1d66c6bbd60c9692
[INFO] [stdout]                                at /rustc/df4ca44d3fbc9301ee17f30f4d474e6ae4b05252/library/alloc/src/boxed.rs:2468:9
[INFO] [stdout]   13:     0x610c21e63058 - std::panicking::rust_panic_with_hook::h2ff17fe8f26dfcf8
[INFO] [stdout]                                at /rustc/df4ca44d3fbc9301ee17f30f4d474e6ae4b05252/library/std/src/panicking.rs:809:13
[INFO] [stdout]   14:     0x610c21e62e1a - std::panicking::begin_panic_handler::{{closure}}::h4fad77951c07e101
[INFO] [stdout]                                at /rustc/df4ca44d3fbc9301ee17f30f4d474e6ae4b05252/library/std/src/panicking.rs:674:13
[INFO] [stdout]   15:     0x610c21e619a9 - std::sys::backtrace::__rust_end_short_backtrace::hb1a25b3da5d0ea08
[INFO] [stdout]                                at /rustc/df4ca44d3fbc9301ee17f30f4d474e6ae4b05252/library/std/src/sys/backtrace.rs:170:18
[INFO] [stdout]   16:     0x610c21e62aac - rust_begin_unwind
[INFO] [stdout]                                at /rustc/df4ca44d3fbc9301ee17f30f4d474e6ae4b05252/library/std/src/panicking.rs:665:5
[INFO] [stdout]   17:     0x610c21ed6a40 - core::panicking::panic_fmt::ha9db07b529f9b256
[INFO] [stdout]                                at /rustc/df4ca44d3fbc9301ee17f30f4d474e6ae4b05252/library/core/src/panicking.rs:75:14
[INFO] [stdout]   18:     0x610c21ed6e44 - core::panicking::assert_failed_inner::h04f38944d74a80a8
[INFO] [stdout]   19:     0x610c21d1024a - core::panicking::assert_failed::h9902f79643dc9d06
[INFO] [stdout]                                at /rustc/df4ca44d3fbc9301ee17f30f4d474e6ae4b05252/library/core/src/panicking.rs:377:5
[INFO] [stdout]   20:     0x610c21ce963b - mc_attestation_verifier::report_body::test::attributes_verifier_display::h2ed0af7a9b29fcbe
[INFO] [stdout]                                at /opt/rustwide/workdir/src/report_body.rs:911:9
[INFO] [stdout]   21:     0x610c21ce94e7 - mc_attestation_verifier::report_body::test::attributes_verifier_display::{{closure}}::h59f59fa3b7ae4fb1
[INFO] [stdout]                                at /opt/rustwide/workdir/src/report_body.rs:907:37
[INFO] [stdout]   22:     0x610c21ced876 - core::ops::function::FnOnce::call_once::h434b53f594d165ef
[INFO] [stdout]                                at /rustc/df4ca44d3fbc9301ee17f30f4d474e6ae4b05252/library/core/src/ops/function.rs:250:5
[INFO] [stdout]   23:     0x610c21d8c68b - core::ops::function::FnOnce::call_once::h22c3ba5715e93f05
[INFO] [stdout]                                at /rustc/df4ca44d3fbc9301ee17f30f4d474e6ae4b05252/library/core/src/ops/function.rs:250:5
[INFO] [stdout]   24:     0x610c21d8c68b - test::__rust_begin_short_backtrace::h8e82d8113d0da17f
[INFO] [stdout]                                at /rustc/df4ca44d3fbc9301ee17f30f4d474e6ae4b05252/library/test/src/lib.rs:621:18
[INFO] [stdout]   25:     0x610c21d8c007 - test::run_test_in_process::{{closure}}::h33235f4f20b7b7c7
[INFO] [stdout]                                at /rustc/df4ca44d3fbc9301ee17f30f4d474e6ae4b05252/library/test/src/lib.rs:644:60
[INFO] [stdout]   26:     0x610c21d8c007 - <core::panic::unwind_safe::AssertUnwindSafe<F> as core::ops::function::FnOnce<()>>::call_once::hb5043206310c586f
[INFO] [stdout]                                at /rustc/df4ca44d3fbc9301ee17f30f4d474e6ae4b05252/library/core/src/panic/unwind_safe.rs:272:9
[INFO] [stdout]   27:     0x610c21d8c007 - std::panicking::try::do_call::h9ad4731a60ab23e2
[INFO] [stdout]                                at /rustc/df4ca44d3fbc9301ee17f30f4d474e6ae4b05252/library/std/src/panicking.rs:557:40
[INFO] [stdout]   28:     0x610c21d8c007 - std::panicking::try::h3824d23db772a716
[INFO] [stdout]                                at /rustc/df4ca44d3fbc9301ee17f30f4d474e6ae4b05252/library/std/src/panicking.rs:520:19
[INFO] [stdout]   29:     0x610c21d8c007 - std::panic::catch_unwind::h5afd514605fde46b
[INFO] [stdout]                                at /rustc/df4ca44d3fbc9301ee17f30f4d474e6ae4b05252/library/std/src/panic.rs:358:14
[INFO] [stdout]   30:     0x610c21d8c007 - test::run_test_in_process::h0d5cbfa7067d1720
[INFO] [stdout]                                at /rustc/df4ca44d3fbc9301ee17f30f4d474e6ae4b05252/library/test/src/lib.rs:644:27
[INFO] [stdout]   31:     0x610c21d8c007 - test::run_test::{{closure}}::h708eb8872708115d
[INFO] [stdout]                                at /rustc/df4ca44d3fbc9301ee17f30f4d474e6ae4b05252/library/test/src/lib.rs:565:43
[INFO] [stdout]   32:     0x610c21d4f724 - test::run_test::{{closure}}::h392c51cee94713ab
[INFO] [stdout]                                at /rustc/df4ca44d3fbc9301ee17f30f4d474e6ae4b05252/library/test/src/lib.rs:595:41
[INFO] [stdout]   33:     0x610c21d4f724 - std::sys::backtrace::__rust_begin_short_backtrace::h2f40290710935a8b
[INFO] [stdout]                                at /rustc/df4ca44d3fbc9301ee17f30f4d474e6ae4b05252/library/std/src/sys/backtrace.rs:154:18
[INFO] [stdout]   34:     0x610c21d52ece - std::thread::Builder::spawn_unchecked_::{{closure}}::{{closure}}::h3fd968d89053a903
[INFO] [stdout]                                at /rustc/df4ca44d3fbc9301ee17f30f4d474e6ae4b05252/library/std/src/thread/mod.rs:541:17
[INFO] [stdout]   35:     0x610c21d52ece - <core::panic::unwind_safe::AssertUnwindSafe<F> as core::ops::function::FnOnce<()>>::call_once::h743f637ba4229880
[INFO] [stdout]                                at /rustc/df4ca44d3fbc9301ee17f30f4d474e6ae4b05252/library/core/src/panic/unwind_safe.rs:272:9
[INFO] [stdout]   36:     0x610c21d52ece - std::panicking::try::do_call::h07440897322525a6
[INFO] [stdout]                                at /rustc/df4ca44d3fbc9301ee17f30f4d474e6ae4b05252/library/std/src/panicking.rs:557:40
[INFO] [stdout]   37:     0x610c21d52ece - std::panicking::try::he5a2e00188156637
[INFO] [stdout]                                at /rustc/df4ca44d3fbc9301ee17f30f4d474e6ae4b05252/library/std/src/panicking.rs:520:19
[INFO] [stdout]   38:     0x610c21d52ece - std::panic::catch_unwind::hbaf3cae49b3c6433
[INFO] [stdout]                                at /rustc/df4ca44d3fbc9301ee17f30f4d474e6ae4b05252/library/std/src/panic.rs:358:14
[INFO] [stdout]   39:     0x610c21d52ece - std::thread::Builder::spawn_unchecked_::{{closure}}::h8e141ea224820bce
[INFO] [stdout]                                at /rustc/df4ca44d3fbc9301ee17f30f4d474e6ae4b05252/library/std/src/thread/mod.rs:540:30
[INFO] [stdout]   40:     0x610c21d52ece - core::ops::function::FnOnce::call_once{{vtable.shim}}::h90d312fedd7b8ea8
[INFO] [stdout]                                at /rustc/df4ca44d3fbc9301ee17f30f4d474e6ae4b05252/library/core/src/ops/function.rs:250:5
[INFO] [stdout]   41:     0x610c21e66e4b - <alloc::boxed::Box<F,A> as core::ops::function::FnOnce<Args>>::call_once::h69aa08ddb6adb8b6
[INFO] [stdout]                                at /rustc/df4ca44d3fbc9301ee17f30f4d474e6ae4b05252/library/alloc/src/boxed.rs:2454:9
[INFO] [stdout]   42:     0x610c21e66e4b - <alloc::boxed::Box<F,A> as core::ops::function::FnOnce<Args>>::call_once::h5aa36efdb79c806f
[INFO] [stdout]                                at /rustc/df4ca44d3fbc9301ee17f30f4d474e6ae4b05252/library/alloc/src/boxed.rs:2454:9
[INFO] [stdout]   43:     0x610c21e66e4b - std::sys::pal::unix::thread::Thread::new::thread_start::h6cd80a1b4be5158d
[INFO] [stdout]                                at /rustc/df4ca44d3fbc9301ee17f30f4d474e6ae4b05252/library/std/src/sys/pal/unix/thread.rs:105:17
[INFO] [stdout]   44:     0x767aa2ac5ac3 - <unknown>
[INFO] [stdout]   45:     0x767aa2b56a04 - clone
[INFO] [stdout]   46:                0x0 - <unknown>
[INFO] [stdout] 
[INFO] [stdout] 
[INFO] [stdout] failures:
[INFO] [stdout]     report_body::test::attributes_verifier_display
[INFO] [stdout] 
[INFO] [stdout] test result: FAILED. 184 passed; 1 failed; 0 ignored; 0 measured; 0 filtered out; finished in 0.07s
[INFO] [stdout] 
[INFO] [stderr] error: test failed, to rerun pass `--lib`
[INFO] running `Command { std: "docker" "inspect" "67afaf4c0580996b546bf940fa221554428a743f21f540ab3322f4f70184637a", kill_on_drop: false }`
[INFO] running `Command { std: "docker" "rm" "-f" "67afaf4c0580996b546bf940fa221554428a743f21f540ab3322f4f70184637a", kill_on_drop: false }`
[INFO] [stdout] 67afaf4c0580996b546bf940fa221554428a743f21f540ab3322f4f70184637a
