[INFO] fetching crate mayhem-db 0.2.0-beta.1...
[INFO] testing mayhem-db-0.2.0-beta.1 against nightly-2024-10-28 for randomize-layout
[INFO] extracting crate mayhem-db 0.2.0-beta.1 into /workspace/builds/worker-4-tc1/source
[INFO] validating manifest of crates.io crate mayhem-db 0.2.0-beta.1 on toolchain nightly-2024-10-28
[INFO] running `Command { std: CARGO_HOME="/workspace/cargo-home" RUSTUP_HOME="/workspace/rustup-home" "/workspace/cargo-home/bin/cargo" "+nightly-2024-10-28" "metadata" "--manifest-path" "Cargo.toml" "--no-deps", kill_on_drop: false }`
[INFO] started tweaking crates.io crate mayhem-db 0.2.0-beta.1
[INFO] finished tweaking crates.io crate mayhem-db 0.2.0-beta.1
[INFO] tweaked toml for crates.io crate mayhem-db 0.2.0-beta.1 written to /workspace/builds/worker-4-tc1/source/Cargo.toml
[INFO] running `Command { std: CARGO_HOME="/workspace/cargo-home" RUSTUP_HOME="/workspace/rustup-home" "/workspace/cargo-home/bin/cargo" "+nightly-2024-10-28" "generate-lockfile" "--manifest-path" "Cargo.toml", kill_on_drop: false }`
[INFO] [stderr]     Updating crates.io index
[INFO] [stderr]      Locking 268 packages to latest compatible versions
[INFO] [stderr]       Adding num-derive v0.3.3 (available: v0.4.2)
[INFO] [stderr]       Adding sea-orm v0.10.7 (available: v1.1.0)
[INFO] running `Command { std: CARGO_HOME="/workspace/cargo-home" RUSTUP_HOME="/workspace/rustup-home" "/workspace/cargo-home/bin/cargo" "+nightly-2024-10-28" "fetch" "--manifest-path" "Cargo.toml", kill_on_drop: false }`
[INFO] [stderr]  Downloading crates ...
[INFO] [stderr]   Downloaded sea-orm-cli v0.10.7
[INFO] [stderr]   Downloaded sea-schema v0.10.3
[INFO] [stderr]   Downloaded sea-orm-migration v0.10.7
[INFO] [stderr]   Downloaded mayhem-migrations v0.2.0-beta.1
[INFO] running `Command { std: "docker" "create" "-v" "/var/lib/crater-agent-workspace/builds/worker-4-tc1/target:/opt/rustwide/target:rw,Z" "-v" "/var/lib/crater-agent-workspace/builds/worker-4-tc1/source:/opt/rustwide/workdir:ro,Z" "-v" "/var/lib/crater-agent-workspace/cargo-home:/opt/rustwide/cargo-home:ro,Z" "-v" "/var/lib/crater-agent-workspace/rustup-home:/opt/rustwide/rustup-home:ro,Z" "-e" "SOURCE_DIR=/opt/rustwide/workdir" "-e" "CARGO_TARGET_DIR=/opt/rustwide/target" "-e" "CARGO_HOME=/opt/rustwide/cargo-home" "-e" "RUSTUP_HOME=/opt/rustwide/rustup-home" "-w" "/opt/rustwide/workdir" "-m" "1610612736" "--user" "0:0" "--network" "none" "ghcr.io/rust-lang/crates-build-env/linux@sha256:4a844ea9eb2546a2d2c7022eacef16ef2e8229c7fbb2c7d4d55a9ceca922f72d" "/opt/rustwide/cargo-home/bin/cargo" "+nightly-2024-10-28" "metadata" "--no-deps" "--format-version=1", kill_on_drop: false }`
[INFO] [stdout] 1a348da34680b20cdcac08ebf0f7add166a5cc4227db60a64b9ef2c6fa8bd956
[INFO] running `Command { std: "docker" "start" "-a" "1a348da34680b20cdcac08ebf0f7add166a5cc4227db60a64b9ef2c6fa8bd956", kill_on_drop: false }`
[INFO] running `Command { std: "docker" "inspect" "1a348da34680b20cdcac08ebf0f7add166a5cc4227db60a64b9ef2c6fa8bd956", kill_on_drop: false }`
[INFO] running `Command { std: "docker" "rm" "-f" "1a348da34680b20cdcac08ebf0f7add166a5cc4227db60a64b9ef2c6fa8bd956", kill_on_drop: false }`
[INFO] [stdout] 1a348da34680b20cdcac08ebf0f7add166a5cc4227db60a64b9ef2c6fa8bd956
[INFO] running `Command { std: "docker" "create" "-v" "/var/lib/crater-agent-workspace/builds/worker-4-tc1/target:/opt/rustwide/target:rw,Z" "-v" "/var/lib/crater-agent-workspace/builds/worker-4-tc1/source:/opt/rustwide/workdir:ro,Z" "-v" "/var/lib/crater-agent-workspace/cargo-home:/opt/rustwide/cargo-home:ro,Z" "-v" "/var/lib/crater-agent-workspace/rustup-home:/opt/rustwide/rustup-home:ro,Z" "-e" "SOURCE_DIR=/opt/rustwide/workdir" "-e" "CARGO_TARGET_DIR=/opt/rustwide/target" "-e" "CARGO_INCREMENTAL=0" "-e" "RUST_BACKTRACE=full" "-e" "RUSTFLAGS=--cap-lints=forbid" "-e" "RUSTDOCFLAGS=--cap-lints=forbid" "-e" "CARGO_HOME=/opt/rustwide/cargo-home" "-e" "RUSTUP_HOME=/opt/rustwide/rustup-home" "-w" "/opt/rustwide/workdir" "-m" "1610612736" "--user" "0:0" "--network" "none" "ghcr.io/rust-lang/crates-build-env/linux@sha256:4a844ea9eb2546a2d2c7022eacef16ef2e8229c7fbb2c7d4d55a9ceca922f72d" "/opt/rustwide/cargo-home/bin/cargo" "+nightly-2024-10-28" "build" "--frozen" "--message-format=json", kill_on_drop: false }`
[INFO] [stdout] bb0d68a51de6cf58e276d4a7ebb9e8b3e763facd565d90135a7329dd75fd7054
[INFO] running `Command { std: "docker" "start" "-a" "bb0d68a51de6cf58e276d4a7ebb9e8b3e763facd565d90135a7329dd75fd7054", kill_on_drop: false }`
[INFO] [stderr]    Compiling libc v0.2.161
[INFO] [stderr]    Compiling version_check v0.9.5
[INFO] [stderr]    Compiling shlex v1.3.0
[INFO] [stderr]    Compiling syn v1.0.109
[INFO] [stderr]    Compiling unicode-segmentation v1.12.0
[INFO] [stderr]    Compiling serde v1.0.214
[INFO] [stderr]    Compiling typenum v1.17.0
[INFO] [stderr]    Compiling num-traits v0.2.19
[INFO] [stderr]    Compiling untrusted v0.9.0
[INFO] [stderr]    Compiling log v0.4.22
[INFO] [stderr]    Compiling byteorder v1.5.0
[INFO] [stderr]    Compiling futures-sink v0.3.31
[INFO] [stderr]    Compiling syn v2.0.86
[INFO] [stderr]    Compiling thiserror v1.0.66
[INFO] [stderr]    Compiling spin v0.9.8
[INFO] [stderr]    Compiling tinyvec_macros v0.1.1
[INFO] [stderr]    Compiling subtle v2.6.1
[INFO] [stderr]    Compiling futures-channel v0.3.31
[INFO] [stderr]    Compiling tinyvec v1.8.0
[INFO] [stderr]    Compiling cc v1.1.31
[INFO] [stderr]    Compiling powerfmt v0.2.0
[INFO] [stderr]    Compiling serde_json v1.0.132
[INFO] [stderr]    Compiling time-core v0.1.2
[INFO] [stderr]    Compiling rust_decimal v1.36.0
[INFO] [stderr]    Compiling num-conv v0.1.0
[INFO] [stderr]    Compiling futures-io v0.3.31
[INFO] [stderr]    Compiling generic-array v0.14.7
[INFO] [stderr]    Compiling proc-macro-error-attr v1.0.4
[INFO] [stderr]    Compiling proc-macro-error v1.0.4
[INFO] [stderr]    Compiling heck v0.3.3
[INFO] [stderr]    Compiling ahash v0.8.11
[INFO] [stderr]    Compiling time-macros v0.2.18
[INFO] [stderr]    Compiling indexmap v1.9.3
[INFO] [stderr]    Compiling spin v0.5.2
[INFO] [stderr]    Compiling untrusted v0.7.1
[INFO] [stderr]    Compiling arrayvec v0.7.6
[INFO] [stderr]    Compiling parking_lot_core v0.8.6
[INFO] [stderr]    Compiling iana-time-zone v0.1.61
[INFO] [stderr]    Compiling unicode-bidi v0.3.17
[INFO] [stderr]    Compiling rustls v0.20.9
[INFO] [stderr]    Compiling ryu v1.0.18
[INFO] [stderr]    Compiling instant v0.1.13
[INFO] [stderr]    Compiling pkg-config v0.3.31
[INFO] [stderr]    Compiling percent-encoding v2.3.1
[INFO] [stderr]    Compiling crossbeam-utils v0.8.20
[INFO] [stderr]    Compiling vcpkg v0.2.15
[INFO] [stderr]    Compiling hashbrown v0.12.3
[INFO] [stderr]    Compiling heck v0.4.1
[INFO] [stderr]    Compiling form_urlencoded v1.2.1
[INFO] [stderr]    Compiling ahash v0.7.8
[INFO] [stderr]    Compiling allocator-api2 v0.2.18
[INFO] [stderr]    Compiling getrandom v0.2.15
[INFO] [stderr]    Compiling parking_lot_core v0.9.10
[INFO] [stderr]    Compiling unicode-normalization v0.1.24
[INFO] [stderr]    Compiling mio v1.0.2
[INFO] [stderr]    Compiling socket2 v0.5.7
[INFO] [stderr]    Compiling num-integer v0.1.46
[INFO] [stderr]    Compiling parking_lot v0.12.3
[INFO] [stderr]    Compiling signal-hook-registry v1.4.2
[INFO] [stderr]    Compiling rand_core v0.6.4
[INFO] [stderr]    Compiling paste v1.0.15
[INFO] [stderr]    Compiling idna v0.5.0
[INFO] [stderr]    Compiling num-bigint v0.4.6
[INFO] [stderr]    Compiling minimal-lexical v0.2.1
[INFO] [stderr]    Compiling bitflags v1.3.2
[INFO] [stderr]    Compiling cpufeatures v0.2.14
[INFO] [stderr]    Compiling parking_lot v0.11.2
[INFO] [stderr]    Compiling dirs-sys v0.3.7
[INFO] [stderr]    Compiling unicode-properties v0.1.3
[INFO] [stderr]    Compiling base64 v0.21.7
[INFO] [stderr]    Compiling ring v0.17.8
[INFO] [stderr]    Compiling ring v0.16.20
[INFO] [stderr]    Compiling libsqlite3-sys v0.24.2
[INFO] [stderr]    Compiling dotenvy v0.15.7
[INFO] [stderr]    Compiling nom v7.1.3
[INFO] [stderr]    Compiling crc-catalog v2.4.0
[INFO] [stderr]    Compiling block-buffer v0.10.4
[INFO] [stderr]    Compiling crypto-common v0.1.6
[INFO] [stderr]    Compiling unicode_categories v0.1.1
[INFO] [stderr]    Compiling digest v0.10.7
[INFO] [stderr]    Compiling url v2.5.2
[INFO] [stderr]    Compiling rustls-pemfile v1.0.4
[INFO] [stderr]    Compiling crossbeam-queue v0.3.11
[INFO] [stderr]    Compiling crc v3.2.1
[INFO] [stderr]    Compiling hmac v0.12.1
[INFO] [stderr]    Compiling sha1 v0.10.6
[INFO] [stderr]    Compiling hkdf v0.12.4
[INFO] [stderr]    Compiling md-5 v0.10.6
[INFO] [stderr]    Compiling sha2 v0.10.8
[INFO] [stderr]    Compiling futures-intrusive v0.4.2
[INFO] [stderr]    Compiling stringprep v0.1.5
[INFO] [stderr]    Compiling dirs v4.0.0
[INFO] [stderr]    Compiling atoi v1.0.0
[INFO] [stderr]    Compiling tracing-core v0.1.32
[INFO] [stderr]    Compiling rustversion v1.0.18
[INFO] [stderr]    Compiling whoami v1.5.2
[INFO] [stderr]    Compiling base64 v0.13.1
[INFO] [stderr]    Compiling hex v0.4.3
[INFO] [stderr]    Compiling regex-syntax v0.8.5
[INFO] [stderr]    Compiling regex-syntax v0.6.29
[INFO] [stderr]    Compiling Inflector v0.11.4
[INFO] [stderr]    Compiling overload v0.1.1
[INFO] [stderr]    Compiling lazy_static v1.5.0
[INFO] [stderr]    Compiling os_str_bytes v6.6.1
[INFO] [stderr]    Compiling nu-ansi-term v0.46.0
[INFO] [stderr]    Compiling sharded-slab v0.1.7
[INFO] [stderr]    Compiling tracing-log v0.2.0
[INFO] [stderr]    Compiling atty v0.2.14
[INFO] [stderr]    Compiling thread_local v1.1.8
[INFO] [stderr]    Compiling clap_lex v0.2.4
[INFO] [stderr]    Compiling textwrap v0.16.1
[INFO] [stderr]    Compiling aliasable v0.1.3
[INFO] [stderr]    Compiling termcolor v1.4.1
[INFO] [stderr]    Compiling strsim v0.10.0
[INFO] [stderr]    Compiling num-rational v0.4.2
[INFO] [stderr]    Compiling num-iter v0.1.45
[INFO] [stderr]    Compiling num-complex v0.4.6
[INFO] [stderr]    Compiling sqlformat v0.2.6
[INFO] [stderr]    Compiling num v0.4.3
[INFO] [stderr]    Compiling bae v0.1.7
[INFO] [stderr]    Compiling sea-strum_macros v0.23.0
[INFO] [stderr]    Compiling sea-schema-derive v0.1.0
[INFO] [stderr]    Compiling ouroboros_macro v0.15.6
[INFO] [stderr]    Compiling clap_derive v3.2.25
[INFO] [stderr]    Compiling num-derive v0.3.3
[INFO] [stderr]    Compiling regex-automata v0.4.8
[INFO] [stderr]    Compiling sea-orm-macros v0.10.7
[INFO] [stderr]    Compiling regex-automata v0.1.10
[INFO] [stderr]    Compiling serde_derive v1.0.214
[INFO] [stderr]    Compiling zerocopy-derive v0.7.35
[INFO] [stderr]    Compiling thiserror-impl v1.0.66
[INFO] [stderr]    Compiling futures-macro v0.3.31
[INFO] [stderr]    Compiling tokio-macros v2.4.0
[INFO] [stderr]    Compiling pin-project-internal v1.1.7
[INFO] [stderr]    Compiling tracing-attributes v0.1.27
[INFO] [stderr]    Compiling matchers v0.1.0
[INFO] [stderr]    Compiling async-stream-impl v0.3.6
[INFO] [stderr]    Compiling zerocopy v0.7.35
[INFO] [stderr]    Compiling futures-util v0.3.31
[INFO] [stderr]    Compiling webpki v0.22.4
[INFO] [stderr]    Compiling tokio v1.41.0
[INFO] [stderr]    Compiling sct v0.7.1
[INFO] [stderr]    Compiling webpki-roots v0.22.6
[INFO] [stderr]    Compiling ppv-lite86 v0.2.20
[INFO] [stderr]    Compiling sea-query-derive v0.2.0
[INFO] [stderr]    Compiling regex v1.11.1
[INFO] [stderr]    Compiling clap v3.2.25
[INFO] [stderr]    Compiling async-stream v0.3.6
[INFO] [stderr]    Compiling pin-project v1.1.7
[INFO] [stderr]    Compiling sea-strum v0.23.0
[INFO] [stderr]    Compiling hashbrown v0.14.5
[INFO] [stderr]    Compiling flume v0.10.14
[INFO] [stderr]    Compiling ouroboros v0.15.6
[INFO] [stderr]    Compiling async-trait v0.1.83
[INFO] [stderr]    Compiling rand_chacha v0.3.1
[INFO] [stderr]    Compiling tracing v0.1.40
[INFO] [stderr]    Compiling rand v0.8.5
[INFO] [stderr]    Compiling tracing-subscriber v0.3.18
[INFO] [stderr]    Compiling hashlink v0.8.4
[INFO] [stderr]    Compiling futures-executor v0.3.31
[INFO] [stderr]    Compiling futures v0.3.31
[INFO] [stderr]    Compiling deranged v0.3.11
[INFO] [stderr]    Compiling uuid v1.11.0
[INFO] [stderr]    Compiling chrono v0.4.38
[INFO] [stderr]    Compiling tokio-rustls v0.23.4
[INFO] [stderr]    Compiling tokio-stream v0.1.16
[INFO] [stderr]    Compiling sqlx-rt v0.6.3
[INFO] [stderr]    Compiling time v0.3.36
[INFO] [stderr]    Compiling sqlx-core v0.6.3
[INFO] [stderr]    Compiling sea-query v0.27.2
[INFO] [stderr]    Compiling sea-schema v0.10.3
[INFO] [stderr]    Compiling sea-orm-cli v0.10.7
[INFO] [stderr]    Compiling sqlx-macros v0.6.3
[INFO] [stderr]    Compiling sqlx v0.6.3
[INFO] [stderr]    Compiling sea-query-binder v0.2.2
[INFO] [stderr]    Compiling sea-orm v0.10.7
[INFO] [stderr]    Compiling sea-orm-migration v0.10.7
[INFO] [stderr]    Compiling mayhem-migrations v0.2.0-beta.1
[INFO] [stderr]    Compiling mayhem-db v0.2.0-beta.1 (/opt/rustwide/workdir)
[INFO] [stdout] warning: the feature `arc_unwrap_or_clone` has been stable since 1.76.0 and no longer requires an attribute to enable
[INFO] [stdout]  --> src/lib.rs:2:12
[INFO] [stdout]   |
[INFO] [stdout] 2 | #![feature(arc_unwrap_or_clone, associated_type_defaults)]
[INFO] [stdout]   |            ^^^^^^^^^^^^^^^^^^^
[INFO] [stdout]   |
[INFO] [stdout]   = note: `#[warn(stable_features)]` on by default
[INFO] [stdout] 
[INFO] [stdout] 
[INFO] [stdout] warning: non-local `impl` definition, `impl` blocks should be written at the same level as their item
[INFO] [stdout]  --> src/models/server/permissions.rs:4:48
[INFO] [stdout]   |
[INFO] [stdout] 4 | #[derive(Deserialize, Serialize, Debug, Clone, FromPrimitive, PartialEq, Copy)]
[INFO] [stdout]   |                                                ^------------
[INFO] [stdout]   |                                                |
[INFO] [stdout]   |                                                `FromPrimitive` is not local
[INFO] [stdout]   |                                                move the `impl` block outside of this constant `_IMPL_NUM_FromPrimitive_FOR_ServerPermission`
[INFO] [stdout] 5 | pub enum ServerPermission {
[INFO] [stdout]   |          ---------------- `ServerPermission` is not local
[INFO] [stdout]   |
[INFO] [stdout]   = note: the derive macro `FromPrimitive` defines the non-local `impl`, and may need to be changed
[INFO] [stdout]   = note: the derive macro `FromPrimitive` may come from an old version of the `num_derive` crate, try updating your dependency with `cargo update -p num_derive`
[INFO] [stdout]   = note: an `impl` is never scoped, even when it is nested inside an item, as it may impact type checking outside of that item, which can be the case if neither the trait or the self type are at the same nesting level as the `impl`
[INFO] [stdout]   = note: items in an anonymous const item (`const _: () = { ... }`) are treated as in the same scope as the anonymous const's declaration for the purpose of this lint
[INFO] [stdout]   = note: `#[warn(non_local_definitions)]` on by default
[INFO] [stdout]   = note: this warning originates in the derive macro `FromPrimitive` (in Nightly builds, run with -Z macro-backtrace for more info)
[INFO] [stdout] 
[INFO] [stdout] 
[INFO] [stdout] warning: non-local `impl` definition, `impl` blocks should be written at the same level as their item
[INFO] [stdout]   --> src/models/server/permissions.rs:56:48
[INFO] [stdout]    |
[INFO] [stdout] 56 | #[derive(Deserialize, Serialize, Debug, Clone, FromPrimitive, PartialEq, Copy)]
[INFO] [stdout]    |                                                ^------------
[INFO] [stdout]    |                                                |
[INFO] [stdout]    |                                                `FromPrimitive` is not local
[INFO] [stdout]    |                                                move the `impl` block outside of this constant `_IMPL_NUM_FromPrimitive_FOR_PermissionAccessType`
[INFO] [stdout] 57 | pub enum PermissionAccessType {
[INFO] [stdout]    |          -------------------- `PermissionAccessType` is not local
[INFO] [stdout]    |
[INFO] [stdout]    = note: the derive macro `FromPrimitive` defines the non-local `impl`, and may need to be changed
[INFO] [stdout]    = note: the derive macro `FromPrimitive` may come from an old version of the `num_derive` crate, try updating your dependency with `cargo update -p num_derive`
[INFO] [stdout]    = note: an `impl` is never scoped, even when it is nested inside an item, as it may impact type checking outside of that item, which can be the case if neither the trait or the self type are at the same nesting level as the `impl`
[INFO] [stdout]    = note: items in an anonymous const item (`const _: () = { ... }`) are treated as in the same scope as the anonymous const's declaration for the purpose of this lint
[INFO] [stdout]    = note: this warning originates in the derive macro `FromPrimitive` (in Nightly builds, run with -Z macro-backtrace for more info)
[INFO] [stdout] 
[INFO] [stdout] 
[INFO] [stderr]     Finished `dev` profile [unoptimized + debuginfo] target(s) in 35.60s
[INFO] running `Command { std: "docker" "inspect" "bb0d68a51de6cf58e276d4a7ebb9e8b3e763facd565d90135a7329dd75fd7054", kill_on_drop: false }`
[INFO] running `Command { std: "docker" "rm" "-f" "bb0d68a51de6cf58e276d4a7ebb9e8b3e763facd565d90135a7329dd75fd7054", kill_on_drop: false }`
[INFO] [stdout] bb0d68a51de6cf58e276d4a7ebb9e8b3e763facd565d90135a7329dd75fd7054
[INFO] running `Command { std: "docker" "create" "-v" "/var/lib/crater-agent-workspace/builds/worker-4-tc1/target:/opt/rustwide/target:rw,Z" "-v" "/var/lib/crater-agent-workspace/builds/worker-4-tc1/source:/opt/rustwide/workdir:ro,Z" "-v" "/var/lib/crater-agent-workspace/cargo-home:/opt/rustwide/cargo-home:ro,Z" "-v" "/var/lib/crater-agent-workspace/rustup-home:/opt/rustwide/rustup-home:ro,Z" "-e" "SOURCE_DIR=/opt/rustwide/workdir" "-e" "CARGO_TARGET_DIR=/opt/rustwide/target" "-e" "CARGO_INCREMENTAL=0" "-e" "RUST_BACKTRACE=full" "-e" "RUSTFLAGS=--cap-lints=forbid" "-e" "RUSTDOCFLAGS=--cap-lints=forbid" "-e" "CARGO_HOME=/opt/rustwide/cargo-home" "-e" "RUSTUP_HOME=/opt/rustwide/rustup-home" "-w" "/opt/rustwide/workdir" "-m" "1610612736" "--user" "0:0" "--network" "none" "ghcr.io/rust-lang/crates-build-env/linux@sha256:4a844ea9eb2546a2d2c7022eacef16ef2e8229c7fbb2c7d4d55a9ceca922f72d" "/opt/rustwide/cargo-home/bin/cargo" "+nightly-2024-10-28" "test" "--frozen" "--no-run" "--message-format=json", kill_on_drop: false }`
[INFO] [stdout] 99af441786698d4bbb3e0c0e24bbc08d72778d8a6f789701870169455ddfa364
[INFO] running `Command { std: "docker" "start" "-a" "99af441786698d4bbb3e0c0e24bbc08d72778d8a6f789701870169455ddfa364", kill_on_drop: false }`
[INFO] [stdout] warning: the feature `arc_unwrap_or_clone` has been stable since 1.76.0 and no longer requires an attribute to enable
[INFO] [stdout]  --> src/lib.rs:2:12
[INFO] [stdout]   |
[INFO] [stdout] 2 | #![feature(arc_unwrap_or_clone, associated_type_defaults)]
[INFO] [stdout]   |            ^^^^^^^^^^^^^^^^^^^
[INFO] [stdout]   |
[INFO] [stdout]   = note: `#[warn(stable_features)]` on by default
[INFO] [stdout] 
[INFO] [stdout] 
[INFO] [stdout] warning: non-local `impl` definition, `impl` blocks should be written at the same level as their item
[INFO] [stdout]  --> src/models/server/permissions.rs:4:48
[INFO] [stdout]   |
[INFO] [stdout] 4 | #[derive(Deserialize, Serialize, Debug, Clone, FromPrimitive, PartialEq, Copy)]
[INFO] [stdout]   |                                                ^------------
[INFO] [stdout]   |                                                |
[INFO] [stdout]   |                                                `FromPrimitive` is not local
[INFO] [stdout]   |                                                move the `impl` block outside of this constant `_IMPL_NUM_FromPrimitive_FOR_ServerPermission`
[INFO] [stdout] 5 | pub enum ServerPermission {
[INFO] [stdout]   |          ---------------- `ServerPermission` is not local
[INFO] [stdout]   |
[INFO] [stdout]   = note: the derive macro `FromPrimitive` defines the non-local `impl`, and may need to be changed
[INFO] [stdout]   = note: the derive macro `FromPrimitive` may come from an old version of the `num_derive` crate, try updating your dependency with `cargo update -p num_derive`
[INFO] [stdout]   = note: an `impl` is never scoped, even when it is nested inside an item, as it may impact type checking outside of that item, which can be the case if neither the trait or the self type are at the same nesting level as the `impl`
[INFO] [stdout]   = note: items in an anonymous const item (`const _: () = { ... }`) are treated as in the same scope as the anonymous const's declaration for the purpose of this lint
[INFO] [stdout]   = note: `#[warn(non_local_definitions)]` on by default
[INFO] [stdout]   = note: this warning originates in the derive macro `FromPrimitive` (in Nightly builds, run with -Z macro-backtrace for more info)
[INFO] [stdout] 
[INFO] [stdout] 
[INFO] [stdout] warning: non-local `impl` definition, `impl` blocks should be written at the same level as their item
[INFO] [stdout]   --> src/models/server/permissions.rs:56:48
[INFO] [stdout]    |
[INFO] [stdout] 56 | #[derive(Deserialize, Serialize, Debug, Clone, FromPrimitive, PartialEq, Copy)]
[INFO] [stdout]    |                                                ^------------
[INFO] [stdout]    |                                                |
[INFO] [stdout]    |                                                `FromPrimitive` is not local
[INFO] [stdout]    |                                                move the `impl` block outside of this constant `_IMPL_NUM_FromPrimitive_FOR_PermissionAccessType`
[INFO] [stdout] 57 | pub enum PermissionAccessType {
[INFO] [stdout]    |          -------------------- `PermissionAccessType` is not local
[INFO] [stdout]    |
[INFO] [stdout]    = note: the derive macro `FromPrimitive` defines the non-local `impl`, and may need to be changed
[INFO] [stdout]    = note: the derive macro `FromPrimitive` may come from an old version of the `num_derive` crate, try updating your dependency with `cargo update -p num_derive`
[INFO] [stdout]    = note: an `impl` is never scoped, even when it is nested inside an item, as it may impact type checking outside of that item, which can be the case if neither the trait or the self type are at the same nesting level as the `impl`
[INFO] [stdout]    = note: items in an anonymous const item (`const _: () = { ... }`) are treated as in the same scope as the anonymous const's declaration for the purpose of this lint
[INFO] [stdout]    = note: this warning originates in the derive macro `FromPrimitive` (in Nightly builds, run with -Z macro-backtrace for more info)
[INFO] [stdout] 
[INFO] [stdout] 
[INFO] [stderr]    Compiling mayhem-db v0.2.0-beta.1 (/opt/rustwide/workdir)
[INFO] [stdout] warning: the feature `arc_unwrap_or_clone` has been stable since 1.76.0 and no longer requires an attribute to enable
[INFO] [stdout]  --> src/lib.rs:2:12
[INFO] [stdout]   |
[INFO] [stdout] 2 | #![feature(arc_unwrap_or_clone, associated_type_defaults)]
[INFO] [stdout]   |            ^^^^^^^^^^^^^^^^^^^
[INFO] [stdout]   |
[INFO] [stdout]   = note: `#[warn(stable_features)]` on by default
[INFO] [stdout] 
[INFO] [stdout] 
[INFO] [stdout] warning: non-local `impl` definition, `impl` blocks should be written at the same level as their item
[INFO] [stdout]  --> src/models/server/permissions.rs:4:48
[INFO] [stdout]   |
[INFO] [stdout] 4 | #[derive(Deserialize, Serialize, Debug, Clone, FromPrimitive, PartialEq, Copy)]
[INFO] [stdout]   |                                                ^------------
[INFO] [stdout]   |                                                |
[INFO] [stdout]   |                                                `FromPrimitive` is not local
[INFO] [stdout]   |                                                move the `impl` block outside of this constant `_IMPL_NUM_FromPrimitive_FOR_ServerPermission`
[INFO] [stdout] 5 | pub enum ServerPermission {
[INFO] [stdout]   |          ---------------- `ServerPermission` is not local
[INFO] [stdout]   |
[INFO] [stdout]   = note: the derive macro `FromPrimitive` defines the non-local `impl`, and may need to be changed
[INFO] [stdout]   = note: the derive macro `FromPrimitive` may come from an old version of the `num_derive` crate, try updating your dependency with `cargo update -p num_derive`
[INFO] [stdout]   = note: an `impl` is never scoped, even when it is nested inside an item, as it may impact type checking outside of that item, which can be the case if neither the trait or the self type are at the same nesting level as the `impl`
[INFO] [stdout]   = note: items in an anonymous const item (`const _: () = { ... }`) are treated as in the same scope as the anonymous const's declaration for the purpose of this lint
[INFO] [stdout]   = note: `#[warn(non_local_definitions)]` on by default
[INFO] [stdout]   = note: this warning originates in the derive macro `FromPrimitive` (in Nightly builds, run with -Z macro-backtrace for more info)
[INFO] [stdout] 
[INFO] [stdout] 
[INFO] [stdout] warning: non-local `impl` definition, `impl` blocks should be written at the same level as their item
[INFO] [stdout]   --> src/models/server/permissions.rs:56:48
[INFO] [stdout]    |
[INFO] [stdout] 56 | #[derive(Deserialize, Serialize, Debug, Clone, FromPrimitive, PartialEq, Copy)]
[INFO] [stdout]    |                                                ^------------
[INFO] [stdout]    |                                                |
[INFO] [stdout]    |                                                `FromPrimitive` is not local
[INFO] [stdout]    |                                                move the `impl` block outside of this constant `_IMPL_NUM_FromPrimitive_FOR_PermissionAccessType`
[INFO] [stdout] 57 | pub enum PermissionAccessType {
[INFO] [stdout]    |          -------------------- `PermissionAccessType` is not local
[INFO] [stdout]    |
[INFO] [stdout]    = note: the derive macro `FromPrimitive` defines the non-local `impl`, and may need to be changed
[INFO] [stdout]    = note: the derive macro `FromPrimitive` may come from an old version of the `num_derive` crate, try updating your dependency with `cargo update -p num_derive`
[INFO] [stdout]    = note: an `impl` is never scoped, even when it is nested inside an item, as it may impact type checking outside of that item, which can be the case if neither the trait or the self type are at the same nesting level as the `impl`
[INFO] [stdout]    = note: items in an anonymous const item (`const _: () = { ... }`) are treated as in the same scope as the anonymous const's declaration for the purpose of this lint
[INFO] [stdout]    = note: this warning originates in the derive macro `FromPrimitive` (in Nightly builds, run with -Z macro-backtrace for more info)
[INFO] [stdout] 
[INFO] [stdout] 
[INFO] [stderr]     Finished `test` profile [unoptimized + debuginfo] target(s) in 1.81s
[INFO] running `Command { std: "docker" "inspect" "99af441786698d4bbb3e0c0e24bbc08d72778d8a6f789701870169455ddfa364", kill_on_drop: false }`
[INFO] running `Command { std: "docker" "rm" "-f" "99af441786698d4bbb3e0c0e24bbc08d72778d8a6f789701870169455ddfa364", kill_on_drop: false }`
[INFO] [stdout] 99af441786698d4bbb3e0c0e24bbc08d72778d8a6f789701870169455ddfa364
[INFO] running `Command { std: "docker" "create" "-v" "/var/lib/crater-agent-workspace/builds/worker-4-tc1/target:/opt/rustwide/target:rw,Z" "-v" "/var/lib/crater-agent-workspace/builds/worker-4-tc1/source:/opt/rustwide/workdir:ro,Z" "-v" "/var/lib/crater-agent-workspace/cargo-home:/opt/rustwide/cargo-home:ro,Z" "-v" "/var/lib/crater-agent-workspace/rustup-home:/opt/rustwide/rustup-home:ro,Z" "-e" "SOURCE_DIR=/opt/rustwide/workdir" "-e" "CARGO_TARGET_DIR=/opt/rustwide/target" "-e" "CARGO_INCREMENTAL=0" "-e" "RUST_BACKTRACE=full" "-e" "RUSTFLAGS=--cap-lints=forbid" "-e" "RUSTDOCFLAGS=--cap-lints=forbid" "-e" "CARGO_HOME=/opt/rustwide/cargo-home" "-e" "RUSTUP_HOME=/opt/rustwide/rustup-home" "-w" "/opt/rustwide/workdir" "-m" "1610612736" "--user" "0:0" "--network" "none" "ghcr.io/rust-lang/crates-build-env/linux@sha256:4a844ea9eb2546a2d2c7022eacef16ef2e8229c7fbb2c7d4d55a9ceca922f72d" "/opt/rustwide/cargo-home/bin/cargo" "+nightly-2024-10-28" "test" "--frozen", kill_on_drop: false }`
[INFO] [stdout] e1d86d8a20174e978b84f9ef5a1875898ca0c4f9a8921e706a4701cb0545f1f5
[INFO] running `Command { std: "docker" "start" "-a" "e1d86d8a20174e978b84f9ef5a1875898ca0c4f9a8921e706a4701cb0545f1f5", kill_on_drop: false }`
[INFO] [stderr] warning: the feature `arc_unwrap_or_clone` has been stable since 1.76.0 and no longer requires an attribute to enable
[INFO] [stderr]  --> src/lib.rs:2:12
[INFO] [stderr]   |
[INFO] [stderr] 2 | #![feature(arc_unwrap_or_clone, associated_type_defaults)]
[INFO] [stderr]   |            ^^^^^^^^^^^^^^^^^^^
[INFO] [stderr]   |
[INFO] [stderr]   = note: `#[warn(stable_features)]` on by default
[INFO] [stderr] 
[INFO] [stderr] warning: non-local `impl` definition, `impl` blocks should be written at the same level as their item
[INFO] [stderr]  --> src/models/server/permissions.rs:4:48
[INFO] [stderr]   |
[INFO] [stderr] 4 | #[derive(Deserialize, Serialize, Debug, Clone, FromPrimitive, PartialEq, Copy)]
[INFO] [stderr]   |                                                ^------------
[INFO] [stderr]   |                                                |
[INFO] [stderr]   |                                                `FromPrimitive` is not local
[INFO] [stderr]   |                                                move the `impl` block outside of this constant `_IMPL_NUM_FromPrimitive_FOR_ServerPermission`
[INFO] [stderr] 5 | pub enum ServerPermission {
[INFO] [stderr]   |          ---------------- `ServerPermission` is not local
[INFO] [stderr]   |
[INFO] [stderr]   = note: the derive macro `FromPrimitive` defines the non-local `impl`, and may need to be changed
[INFO] [stderr]   = note: the derive macro `FromPrimitive` may come from an old version of the `num_derive` crate, try updating your dependency with `cargo update -p num_derive`
[INFO] [stderr]   = note: an `impl` is never scoped, even when it is nested inside an item, as it may impact type checking outside of that item, which can be the case if neither the trait or the self type are at the same nesting level as the `impl`
[INFO] [stderr]   = note: items in an anonymous const item (`const _: () = { ... }`) are treated as in the same scope as the anonymous const's declaration for the purpose of this lint
[INFO] [stderr]   = note: `#[warn(non_local_definitions)]` on by default
[INFO] [stderr]   = note: this warning originates in the derive macro `FromPrimitive` (in Nightly builds, run with -Z macro-backtrace for more info)
[INFO] [stderr] 
[INFO] [stderr] warning: non-local `impl` definition, `impl` blocks should be written at the same level as their item
[INFO] [stderr]   --> src/models/server/permissions.rs:56:48
[INFO] [stderr]    |
[INFO] [stderr] 56 | #[derive(Deserialize, Serialize, Debug, Clone, FromPrimitive, PartialEq, Copy)]
[INFO] [stderr]    |                                                ^------------
[INFO] [stderr]    |                                                |
[INFO] [stderr]    |                                                `FromPrimitive` is not local
[INFO] [stderr]    |                                                move the `impl` block outside of this constant `_IMPL_NUM_FromPrimitive_FOR_PermissionAccessType`
[INFO] [stderr] 57 | pub enum PermissionAccessType {
[INFO] [stderr]    |          -------------------- `PermissionAccessType` is not local
[INFO] [stderr]    |
[INFO] [stderr]    = note: the derive macro `FromPrimitive` defines the non-local `impl`, and may need to be changed
[INFO] [stderr]    = note: the derive macro `FromPrimitive` may come from an old version of the `num_derive` crate, try updating your dependency with `cargo update -p num_derive`
[INFO] [stderr]    = note: an `impl` is never scoped, even when it is nested inside an item, as it may impact type checking outside of that item, which can be the case if neither the trait or the self type are at the same nesting level as the `impl`
[INFO] [stderr]    = note: items in an anonymous const item (`const _: () = { ... }`) are treated as in the same scope as the anonymous const's declaration for the purpose of this lint
[INFO] [stderr]    = note: this warning originates in the derive macro `FromPrimitive` (in Nightly builds, run with -Z macro-backtrace for more info)
[INFO] [stderr] 
[INFO] [stderr] warning: `mayhem-db` (lib) generated 3 warnings
[INFO] [stderr] warning: `mayhem-db` (lib test) generated 3 warnings (3 duplicates)
[INFO] [stderr]     Finished `test` profile [unoptimized + debuginfo] target(s) in 0.16s
[INFO] [stderr]      Running unittests src/lib.rs (/opt/rustwide/target/debug/deps/mayhem_db-89a608f4ae1f4a07)
[INFO] [stdout] 
[INFO] [stdout] running 0 tests
[INFO] [stdout] 
[INFO] [stdout] test result: ok. 0 passed; 0 failed; 0 ignored; 0 measured; 0 filtered out; finished in 0.00s
[INFO] [stdout] 
[INFO] [stderr]      Running tests/get_user.rs (/opt/rustwide/target/debug/deps/get_user-d53b7fbbc2376d1e)
[INFO] [stdout] 
[INFO] [stdout] running 1 test
[INFO] [stdout] test test_get_invalid_user ... FAILED
[INFO] [stdout] 
[INFO] [stdout] failures:
[INFO] [stdout] 
[INFO] [stdout] ---- test_get_invalid_user stdout ----
[INFO] [stdout] thread 'test_get_invalid_user' panicked at tests/get_user.rs:17:10:
[INFO] [stdout] called `Option::unwrap()` on a `None` value
[INFO] [stdout] stack backtrace:
[INFO] [stdout]    0:     0x582e3eaee02a - std::backtrace_rs::backtrace::libunwind::trace::h207520d6e9873551
[INFO] [stdout]                                at /rustc/df4ca44d3fbc9301ee17f30f4d474e6ae4b05252/library/std/src/../../backtrace/src/backtrace/libunwind.rs:116:5
[INFO] [stdout]    1:     0x582e3eaee02a - std::backtrace_rs::backtrace::trace_unsynchronized::h2ed7433f370e3eca
[INFO] [stdout]                                at /rustc/df4ca44d3fbc9301ee17f30f4d474e6ae4b05252/library/std/src/../../backtrace/src/backtrace/mod.rs:66:5
[INFO] [stdout]    2:     0x582e3eaee02a - std::sys::backtrace::_print_fmt::h916fac51166b18d7
[INFO] [stdout]                                at /rustc/df4ca44d3fbc9301ee17f30f4d474e6ae4b05252/library/std/src/sys/backtrace.rs:66:9
[INFO] [stdout]    3:     0x582e3eaee02a - <std::sys::backtrace::BacktraceLock::print::DisplayBacktrace as core::fmt::Display>::fmt::ha0a4c9b8ce3802e6
[INFO] [stdout]                                at /rustc/df4ca44d3fbc9301ee17f30f4d474e6ae4b05252/library/std/src/sys/backtrace.rs:39:26
[INFO] [stdout]    4:     0x582e3eb19c93 - core::fmt::rt::Argument::fmt::h4cfc8587d52b3eb5
[INFO] [stdout]                                at /rustc/df4ca44d3fbc9301ee17f30f4d474e6ae4b05252/library/core/src/fmt/rt.rs:177:76
[INFO] [stdout]    5:     0x582e3eb19c93 - core::fmt::write::h522cc39e5b36ae9f
[INFO] [stdout]                                at /rustc/df4ca44d3fbc9301ee17f30f4d474e6ae4b05252/library/core/src/fmt/mod.rs:1190:21
[INFO] [stdout]    6:     0x582e3eae9d23 - std::io::Write::write_fmt::h7d3c26752da97734
[INFO] [stdout]                                at /rustc/df4ca44d3fbc9301ee17f30f4d474e6ae4b05252/library/std/src/io/mod.rs:1839:15
[INFO] [stdout]    7:     0x582e3eaede72 - std::sys::backtrace::BacktraceLock::print::h4b9e00b29e9c0942
[INFO] [stdout]                                at /rustc/df4ca44d3fbc9301ee17f30f4d474e6ae4b05252/library/std/src/sys/backtrace.rs:42:9
[INFO] [stdout]    8:     0x582e3eaef4ba - std::panicking::default_hook::{{closure}}::hb59b88280d0324d9
[INFO] [stdout]                                at /rustc/df4ca44d3fbc9301ee17f30f4d474e6ae4b05252/library/std/src/panicking.rs:268:22
[INFO] [stdout]    9:     0x582e3eaef2c4 - std::panicking::default_hook::he1dd496665be4a29
[INFO] [stdout]                                at /rustc/df4ca44d3fbc9301ee17f30f4d474e6ae4b05252/library/std/src/panicking.rs:292:9
[INFO] [stdout]   10:     0x582e3e2d63d9 - <alloc::boxed::Box<F,A> as core::ops::function::Fn<Args>>::call::h4ff71de18744e1dc
[INFO] [stdout]                                at /rustc/df4ca44d3fbc9301ee17f30f4d474e6ae4b05252/library/alloc/src/boxed.rs:2468:9
[INFO] [stdout]   11:     0x582e3e2d63d9 - test::test_main::{{closure}}::hcf7c055ce117aa81
[INFO] [stdout]                                at /rustc/df4ca44d3fbc9301ee17f30f4d474e6ae4b05252/library/test/src/lib.rs:133:21
[INFO] [stdout]   12:     0x582e3eaefbb8 - <alloc::boxed::Box<F,A> as core::ops::function::Fn<Args>>::call::h1d66c6bbd60c9692
[INFO] [stdout]                                at /rustc/df4ca44d3fbc9301ee17f30f4d474e6ae4b05252/library/alloc/src/boxed.rs:2468:9
[INFO] [stdout]   13:     0x582e3eaefbb8 - std::panicking::rust_panic_with_hook::h2ff17fe8f26dfcf8
[INFO] [stdout]                                at /rustc/df4ca44d3fbc9301ee17f30f4d474e6ae4b05252/library/std/src/panicking.rs:809:13
[INFO] [stdout]   14:     0x582e3eaef946 - std::panicking::begin_panic_handler::{{closure}}::h4fad77951c07e101
[INFO] [stdout]                                at /rustc/df4ca44d3fbc9301ee17f30f4d474e6ae4b05252/library/std/src/panicking.rs:667:13
[INFO] [stdout]   15:     0x582e3eaee509 - std::sys::backtrace::__rust_end_short_backtrace::hb1a25b3da5d0ea08
[INFO] [stdout]                                at /rustc/df4ca44d3fbc9301ee17f30f4d474e6ae4b05252/library/std/src/sys/backtrace.rs:170:18
[INFO] [stdout]   16:     0x582e3eaef60c - rust_begin_unwind
[INFO] [stdout]                                at /rustc/df4ca44d3fbc9301ee17f30f4d474e6ae4b05252/library/std/src/panicking.rs:665:5
[INFO] [stdout]   17:     0x582e3eb16e80 - core::panicking::panic_fmt::ha9db07b529f9b256
[INFO] [stdout]                                at /rustc/df4ca44d3fbc9301ee17f30f4d474e6ae4b05252/library/core/src/panicking.rs:75:14
[INFO] [stdout]   18:     0x582e3eb16f0c - core::panicking::panic::h993086813d94accc
[INFO] [stdout]                                at /rustc/df4ca44d3fbc9301ee17f30f4d474e6ae4b05252/library/core/src/panicking.rs:152:5
[INFO] [stdout]   19:     0x582e3eb16df9 - core::option::unwrap_failed::h7d84639b8a1a5da9
[INFO] [stdout]                                at /rustc/df4ca44d3fbc9301ee17f30f4d474e6ae4b05252/library/core/src/option.rs:2008:5
[INFO] [stdout]   20:     0x582e3e27f71d - core::option::Option<T>::unwrap::h80525233c4253a94
[INFO] [stdout]                                at /rustc/df4ca44d3fbc9301ee17f30f4d474e6ae4b05252/library/core/src/option.rs:971:21
[INFO] [stdout]   21:     0x582e3e27f71d - get_user::test_get_invalid_user::{{closure}}::h1ef8f8193dce9043
[INFO] [stdout]                                at /opt/rustwide/workdir/tests/get_user.rs:11:16
[INFO] [stdout]   22:     0x582e3e281722 - <core::pin::Pin<P> as core::future::future::Future>::poll::h5af9a8f7c16a90a2
[INFO] [stdout]                                at /rustc/df4ca44d3fbc9301ee17f30f4d474e6ae4b05252/library/core/src/future/future.rs:123:9
[INFO] [stdout]   23:     0x582e3e2816dd - <core::pin::Pin<P> as core::future::future::Future>::poll::h48d65e97370de551
[INFO] [stdout]                                at /rustc/df4ca44d3fbc9301ee17f30f4d474e6ae4b05252/library/core/src/future/future.rs:123:9
[INFO] [stdout]   24:     0x582e3e277b8f - tokio::runtime::scheduler::current_thread::CoreGuard::block_on::{{closure}}::{{closure}}::{{closure}}::h041356b77f678c69
[INFO] [stdout]                                at /opt/rustwide/cargo-home/registry/src/index.crates.io-6f17d22bba15001f/tokio-1.41.0/src/runtime/scheduler/current_thread/mod.rs:729:57
[INFO] [stdout]   25:     0x582e3e277ac5 - tokio::runtime::coop::with_budget::h4beff714567e0eca
[INFO] [stdout]                                at /opt/rustwide/cargo-home/registry/src/index.crates.io-6f17d22bba15001f/tokio-1.41.0/src/runtime/coop.rs:107:5
[INFO] [stdout]   26:     0x582e3e277ac5 - tokio::runtime::coop::budget::hc058c6ed605a5860
[INFO] [stdout]                                at /opt/rustwide/cargo-home/registry/src/index.crates.io-6f17d22bba15001f/tokio-1.41.0/src/runtime/coop.rs:73:5
[INFO] [stdout]   27:     0x582e3e277ac5 - tokio::runtime::scheduler::current_thread::CoreGuard::block_on::{{closure}}::{{closure}}::h7ccfb655b7fcd177
[INFO] [stdout]                                at /opt/rustwide/cargo-home/registry/src/index.crates.io-6f17d22bba15001f/tokio-1.41.0/src/runtime/scheduler/current_thread/mod.rs:729:25
[INFO] [stdout]   28:     0x582e3e274e00 - tokio::runtime::scheduler::current_thread::Context::enter::h0bc448b6d7f5dd61
[INFO] [stdout]                                at /opt/rustwide/cargo-home/registry/src/index.crates.io-6f17d22bba15001f/tokio-1.41.0/src/runtime/scheduler/current_thread/mod.rs:428:19
[INFO] [stdout]   29:     0x582e3e27717e - tokio::runtime::scheduler::current_thread::CoreGuard::block_on::{{closure}}::hf0a518c9774e71e2
[INFO] [stdout]                                at /opt/rustwide/cargo-home/registry/src/index.crates.io-6f17d22bba15001f/tokio-1.41.0/src/runtime/scheduler/current_thread/mod.rs:728:36
[INFO] [stdout]   30:     0x582e3e2765d4 - tokio::runtime::scheduler::current_thread::CoreGuard::enter::{{closure}}::h64bd5565f18f6109
[INFO] [stdout]                                at /opt/rustwide/cargo-home/registry/src/index.crates.io-6f17d22bba15001f/tokio-1.41.0/src/runtime/scheduler/current_thread/mod.rs:807:68
[INFO] [stdout]   31:     0x582e3e27a17b - tokio::runtime::context::scoped::Scoped<T>::set::h947f5688b21770aa
[INFO] [stdout]                                at /opt/rustwide/cargo-home/registry/src/index.crates.io-6f17d22bba15001f/tokio-1.41.0/src/runtime/context/scoped.rs:40:9
[INFO] [stdout]   32:     0x582e3e269529 - tokio::runtime::context::set_scheduler::{{closure}}::hd5a0f184ca2d5fd0
[INFO] [stdout]                                at /opt/rustwide/cargo-home/registry/src/index.crates.io-6f17d22bba15001f/tokio-1.41.0/src/runtime/context.rs:180:26
[INFO] [stdout]   33:     0x582e3e289c8d - std::thread::local::LocalKey<T>::try_with::h9c5e59d69244f149
[INFO] [stdout]                                at /rustc/df4ca44d3fbc9301ee17f30f4d474e6ae4b05252/library/std/src/thread/local.rs:283:12
[INFO] [stdout]   34:     0x582e3e288eea - std::thread::local::LocalKey<T>::with::h9f154b25e1c9a5c6
[INFO] [stdout]                                at /rustc/df4ca44d3fbc9301ee17f30f4d474e6ae4b05252/library/std/src/thread/local.rs:260:9
[INFO] [stdout]   35:     0x582e3e26949d - tokio::runtime::context::set_scheduler::hd81b5ff32fb5761c
[INFO] [stdout]                                at /opt/rustwide/cargo-home/registry/src/index.crates.io-6f17d22bba15001f/tokio-1.41.0/src/runtime/context.rs:180:9
[INFO] [stdout]   36:     0x582e3e276380 - tokio::runtime::scheduler::current_thread::CoreGuard::enter::hd69639e098050bbc
[INFO] [stdout]                                at /opt/rustwide/cargo-home/registry/src/index.crates.io-6f17d22bba15001f/tokio-1.41.0/src/runtime/scheduler/current_thread/mod.rs:807:27
[INFO] [stdout]   37:     0x582e3e276613 - tokio::runtime::scheduler::current_thread::CoreGuard::block_on::h6bb71641d932d682
[INFO] [stdout]                                at /opt/rustwide/cargo-home/registry/src/index.crates.io-6f17d22bba15001f/tokio-1.41.0/src/runtime/scheduler/current_thread/mod.rs:716:19
[INFO] [stdout]   38:     0x582e3e273cdf - tokio::runtime::scheduler::current_thread::CurrentThread::block_on::{{closure}}::hd0735509f5f98523
[INFO] [stdout]                                at /opt/rustwide/cargo-home/registry/src/index.crates.io-6f17d22bba15001f/tokio-1.41.0/src/runtime/scheduler/current_thread/mod.rs:196:28
[INFO] [stdout]   39:     0x582e3e27a7e6 - tokio::runtime::context::runtime::enter_runtime::hba2130e6887dedc3
[INFO] [stdout]                                at /opt/rustwide/cargo-home/registry/src/index.crates.io-6f17d22bba15001f/tokio-1.41.0/src/runtime/context/runtime.rs:65:16
[INFO] [stdout]   40:     0x582e3e2735d1 - tokio::runtime::scheduler::current_thread::CurrentThread::block_on::hd57f27c7c1b17dd5
[INFO] [stdout]                                at /opt/rustwide/cargo-home/registry/src/index.crates.io-6f17d22bba15001f/tokio-1.41.0/src/runtime/scheduler/current_thread/mod.rs:184:9
[INFO] [stdout]   41:     0x582e3e2946c3 - tokio::runtime::runtime::Runtime::block_on_inner::h3cbbca04ddae11a7
[INFO] [stdout]                                at /opt/rustwide/cargo-home/registry/src/index.crates.io-6f17d22bba15001f/tokio-1.41.0/src/runtime/runtime.rs:368:47
[INFO] [stdout]   42:     0x582e3e2949c7 - tokio::runtime::runtime::Runtime::block_on::h053d07b94f15a49e
[INFO] [stdout]                                at /opt/rustwide/cargo-home/registry/src/index.crates.io-6f17d22bba15001f/tokio-1.41.0/src/runtime/runtime.rs:342:13
[INFO] [stdout]   43:     0x582e3e27ed0f - get_user::test_get_invalid_user::h3b45f9071eab07bc
[INFO] [stdout]                                at /opt/rustwide/workdir/tests/get_user.rs:19:5
[INFO] [stdout]   44:     0x582e3e27eb87 - get_user::test_get_invalid_user::{{closure}}::hd3bf482c7b11b153
[INFO] [stdout]                                at /opt/rustwide/workdir/tests/get_user.rs:6:37
[INFO] [stdout]   45:     0x582e3e2497b6 - core::ops::function::FnOnce::call_once::h70c8af44f5f44cf9
[INFO] [stdout]                                at /rustc/df4ca44d3fbc9301ee17f30f4d474e6ae4b05252/library/core/src/ops/function.rs:250:5
[INFO] [stdout]   46:     0x582e3e2dacab - core::ops::function::FnOnce::call_once::h22c3ba5715e93f05
[INFO] [stdout]                                at /rustc/df4ca44d3fbc9301ee17f30f4d474e6ae4b05252/library/core/src/ops/function.rs:250:5
[INFO] [stdout]   47:     0x582e3e2dacab - test::__rust_begin_short_backtrace::h8e82d8113d0da17f
[INFO] [stdout]                                at /rustc/df4ca44d3fbc9301ee17f30f4d474e6ae4b05252/library/test/src/lib.rs:621:18
[INFO] [stdout]   48:     0x582e3e2da627 - test::run_test_in_process::{{closure}}::h33235f4f20b7b7c7
[INFO] [stdout]                                at /rustc/df4ca44d3fbc9301ee17f30f4d474e6ae4b05252/library/test/src/lib.rs:644:60
[INFO] [stdout]   49:     0x582e3e2da627 - <core::panic::unwind_safe::AssertUnwindSafe<F> as core::ops::function::FnOnce<()>>::call_once::hb5043206310c586f
[INFO] [stdout]                                at /rustc/df4ca44d3fbc9301ee17f30f4d474e6ae4b05252/library/core/src/panic/unwind_safe.rs:272:9
[INFO] [stdout]   50:     0x582e3e2da627 - std::panicking::try::do_call::h9ad4731a60ab23e2
[INFO] [stdout]                                at /rustc/df4ca44d3fbc9301ee17f30f4d474e6ae4b05252/library/std/src/panicking.rs:557:40
[INFO] [stdout]   51:     0x582e3e2da627 - std::panicking::try::h3824d23db772a716
[INFO] [stdout]                                at /rustc/df4ca44d3fbc9301ee17f30f4d474e6ae4b05252/library/std/src/panicking.rs:520:19
[INFO] [stdout]   52:     0x582e3e2da627 - std::panic::catch_unwind::h5afd514605fde46b
[INFO] [stdout]                                at /rustc/df4ca44d3fbc9301ee17f30f4d474e6ae4b05252/library/std/src/panic.rs:358:14
[INFO] [stdout]   53:     0x582e3e2da627 - test::run_test_in_process::h0d5cbfa7067d1720
[INFO] [stdout]                                at /rustc/df4ca44d3fbc9301ee17f30f4d474e6ae4b05252/library/test/src/lib.rs:644:27
[INFO] [stdout]   54:     0x582e3e2da627 - test::run_test::{{closure}}::h708eb8872708115d
[INFO] [stdout]                                at /rustc/df4ca44d3fbc9301ee17f30f4d474e6ae4b05252/library/test/src/lib.rs:565:43
[INFO] [stdout]   55:     0x582e3e29dd44 - test::run_test::{{closure}}::h392c51cee94713ab
[INFO] [stdout]                                at /rustc/df4ca44d3fbc9301ee17f30f4d474e6ae4b05252/library/test/src/lib.rs:595:41
[INFO] [stdout]   56:     0x582e3e29dd44 - std::sys::backtrace::__rust_begin_short_backtrace::h2f40290710935a8b
[INFO] [stdout]                                at /rustc/df4ca44d3fbc9301ee17f30f4d474e6ae4b05252/library/std/src/sys/backtrace.rs:154:18
[INFO] [stdout]   57:     0x582e3e2a14ee - std::thread::Builder::spawn_unchecked_::{{closure}}::{{closure}}::h3fd968d89053a903
[INFO] [stdout]                                at /rustc/df4ca44d3fbc9301ee17f30f4d474e6ae4b05252/library/std/src/thread/mod.rs:541:17
[INFO] [stdout]   58:     0x582e3e2a14ee - <core::panic::unwind_safe::AssertUnwindSafe<F> as core::ops::function::FnOnce<()>>::call_once::h743f637ba4229880
[INFO] [stdout]                                at /rustc/df4ca44d3fbc9301ee17f30f4d474e6ae4b05252/library/core/src/panic/unwind_safe.rs:272:9
[INFO] [stdout]   59:     0x582e3e2a14ee - std::panicking::try::do_call::h07440897322525a6
[INFO] [stdout]                                at /rustc/df4ca44d3fbc9301ee17f30f4d474e6ae4b05252/library/std/src/panicking.rs:557:40
[INFO] [stdout]   60:     0x582e3e2a14ee - std::panicking::try::he5a2e00188156637
[INFO] [stdout]                                at /rustc/df4ca44d3fbc9301ee17f30f4d474e6ae4b05252/library/std/src/panicking.rs:520:19
[INFO] [stdout]   61:     0x582e3e2a14ee - std::panic::catch_unwind::hbaf3cae49b3c6433
[INFO] [stdout]                                at /rustc/df4ca44d3fbc9301ee17f30f4d474e6ae4b05252/library/std/src/panic.rs:358:14
[INFO] [stdout]   62:     0x582e3e2a14ee - std::thread::Builder::spawn_unchecked_::{{closure}}::h8e141ea224820bce
[INFO] [stdout]                                at /rustc/df4ca44d3fbc9301ee17f30f4d474e6ae4b05252/library/std/src/thread/mod.rs:540:30
[INFO] [stdout]   63:     0x582e3e2a14ee - core::ops::function::FnOnce::call_once{{vtable.shim}}::h90d312fedd7b8ea8
[INFO] [stdout]                                at /rustc/df4ca44d3fbc9301ee17f30f4d474e6ae4b05252/library/core/src/ops/function.rs:250:5
[INFO] [stdout]   64:     0x582e3eaf3ccb - <alloc::boxed::Box<F,A> as core::ops::function::FnOnce<Args>>::call_once::h69aa08ddb6adb8b6
[INFO] [stdout]                                at /rustc/df4ca44d3fbc9301ee17f30f4d474e6ae4b05252/library/alloc/src/boxed.rs:2454:9
[INFO] [stdout]   65:     0x582e3eaf3ccb - <alloc::boxed::Box<F,A> as core::ops::function::FnOnce<Args>>::call_once::h5aa36efdb79c806f
[INFO] [stdout]                                at /rustc/df4ca44d3fbc9301ee17f30f4d474e6ae4b05252/library/alloc/src/boxed.rs:2454:9
[INFO] [stdout]   66:     0x582e3eaf3ccb - std::sys::pal::unix::thread::Thread::new::thread_start::h6cd80a1b4be5158d
[INFO] [stdout]                                at /rustc/df4ca44d3fbc9301ee17f30f4d474e6ae4b05252/library/std/src/sys/pal/unix/thread.rs:105:17
[INFO] [stdout]   67:     0x74b6f7a0dac3 - <unknown>
[INFO] [stdout]   68:     0x74b6f7a9ea04 - clone
[INFO] [stdout]   69:                0x0 - <unknown>
[INFO] [stdout] 
[INFO] [stdout] 
[INFO] [stdout] failures:
[INFO] [stdout]     test_get_invalid_user
[INFO] [stdout] 
[INFO] [stdout] test result: FAILED. 0 passed; 1 failed; 0 ignored; 0 measured; 0 filtered out; finished in 0.08s
[INFO] [stdout] 
[INFO] [stderr] error: test failed, to rerun pass `--test get_user`
[INFO] running `Command { std: "docker" "inspect" "e1d86d8a20174e978b84f9ef5a1875898ca0c4f9a8921e706a4701cb0545f1f5", kill_on_drop: false }`
[INFO] running `Command { std: "docker" "rm" "-f" "e1d86d8a20174e978b84f9ef5a1875898ca0c4f9a8921e706a4701cb0545f1f5", kill_on_drop: false }`
[INFO] [stdout] e1d86d8a20174e978b84f9ef5a1875898ca0c4f9a8921e706a4701cb0545f1f5
