[INFO] fetching crate maybe-owned-trait 0.2.1...
[INFO] testing maybe-owned-trait-0.2.1 against nightly-2024-10-28+rustflags=-Zrandomize-layout for randomize-layout
[INFO] extracting crate maybe-owned-trait 0.2.1 into /workspace/builds/worker-6-tc2/source
[INFO] validating manifest of crates.io crate maybe-owned-trait 0.2.1 on toolchain nightly-2024-10-28
[INFO] running `Command { std: CARGO_HOME="/workspace/cargo-home" RUSTUP_HOME="/workspace/rustup-home" "/workspace/cargo-home/bin/cargo" "+nightly-2024-10-28" "metadata" "--manifest-path" "Cargo.toml" "--no-deps", kill_on_drop: false }`
[INFO] started tweaking crates.io crate maybe-owned-trait 0.2.1
[INFO] finished tweaking crates.io crate maybe-owned-trait 0.2.1
[INFO] tweaked toml for crates.io crate maybe-owned-trait 0.2.1 written to /workspace/builds/worker-6-tc2/source/Cargo.toml
[INFO] running `Command { std: CARGO_HOME="/workspace/cargo-home" RUSTUP_HOME="/workspace/rustup-home" "/workspace/cargo-home/bin/cargo" "+nightly-2024-10-28" "generate-lockfile" "--manifest-path" "Cargo.toml", kill_on_drop: false }`
[INFO] [stderr]     Updating crates.io index
[INFO] [stderr]      Locking 16 packages to latest compatible versions
[INFO] running `Command { std: CARGO_HOME="/workspace/cargo-home" RUSTUP_HOME="/workspace/rustup-home" "/workspace/cargo-home/bin/cargo" "+nightly-2024-10-28" "fetch" "--manifest-path" "Cargo.toml", kill_on_drop: false }`
[INFO] running `Command { std: "docker" "create" "-v" "/var/lib/crater-agent-workspace/builds/worker-6-tc2/target:/opt/rustwide/target:rw,Z" "-v" "/var/lib/crater-agent-workspace/builds/worker-6-tc2/source:/opt/rustwide/workdir:ro,Z" "-v" "/var/lib/crater-agent-workspace/cargo-home:/opt/rustwide/cargo-home:ro,Z" "-v" "/var/lib/crater-agent-workspace/rustup-home:/opt/rustwide/rustup-home:ro,Z" "-e" "SOURCE_DIR=/opt/rustwide/workdir" "-e" "CARGO_TARGET_DIR=/opt/rustwide/target" "-e" "CARGO_HOME=/opt/rustwide/cargo-home" "-e" "RUSTUP_HOME=/opt/rustwide/rustup-home" "-w" "/opt/rustwide/workdir" "-m" "1610612736" "--user" "0:0" "--network" "none" "ghcr.io/rust-lang/crates-build-env/linux@sha256:4a844ea9eb2546a2d2c7022eacef16ef2e8229c7fbb2c7d4d55a9ceca922f72d" "/opt/rustwide/cargo-home/bin/cargo" "+nightly-2024-10-28" "metadata" "--no-deps" "--format-version=1", kill_on_drop: false }`
[INFO] [stdout] 3105dfed4b96749c6dcf2ccd265dd48a2e2c6a3524fc34aae1ae8b5884d87797
[INFO] running `Command { std: "docker" "start" "-a" "3105dfed4b96749c6dcf2ccd265dd48a2e2c6a3524fc34aae1ae8b5884d87797", kill_on_drop: false }`
[INFO] running `Command { std: "docker" "inspect" "3105dfed4b96749c6dcf2ccd265dd48a2e2c6a3524fc34aae1ae8b5884d87797", kill_on_drop: false }`
[INFO] running `Command { std: "docker" "rm" "-f" "3105dfed4b96749c6dcf2ccd265dd48a2e2c6a3524fc34aae1ae8b5884d87797", kill_on_drop: false }`
[INFO] [stdout] 3105dfed4b96749c6dcf2ccd265dd48a2e2c6a3524fc34aae1ae8b5884d87797
[INFO] running `Command { std: "docker" "create" "-v" "/var/lib/crater-agent-workspace/builds/worker-6-tc2/target:/opt/rustwide/target:rw,Z" "-v" "/var/lib/crater-agent-workspace/builds/worker-6-tc2/source:/opt/rustwide/workdir:ro,Z" "-v" "/var/lib/crater-agent-workspace/cargo-home:/opt/rustwide/cargo-home:ro,Z" "-v" "/var/lib/crater-agent-workspace/rustup-home:/opt/rustwide/rustup-home:ro,Z" "-e" "SOURCE_DIR=/opt/rustwide/workdir" "-e" "CARGO_TARGET_DIR=/opt/rustwide/target" "-e" "CARGO_INCREMENTAL=0" "-e" "RUST_BACKTRACE=full" "-e" "RUSTFLAGS=--cap-lints=forbid -Zrandomize-layout" "-e" "RUSTDOCFLAGS=--cap-lints=forbid" "-e" "CARGO_HOME=/opt/rustwide/cargo-home" "-e" "RUSTUP_HOME=/opt/rustwide/rustup-home" "-w" "/opt/rustwide/workdir" "-m" "1610612736" "--user" "0:0" "--network" "none" "ghcr.io/rust-lang/crates-build-env/linux@sha256:4a844ea9eb2546a2d2c7022eacef16ef2e8229c7fbb2c7d4d55a9ceca922f72d" "/opt/rustwide/cargo-home/bin/cargo" "+nightly-2024-10-28" "build" "--frozen" "--message-format=json", kill_on_drop: false }`
[INFO] [stdout] 0a26cd2073db6f12ac3ddf54ba066158d8f4e532e076a5f26f6319c8d8fff84c
[INFO] running `Command { std: "docker" "start" "-a" "0a26cd2073db6f12ac3ddf54ba066158d8f4e532e076a5f26f6319c8d8fff84c", kill_on_drop: false }`
[INFO] [stderr]    Compiling maybe-owned-trait v0.2.1 (/opt/rustwide/workdir)
[INFO] [stderr]     Finished `dev` profile [unoptimized + debuginfo] target(s) in 0.08s
[INFO] running `Command { std: "docker" "inspect" "0a26cd2073db6f12ac3ddf54ba066158d8f4e532e076a5f26f6319c8d8fff84c", kill_on_drop: false }`
[INFO] running `Command { std: "docker" "rm" "-f" "0a26cd2073db6f12ac3ddf54ba066158d8f4e532e076a5f26f6319c8d8fff84c", kill_on_drop: false }`
[INFO] [stdout] 0a26cd2073db6f12ac3ddf54ba066158d8f4e532e076a5f26f6319c8d8fff84c
[INFO] running `Command { std: "docker" "create" "-v" "/var/lib/crater-agent-workspace/builds/worker-6-tc2/target:/opt/rustwide/target:rw,Z" "-v" "/var/lib/crater-agent-workspace/builds/worker-6-tc2/source:/opt/rustwide/workdir:ro,Z" "-v" "/var/lib/crater-agent-workspace/cargo-home:/opt/rustwide/cargo-home:ro,Z" "-v" "/var/lib/crater-agent-workspace/rustup-home:/opt/rustwide/rustup-home:ro,Z" "-e" "SOURCE_DIR=/opt/rustwide/workdir" "-e" "CARGO_TARGET_DIR=/opt/rustwide/target" "-e" "CARGO_INCREMENTAL=0" "-e" "RUST_BACKTRACE=full" "-e" "RUSTFLAGS=--cap-lints=forbid -Zrandomize-layout" "-e" "RUSTDOCFLAGS=--cap-lints=forbid" "-e" "CARGO_HOME=/opt/rustwide/cargo-home" "-e" "RUSTUP_HOME=/opt/rustwide/rustup-home" "-w" "/opt/rustwide/workdir" "-m" "1610612736" "--user" "0:0" "--network" "none" "ghcr.io/rust-lang/crates-build-env/linux@sha256:4a844ea9eb2546a2d2c7022eacef16ef2e8229c7fbb2c7d4d55a9ceca922f72d" "/opt/rustwide/cargo-home/bin/cargo" "+nightly-2024-10-28" "test" "--frozen" "--no-run" "--message-format=json", kill_on_drop: false }`
[INFO] [stdout] d2746da3c9b2757efa22a44819fda3035220b154ec301af7dfb75b16b9143db7
[INFO] running `Command { std: "docker" "start" "-a" "d2746da3c9b2757efa22a44819fda3035220b154ec301af7dfb75b16b9143db7", kill_on_drop: false }`
[INFO] [stderr]    Compiling libc v0.2.161
[INFO] [stderr]    Compiling byteorder v1.5.0
[INFO] [stderr]    Compiling zerocopy v0.7.35
[INFO] [stderr]    Compiling ppv-lite86 v0.2.20
[INFO] [stderr]    Compiling getrandom v0.2.15
[INFO] [stderr]    Compiling rand_core v0.6.4
[INFO] [stderr]    Compiling rand_chacha v0.3.1
[INFO] [stderr]    Compiling rand v0.8.5
[INFO] [stderr]    Compiling maybe-owned-trait v0.2.1 (/opt/rustwide/workdir)
[INFO] [stderr]     Finished `test` profile [unoptimized + debuginfo] target(s) in 2.33s
[INFO] running `Command { std: "docker" "inspect" "d2746da3c9b2757efa22a44819fda3035220b154ec301af7dfb75b16b9143db7", kill_on_drop: false }`
[INFO] running `Command { std: "docker" "rm" "-f" "d2746da3c9b2757efa22a44819fda3035220b154ec301af7dfb75b16b9143db7", kill_on_drop: false }`
[INFO] [stdout] d2746da3c9b2757efa22a44819fda3035220b154ec301af7dfb75b16b9143db7
[INFO] running `Command { std: "docker" "create" "-v" "/var/lib/crater-agent-workspace/builds/worker-6-tc2/target:/opt/rustwide/target:rw,Z" "-v" "/var/lib/crater-agent-workspace/builds/worker-6-tc2/source:/opt/rustwide/workdir:ro,Z" "-v" "/var/lib/crater-agent-workspace/cargo-home:/opt/rustwide/cargo-home:ro,Z" "-v" "/var/lib/crater-agent-workspace/rustup-home:/opt/rustwide/rustup-home:ro,Z" "-e" "SOURCE_DIR=/opt/rustwide/workdir" "-e" "CARGO_TARGET_DIR=/opt/rustwide/target" "-e" "CARGO_INCREMENTAL=0" "-e" "RUST_BACKTRACE=full" "-e" "RUSTFLAGS=--cap-lints=forbid -Zrandomize-layout" "-e" "RUSTDOCFLAGS=--cap-lints=forbid" "-e" "CARGO_HOME=/opt/rustwide/cargo-home" "-e" "RUSTUP_HOME=/opt/rustwide/rustup-home" "-w" "/opt/rustwide/workdir" "-m" "1610612736" "--user" "0:0" "--network" "none" "ghcr.io/rust-lang/crates-build-env/linux@sha256:4a844ea9eb2546a2d2c7022eacef16ef2e8229c7fbb2c7d4d55a9ceca922f72d" "/opt/rustwide/cargo-home/bin/cargo" "+nightly-2024-10-28" "test" "--frozen", kill_on_drop: false }`
[INFO] [stdout] f84ac75ad5ed7a667b940ac718b925d65286c37e90d3a2dbdc42478ee326807e
[INFO] running `Command { std: "docker" "start" "-a" "f84ac75ad5ed7a667b940ac718b925d65286c37e90d3a2dbdc42478ee326807e", kill_on_drop: false }`
[INFO] [stderr]     Finished `test` profile [unoptimized + debuginfo] target(s) in 0.02s
[INFO] [stderr]      Running unittests src/lib.rs (/opt/rustwide/target/debug/deps/maybe_owned_trait-ff4dcb07a2db6401)
[INFO] [stdout] 
[INFO] [stdout] running 2 tests
[INFO] [stdout] test tests::complicated_test ... ignored, This test exists to ensure that the code compiles
[INFO] [stdout] test tests::simple_test ... ignored, This test exists to ensure that the code compiles
[INFO] [stdout] 
[INFO] [stdout] test result: ok. 0 passed; 0 failed; 2 ignored; 0 measured; 0 filtered out; finished in 0.00s
[INFO] [stdout] 
[INFO] [stderr]    Doc-tests maybe_owned_trait
[INFO] [stdout] 
[INFO] [stdout] running 1 test
[INFO] [stdout] test src/../README.md - (line 26) - compile ... FAILED
[INFO] [stdout] 
[INFO] [stdout] failures:
[INFO] [stdout] 
[INFO] [stdout] ---- src/../README.md - (line 26) stdout ----
[INFO] [stdout] error[E0277]: the trait bound `&PathBuf: MaybeOwned` is not satisfied
[INFO] [stdout]   --> src/../README.md:46:7
[INFO] [stdout]    |
[INFO] [stdout] 23 | my_fn(&path);
[INFO] [stdout]    | ----- ^^^^^ the trait `MaybeOwned` is not implemented for `&PathBuf`
[INFO] [stdout]    | |
[INFO] [stdout]    | required by a bound introduced by this call
[INFO] [stdout]    |
[INFO] [stdout] note: required by a bound in `my_fn`
[INFO] [stdout]   --> src/../README.md:33:21
[INFO] [stdout]    |
[INFO] [stdout] 10 | fn my_fn(path: impl for<'a> MaybeOwned<Owned = PathBuf, Borrowed<'a> = &'a Path>) {
[INFO] [stdout]    |                     ^^^^^^^^^^^^^^^^^^^^^^^^^^^^^^^^^^^^^^^^^^^^^^^^^^^^^^^^^^^^ required by this bound in `my_fn`
[INFO] [stdout] help: consider dereferencing here
[INFO] [stdout]    |
[INFO] [stdout] 23 | my_fn(&*path);
[INFO] [stdout]    |        +
[INFO] [stdout] help: consider removing the leading `&`-reference
[INFO] [stdout]    |
[INFO] [stdout] 23 - my_fn(&path);
[INFO] [stdout] 23 + my_fn(path);
[INFO] [stdout]    |
[INFO] [stdout] 
[INFO] [stdout] error: aborting due to 1 previous error
[INFO] [stdout] 
[INFO] [stdout] For more information about this error, try `rustc --explain E0277`.
[INFO] [stdout] Couldn't compile the test.
[INFO] [stdout] 
[INFO] [stdout] failures:
[INFO] [stdout]     src/../README.md - (line 26)
[INFO] [stdout] 
[INFO] [stdout] test result: FAILED. 0 passed; 1 failed; 0 ignored; 0 measured; 0 filtered out; finished in 0.05s
[INFO] [stdout] 
[INFO] [stderr] error: doctest failed, to rerun pass `--doc`
[INFO] running `Command { std: "docker" "inspect" "f84ac75ad5ed7a667b940ac718b925d65286c37e90d3a2dbdc42478ee326807e", kill_on_drop: false }`
[INFO] running `Command { std: "docker" "rm" "-f" "f84ac75ad5ed7a667b940ac718b925d65286c37e90d3a2dbdc42478ee326807e", kill_on_drop: false }`
[INFO] [stdout] f84ac75ad5ed7a667b940ac718b925d65286c37e90d3a2dbdc42478ee326807e
