[INFO] fetching crate maxmatrix_rs 0.1.2...
[INFO] testing maxmatrix_rs-0.1.2 against nightly-2024-10-28+rustflags=-Zrandomize-layout for randomize-layout
[INFO] extracting crate maxmatrix_rs 0.1.2 into /workspace/builds/worker-2-tc2/source
[INFO] validating manifest of crates.io crate maxmatrix_rs 0.1.2 on toolchain nightly-2024-10-28
[INFO] running `Command { std: CARGO_HOME="/workspace/cargo-home" RUSTUP_HOME="/workspace/rustup-home" "/workspace/cargo-home/bin/cargo" "+nightly-2024-10-28" "metadata" "--manifest-path" "Cargo.toml" "--no-deps", kill_on_drop: false }`
[INFO] started tweaking crates.io crate maxmatrix_rs 0.1.2
[INFO] finished tweaking crates.io crate maxmatrix_rs 0.1.2
[INFO] tweaked toml for crates.io crate maxmatrix_rs 0.1.2 written to /workspace/builds/worker-2-tc2/source/Cargo.toml
[INFO] running `Command { std: CARGO_HOME="/workspace/cargo-home" RUSTUP_HOME="/workspace/rustup-home" "/workspace/cargo-home/bin/cargo" "+nightly-2024-10-28" "generate-lockfile" "--manifest-path" "Cargo.toml", kill_on_drop: false }`
[INFO] [stderr]     Updating crates.io index
[INFO] [stderr]      Locking 4 packages to latest compatible versions
[INFO] [stderr]       Adding embedded-hal v0.2.7 (available: v1.0.0)
[INFO] running `Command { std: CARGO_HOME="/workspace/cargo-home" RUSTUP_HOME="/workspace/rustup-home" "/workspace/cargo-home/bin/cargo" "+nightly-2024-10-28" "fetch" "--manifest-path" "Cargo.toml", kill_on_drop: false }`
[INFO] running `Command { std: "docker" "create" "-v" "/var/lib/crater-agent-workspace/builds/worker-2-tc2/target:/opt/rustwide/target:rw,Z" "-v" "/var/lib/crater-agent-workspace/builds/worker-2-tc2/source:/opt/rustwide/workdir:ro,Z" "-v" "/var/lib/crater-agent-workspace/cargo-home:/opt/rustwide/cargo-home:ro,Z" "-v" "/var/lib/crater-agent-workspace/rustup-home:/opt/rustwide/rustup-home:ro,Z" "-e" "SOURCE_DIR=/opt/rustwide/workdir" "-e" "CARGO_TARGET_DIR=/opt/rustwide/target" "-e" "CARGO_HOME=/opt/rustwide/cargo-home" "-e" "RUSTUP_HOME=/opt/rustwide/rustup-home" "-w" "/opt/rustwide/workdir" "-m" "1610612736" "--user" "0:0" "--network" "none" "ghcr.io/rust-lang/crates-build-env/linux@sha256:4a844ea9eb2546a2d2c7022eacef16ef2e8229c7fbb2c7d4d55a9ceca922f72d" "/opt/rustwide/cargo-home/bin/cargo" "+nightly-2024-10-28" "metadata" "--no-deps" "--format-version=1", kill_on_drop: false }`
[INFO] [stdout] 770301ac4e65de3b54bba382d0f15658d8719aed6e26143118cfcee8743fd11d
[INFO] running `Command { std: "docker" "start" "-a" "770301ac4e65de3b54bba382d0f15658d8719aed6e26143118cfcee8743fd11d", kill_on_drop: false }`
[INFO] running `Command { std: "docker" "inspect" "770301ac4e65de3b54bba382d0f15658d8719aed6e26143118cfcee8743fd11d", kill_on_drop: false }`
[INFO] running `Command { std: "docker" "rm" "-f" "770301ac4e65de3b54bba382d0f15658d8719aed6e26143118cfcee8743fd11d", kill_on_drop: false }`
[INFO] [stdout] 770301ac4e65de3b54bba382d0f15658d8719aed6e26143118cfcee8743fd11d
[INFO] running `Command { std: "docker" "create" "-v" "/var/lib/crater-agent-workspace/builds/worker-2-tc2/target:/opt/rustwide/target:rw,Z" "-v" "/var/lib/crater-agent-workspace/builds/worker-2-tc2/source:/opt/rustwide/workdir:ro,Z" "-v" "/var/lib/crater-agent-workspace/cargo-home:/opt/rustwide/cargo-home:ro,Z" "-v" "/var/lib/crater-agent-workspace/rustup-home:/opt/rustwide/rustup-home:ro,Z" "-e" "SOURCE_DIR=/opt/rustwide/workdir" "-e" "CARGO_TARGET_DIR=/opt/rustwide/target" "-e" "CARGO_INCREMENTAL=0" "-e" "RUST_BACKTRACE=full" "-e" "RUSTFLAGS=--cap-lints=forbid -Zrandomize-layout" "-e" "RUSTDOCFLAGS=--cap-lints=forbid" "-e" "CARGO_HOME=/opt/rustwide/cargo-home" "-e" "RUSTUP_HOME=/opt/rustwide/rustup-home" "-w" "/opt/rustwide/workdir" "-m" "1610612736" "--user" "0:0" "--network" "none" "ghcr.io/rust-lang/crates-build-env/linux@sha256:4a844ea9eb2546a2d2c7022eacef16ef2e8229c7fbb2c7d4d55a9ceca922f72d" "/opt/rustwide/cargo-home/bin/cargo" "+nightly-2024-10-28" "build" "--frozen" "--message-format=json", kill_on_drop: false }`
[INFO] [stdout] 6b2537a712f227cc315bc605743b1b781ff2540806a89a3785b939389337be6a
[INFO] running `Command { std: "docker" "start" "-a" "6b2537a712f227cc315bc605743b1b781ff2540806a89a3785b939389337be6a", kill_on_drop: false }`
[INFO] [stderr]    Compiling nb v1.1.0
[INFO] [stderr]    Compiling void v1.0.2
[INFO] [stderr]    Compiling nb v0.1.3
[INFO] [stderr]    Compiling embedded-hal v0.2.7
[INFO] [stderr]    Compiling maxmatrix_rs v0.1.2 (/opt/rustwide/workdir)
[INFO] [stderr]     Finished `dev` profile [unoptimized + debuginfo] target(s) in 0.17s
[INFO] running `Command { std: "docker" "inspect" "6b2537a712f227cc315bc605743b1b781ff2540806a89a3785b939389337be6a", kill_on_drop: false }`
[INFO] running `Command { std: "docker" "rm" "-f" "6b2537a712f227cc315bc605743b1b781ff2540806a89a3785b939389337be6a", kill_on_drop: false }`
[INFO] [stdout] 6b2537a712f227cc315bc605743b1b781ff2540806a89a3785b939389337be6a
[INFO] running `Command { std: "docker" "create" "-v" "/var/lib/crater-agent-workspace/builds/worker-2-tc2/target:/opt/rustwide/target:rw,Z" "-v" "/var/lib/crater-agent-workspace/builds/worker-2-tc2/source:/opt/rustwide/workdir:ro,Z" "-v" "/var/lib/crater-agent-workspace/cargo-home:/opt/rustwide/cargo-home:ro,Z" "-v" "/var/lib/crater-agent-workspace/rustup-home:/opt/rustwide/rustup-home:ro,Z" "-e" "SOURCE_DIR=/opt/rustwide/workdir" "-e" "CARGO_TARGET_DIR=/opt/rustwide/target" "-e" "CARGO_INCREMENTAL=0" "-e" "RUST_BACKTRACE=full" "-e" "RUSTFLAGS=--cap-lints=forbid -Zrandomize-layout" "-e" "RUSTDOCFLAGS=--cap-lints=forbid" "-e" "CARGO_HOME=/opt/rustwide/cargo-home" "-e" "RUSTUP_HOME=/opt/rustwide/rustup-home" "-w" "/opt/rustwide/workdir" "-m" "1610612736" "--user" "0:0" "--network" "none" "ghcr.io/rust-lang/crates-build-env/linux@sha256:4a844ea9eb2546a2d2c7022eacef16ef2e8229c7fbb2c7d4d55a9ceca922f72d" "/opt/rustwide/cargo-home/bin/cargo" "+nightly-2024-10-28" "test" "--frozen" "--no-run" "--message-format=json", kill_on_drop: false }`
[INFO] [stdout] 381538b27e4f04a74a1a5cf18b2493c0f0f9cf2323836f707f01e697782b18e0
[INFO] running `Command { std: "docker" "start" "-a" "381538b27e4f04a74a1a5cf18b2493c0f0f9cf2323836f707f01e697782b18e0", kill_on_drop: false }`
[INFO] [stderr]    Compiling maxmatrix_rs v0.1.2 (/opt/rustwide/workdir)
[INFO] [stderr]     Finished `test` profile [unoptimized + debuginfo] target(s) in 0.11s
[INFO] running `Command { std: "docker" "inspect" "381538b27e4f04a74a1a5cf18b2493c0f0f9cf2323836f707f01e697782b18e0", kill_on_drop: false }`
[INFO] running `Command { std: "docker" "rm" "-f" "381538b27e4f04a74a1a5cf18b2493c0f0f9cf2323836f707f01e697782b18e0", kill_on_drop: false }`
[INFO] [stdout] 381538b27e4f04a74a1a5cf18b2493c0f0f9cf2323836f707f01e697782b18e0
[INFO] running `Command { std: "docker" "create" "-v" "/var/lib/crater-agent-workspace/builds/worker-2-tc2/target:/opt/rustwide/target:rw,Z" "-v" "/var/lib/crater-agent-workspace/builds/worker-2-tc2/source:/opt/rustwide/workdir:ro,Z" "-v" "/var/lib/crater-agent-workspace/cargo-home:/opt/rustwide/cargo-home:ro,Z" "-v" "/var/lib/crater-agent-workspace/rustup-home:/opt/rustwide/rustup-home:ro,Z" "-e" "SOURCE_DIR=/opt/rustwide/workdir" "-e" "CARGO_TARGET_DIR=/opt/rustwide/target" "-e" "CARGO_INCREMENTAL=0" "-e" "RUST_BACKTRACE=full" "-e" "RUSTFLAGS=--cap-lints=forbid -Zrandomize-layout" "-e" "RUSTDOCFLAGS=--cap-lints=forbid" "-e" "CARGO_HOME=/opt/rustwide/cargo-home" "-e" "RUSTUP_HOME=/opt/rustwide/rustup-home" "-w" "/opt/rustwide/workdir" "-m" "1610612736" "--user" "0:0" "--network" "none" "ghcr.io/rust-lang/crates-build-env/linux@sha256:4a844ea9eb2546a2d2c7022eacef16ef2e8229c7fbb2c7d4d55a9ceca922f72d" "/opt/rustwide/cargo-home/bin/cargo" "+nightly-2024-10-28" "test" "--frozen", kill_on_drop: false }`
[INFO] [stdout] f8450330b9a729e27a95c2ca131b270bc5d81b8bed4f9824b553eecd9c53487c
[INFO] running `Command { std: "docker" "start" "-a" "f8450330b9a729e27a95c2ca131b270bc5d81b8bed4f9824b553eecd9c53487c", kill_on_drop: false }`
[INFO] [stderr]     Finished `test` profile [unoptimized + debuginfo] target(s) in 0.01s
[INFO] [stderr]      Running unittests src/lib.rs (/opt/rustwide/target/debug/deps/maxmatrix_rs-fab5c96d188f7e0d)
[INFO] [stdout] 
[INFO] [stdout] running 0 tests
[INFO] [stdout] 
[INFO] [stdout] test result: ok. 0 passed; 0 failed; 0 ignored; 0 measured; 0 filtered out; finished in 0.00s
[INFO] [stdout] 
[INFO] [stderr]    Doc-tests maxmatrix_rs
[INFO] [stdout] 
[INFO] [stdout] running 1 test
[INFO] [stdout] test src/lib.rs - (line 4) - compile ... FAILED
[INFO] [stdout] 
[INFO] [stdout] failures:
[INFO] [stdout] 
[INFO] [stdout] ---- src/lib.rs - (line 4) stdout ----
[INFO] [stdout] error[E0432]: unresolved import `panic_halt`
[INFO] [stdout]  --> src/lib.rs:9:5
[INFO] [stdout]   |
[INFO] [stdout] 7 | use panic_halt as _;
[INFO] [stdout]   |     ^^^^^^^^^^^^^^^ no external crate `panic_halt`
[INFO] [stdout] 
[INFO] [stdout] error[E0433]: failed to resolve: use of undeclared crate or module `arduino_hal`
[INFO] [stdout]   --> src/lib.rs:13:3
[INFO] [stdout]    |
[INFO] [stdout] 11 | #[arduino_hal::entry]
[INFO] [stdout]    |   ^^^^^^^^^^^ use of undeclared crate or module `arduino_hal`
[INFO] [stdout] 
[INFO] [stdout] error[E0433]: failed to resolve: use of undeclared crate or module `arduino_hal`
[INFO] [stdout]   --> src/lib.rs:16:16
[INFO] [stdout]    |
[INFO] [stdout] 14 |     let pins = arduino_hal::pins!(dp);
[INFO] [stdout]    |                ^^^^^^^^^^^ use of undeclared crate or module `arduino_hal`
[INFO] [stdout] 
[INFO] [stdout] error[E0433]: failed to resolve: use of undeclared crate or module `arduino_hal`
[INFO] [stdout]   --> src/lib.rs:15:14
[INFO] [stdout]    |
[INFO] [stdout] 13 |     let dp = arduino_hal::Peripherals::take().unwrap();
[INFO] [stdout]    |              ^^^^^^^^^^^ use of undeclared crate or module `arduino_hal`
[INFO] [stdout] 
[INFO] [stdout] error: `#[panic_handler]` function required, but not found
[INFO] [stdout] 
[INFO] [stdout] error: unwinding panics are not supported without std
[INFO] [stdout]   |
[INFO] [stdout]   = help: using nightly cargo, use -Zbuild-std with panic="abort" to avoid unwinding
[INFO] [stdout]   = note: since the core library is usually precompiled with panic="unwind", rebuilding your crate with panic="abort" may not be enough to fix the problem
[INFO] [stdout] 
[INFO] [stdout] error[E0433]: failed to resolve: use of undeclared crate or module `arduino_hal`
[INFO] [stdout]   --> src/lib.rs:27:9
[INFO] [stdout]    |
[INFO] [stdout] 25 |         arduino_hal::delay_ms(500);
[INFO] [stdout]    |         ^^^^^^^^^^^ use of undeclared crate or module `arduino_hal`
[INFO] [stdout] 
[INFO] [stdout] error[E0433]: failed to resolve: use of undeclared crate or module `arduino_hal`
[INFO] [stdout]   --> src/lib.rs:29:9
[INFO] [stdout]    |
[INFO] [stdout] 27 |         arduino_hal::delay_ms(500);
[INFO] [stdout]    |         ^^^^^^^^^^^ use of undeclared crate or module `arduino_hal`
[INFO] [stdout] 
[INFO] [stdout] error: aborting due to 8 previous errors
[INFO] [stdout] 
[INFO] [stdout] Some errors have detailed explanations: E0432, E0433.
[INFO] [stdout] For more information about an error, try `rustc --explain E0432`.
[INFO] [stdout] Couldn't compile the test.
[INFO] [stdout] 
[INFO] [stdout] failures:
[INFO] [stdout]     src/lib.rs - (line 4)
[INFO] [stdout] 
[INFO] [stdout] test result: FAILED. 0 passed; 1 failed; 0 ignored; 0 measured; 0 filtered out; finished in 0.04s
[INFO] [stdout] 
[INFO] [stderr] error: doctest failed, to rerun pass `--doc`
[INFO] running `Command { std: "docker" "inspect" "f8450330b9a729e27a95c2ca131b270bc5d81b8bed4f9824b553eecd9c53487c", kill_on_drop: false }`
[INFO] running `Command { std: "docker" "rm" "-f" "f8450330b9a729e27a95c2ca131b270bc5d81b8bed4f9824b553eecd9c53487c", kill_on_drop: false }`
[INFO] [stdout] f8450330b9a729e27a95c2ca131b270bc5d81b8bed4f9824b553eecd9c53487c
