[INFO] fetching crate max_values 1.0.0...
[INFO] testing max_values-1.0.0 against nightly-2024-10-28 for randomize-layout
[INFO] extracting crate max_values 1.0.0 into /workspace/builds/worker-3-tc1/source
[INFO] validating manifest of crates.io crate max_values 1.0.0 on toolchain nightly-2024-10-28
[INFO] running `Command { std: CARGO_HOME="/workspace/cargo-home" RUSTUP_HOME="/workspace/rustup-home" "/workspace/cargo-home/bin/cargo" "+nightly-2024-10-28" "metadata" "--manifest-path" "Cargo.toml" "--no-deps", kill_on_drop: false }`
[INFO] started tweaking crates.io crate max_values 1.0.0
[INFO] finished tweaking crates.io crate max_values 1.0.0
[INFO] tweaked toml for crates.io crate max_values 1.0.0 written to /workspace/builds/worker-3-tc1/source/Cargo.toml
[INFO] running `Command { std: CARGO_HOME="/workspace/cargo-home" RUSTUP_HOME="/workspace/rustup-home" "/workspace/cargo-home/bin/cargo" "+nightly-2024-10-28" "generate-lockfile" "--manifest-path" "Cargo.toml", kill_on_drop: false }`
[INFO] [stderr]     Updating crates.io index
[INFO] [stderr]      Locking 1 package to latest compatible version
[INFO] running `Command { std: CARGO_HOME="/workspace/cargo-home" RUSTUP_HOME="/workspace/rustup-home" "/workspace/cargo-home/bin/cargo" "+nightly-2024-10-28" "fetch" "--manifest-path" "Cargo.toml", kill_on_drop: false }`
[INFO] running `Command { std: "docker" "create" "-v" "/var/lib/crater-agent-workspace/builds/worker-3-tc1/target:/opt/rustwide/target:rw,Z" "-v" "/var/lib/crater-agent-workspace/builds/worker-3-tc1/source:/opt/rustwide/workdir:ro,Z" "-v" "/var/lib/crater-agent-workspace/cargo-home:/opt/rustwide/cargo-home:ro,Z" "-v" "/var/lib/crater-agent-workspace/rustup-home:/opt/rustwide/rustup-home:ro,Z" "-e" "SOURCE_DIR=/opt/rustwide/workdir" "-e" "CARGO_TARGET_DIR=/opt/rustwide/target" "-e" "CARGO_HOME=/opt/rustwide/cargo-home" "-e" "RUSTUP_HOME=/opt/rustwide/rustup-home" "-w" "/opt/rustwide/workdir" "-m" "1610612736" "--user" "0:0" "--network" "none" "ghcr.io/rust-lang/crates-build-env/linux@sha256:4a844ea9eb2546a2d2c7022eacef16ef2e8229c7fbb2c7d4d55a9ceca922f72d" "/opt/rustwide/cargo-home/bin/cargo" "+nightly-2024-10-28" "metadata" "--no-deps" "--format-version=1", kill_on_drop: false }`
[INFO] [stdout] c692c535cfdd663154dac752b63e53b2bcc74d3d81918716d729d85edf4b9ecb
[INFO] running `Command { std: "docker" "start" "-a" "c692c535cfdd663154dac752b63e53b2bcc74d3d81918716d729d85edf4b9ecb", kill_on_drop: false }`
[INFO] running `Command { std: "docker" "inspect" "c692c535cfdd663154dac752b63e53b2bcc74d3d81918716d729d85edf4b9ecb", kill_on_drop: false }`
[INFO] running `Command { std: "docker" "rm" "-f" "c692c535cfdd663154dac752b63e53b2bcc74d3d81918716d729d85edf4b9ecb", kill_on_drop: false }`
[INFO] [stdout] c692c535cfdd663154dac752b63e53b2bcc74d3d81918716d729d85edf4b9ecb
[INFO] running `Command { std: "docker" "create" "-v" "/var/lib/crater-agent-workspace/builds/worker-3-tc1/target:/opt/rustwide/target:rw,Z" "-v" "/var/lib/crater-agent-workspace/builds/worker-3-tc1/source:/opt/rustwide/workdir:ro,Z" "-v" "/var/lib/crater-agent-workspace/cargo-home:/opt/rustwide/cargo-home:ro,Z" "-v" "/var/lib/crater-agent-workspace/rustup-home:/opt/rustwide/rustup-home:ro,Z" "-e" "SOURCE_DIR=/opt/rustwide/workdir" "-e" "CARGO_TARGET_DIR=/opt/rustwide/target" "-e" "CARGO_INCREMENTAL=0" "-e" "RUST_BACKTRACE=full" "-e" "RUSTFLAGS=--cap-lints=forbid" "-e" "RUSTDOCFLAGS=--cap-lints=forbid" "-e" "CARGO_HOME=/opt/rustwide/cargo-home" "-e" "RUSTUP_HOME=/opt/rustwide/rustup-home" "-w" "/opt/rustwide/workdir" "-m" "1610612736" "--user" "0:0" "--network" "none" "ghcr.io/rust-lang/crates-build-env/linux@sha256:4a844ea9eb2546a2d2c7022eacef16ef2e8229c7fbb2c7d4d55a9ceca922f72d" "/opt/rustwide/cargo-home/bin/cargo" "+nightly-2024-10-28" "build" "--frozen" "--message-format=json", kill_on_drop: false }`
[INFO] [stdout] 48803ec7f0e1dd2ab5f55861edb2b18621c63bf0d36411921fcbdb9b2cb68bda
[INFO] running `Command { std: "docker" "start" "-a" "48803ec7f0e1dd2ab5f55861edb2b18621c63bf0d36411921fcbdb9b2cb68bda", kill_on_drop: false }`
[INFO] [stderr]    Compiling arrayvec v0.7.6
[INFO] [stderr]    Compiling max_values v1.0.0 (/opt/rustwide/workdir)
[INFO] [stderr]     Finished `dev` profile [unoptimized + debuginfo] target(s) in 0.18s
[INFO] running `Command { std: "docker" "inspect" "48803ec7f0e1dd2ab5f55861edb2b18621c63bf0d36411921fcbdb9b2cb68bda", kill_on_drop: false }`
[INFO] running `Command { std: "docker" "rm" "-f" "48803ec7f0e1dd2ab5f55861edb2b18621c63bf0d36411921fcbdb9b2cb68bda", kill_on_drop: false }`
[INFO] [stdout] 48803ec7f0e1dd2ab5f55861edb2b18621c63bf0d36411921fcbdb9b2cb68bda
[INFO] running `Command { std: "docker" "create" "-v" "/var/lib/crater-agent-workspace/builds/worker-3-tc1/target:/opt/rustwide/target:rw,Z" "-v" "/var/lib/crater-agent-workspace/builds/worker-3-tc1/source:/opt/rustwide/workdir:ro,Z" "-v" "/var/lib/crater-agent-workspace/cargo-home:/opt/rustwide/cargo-home:ro,Z" "-v" "/var/lib/crater-agent-workspace/rustup-home:/opt/rustwide/rustup-home:ro,Z" "-e" "SOURCE_DIR=/opt/rustwide/workdir" "-e" "CARGO_TARGET_DIR=/opt/rustwide/target" "-e" "CARGO_INCREMENTAL=0" "-e" "RUST_BACKTRACE=full" "-e" "RUSTFLAGS=--cap-lints=forbid" "-e" "RUSTDOCFLAGS=--cap-lints=forbid" "-e" "CARGO_HOME=/opt/rustwide/cargo-home" "-e" "RUSTUP_HOME=/opt/rustwide/rustup-home" "-w" "/opt/rustwide/workdir" "-m" "1610612736" "--user" "0:0" "--network" "none" "ghcr.io/rust-lang/crates-build-env/linux@sha256:4a844ea9eb2546a2d2c7022eacef16ef2e8229c7fbb2c7d4d55a9ceca922f72d" "/opt/rustwide/cargo-home/bin/cargo" "+nightly-2024-10-28" "test" "--frozen" "--no-run" "--message-format=json", kill_on_drop: false }`
[INFO] [stdout] 25b21c98a47220fa70cffd8a3b7a3169c9343d1f30bdf471afb42affbf33f8f5
[INFO] running `Command { std: "docker" "start" "-a" "25b21c98a47220fa70cffd8a3b7a3169c9343d1f30bdf471afb42affbf33f8f5", kill_on_drop: false }`
[INFO] [stderr]    Compiling max_values v1.0.0 (/opt/rustwide/workdir)
[INFO] [stderr]     Finished `test` profile [unoptimized + debuginfo] target(s) in 0.19s
[INFO] running `Command { std: "docker" "inspect" "25b21c98a47220fa70cffd8a3b7a3169c9343d1f30bdf471afb42affbf33f8f5", kill_on_drop: false }`
[INFO] running `Command { std: "docker" "rm" "-f" "25b21c98a47220fa70cffd8a3b7a3169c9343d1f30bdf471afb42affbf33f8f5", kill_on_drop: false }`
[INFO] [stdout] 25b21c98a47220fa70cffd8a3b7a3169c9343d1f30bdf471afb42affbf33f8f5
[INFO] running `Command { std: "docker" "create" "-v" "/var/lib/crater-agent-workspace/builds/worker-3-tc1/target:/opt/rustwide/target:rw,Z" "-v" "/var/lib/crater-agent-workspace/builds/worker-3-tc1/source:/opt/rustwide/workdir:ro,Z" "-v" "/var/lib/crater-agent-workspace/cargo-home:/opt/rustwide/cargo-home:ro,Z" "-v" "/var/lib/crater-agent-workspace/rustup-home:/opt/rustwide/rustup-home:ro,Z" "-e" "SOURCE_DIR=/opt/rustwide/workdir" "-e" "CARGO_TARGET_DIR=/opt/rustwide/target" "-e" "CARGO_INCREMENTAL=0" "-e" "RUST_BACKTRACE=full" "-e" "RUSTFLAGS=--cap-lints=forbid" "-e" "RUSTDOCFLAGS=--cap-lints=forbid" "-e" "CARGO_HOME=/opt/rustwide/cargo-home" "-e" "RUSTUP_HOME=/opt/rustwide/rustup-home" "-w" "/opt/rustwide/workdir" "-m" "1610612736" "--user" "0:0" "--network" "none" "ghcr.io/rust-lang/crates-build-env/linux@sha256:4a844ea9eb2546a2d2c7022eacef16ef2e8229c7fbb2c7d4d55a9ceca922f72d" "/opt/rustwide/cargo-home/bin/cargo" "+nightly-2024-10-28" "test" "--frozen", kill_on_drop: false }`
[INFO] [stdout] c23219d7c335a8e1b6a983e581c8481a6888a77ab98e0e18903cc5e83f4966f4
[INFO] running `Command { std: "docker" "start" "-a" "c23219d7c335a8e1b6a983e581c8481a6888a77ab98e0e18903cc5e83f4966f4", kill_on_drop: false }`
[INFO] [stderr]     Finished `test` profile [unoptimized + debuginfo] target(s) in 0.01s
[INFO] [stderr]      Running unittests src/lib.rs (/opt/rustwide/target/debug/deps/max_values-16dcd1a7e9c68066)
[INFO] [stdout] 
[INFO] [stdout] running 3 tests
[INFO] [stdout] test tests::test_example1 ... ok
[INFO] [stdout] test tests::test_iterator ... ok
[INFO] [stdout] test tests::test_max_values ... ok
[INFO] [stdout] 
[INFO] [stdout] test result: ok. 3 passed; 0 failed; 0 ignored; 0 measured; 0 filtered out; finished in 0.00s
[INFO] [stdout] 
[INFO] [stderr]    Doc-tests max_values
[INFO] [stdout] 
[INFO] [stdout] running 4 tests
[INFO] [stdout] test src/lib.rs - (line 48) ... FAILED
[INFO] [stdout] test src/lib.rs - (line 55) ... FAILED
[INFO] [stdout] test src/lib.rs - (line 32) ... FAILED
[INFO] [stdout] test src/lib.rs - (line 6) ... FAILED
[INFO] [stdout] 
[INFO] [stdout] failures:
[INFO] [stdout] 
[INFO] [stdout] ---- src/lib.rs - (line 48) stdout ----
[INFO] [stdout] error[E0433]: failed to resolve: use of undeclared type `MaxValues`
[INFO] [stdout]  --> src/lib.rs:50:14
[INFO] [stdout]   |
[INFO] [stdout] 4 | let values = MaxValues::<i32, 3>::from_iter(arr.into_iter());
[INFO] [stdout]   |              ^^^^^^^^^ use of undeclared type `MaxValues`
[INFO] [stdout]   |
[INFO] [stdout] help: consider importing this struct
[INFO] [stdout]   |
[INFO] [stdout] 2 + use max_values::MaxValues;
[INFO] [stdout]   |
[INFO] [stdout] 
[INFO] [stdout] error[E0412]: cannot find type `HashSet` in this scope
[INFO] [stdout]  --> src/lib.rs:51:41
[INFO] [stdout]   |
[INFO] [stdout] 5 | assert_eq!(values.into_iter().collect::<HashSet<_>>(), HashSet::from([3, 5, 7]));
[INFO] [stdout]   |                                         ^^^^^^^ not found in this scope
[INFO] [stdout]   |
[INFO] [stdout] help: consider importing this struct
[INFO] [stdout]   |
[INFO] [stdout] 2 + use std::collections::HashSet;
[INFO] [stdout]   |
[INFO] [stdout] 
[INFO] [stdout] error[E0433]: failed to resolve: use of undeclared type `HashSet`
[INFO] [stdout]  --> src/lib.rs:51:56
[INFO] [stdout]   |
[INFO] [stdout] 5 | assert_eq!(values.into_iter().collect::<HashSet<_>>(), HashSet::from([3, 5, 7]));
[INFO] [stdout]   |                                                        ^^^^^^^ use of undeclared type `HashSet`
[INFO] [stdout]   |
[INFO] [stdout] help: consider importing this struct
[INFO] [stdout]   |
[INFO] [stdout] 2 + use std::collections::HashSet;
[INFO] [stdout]   |
[INFO] [stdout] 
[INFO] [stdout] error: aborting due to 3 previous errors
[INFO] [stdout] 
[INFO] [stdout] Some errors have detailed explanations: E0412, E0433.
[INFO] [stdout] For more information about an error, try `rustc --explain E0412`.
[INFO] [stdout] Couldn't compile the test.
[INFO] [stdout] ---- src/lib.rs - (line 55) stdout ----
[INFO] [stdout] error[E0412]: cannot find type `HashSet` in this scope
[INFO] [stdout]  --> src/lib.rs:62:56
[INFO] [stdout]   |
[INFO] [stdout] 9 |         values.into_iter().max_values::<3>().collect::<HashSet<_>>(),
[INFO] [stdout]   |                                                        ^^^^^^^ not found in this scope
[INFO] [stdout]   |
[INFO] [stdout] help: consider importing this struct
[INFO] [stdout]   |
[INFO] [stdout] 4 + use std::collections::HashSet;
[INFO] [stdout]   |
[INFO] [stdout] 
[INFO] [stdout] error[E0433]: failed to resolve: use of undeclared type `HashSet`
[INFO] [stdout]   --> src/lib.rs:63:9
[INFO] [stdout]    |
[INFO] [stdout] 10 |         HashSet::from([7, 10, 15])
[INFO] [stdout]    |         ^^^^^^^ use of undeclared type `HashSet`
[INFO] [stdout]    |
[INFO] [stdout] help: consider importing this struct
[INFO] [stdout]    |
[INFO] [stdout] 4  + use std::collections::HashSet;
[INFO] [stdout]    |
[INFO] [stdout] 
[INFO] [stdout] error: aborting due to 2 previous errors
[INFO] [stdout] 
[INFO] [stdout] Some errors have detailed explanations: E0412, E0433.
[INFO] [stdout] For more information about an error, try `rustc --explain E0412`.
[INFO] [stdout] Couldn't compile the test.
[INFO] [stdout] ---- src/lib.rs - (line 32) stdout ----
[INFO] [stdout] error: field expressions cannot have generic arguments
[INFO] [stdout]   --> src/lib.rs:44:44
[INFO] [stdout]    |
[INFO] [stdout] 14 |     assert_eq!(values.into_iter().collect::<HashSet<_>>, HashSet::from([3, 5, 7]));
[INFO] [stdout]    |                                            ^^^^^^^^^^^^
[INFO] [stdout] 
[INFO] [stdout] error[E0433]: failed to resolve: use of undeclared type `HashSet`
[INFO] [stdout]   --> src/lib.rs:44:58
[INFO] [stdout]    |
[INFO] [stdout] 14 |     assert_eq!(values.into_iter().collect::<HashSet<_>>, HashSet::from([3, 5, 7]));
[INFO] [stdout]    |                                                          ^^^^^^^ use of undeclared type `HashSet`
[INFO] [stdout]    |
[INFO] [stdout] help: consider importing this struct
[INFO] [stdout]    |
[INFO] [stdout] 4  + use std::collections::HashSet;
[INFO] [stdout]    |
[INFO] [stdout] 
[INFO] [stdout] error[E0615]: attempted to take value of method `collect` on type `arrayvec::arrayvec::IntoIter<i32, 3>`
[INFO] [stdout]   --> src/lib.rs:44:35
[INFO] [stdout]    |
[INFO] [stdout] 14 |     assert_eq!(values.into_iter().collect::<HashSet<_>>, HashSet::from([3, 5, 7]));
[INFO] [stdout]    |                                   ^^^^^^^ method, not a field
[INFO] [stdout]    |
[INFO] [stdout] help: use parentheses to call the method
[INFO] [stdout]    |
[INFO] [stdout] 14 |     assert_eq!(values.into_iter().collect::<HashSet<_>>(), HashSet::from([3, 5, 7]));
[INFO] [stdout]    |                                                        ++
[INFO] [stdout] 
[INFO] [stdout] error: aborting due to 3 previous errors
[INFO] [stdout] 
[INFO] [stdout] Some errors have detailed explanations: E0433, E0615.
[INFO] [stdout] For more information about an error, try `rustc --explain E0433`.
[INFO] [stdout] Couldn't compile the test.
[INFO] [stdout] ---- src/lib.rs - (line 6) stdout ----
[INFO] [stdout] error[E0412]: cannot find type `HashSet` in this scope
[INFO] [stdout]   --> src/lib.rs:17:49
[INFO] [stdout]    |
[INFO] [stdout] 13 |     assert_eq!(values.iter().copied().collect::<HashSet<_>>(), HashSet::from([2, 3, 4]));
[INFO] [stdout]    |                                                 ^^^^^^^ not found in this scope
[INFO] [stdout]    |
[INFO] [stdout] help: consider importing this struct
[INFO] [stdout]    |
[INFO] [stdout] 4  + use std::collections::HashSet;
[INFO] [stdout]    |
[INFO] [stdout] 
[INFO] [stdout] error[E0433]: failed to resolve: use of undeclared type `HashSet`
[INFO] [stdout]   --> src/lib.rs:17:64
[INFO] [stdout]    |
[INFO] [stdout] 13 |     assert_eq!(values.iter().copied().collect::<HashSet<_>>(), HashSet::from([2, 3, 4]));
[INFO] [stdout]    |                                                                ^^^^^^^ use of undeclared type `HashSet`
[INFO] [stdout]    |
[INFO] [stdout] help: consider importing this struct
[INFO] [stdout]    |
[INFO] [stdout] 4  + use std::collections::HashSet;
[INFO] [stdout]    |
[INFO] [stdout] 
[INFO] [stdout] error[E0412]: cannot find type `HashSet` in this scope
[INFO] [stdout]   --> src/lib.rs:20:49
[INFO] [stdout]    |
[INFO] [stdout] 16 |     assert_eq!(values.iter().copied().collect::<HashSet<_>>(), HashSet::from([2, 3, 4]));
[INFO] [stdout]    |                                                 ^^^^^^^ not found in this scope
[INFO] [stdout]    |
[INFO] [stdout] help: consider importing this struct
[INFO] [stdout]    |
[INFO] [stdout] 4  + use std::collections::HashSet;
[INFO] [stdout]    |
[INFO] [stdout] 
[INFO] [stdout] error[E0433]: failed to resolve: use of undeclared type `HashSet`
[INFO] [stdout]   --> src/lib.rs:20:64
[INFO] [stdout]    |
[INFO] [stdout] 16 |     assert_eq!(values.iter().copied().collect::<HashSet<_>>(), HashSet::from([2, 3, 4]));
[INFO] [stdout]    |                                                                ^^^^^^^ use of undeclared type `HashSet`
[INFO] [stdout]    |
[INFO] [stdout] help: consider importing this struct
[INFO] [stdout]    |
[INFO] [stdout] 4  + use std::collections::HashSet;
[INFO] [stdout]    |
[INFO] [stdout] 
[INFO] [stdout] error[E0412]: cannot find type `HashSet` in this scope
[INFO] [stdout]   --> src/lib.rs:23:49
[INFO] [stdout]    |
[INFO] [stdout] 19 |     assert_eq!(values.iter().copied().collect::<HashSet<_>>(), HashSet::from([3, 4, 5]));
[INFO] [stdout]    |                                                 ^^^^^^^ not found in this scope
[INFO] [stdout]    |
[INFO] [stdout] help: consider importing this struct
[INFO] [stdout]    |
[INFO] [stdout] 4  + use std::collections::HashSet;
[INFO] [stdout]    |
[INFO] [stdout] 
[INFO] [stdout] error[E0433]: failed to resolve: use of undeclared type `HashSet`
[INFO] [stdout]   --> src/lib.rs:23:64
[INFO] [stdout]    |
[INFO] [stdout] 19 |     assert_eq!(values.iter().copied().collect::<HashSet<_>>(), HashSet::from([3, 4, 5]));
[INFO] [stdout]    |                                                                ^^^^^^^ use of undeclared type `HashSet`
[INFO] [stdout]    |
[INFO] [stdout] help: consider importing this struct
[INFO] [stdout]    |
[INFO] [stdout] 4  + use std::collections::HashSet;
[INFO] [stdout]    |
[INFO] [stdout] 
[INFO] [stdout] error[E0412]: cannot find type `HashSet` in this scope
[INFO] [stdout]   --> src/lib.rs:26:49
[INFO] [stdout]    |
[INFO] [stdout] 22 |     assert_eq!(values.iter().copied().collect::<HashSet<_>>(), HashSet::from([4, 4, 5]));
[INFO] [stdout]    |                                                 ^^^^^^^ not found in this scope
[INFO] [stdout]    |
[INFO] [stdout] help: consider importing this struct
[INFO] [stdout]    |
[INFO] [stdout] 4  + use std::collections::HashSet;
[INFO] [stdout]    |
[INFO] [stdout] 
[INFO] [stdout] error[E0433]: failed to resolve: use of undeclared type `HashSet`
[INFO] [stdout]   --> src/lib.rs:26:64
[INFO] [stdout]    |
[INFO] [stdout] 22 |     assert_eq!(values.iter().copied().collect::<HashSet<_>>(), HashSet::from([4, 4, 5]));
[INFO] [stdout]    |                                                                ^^^^^^^ use of undeclared type `HashSet`
[INFO] [stdout]    |
[INFO] [stdout] help: consider importing this struct
[INFO] [stdout]    |
[INFO] [stdout] 4  + use std::collections::HashSet;
[INFO] [stdout]    |
[INFO] [stdout] 
[INFO] [stdout] error: aborting due to 8 previous errors
[INFO] [stdout] 
[INFO] [stdout] Some errors have detailed explanations: E0412, E0433.
[INFO] [stdout] For more information about an error, try `rustc --explain E0412`.
[INFO] [stdout] Couldn't compile the test.
[INFO] [stdout] 
[INFO] [stdout] failures:
[INFO] [stdout]     src/lib.rs - (line 32)
[INFO] [stdout]     src/lib.rs - (line 48)
[INFO] [stdout]     src/lib.rs - (line 55)
[INFO] [stdout]     src/lib.rs - (line 6)
[INFO] [stdout] 
[INFO] [stdout] test result: FAILED. 0 passed; 4 failed; 0 ignored; 0 measured; 0 filtered out; finished in 0.04s
[INFO] [stdout] 
[INFO] [stderr] error: doctest failed, to rerun pass `--doc`
[INFO] running `Command { std: "docker" "inspect" "c23219d7c335a8e1b6a983e581c8481a6888a77ab98e0e18903cc5e83f4966f4", kill_on_drop: false }`
[INFO] running `Command { std: "docker" "rm" "-f" "c23219d7c335a8e1b6a983e581c8481a6888a77ab98e0e18903cc5e83f4966f4", kill_on_drop: false }`
[INFO] [stdout] c23219d7c335a8e1b6a983e581c8481a6888a77ab98e0e18903cc5e83f4966f4
