[INFO] fetching crate matrix_lib 0.7.1...
[INFO] testing matrix_lib-0.7.1 against nightly-2024-10-28+rustflags=-Zrandomize-layout for randomize-layout
[INFO] extracting crate matrix_lib 0.7.1 into /workspace/builds/worker-5-tc2/source
[INFO] validating manifest of crates.io crate matrix_lib 0.7.1 on toolchain nightly-2024-10-28
[INFO] running `Command { std: CARGO_HOME="/workspace/cargo-home" RUSTUP_HOME="/workspace/rustup-home" "/workspace/cargo-home/bin/cargo" "+nightly-2024-10-28" "metadata" "--manifest-path" "Cargo.toml" "--no-deps", kill_on_drop: false }`
[INFO] started tweaking crates.io crate matrix_lib 0.7.1
[INFO] finished tweaking crates.io crate matrix_lib 0.7.1
[INFO] tweaked toml for crates.io crate matrix_lib 0.7.1 written to /workspace/builds/worker-5-tc2/source/Cargo.toml
[INFO] running `Command { std: CARGO_HOME="/workspace/cargo-home" RUSTUP_HOME="/workspace/rustup-home" "/workspace/cargo-home/bin/cargo" "+nightly-2024-10-28" "generate-lockfile" "--manifest-path" "Cargo.toml", kill_on_drop: false }`
[INFO] [stderr]     Updating crates.io index
[INFO] [stderr]      Locking 8 packages to latest compatible versions
[INFO] running `Command { std: CARGO_HOME="/workspace/cargo-home" RUSTUP_HOME="/workspace/rustup-home" "/workspace/cargo-home/bin/cargo" "+nightly-2024-10-28" "fetch" "--manifest-path" "Cargo.toml", kill_on_drop: false }`
[INFO] running `Command { std: "docker" "create" "-v" "/var/lib/crater-agent-workspace/builds/worker-5-tc2/target:/opt/rustwide/target:rw,Z" "-v" "/var/lib/crater-agent-workspace/builds/worker-5-tc2/source:/opt/rustwide/workdir:ro,Z" "-v" "/var/lib/crater-agent-workspace/cargo-home:/opt/rustwide/cargo-home:ro,Z" "-v" "/var/lib/crater-agent-workspace/rustup-home:/opt/rustwide/rustup-home:ro,Z" "-e" "SOURCE_DIR=/opt/rustwide/workdir" "-e" "CARGO_TARGET_DIR=/opt/rustwide/target" "-e" "CARGO_HOME=/opt/rustwide/cargo-home" "-e" "RUSTUP_HOME=/opt/rustwide/rustup-home" "-w" "/opt/rustwide/workdir" "-m" "1610612736" "--user" "0:0" "--network" "none" "ghcr.io/rust-lang/crates-build-env/linux@sha256:4a844ea9eb2546a2d2c7022eacef16ef2e8229c7fbb2c7d4d55a9ceca922f72d" "/opt/rustwide/cargo-home/bin/cargo" "+nightly-2024-10-28" "metadata" "--no-deps" "--format-version=1", kill_on_drop: false }`
[INFO] [stdout] 62b937659233bf6f7b6485c569d685ca119a3f41b703dcbcf63e928292beceab
[INFO] running `Command { std: "docker" "start" "-a" "62b937659233bf6f7b6485c569d685ca119a3f41b703dcbcf63e928292beceab", kill_on_drop: false }`
[INFO] running `Command { std: "docker" "inspect" "62b937659233bf6f7b6485c569d685ca119a3f41b703dcbcf63e928292beceab", kill_on_drop: false }`
[INFO] running `Command { std: "docker" "rm" "-f" "62b937659233bf6f7b6485c569d685ca119a3f41b703dcbcf63e928292beceab", kill_on_drop: false }`
[INFO] [stdout] 62b937659233bf6f7b6485c569d685ca119a3f41b703dcbcf63e928292beceab
[INFO] running `Command { std: "docker" "create" "-v" "/var/lib/crater-agent-workspace/builds/worker-5-tc2/target:/opt/rustwide/target:rw,Z" "-v" "/var/lib/crater-agent-workspace/builds/worker-5-tc2/source:/opt/rustwide/workdir:ro,Z" "-v" "/var/lib/crater-agent-workspace/cargo-home:/opt/rustwide/cargo-home:ro,Z" "-v" "/var/lib/crater-agent-workspace/rustup-home:/opt/rustwide/rustup-home:ro,Z" "-e" "SOURCE_DIR=/opt/rustwide/workdir" "-e" "CARGO_TARGET_DIR=/opt/rustwide/target" "-e" "CARGO_INCREMENTAL=0" "-e" "RUST_BACKTRACE=full" "-e" "RUSTFLAGS=--cap-lints=forbid -Zrandomize-layout" "-e" "RUSTDOCFLAGS=--cap-lints=forbid" "-e" "CARGO_HOME=/opt/rustwide/cargo-home" "-e" "RUSTUP_HOME=/opt/rustwide/rustup-home" "-w" "/opt/rustwide/workdir" "-m" "1610612736" "--user" "0:0" "--network" "none" "ghcr.io/rust-lang/crates-build-env/linux@sha256:4a844ea9eb2546a2d2c7022eacef16ef2e8229c7fbb2c7d4d55a9ceca922f72d" "/opt/rustwide/cargo-home/bin/cargo" "+nightly-2024-10-28" "build" "--frozen" "--message-format=json", kill_on_drop: false }`
[INFO] [stdout] d74e4337fbe0642aaaef7ee00dfeb85abe825626fd11530766058405edf16ef5
[INFO] running `Command { std: "docker" "start" "-a" "d74e4337fbe0642aaaef7ee00dfeb85abe825626fd11530766058405edf16ef5", kill_on_drop: false }`
[INFO] [stderr]    Compiling num-traits v0.2.19
[INFO] [stderr]    Compiling num-integer v0.1.46
[INFO] [stderr]    Compiling num-complex v0.4.6
[INFO] [stderr]    Compiling num-bigint v0.4.6
[INFO] [stderr]    Compiling num-iter v0.1.45
[INFO] [stderr]    Compiling num-rational v0.4.2
[INFO] [stderr]    Compiling num v0.4.3
[INFO] [stderr]    Compiling matrix_lib v0.7.1 (/opt/rustwide/workdir)
[INFO] [stdout] warning: unexpected `cfg` condition value: `parallel`
[INFO] [stdout]   --> src/lib.rs:19:7
[INFO] [stdout]    |
[INFO] [stdout] 19 | #[cfg(target_feature = "parallel")]
[INFO] [stdout]    |       ^^^^^^^^^^^^^^^^^^^^^^^^^^^
[INFO] [stdout]    |
[INFO] [stdout]    = note: expected values for `target_feature` are: `10e60`, `2e3`, `3e3r1`, `3e3r2`, `3e3r3`, `3e7`, `7e10`, `a`, `aclass`, `adx`, `aes`, `altivec`, `alu32`, `amx-bf16`, `amx-complex`, `amx-fp16`, `amx-int8`, `amx-tile`, `atomics`, `avx`, `avx2`, `avx512bf16`, `avx512bitalg`, `avx512bw`, `avx512cd`, `avx512dq`, `avx512f`, `avx512fp16`, `avx512ifma`, `avx512vbmi`, `avx512vbmi2`, `avx512vl`, `avx512vnni`, `avx512vp2intersect`, and `avx512vpopcntdq` and 246 more
[INFO] [stdout]    = note: see <https://doc.rust-lang.org/nightly/rustc/check-cfg/cargo-specifics.html> for more information about checking conditional configuration
[INFO] [stdout]    = note: `#[warn(unexpected_cfgs)]` on by default
[INFO] [stdout] 
[INFO] [stdout] 
[INFO] [stderr]     Finished `dev` profile [unoptimized + debuginfo] target(s) in 3.20s
[INFO] running `Command { std: "docker" "inspect" "d74e4337fbe0642aaaef7ee00dfeb85abe825626fd11530766058405edf16ef5", kill_on_drop: false }`
[INFO] running `Command { std: "docker" "rm" "-f" "d74e4337fbe0642aaaef7ee00dfeb85abe825626fd11530766058405edf16ef5", kill_on_drop: false }`
[INFO] [stdout] d74e4337fbe0642aaaef7ee00dfeb85abe825626fd11530766058405edf16ef5
[INFO] running `Command { std: "docker" "create" "-v" "/var/lib/crater-agent-workspace/builds/worker-5-tc2/target:/opt/rustwide/target:rw,Z" "-v" "/var/lib/crater-agent-workspace/builds/worker-5-tc2/source:/opt/rustwide/workdir:ro,Z" "-v" "/var/lib/crater-agent-workspace/cargo-home:/opt/rustwide/cargo-home:ro,Z" "-v" "/var/lib/crater-agent-workspace/rustup-home:/opt/rustwide/rustup-home:ro,Z" "-e" "SOURCE_DIR=/opt/rustwide/workdir" "-e" "CARGO_TARGET_DIR=/opt/rustwide/target" "-e" "CARGO_INCREMENTAL=0" "-e" "RUST_BACKTRACE=full" "-e" "RUSTFLAGS=--cap-lints=forbid -Zrandomize-layout" "-e" "RUSTDOCFLAGS=--cap-lints=forbid" "-e" "CARGO_HOME=/opt/rustwide/cargo-home" "-e" "RUSTUP_HOME=/opt/rustwide/rustup-home" "-w" "/opt/rustwide/workdir" "-m" "1610612736" "--user" "0:0" "--network" "none" "ghcr.io/rust-lang/crates-build-env/linux@sha256:4a844ea9eb2546a2d2c7022eacef16ef2e8229c7fbb2c7d4d55a9ceca922f72d" "/opt/rustwide/cargo-home/bin/cargo" "+nightly-2024-10-28" "test" "--frozen" "--no-run" "--message-format=json", kill_on_drop: false }`
[INFO] [stdout] 9503b00dbf9d92a766893e05ddb9d97cba622d8962f593db17880bc3df083723
[INFO] running `Command { std: "docker" "start" "-a" "9503b00dbf9d92a766893e05ddb9d97cba622d8962f593db17880bc3df083723", kill_on_drop: false }`
[INFO] [stderr]    Compiling matrix_lib v0.7.1 (/opt/rustwide/workdir)
[INFO] [stdout] warning: unexpected `cfg` condition value: `parallel`
[INFO] [stdout]   --> src/lib.rs:19:7
[INFO] [stdout]    |
[INFO] [stdout] 19 | #[cfg(target_feature = "parallel")]
[INFO] [stdout]    |       ^^^^^^^^^^^^^^^^^^^^^^^^^^^
[INFO] [stdout]    |
[INFO] [stdout]    = note: expected values for `target_feature` are: `10e60`, `2e3`, `3e3r1`, `3e3r2`, `3e3r3`, `3e7`, `7e10`, `a`, `aclass`, `adx`, `aes`, `altivec`, `alu32`, `amx-bf16`, `amx-complex`, `amx-fp16`, `amx-int8`, `amx-tile`, `atomics`, `avx`, `avx2`, `avx512bf16`, `avx512bitalg`, `avx512bw`, `avx512cd`, `avx512dq`, `avx512f`, `avx512fp16`, `avx512ifma`, `avx512vbmi`, `avx512vbmi2`, `avx512vl`, `avx512vnni`, `avx512vp2intersect`, and `avx512vpopcntdq` and 246 more
[INFO] [stdout]    = note: see <https://doc.rust-lang.org/nightly/rustc/check-cfg/cargo-specifics.html> for more information about checking conditional configuration
[INFO] [stdout]    = note: `#[warn(unexpected_cfgs)]` on by default
[INFO] [stdout] 
[INFO] [stdout] 
[INFO] [stdout] warning: unexpected `cfg` condition value: `parallel`
[INFO] [stdout]   --> src/lib.rs:19:7
[INFO] [stdout]    |
[INFO] [stdout] 19 | #[cfg(target_feature = "parallel")]
[INFO] [stdout]    |       ^^^^^^^^^^^^^^^^^^^^^^^^^^^
[INFO] [stdout]    |
[INFO] [stdout]    = note: expected values for `target_feature` are: `10e60`, `2e3`, `3e3r1`, `3e3r2`, `3e3r3`, `3e7`, `7e10`, `a`, `aclass`, `adx`, `aes`, `altivec`, `alu32`, `amx-bf16`, `amx-complex`, `amx-fp16`, `amx-int8`, `amx-tile`, `atomics`, `avx`, `avx2`, `avx512bf16`, `avx512bitalg`, `avx512bw`, `avx512cd`, `avx512dq`, `avx512f`, `avx512fp16`, `avx512ifma`, `avx512vbmi`, `avx512vbmi2`, `avx512vl`, `avx512vnni`, `avx512vp2intersect`, and `avx512vpopcntdq` and 246 more
[INFO] [stdout]    = note: see <https://doc.rust-lang.org/nightly/rustc/check-cfg/cargo-specifics.html> for more information about checking conditional configuration
[INFO] [stdout]    = note: `#[warn(unexpected_cfgs)]` on by default
[INFO] [stdout] 
[INFO] [stdout] 
[INFO] [stderr]     Finished `test` profile [unoptimized + debuginfo] target(s) in 0.44s
[INFO] running `Command { std: "docker" "inspect" "9503b00dbf9d92a766893e05ddb9d97cba622d8962f593db17880bc3df083723", kill_on_drop: false }`
[INFO] running `Command { std: "docker" "rm" "-f" "9503b00dbf9d92a766893e05ddb9d97cba622d8962f593db17880bc3df083723", kill_on_drop: false }`
[INFO] [stdout] 9503b00dbf9d92a766893e05ddb9d97cba622d8962f593db17880bc3df083723
[INFO] running `Command { std: "docker" "create" "-v" "/var/lib/crater-agent-workspace/builds/worker-5-tc2/target:/opt/rustwide/target:rw,Z" "-v" "/var/lib/crater-agent-workspace/builds/worker-5-tc2/source:/opt/rustwide/workdir:ro,Z" "-v" "/var/lib/crater-agent-workspace/cargo-home:/opt/rustwide/cargo-home:ro,Z" "-v" "/var/lib/crater-agent-workspace/rustup-home:/opt/rustwide/rustup-home:ro,Z" "-e" "SOURCE_DIR=/opt/rustwide/workdir" "-e" "CARGO_TARGET_DIR=/opt/rustwide/target" "-e" "CARGO_INCREMENTAL=0" "-e" "RUST_BACKTRACE=full" "-e" "RUSTFLAGS=--cap-lints=forbid -Zrandomize-layout" "-e" "RUSTDOCFLAGS=--cap-lints=forbid" "-e" "CARGO_HOME=/opt/rustwide/cargo-home" "-e" "RUSTUP_HOME=/opt/rustwide/rustup-home" "-w" "/opt/rustwide/workdir" "-m" "1610612736" "--user" "0:0" "--network" "none" "ghcr.io/rust-lang/crates-build-env/linux@sha256:4a844ea9eb2546a2d2c7022eacef16ef2e8229c7fbb2c7d4d55a9ceca922f72d" "/opt/rustwide/cargo-home/bin/cargo" "+nightly-2024-10-28" "test" "--frozen", kill_on_drop: false }`
[INFO] [stdout] 8527ed857da308395f3ce3e0ff6b11d279b54a0fa91f961ad52774251ead764d
[INFO] running `Command { std: "docker" "start" "-a" "8527ed857da308395f3ce3e0ff6b11d279b54a0fa91f961ad52774251ead764d", kill_on_drop: false }`
[INFO] [stderr] warning: unexpected `cfg` condition value: `parallel`
[INFO] [stderr]   --> src/lib.rs:19:7
[INFO] [stderr]    |
[INFO] [stderr] 19 | #[cfg(target_feature = "parallel")]
[INFO] [stderr]    |       ^^^^^^^^^^^^^^^^^^^^^^^^^^^
[INFO] [stderr]    |
[INFO] [stderr]    = note: expected values for `target_feature` are: `10e60`, `2e3`, `3e3r1`, `3e3r2`, `3e3r3`, `3e7`, `7e10`, `a`, `aclass`, `adx`, `aes`, `altivec`, `alu32`, `amx-bf16`, `amx-complex`, `amx-fp16`, `amx-int8`, `amx-tile`, `atomics`, `avx`, `avx2`, `avx512bf16`, `avx512bitalg`, `avx512bw`, `avx512cd`, `avx512dq`, `avx512f`, `avx512fp16`, `avx512ifma`, `avx512vbmi`, `avx512vbmi2`, `avx512vl`, `avx512vnni`, `avx512vp2intersect`, and `avx512vpopcntdq` and 246 more
[INFO] [stderr]    = note: see <https://doc.rust-lang.org/nightly/rustc/check-cfg/cargo-specifics.html> for more information about checking conditional configuration
[INFO] [stderr]    = note: `#[warn(unexpected_cfgs)]` on by default
[INFO] [stderr] 
[INFO] [stderr] warning: `matrix_lib` (lib) generated 1 warning
[INFO] [stderr] warning: `matrix_lib` (lib test) generated 1 warning (1 duplicate)
[INFO] [stderr]     Finished `test` profile [unoptimized + debuginfo] target(s) in 0.02s
[INFO] [stdout] 
[INFO] [stderr]      Running unittests src/lib.rs (/opt/rustwide/target/debug/deps/matrix_lib-b581cfce1723794a)
[INFO] [stdout] running 14 tests
[INFO] [stdout] test tests::classic_tests::from_vec ... ok
[INFO] [stdout] test tests::classic_tests::determinant_with_row_swap ... ok
[INFO] [stdout] test tests::classic_tests::gaussian_elimination ... ok
[INFO] [stdout] test tests::classic_tests::gaussian_elimination_with_division_by_zero ... ok
[INFO] [stdout] test tests::classic_tests::determinant_cmp_gaussian_elimination_determinant ... ok
[INFO] [stdout] test tests::classic_tests::gaussian_elimination_with_row_swap ... ok
[INFO] [stdout] test tests::classic_tests::inverse ... ok
[INFO] [stdout] test tests::classic_tests::inverse_2 ... ok
[INFO] [stdout] test tests::classic_tests::mul ... ok
[INFO] [stdout] test tests::classic_tests::scalar_mul ... ok
[INFO] [stdout] test tests::classic_tests::sum ... ok
[INFO] [stdout] test tests::classic_tests::sum_fail ... ok
[INFO] [stdout] test tests::classic_tests::transpose ... ok
[INFO] [stdout] test tests::classic_tests::vectorize ... ok
[INFO] [stdout] 
[INFO] [stdout] test result: ok. 14 passed; 0 failed; 0 ignored; 0 measured; 0 filtered out; finished in 0.00s
[INFO] [stdout] 
[INFO] [stderr]    Doc-tests matrix_lib
[INFO] [stdout] 
[INFO] [stdout] running 6 tests
[INFO] [stdout] test src/lib.rs - Matrix<T>::sum (line 117) ... FAILED
[INFO] [stdout] test src/lib.rs - Matrix<T>::sum (line 108) ... FAILED
[INFO] [stdout] test src/lib.rs - Matrix<T>::get_size (line 343) ... FAILED
[INFO] [stdout] test src/lib.rs - Matrix<T>::from_vectorized (line 260) ... ok
[INFO] [stdout] test src/lib.rs - matrix (line 375) ... ok
[INFO] [stdout] test src/lib.rs - (line 6) ... ok
[INFO] [stdout] 
[INFO] [stdout] failures:
[INFO] [stdout] 
[INFO] [stdout] ---- src/lib.rs - Matrix<T>::sum (line 117) stdout ----
[INFO] [stdout] error[E0308]: mismatched types
[INFO] [stdout]    --> src/lib.rs:122:48
[INFO] [stdout]     |
[INFO] [stdout] 8   | assert_eq!(matrix![[2,4,6], [8,10,12]], m1.sum(m2).unwrap());
[INFO] [stdout]     |                                            --- ^^ expected `&Matrix<{integer}>`, found `Matrix<{integer}>`
[INFO] [stdout]     |                                            |
[INFO] [stdout]     |                                            arguments to this method are incorrect
[INFO] [stdout]     |
[INFO] [stdout]     = note: expected reference `&Matrix<{integer}>`
[INFO] [stdout]                   found struct `Matrix<{integer}>`
[INFO] [stdout] note: method defined here
[INFO] [stdout]    --> /opt/rustwide/workdir/src/lib.rs:124:12
[INFO] [stdout]     |
[INFO] [stdout] 124 |     pub fn sum(&self, other: &Matrix<T>) -> Result<Self, String> {
[INFO] [stdout]     |            ^^^
[INFO] [stdout] help: consider borrowing here
[INFO] [stdout]     |
[INFO] [stdout] 8   | assert_eq!(matrix![[2,4,6], [8,10,12]], m1.sum(&m2).unwrap());
[INFO] [stdout]     |                                                +
[INFO] [stdout] 
[INFO] [stdout] error: aborting due to 1 previous error
[INFO] [stdout] 
[INFO] [stdout] For more information about this error, try `rustc --explain E0308`.
[INFO] [stdout] Couldn't compile the test.
[INFO] [stdout] ---- src/lib.rs - Matrix<T>::sum (line 108) stdout ----
[INFO] [stdout] error[E0308]: mismatched types
[INFO] [stdout]    --> src/lib.rs:113:25
[INFO] [stdout]     |
[INFO] [stdout] 8   | assert!(matches!(m1.sum(m2), Err(String)));
[INFO] [stdout]     |                     --- ^^ expected `&Matrix<{integer}>`, found `Matrix<{integer}>`
[INFO] [stdout]     |                     |
[INFO] [stdout]     |                     arguments to this method are incorrect
[INFO] [stdout]     |
[INFO] [stdout]     = note: expected reference `&Matrix<{integer}>`
[INFO] [stdout]                   found struct `Matrix<{integer}>`
[INFO] [stdout] note: method defined here
[INFO] [stdout]    --> /opt/rustwide/workdir/src/lib.rs:124:12
[INFO] [stdout]     |
[INFO] [stdout] 124 |     pub fn sum(&self, other: &Matrix<T>) -> Result<Self, String> {
[INFO] [stdout]     |            ^^^
[INFO] [stdout] help: consider borrowing here
[INFO] [stdout]     |
[INFO] [stdout] 8   | assert!(matches!(m1.sum(&m2), Err(String)));
[INFO] [stdout]     |                         +
[INFO] [stdout] 
[INFO] [stdout] error: aborting due to 1 previous error
[INFO] [stdout] 
[INFO] [stdout] For more information about this error, try `rustc --explain E0308`.
[INFO] [stdout] Couldn't compile the test.
[INFO] [stdout] ---- src/lib.rs - Matrix<T>::get_size (line 343) stdout ----
[INFO] [stdout] Test executable failed (exit status: 101).
[INFO] [stdout] 
[INFO] [stdout] stderr:
[INFO] [stdout] thread 'main' panicked at src/lib.rs:8:1:
[INFO] [stdout] assertion `left == right` failed
[INFO] [stdout]   left: Size { x: 4, y: 3 }
[INFO] [stdout]  right: Size { x: 3, y: 4 }
[INFO] [stdout] stack backtrace:
[INFO] [stdout]    0:     0x5da22ff8917a - std::backtrace_rs::backtrace::libunwind::trace::h207520d6e9873551
[INFO] [stdout]                                at /rustc/df4ca44d3fbc9301ee17f30f4d474e6ae4b05252/library/std/src/../../backtrace/src/backtrace/libunwind.rs:116:5
[INFO] [stdout]    1:     0x5da22ff8917a - std::backtrace_rs::backtrace::trace_unsynchronized::h2ed7433f370e3eca
[INFO] [stdout]                                at /rustc/df4ca44d3fbc9301ee17f30f4d474e6ae4b05252/library/std/src/../../backtrace/src/backtrace/mod.rs:66:5
[INFO] [stdout]    2:     0x5da22ff8917a - std::sys::backtrace::_print_fmt::h916fac51166b18d7
[INFO] [stdout]                                at /rustc/df4ca44d3fbc9301ee17f30f4d474e6ae4b05252/library/std/src/sys/backtrace.rs:66:9
[INFO] [stdout]    3:     0x5da22ff8917a - <std::sys::backtrace::BacktraceLock::print::DisplayBacktrace as core::fmt::Display>::fmt::ha0a4c9b8ce3802e6
[INFO] [stdout]                                at /rustc/df4ca44d3fbc9301ee17f30f4d474e6ae4b05252/library/std/src/sys/backtrace.rs:39:26
[INFO] [stdout]    4:     0x5da22ffa5223 - core::fmt::rt::Argument::fmt::h4cfc8587d52b3eb5
[INFO] [stdout]                                at /rustc/df4ca44d3fbc9301ee17f30f4d474e6ae4b05252/library/core/src/fmt/rt.rs:177:76
[INFO] [stdout]    5:     0x5da22ffa5223 - core::fmt::write::h522cc39e5b36ae9f
[INFO] [stdout]                                at /rustc/df4ca44d3fbc9301ee17f30f4d474e6ae4b05252/library/core/src/fmt/mod.rs:1190:21
[INFO] [stdout]    6:     0x5da22ff86be3 - std::io::Write::write_fmt::hf1c1dcc8cc1287f0
[INFO] [stdout]                                at /rustc/df4ca44d3fbc9301ee17f30f4d474e6ae4b05252/library/std/src/io/mod.rs:1839:15
[INFO] [stdout]    7:     0x5da22ff88fc2 - std::sys::backtrace::BacktraceLock::print::h4b9e00b29e9c0942
[INFO] [stdout]                                at /rustc/df4ca44d3fbc9301ee17f30f4d474e6ae4b05252/library/std/src/sys/backtrace.rs:42:9
[INFO] [stdout]    8:     0x5da22ff89f8c - std::panicking::default_hook::{{closure}}::hb59b88280d0324d9
[INFO] [stdout]                                at /rustc/df4ca44d3fbc9301ee17f30f4d474e6ae4b05252/library/std/src/panicking.rs:268:22
[INFO] [stdout]    9:     0x5da22ff89dd2 - std::panicking::default_hook::he1dd496665be4a29
[INFO] [stdout]                                at /rustc/df4ca44d3fbc9301ee17f30f4d474e6ae4b05252/library/std/src/panicking.rs:295:9
[INFO] [stdout]   10:     0x5da22ff8a587 - std::panicking::rust_panic_with_hook::h2ff17fe8f26dfcf8
[INFO] [stdout]                                at /rustc/df4ca44d3fbc9301ee17f30f4d474e6ae4b05252/library/std/src/panicking.rs:801:13
[INFO] [stdout]   11:     0x5da22ff8a41a - std::panicking::begin_panic_handler::{{closure}}::h4fad77951c07e101
[INFO] [stdout]                                at /rustc/df4ca44d3fbc9301ee17f30f4d474e6ae4b05252/library/std/src/panicking.rs:674:13
[INFO] [stdout]   12:     0x5da22ff89659 - std::sys::backtrace::__rust_end_short_backtrace::hb1a25b3da5d0ea08
[INFO] [stdout]                                at /rustc/df4ca44d3fbc9301ee17f30f4d474e6ae4b05252/library/std/src/sys/backtrace.rs:170:18
[INFO] [stdout]   13:     0x5da22ff8a0ac - rust_begin_unwind
[INFO] [stdout]                                at /rustc/df4ca44d3fbc9301ee17f30f4d474e6ae4b05252/library/std/src/panicking.rs:665:5
[INFO] [stdout]   14:     0x5da22ffa44c0 - core::panicking::panic_fmt::ha9db07b529f9b256
[INFO] [stdout]                                at /rustc/df4ca44d3fbc9301ee17f30f4d474e6ae4b05252/library/core/src/panicking.rs:75:14
[INFO] [stdout]   15:     0x5da22ffa4852 - core::panicking::assert_failed_inner::h04f38944d74a80a8
[INFO] [stdout]   16:     0x5da22ff68f39 - core::panicking::assert_failed::he90906ced8037469
[INFO] [stdout]   17:     0x5da22ff69f4e - rust_out::main::_doctest_main_src_lib_rs_343_0::he5fa3f3a12d9287c
[INFO] [stdout]   18:     0x5da22ff69b46 - rust_out::main::ha213a30daa5df4da
[INFO] [stdout]   19:     0x5da22ff684d3 - core::ops::function::FnOnce::call_once::hf7edf7132571051c
[INFO] [stdout]   20:     0x5da22ff68296 - std::sys::backtrace::__rust_begin_short_backtrace::h32fd822fd2ba4079
[INFO] [stdout]   21:     0x5da22ff68279 - std::rt::lang_start::{{closure}}::h4039a1c394ed4f7c
[INFO] [stdout]   22:     0x5da22ff850c7 - core::ops::function::impls::<impl core::ops::function::FnOnce<A> for &F>::call_once::hd87d66b906e0ccaf
[INFO] [stdout]                                at /rustc/df4ca44d3fbc9301ee17f30f4d474e6ae4b05252/library/core/src/ops/function.rs:284:13
[INFO] [stdout]   23:     0x5da22ff850c7 - std::panicking::try::do_call::hae3703de71fc9e3a
[INFO] [stdout]                                at /rustc/df4ca44d3fbc9301ee17f30f4d474e6ae4b05252/library/std/src/panicking.rs:557:40
[INFO] [stdout]   24:     0x5da22ff850c7 - std::panicking::try::h1178330e9a2b2645
[INFO] [stdout]                                at /rustc/df4ca44d3fbc9301ee17f30f4d474e6ae4b05252/library/std/src/panicking.rs:520:19
[INFO] [stdout]   25:     0x5da22ff850c7 - std::panic::catch_unwind::h0acf49d2305d32ad
[INFO] [stdout]                                at /rustc/df4ca44d3fbc9301ee17f30f4d474e6ae4b05252/library/std/src/panic.rs:358:14
[INFO] [stdout]   26:     0x5da22ff850c7 - std::rt::lang_start_internal::{{closure}}::h2d95182d798177be
[INFO] [stdout]                                at /rustc/df4ca44d3fbc9301ee17f30f4d474e6ae4b05252/library/std/src/rt.rs:174:48
[INFO] [stdout]   27:     0x5da22ff850c7 - std::panicking::try::do_call::hb506f5bfe11fd30c
[INFO] [stdout]                                at /rustc/df4ca44d3fbc9301ee17f30f4d474e6ae4b05252/library/std/src/panicking.rs:557:40
[INFO] [stdout]   28:     0x5da22ff850c7 - std::panicking::try::h54d825c46bd0fa95
[INFO] [stdout]                                at /rustc/df4ca44d3fbc9301ee17f30f4d474e6ae4b05252/library/std/src/panicking.rs:520:19
[INFO] [stdout]   29:     0x5da22ff850c7 - std::panic::catch_unwind::hffbb0ad20c4e9fac
[INFO] [stdout]                                at /rustc/df4ca44d3fbc9301ee17f30f4d474e6ae4b05252/library/std/src/panic.rs:358:14
[INFO] [stdout]   30:     0x5da22ff850c7 - std::rt::lang_start_internal::h52c291ef1962c925
[INFO] [stdout]                                at /rustc/df4ca44d3fbc9301ee17f30f4d474e6ae4b05252/library/std/src/rt.rs:174:20
[INFO] [stdout]   31:     0x5da22ff68257 - std::rt::lang_start::h8c6075cd6f225ba1
[INFO] [stdout]   32:     0x5da22ff69f95 - main
[INFO] [stdout]   33:     0x7b6357427d90 - <unknown>
[INFO] [stdout]   34:     0x7b6357427e40 - __libc_start_main
[INFO] [stdout]   35:     0x5da22ff66f25 - _start
[INFO] [stdout]   36:                0x0 - <unknown>
[INFO] [stdout] 
[INFO] [stdout] 
[INFO] [stdout] 
[INFO] [stdout] failures:
[INFO] [stdout]     src/lib.rs - Matrix<T>::get_size (line 343)
[INFO] [stdout]     src/lib.rs - Matrix<T>::sum (line 108)
[INFO] [stdout]     src/lib.rs - Matrix<T>::sum (line 117)
[INFO] [stdout] 
[INFO] [stdout] test result: FAILED. 3 passed; 3 failed; 0 ignored; 0 measured; 0 filtered out; finished in 0.28s
[INFO] [stdout] 
[INFO] [stderr] error: doctest failed, to rerun pass `--doc`
[INFO] running `Command { std: "docker" "inspect" "8527ed857da308395f3ce3e0ff6b11d279b54a0fa91f961ad52774251ead764d", kill_on_drop: false }`
[INFO] running `Command { std: "docker" "rm" "-f" "8527ed857da308395f3ce3e0ff6b11d279b54a0fa91f961ad52774251ead764d", kill_on_drop: false }`
[INFO] [stdout] 8527ed857da308395f3ce3e0ff6b11d279b54a0fa91f961ad52774251ead764d
