[INFO] fetching crate mathio 0.2.5...
[INFO] testing mathio-0.2.5 against nightly-2024-10-28+rustflags=-Zrandomize-layout for randomize-layout
[INFO] extracting crate mathio 0.2.5 into /workspace/builds/worker-5-tc2/source
[INFO] validating manifest of crates.io crate mathio 0.2.5 on toolchain nightly-2024-10-28
[INFO] running `Command { std: CARGO_HOME="/workspace/cargo-home" RUSTUP_HOME="/workspace/rustup-home" "/workspace/cargo-home/bin/cargo" "+nightly-2024-10-28" "metadata" "--manifest-path" "Cargo.toml" "--no-deps", kill_on_drop: false }`
[INFO] started tweaking crates.io crate mathio 0.2.5
[INFO] finished tweaking crates.io crate mathio 0.2.5
[INFO] tweaked toml for crates.io crate mathio 0.2.5 written to /workspace/builds/worker-5-tc2/source/Cargo.toml
[INFO] running `Command { std: CARGO_HOME="/workspace/cargo-home" RUSTUP_HOME="/workspace/rustup-home" "/workspace/cargo-home/bin/cargo" "+nightly-2024-10-28" "generate-lockfile" "--manifest-path" "Cargo.toml", kill_on_drop: false }`
[INFO] [stderr]     Updating crates.io index
[INFO] [stderr]      Locking 135 packages to latest compatible versions
[INFO] [stderr]       Adding deku v0.16.0 (available: v0.18.1)
[INFO] running `Command { std: CARGO_HOME="/workspace/cargo-home" RUSTUP_HOME="/workspace/rustup-home" "/workspace/cargo-home/bin/cargo" "+nightly-2024-10-28" "fetch" "--manifest-path" "Cargo.toml", kill_on_drop: false }`
[INFO] [stderr] warning: `default_features` is deprecated in favor of `default-features` and will not work in the 2024 edition
[INFO] [stderr] (in the `bevy` dependency)
[INFO] [stderr] warning: `default_features` is deprecated in favor of `default-features` and will not work in the 2024 edition
[INFO] [stderr] (in the `deku` dependency)
[INFO] [stderr] warning: `default_features` is deprecated in favor of `default-features` and will not work in the 2024 edition
[INFO] [stderr] (in the `serde` dependency)
[INFO] [stderr] warning: `default_features` is deprecated in favor of `default-features` and will not work in the 2024 edition
[INFO] [stderr] (in the `speedy` dependency)
[INFO] running `Command { std: "docker" "create" "-v" "/var/lib/crater-agent-workspace/builds/worker-5-tc2/target:/opt/rustwide/target:rw,Z" "-v" "/var/lib/crater-agent-workspace/builds/worker-5-tc2/source:/opt/rustwide/workdir:ro,Z" "-v" "/var/lib/crater-agent-workspace/cargo-home:/opt/rustwide/cargo-home:ro,Z" "-v" "/var/lib/crater-agent-workspace/rustup-home:/opt/rustwide/rustup-home:ro,Z" "-e" "SOURCE_DIR=/opt/rustwide/workdir" "-e" "CARGO_TARGET_DIR=/opt/rustwide/target" "-e" "CARGO_HOME=/opt/rustwide/cargo-home" "-e" "RUSTUP_HOME=/opt/rustwide/rustup-home" "-w" "/opt/rustwide/workdir" "-m" "1610612736" "--user" "0:0" "--network" "none" "ghcr.io/rust-lang/crates-build-env/linux@sha256:4a844ea9eb2546a2d2c7022eacef16ef2e8229c7fbb2c7d4d55a9ceca922f72d" "/opt/rustwide/cargo-home/bin/cargo" "+nightly-2024-10-28" "metadata" "--no-deps" "--format-version=1", kill_on_drop: false }`
[INFO] [stdout] fd33351ccaee6fd5d71d71a484410a67a50f054e4aca295b0aab0f8ba16062c0
[INFO] running `Command { std: "docker" "start" "-a" "fd33351ccaee6fd5d71d71a484410a67a50f054e4aca295b0aab0f8ba16062c0", kill_on_drop: false }`
[INFO] running `Command { std: "docker" "inspect" "fd33351ccaee6fd5d71d71a484410a67a50f054e4aca295b0aab0f8ba16062c0", kill_on_drop: false }`
[INFO] running `Command { std: "docker" "rm" "-f" "fd33351ccaee6fd5d71d71a484410a67a50f054e4aca295b0aab0f8ba16062c0", kill_on_drop: false }`
[INFO] [stdout] fd33351ccaee6fd5d71d71a484410a67a50f054e4aca295b0aab0f8ba16062c0
[INFO] running `Command { std: "docker" "create" "-v" "/var/lib/crater-agent-workspace/builds/worker-5-tc2/target:/opt/rustwide/target:rw,Z" "-v" "/var/lib/crater-agent-workspace/builds/worker-5-tc2/source:/opt/rustwide/workdir:ro,Z" "-v" "/var/lib/crater-agent-workspace/cargo-home:/opt/rustwide/cargo-home:ro,Z" "-v" "/var/lib/crater-agent-workspace/rustup-home:/opt/rustwide/rustup-home:ro,Z" "-e" "SOURCE_DIR=/opt/rustwide/workdir" "-e" "CARGO_TARGET_DIR=/opt/rustwide/target" "-e" "CARGO_INCREMENTAL=0" "-e" "RUST_BACKTRACE=full" "-e" "RUSTFLAGS=--cap-lints=forbid -Zrandomize-layout" "-e" "RUSTDOCFLAGS=--cap-lints=forbid" "-e" "CARGO_HOME=/opt/rustwide/cargo-home" "-e" "RUSTUP_HOME=/opt/rustwide/rustup-home" "-w" "/opt/rustwide/workdir" "-m" "1610612736" "--user" "0:0" "--network" "none" "ghcr.io/rust-lang/crates-build-env/linux@sha256:4a844ea9eb2546a2d2c7022eacef16ef2e8229c7fbb2c7d4d55a9ceca922f72d" "/opt/rustwide/cargo-home/bin/cargo" "+nightly-2024-10-28" "build" "--frozen" "--message-format=json", kill_on_drop: false }`
[INFO] [stdout] 81cbabe7fae368f849192be41a0610992ab85bcf03534010c6617df72494e038
[INFO] running `Command { std: "docker" "start" "-a" "81cbabe7fae368f849192be41a0610992ab85bcf03534010c6617df72494e038", kill_on_drop: false }`
[INFO] [stderr] warning: `default_features` is deprecated in favor of `default-features` and will not work in the 2024 edition
[INFO] [stderr] (in the `bevy` dependency)
[INFO] [stderr] warning: `default_features` is deprecated in favor of `default-features` and will not work in the 2024 edition
[INFO] [stderr] (in the `deku` dependency)
[INFO] [stderr] warning: `default_features` is deprecated in favor of `default-features` and will not work in the 2024 edition
[INFO] [stderr] (in the `serde` dependency)
[INFO] [stderr] warning: `default_features` is deprecated in favor of `default-features` and will not work in the 2024 edition
[INFO] [stderr] (in the `speedy` dependency)
[INFO] [stderr]    Compiling mathio v0.2.5 (/opt/rustwide/workdir)
[INFO] [stderr]     Finished `dev` profile [unoptimized + debuginfo] target(s) in 0.09s
[INFO] running `Command { std: "docker" "inspect" "81cbabe7fae368f849192be41a0610992ab85bcf03534010c6617df72494e038", kill_on_drop: false }`
[INFO] running `Command { std: "docker" "rm" "-f" "81cbabe7fae368f849192be41a0610992ab85bcf03534010c6617df72494e038", kill_on_drop: false }`
[INFO] [stdout] 81cbabe7fae368f849192be41a0610992ab85bcf03534010c6617df72494e038
[INFO] running `Command { std: "docker" "create" "-v" "/var/lib/crater-agent-workspace/builds/worker-5-tc2/target:/opt/rustwide/target:rw,Z" "-v" "/var/lib/crater-agent-workspace/builds/worker-5-tc2/source:/opt/rustwide/workdir:ro,Z" "-v" "/var/lib/crater-agent-workspace/cargo-home:/opt/rustwide/cargo-home:ro,Z" "-v" "/var/lib/crater-agent-workspace/rustup-home:/opt/rustwide/rustup-home:ro,Z" "-e" "SOURCE_DIR=/opt/rustwide/workdir" "-e" "CARGO_TARGET_DIR=/opt/rustwide/target" "-e" "CARGO_INCREMENTAL=0" "-e" "RUST_BACKTRACE=full" "-e" "RUSTFLAGS=--cap-lints=forbid -Zrandomize-layout" "-e" "RUSTDOCFLAGS=--cap-lints=forbid" "-e" "CARGO_HOME=/opt/rustwide/cargo-home" "-e" "RUSTUP_HOME=/opt/rustwide/rustup-home" "-w" "/opt/rustwide/workdir" "-m" "1610612736" "--user" "0:0" "--network" "none" "ghcr.io/rust-lang/crates-build-env/linux@sha256:4a844ea9eb2546a2d2c7022eacef16ef2e8229c7fbb2c7d4d55a9ceca922f72d" "/opt/rustwide/cargo-home/bin/cargo" "+nightly-2024-10-28" "test" "--frozen" "--no-run" "--message-format=json", kill_on_drop: false }`
[INFO] [stdout] 5c6b0d968ee98db75739d760832485f3a330536cc4e0dc6739bd9cdd581c6e11
[INFO] running `Command { std: "docker" "start" "-a" "5c6b0d968ee98db75739d760832485f3a330536cc4e0dc6739bd9cdd581c6e11", kill_on_drop: false }`
[INFO] [stderr] warning: `default_features` is deprecated in favor of `default-features` and will not work in the 2024 edition
[INFO] [stderr] (in the `bevy` dependency)
[INFO] [stderr] warning: `default_features` is deprecated in favor of `default-features` and will not work in the 2024 edition
[INFO] [stderr] (in the `deku` dependency)
[INFO] [stderr] warning: `default_features` is deprecated in favor of `default-features` and will not work in the 2024 edition
[INFO] [stderr] (in the `serde` dependency)
[INFO] [stderr] warning: `default_features` is deprecated in favor of `default-features` and will not work in the 2024 edition
[INFO] [stderr] (in the `speedy` dependency)
[INFO] [stderr]    Compiling mathio v0.2.5 (/opt/rustwide/workdir)
[INFO] [stderr]     Finished `test` profile [unoptimized + debuginfo] target(s) in 0.12s
[INFO] running `Command { std: "docker" "inspect" "5c6b0d968ee98db75739d760832485f3a330536cc4e0dc6739bd9cdd581c6e11", kill_on_drop: false }`
[INFO] running `Command { std: "docker" "rm" "-f" "5c6b0d968ee98db75739d760832485f3a330536cc4e0dc6739bd9cdd581c6e11", kill_on_drop: false }`
[INFO] [stdout] 5c6b0d968ee98db75739d760832485f3a330536cc4e0dc6739bd9cdd581c6e11
[INFO] running `Command { std: "docker" "create" "-v" "/var/lib/crater-agent-workspace/builds/worker-5-tc2/target:/opt/rustwide/target:rw,Z" "-v" "/var/lib/crater-agent-workspace/builds/worker-5-tc2/source:/opt/rustwide/workdir:ro,Z" "-v" "/var/lib/crater-agent-workspace/cargo-home:/opt/rustwide/cargo-home:ro,Z" "-v" "/var/lib/crater-agent-workspace/rustup-home:/opt/rustwide/rustup-home:ro,Z" "-e" "SOURCE_DIR=/opt/rustwide/workdir" "-e" "CARGO_TARGET_DIR=/opt/rustwide/target" "-e" "CARGO_INCREMENTAL=0" "-e" "RUST_BACKTRACE=full" "-e" "RUSTFLAGS=--cap-lints=forbid -Zrandomize-layout" "-e" "RUSTDOCFLAGS=--cap-lints=forbid" "-e" "CARGO_HOME=/opt/rustwide/cargo-home" "-e" "RUSTUP_HOME=/opt/rustwide/rustup-home" "-w" "/opt/rustwide/workdir" "-m" "1610612736" "--user" "0:0" "--network" "none" "ghcr.io/rust-lang/crates-build-env/linux@sha256:4a844ea9eb2546a2d2c7022eacef16ef2e8229c7fbb2c7d4d55a9ceca922f72d" "/opt/rustwide/cargo-home/bin/cargo" "+nightly-2024-10-28" "test" "--frozen", kill_on_drop: false }`
[INFO] [stdout] 329a2666f39bd48c26ab833b56f12184fc4f3b3add79411376b651385353522a
[INFO] running `Command { std: "docker" "start" "-a" "329a2666f39bd48c26ab833b56f12184fc4f3b3add79411376b651385353522a", kill_on_drop: false }`
[INFO] [stderr] warning: `default_features` is deprecated in favor of `default-features` and will not work in the 2024 edition
[INFO] [stderr] (in the `bevy` dependency)
[INFO] [stderr] warning: `default_features` is deprecated in favor of `default-features` and will not work in the 2024 edition
[INFO] [stderr] (in the `deku` dependency)
[INFO] [stderr] warning: `default_features` is deprecated in favor of `default-features` and will not work in the 2024 edition
[INFO] [stderr] (in the `serde` dependency)
[INFO] [stderr] warning: `default_features` is deprecated in favor of `default-features` and will not work in the 2024 edition
[INFO] [stderr] (in the `speedy` dependency)
[INFO] [stderr]     Finished `test` profile [unoptimized + debuginfo] target(s) in 0.03s
[INFO] [stderr]      Running unittests src/lib.rs (/opt/rustwide/target/debug/deps/mathio-281c340601d4d4d7)
[INFO] [stdout] 
[INFO] [stdout] running 0 tests
[INFO] [stdout] 
[INFO] [stdout] test result: ok. 0 passed; 0 failed; 0 ignored; 0 measured; 0 filtered out; finished in 0.00s
[INFO] [stdout] 
[INFO] [stderr]    Doc-tests mathio
[INFO] [stdout] 
[INFO] [stdout] running 7 tests
[INFO] [stdout] test src/../README.md - (line 37) ... FAILED
[INFO] [stdout] test src/period.rs - period::periodical_difference_short (line 35) ... FAILED
[INFO] [stdout] test src/period.rs - period::periodical_difference_long (line 62) ... FAILED
[INFO] [stdout] test src/period.rs - period::periodical (line 9) ... FAILED
[INFO] [stdout] test src/fractions.rs - fractions::Fraction::new (line 42) ... ok
[INFO] [stdout] test src/../README.md - (line 21) ... ok
[INFO] [stdout] test src/fractions.rs - fractions::Fraction (line 20) ... ok
[INFO] [stdout] 
[INFO] [stdout] failures:
[INFO] [stdout] 
[INFO] [stdout] ---- src/../README.md - (line 37) stdout ----
[INFO] [stdout] error[E0425]: cannot find function `periodical` in this scope
[INFO] [stdout]  --> src/../README.md:39:19
[INFO] [stdout]   |
[INFO] [stdout] 4 | assert_eq!(315.0, periodical(period, -45.0));
[INFO] [stdout]   |                   ^^^^^^^^^^ not found in this scope
[INFO] [stdout]   |
[INFO] [stdout] help: consider importing this function
[INFO] [stdout]   |
[INFO] [stdout] 2 + use mathio::periodical;
[INFO] [stdout]   |
[INFO] [stdout] 
[INFO] [stdout] error[E0425]: cannot find function `periodical` in this scope
[INFO] [stdout]  --> src/../README.md:40:18
[INFO] [stdout]   |
[INFO] [stdout] 5 | assert_eq!(45.0, periodical(period, 45.0));
[INFO] [stdout]   |                  ^^^^^^^^^^ not found in this scope
[INFO] [stdout]   |
[INFO] [stdout] help: consider importing this function
[INFO] [stdout]   |
[INFO] [stdout] 2 + use mathio::periodical;
[INFO] [stdout]   |
[INFO] [stdout] 
[INFO] [stdout] error[E0425]: cannot find function `periodical` in this scope
[INFO] [stdout]  --> src/../README.md:41:17
[INFO] [stdout]   |
[INFO] [stdout] 6 | assert_eq!(0.0, periodical(period, 360.0));
[INFO] [stdout]   |                 ^^^^^^^^^^ not found in this scope
[INFO] [stdout]   |
[INFO] [stdout] help: consider importing this function
[INFO] [stdout]   |
[INFO] [stdout] 2 + use mathio::periodical;
[INFO] [stdout]   |
[INFO] [stdout] 
[INFO] [stdout] error[E0425]: cannot find function `periodical` in this scope
[INFO] [stdout]  --> src/../README.md:42:18
[INFO] [stdout]   |
[INFO] [stdout] 7 | assert_eq!(90.0, periodical(period, 450.0));
[INFO] [stdout]   |                  ^^^^^^^^^^ not found in this scope
[INFO] [stdout]   |
[INFO] [stdout] help: consider importing this function
[INFO] [stdout]   |
[INFO] [stdout] 2 + use mathio::periodical;
[INFO] [stdout]   |
[INFO] [stdout] 
[INFO] [stdout] error: aborting due to 4 previous errors
[INFO] [stdout] 
[INFO] [stdout] For more information about this error, try `rustc --explain E0425`.
[INFO] [stdout] Couldn't compile the test.
[INFO] [stdout] ---- src/period.rs - period::periodical_difference_short (line 35) stdout ----
[INFO] [stdout] error[E0425]: cannot find function `periodical_difference_short` in this scope
[INFO] [stdout]  --> src/period.rs:37:20
[INFO] [stdout]   |
[INFO] [stdout] 4 |  assert_eq!(120.0, periodical_difference_short(period, 0.0, 120.0));
[INFO] [stdout]   |                    ^^^^^^^^^^^^^^^^^^^^^^^^^^^ not found in this scope
[INFO] [stdout]   |
[INFO] [stdout] help: consider importing this function
[INFO] [stdout]   |
[INFO] [stdout] 2 + use mathio::periodical_difference_short;
[INFO] [stdout]   |
[INFO] [stdout] 
[INFO] [stdout] error[E0425]: cannot find function `periodical_difference_short` in this scope
[INFO] [stdout]  --> src/period.rs:38:20
[INFO] [stdout]   |
[INFO] [stdout] 5 |  assert_eq!(-90.0, periodical_difference_short(period, 0.0, 270.0)); //Always returns the inner angle
[INFO] [stdout]   |                    ^^^^^^^^^^^^^^^^^^^^^^^^^^^ not found in this scope
[INFO] [stdout]   |
[INFO] [stdout] help: consider importing this function
[INFO] [stdout]   |
[INFO] [stdout] 2 + use mathio::periodical_difference_short;
[INFO] [stdout]   |
[INFO] [stdout] 
[INFO] [stdout] error[E0425]: cannot find function `periodical_difference_short` in this scope
[INFO] [stdout]  --> src/period.rs:39:19
[INFO] [stdout]   |
[INFO] [stdout] 6 |  assert_eq!(45.0, periodical_difference_short(period, 45.0, 90.0));
[INFO] [stdout]   |                   ^^^^^^^^^^^^^^^^^^^^^^^^^^^ not found in this scope
[INFO] [stdout]   |
[INFO] [stdout] help: consider importing this function
[INFO] [stdout]   |
[INFO] [stdout] 2 + use mathio::periodical_difference_short;
[INFO] [stdout]   |
[INFO] [stdout] 
[INFO] [stdout] error[E0425]: cannot find function `periodical_difference_short` in this scope
[INFO] [stdout]  --> src/period.rs:40:20
[INFO] [stdout]   |
[INFO] [stdout] 7 |  assert_eq!(-45.0, periodical_difference_short(period, 90.0, 45.0));
[INFO] [stdout]   |                    ^^^^^^^^^^^^^^^^^^^^^^^^^^^ not found in this scope
[INFO] [stdout]   |
[INFO] [stdout] help: consider importing this function
[INFO] [stdout]   |
[INFO] [stdout] 2 + use mathio::periodical_difference_short;
[INFO] [stdout]   |
[INFO] [stdout] 
[INFO] [stdout] error: aborting due to 4 previous errors
[INFO] [stdout] 
[INFO] [stdout] For more information about this error, try `rustc --explain E0425`.
[INFO] [stdout] Couldn't compile the test.
[INFO] [stdout] ---- src/period.rs - period::periodical_difference_long (line 62) stdout ----
[INFO] [stdout] error[E0425]: cannot find function `periodical_difference_long` in this scope
[INFO] [stdout]  --> src/period.rs:64:21
[INFO] [stdout]   |
[INFO] [stdout] 4 |  assert_eq!(-240.0, periodical_difference_long(period, 0.0, 120.0)); //Always returns the outer angle
[INFO] [stdout]   |                     ^^^^^^^^^^^^^^^^^^^^^^^^^^ not found in this scope
[INFO] [stdout]   |
[INFO] [stdout] help: consider importing this function
[INFO] [stdout]   |
[INFO] [stdout] 2 + use mathio::periodical_difference_long;
[INFO] [stdout]   |
[INFO] [stdout] 
[INFO] [stdout] error[E0425]: cannot find function `periodical_difference_long` in this scope
[INFO] [stdout]  --> src/period.rs:65:20
[INFO] [stdout]   |
[INFO] [stdout] 5 |  assert_eq!(270.0, periodical_difference_long(period, 0.0, 270.0));
[INFO] [stdout]   |                    ^^^^^^^^^^^^^^^^^^^^^^^^^^ not found in this scope
[INFO] [stdout]   |
[INFO] [stdout] help: consider importing this function
[INFO] [stdout]   |
[INFO] [stdout] 2 + use mathio::periodical_difference_long;
[INFO] [stdout]   |
[INFO] [stdout] 
[INFO] [stdout] error[E0425]: cannot find function `periodical_difference_long` in this scope
[INFO] [stdout]  --> src/period.rs:66:21
[INFO] [stdout]   |
[INFO] [stdout] 6 |  assert_eq!(-315.0, periodical_difference_long(period, 45.0, 90.0));
[INFO] [stdout]   |                     ^^^^^^^^^^^^^^^^^^^^^^^^^^ not found in this scope
[INFO] [stdout]   |
[INFO] [stdout] help: consider importing this function
[INFO] [stdout]   |
[INFO] [stdout] 2 + use mathio::periodical_difference_long;
[INFO] [stdout]   |
[INFO] [stdout] 
[INFO] [stdout] error[E0425]: cannot find function `periodical_difference_long` in this scope
[INFO] [stdout]  --> src/period.rs:67:20
[INFO] [stdout]   |
[INFO] [stdout] 7 |  assert_eq!(315.0, periodical_difference_long(period, 90.0, 45.0));
[INFO] [stdout]   |                    ^^^^^^^^^^^^^^^^^^^^^^^^^^ not found in this scope
[INFO] [stdout]   |
[INFO] [stdout] help: consider importing this function
[INFO] [stdout]   |
[INFO] [stdout] 2 + use mathio::periodical_difference_long;
[INFO] [stdout]   |
[INFO] [stdout] 
[INFO] [stdout] error: aborting due to 4 previous errors
[INFO] [stdout] 
[INFO] [stdout] For more information about this error, try `rustc --explain E0425`.
[INFO] [stdout] Couldn't compile the test.
[INFO] [stdout] ---- src/period.rs - period::periodical (line 9) stdout ----
[INFO] [stdout] error[E0425]: cannot find function `periodical` in this scope
[INFO] [stdout]  --> src/period.rs:11:20
[INFO] [stdout]   |
[INFO] [stdout] 4 |  assert_eq!(315.0, periodical(period, -45.0));
[INFO] [stdout]   |                    ^^^^^^^^^^ not found in this scope
[INFO] [stdout]   |
[INFO] [stdout] help: consider importing this function
[INFO] [stdout]   |
[INFO] [stdout] 2 + use mathio::periodical;
[INFO] [stdout]   |
[INFO] [stdout] 
[INFO] [stdout] error[E0425]: cannot find function `periodical` in this scope
[INFO] [stdout]  --> src/period.rs:12:19
[INFO] [stdout]   |
[INFO] [stdout] 5 |  assert_eq!(45.0, periodical(period, 45.0));
[INFO] [stdout]   |                   ^^^^^^^^^^ not found in this scope
[INFO] [stdout]   |
[INFO] [stdout] help: consider importing this function
[INFO] [stdout]   |
[INFO] [stdout] 2 + use mathio::periodical;
[INFO] [stdout]   |
[INFO] [stdout] 
[INFO] [stdout] error[E0425]: cannot find function `periodical` in this scope
[INFO] [stdout]  --> src/period.rs:13:18
[INFO] [stdout]   |
[INFO] [stdout] 6 |  assert_eq!(0.0, periodical(period, 360.0));
[INFO] [stdout]   |                  ^^^^^^^^^^ not found in this scope
[INFO] [stdout]   |
[INFO] [stdout] help: consider importing this function
[INFO] [stdout]   |
[INFO] [stdout] 2 + use mathio::periodical;
[INFO] [stdout]   |
[INFO] [stdout] 
[INFO] [stdout] error[E0425]: cannot find function `periodical` in this scope
[INFO] [stdout]  --> src/period.rs:14:19
[INFO] [stdout]   |
[INFO] [stdout] 7 |  assert_eq!(90.0, periodical(period, 450.0));
[INFO] [stdout]   |                   ^^^^^^^^^^ not found in this scope
[INFO] [stdout]   |
[INFO] [stdout] help: consider importing this function
[INFO] [stdout]   |
[INFO] [stdout] 2 + use mathio::periodical;
[INFO] [stdout]   |
[INFO] [stdout] 
[INFO] [stdout] error: aborting due to 4 previous errors
[INFO] [stdout] 
[INFO] [stdout] For more information about this error, try `rustc --explain E0425`.
[INFO] [stdout] Couldn't compile the test.
[INFO] [stdout] 
[INFO] [stdout] failures:
[INFO] [stdout]     src/../README.md - (line 37)
[INFO] [stdout]     src/period.rs - period::periodical (line 9)
[INFO] [stdout]     src/period.rs - period::periodical_difference_long (line 62)
[INFO] [stdout]     src/period.rs - period::periodical_difference_short (line 35)
[INFO] [stdout] 
[INFO] [stdout] test result: FAILED. 3 passed; 4 failed; 0 ignored; 0 measured; 0 filtered out; finished in 0.08s
[INFO] [stdout] 
[INFO] [stderr] error: doctest failed, to rerun pass `--doc`
[INFO] running `Command { std: "docker" "inspect" "329a2666f39bd48c26ab833b56f12184fc4f3b3add79411376b651385353522a", kill_on_drop: false }`
[INFO] running `Command { std: "docker" "rm" "-f" "329a2666f39bd48c26ab833b56f12184fc4f3b3add79411376b651385353522a", kill_on_drop: false }`
[INFO] [stdout] 329a2666f39bd48c26ab833b56f12184fc4f3b3add79411376b651385353522a
