[INFO] fetching crate material-yew 0.3.0...
[INFO] testing material-yew-0.3.0 against nightly-2024-10-28+rustflags=-Zrandomize-layout for randomize-layout
[INFO] extracting crate material-yew 0.3.0 into /workspace/builds/worker-5-tc2/source
[INFO] validating manifest of crates.io crate material-yew 0.3.0 on toolchain nightly-2024-10-28
[INFO] running `Command { std: CARGO_HOME="/workspace/cargo-home" RUSTUP_HOME="/workspace/rustup-home" "/workspace/cargo-home/bin/cargo" "+nightly-2024-10-28" "metadata" "--manifest-path" "Cargo.toml" "--no-deps", kill_on_drop: false }`
[INFO] started tweaking crates.io crate material-yew 0.3.0
[INFO] finished tweaking crates.io crate material-yew 0.3.0
[INFO] tweaked toml for crates.io crate material-yew 0.3.0 written to /workspace/builds/worker-5-tc2/source/Cargo.toml
[INFO] running `Command { std: CARGO_HOME="/workspace/cargo-home" RUSTUP_HOME="/workspace/rustup-home" "/workspace/cargo-home/bin/cargo" "+nightly-2024-10-28" "generate-lockfile" "--manifest-path" "Cargo.toml", kill_on_drop: false }`
[INFO] [stderr]     Updating crates.io index
[INFO] [stderr]      Locking 99 packages to latest compatible versions
[INFO] [stderr]       Adding gloo v0.8.1 (available: v0.11.0)
[INFO] [stderr]       Adding yew v0.20.0 (available: v0.21.0)
[INFO] running `Command { std: CARGO_HOME="/workspace/cargo-home" RUSTUP_HOME="/workspace/rustup-home" "/workspace/cargo-home/bin/cargo" "+nightly-2024-10-28" "fetch" "--manifest-path" "Cargo.toml", kill_on_drop: false }`
[INFO] running `Command { std: "docker" "create" "-v" "/var/lib/crater-agent-workspace/builds/worker-5-tc2/target:/opt/rustwide/target:rw,Z" "-v" "/var/lib/crater-agent-workspace/builds/worker-5-tc2/source:/opt/rustwide/workdir:ro,Z" "-v" "/var/lib/crater-agent-workspace/cargo-home:/opt/rustwide/cargo-home:ro,Z" "-v" "/var/lib/crater-agent-workspace/rustup-home:/opt/rustwide/rustup-home:ro,Z" "-e" "SOURCE_DIR=/opt/rustwide/workdir" "-e" "CARGO_TARGET_DIR=/opt/rustwide/target" "-e" "CARGO_HOME=/opt/rustwide/cargo-home" "-e" "RUSTUP_HOME=/opt/rustwide/rustup-home" "-w" "/opt/rustwide/workdir" "-m" "1610612736" "--user" "0:0" "--network" "none" "ghcr.io/rust-lang/crates-build-env/linux@sha256:4a844ea9eb2546a2d2c7022eacef16ef2e8229c7fbb2c7d4d55a9ceca922f72d" "/opt/rustwide/cargo-home/bin/cargo" "+nightly-2024-10-28" "metadata" "--no-deps" "--format-version=1", kill_on_drop: false }`
[INFO] [stdout] 0d4c70a653fb899cec18c01feabd88c78da6d159bbb34c449ec778d276981ee7
[INFO] running `Command { std: "docker" "start" "-a" "0d4c70a653fb899cec18c01feabd88c78da6d159bbb34c449ec778d276981ee7", kill_on_drop: false }`
[INFO] running `Command { std: "docker" "inspect" "0d4c70a653fb899cec18c01feabd88c78da6d159bbb34c449ec778d276981ee7", kill_on_drop: false }`
[INFO] running `Command { std: "docker" "rm" "-f" "0d4c70a653fb899cec18c01feabd88c78da6d159bbb34c449ec778d276981ee7", kill_on_drop: false }`
[INFO] [stdout] 0d4c70a653fb899cec18c01feabd88c78da6d159bbb34c449ec778d276981ee7
[INFO] running `Command { std: "docker" "create" "-v" "/var/lib/crater-agent-workspace/builds/worker-5-tc2/target:/opt/rustwide/target:rw,Z" "-v" "/var/lib/crater-agent-workspace/builds/worker-5-tc2/source:/opt/rustwide/workdir:ro,Z" "-v" "/var/lib/crater-agent-workspace/cargo-home:/opt/rustwide/cargo-home:ro,Z" "-v" "/var/lib/crater-agent-workspace/rustup-home:/opt/rustwide/rustup-home:ro,Z" "-e" "SOURCE_DIR=/opt/rustwide/workdir" "-e" "CARGO_TARGET_DIR=/opt/rustwide/target" "-e" "CARGO_INCREMENTAL=0" "-e" "RUST_BACKTRACE=full" "-e" "RUSTFLAGS=--cap-lints=forbid -Zrandomize-layout" "-e" "RUSTDOCFLAGS=--cap-lints=forbid" "-e" "CARGO_HOME=/opt/rustwide/cargo-home" "-e" "RUSTUP_HOME=/opt/rustwide/rustup-home" "-w" "/opt/rustwide/workdir" "-m" "1610612736" "--user" "0:0" "--network" "none" "ghcr.io/rust-lang/crates-build-env/linux@sha256:4a844ea9eb2546a2d2c7022eacef16ef2e8229c7fbb2c7d4d55a9ceca922f72d" "/opt/rustwide/cargo-home/bin/cargo" "+nightly-2024-10-28" "build" "--frozen" "--message-format=json", kill_on_drop: false }`
[INFO] [stdout] 7caa197ec88e69352df6b418d777a5c9aa50c1ea50c7098669f1d9095f5b505f
[INFO] running `Command { std: "docker" "start" "-a" "7caa197ec88e69352df6b418d777a5c9aa50c1ea50c7098669f1d9095f5b505f", kill_on_drop: false }`
[INFO] [stderr]    Compiling wasm-bindgen-shared v0.2.95
[INFO] [stderr]    Compiling bumpalo v3.16.0
[INFO] [stderr]    Compiling log v0.4.22
[INFO] [stderr]    Compiling wasm-bindgen v0.2.95
[INFO] [stderr]    Compiling syn v2.0.86
[INFO] [stderr]    Compiling futures-core v0.3.31
[INFO] [stderr]    Compiling futures-sink v0.3.31
[INFO] [stderr]    Compiling pin-project-lite v0.2.15
[INFO] [stderr]    Compiling slab v0.4.9
[INFO] [stderr]    Compiling syn v1.0.109
[INFO] [stderr]    Compiling futures-channel v0.3.31
[INFO] [stderr]    Compiling percent-encoding v2.3.1
[INFO] [stderr]    Compiling rustversion v1.0.18
[INFO] [stderr]    Compiling futures-task v0.3.31
[INFO] [stderr]    Compiling pin-utils v0.1.0
[INFO] [stderr]    Compiling futures-io v0.3.31
[INFO] [stderr]    Compiling form_urlencoded v1.2.1
[INFO] [stderr]    Compiling indexmap v1.9.3
[INFO] [stderr]    Compiling bytes v1.8.0
[INFO] [stderr]    Compiling prettyplease v0.1.25
[INFO] [stderr]    Compiling proc-macro-error-attr v1.0.4
[INFO] [stderr]    Compiling tokio v1.41.0
[INFO] [stderr]    Compiling anymap2 v0.13.0
[INFO] [stderr]    Compiling tracing-core v0.1.32
[INFO] [stderr]    Compiling boolinator v2.4.0
[INFO] [stderr]    Compiling http v0.2.12
[INFO] [stderr]    Compiling implicit-clone v0.3.9
[INFO] [stderr]    Compiling tokio-stream v0.1.16
[INFO] [stderr]    Compiling proc-macro-error v1.0.4
[INFO] [stderr]    Compiling wasm-bindgen-backend v0.2.95
[INFO] [stderr]    Compiling yew-macro v0.20.0
[INFO] [stderr]    Compiling serde_derive v1.0.214
[INFO] [stderr]    Compiling thiserror-impl v1.0.66
[INFO] [stderr]    Compiling futures-macro v0.3.31
[INFO] [stderr]    Compiling pin-project-internal v1.1.7
[INFO] [stderr]    Compiling tracing-attributes v0.1.27
[INFO] [stderr]    Compiling wasm-bindgen-macro-support v0.2.95
[INFO] [stderr]    Compiling futures-util v0.3.31
[INFO] [stderr]    Compiling pin-project v1.1.7
[INFO] [stderr]    Compiling thiserror v1.0.66
[INFO] [stderr]    Compiling wasm-bindgen-macro v0.2.95
[INFO] [stderr]    Compiling tracing v0.1.40
[INFO] [stderr]    Compiling js-sys v0.3.72
[INFO] [stderr]    Compiling console_error_panic_hook v0.1.7
[INFO] [stderr]    Compiling serde v1.0.214
[INFO] [stderr]    Compiling futures v0.3.31
[INFO] [stderr]    Compiling pinned v0.1.0
[INFO] [stderr]    Compiling prokio v0.1.0
[INFO] [stderr]    Compiling serde_json v1.0.132
[INFO] [stderr]    Compiling serde_urlencoded v0.7.1
[INFO] [stderr]    Compiling bincode v1.3.3
[INFO] [stderr]    Compiling web-sys v0.3.72
[INFO] [stderr]    Compiling wasm-bindgen-futures v0.4.45
[INFO] [stderr]    Compiling serde-wasm-bindgen v0.5.0
[INFO] [stderr]    Compiling gloo-timers v0.2.6
[INFO] [stderr]    Compiling gloo-utils v0.1.7
[INFO] [stderr]    Compiling gloo-events v0.1.2
[INFO] [stderr]    Compiling gloo-dialogs v0.1.1
[INFO] [stderr]    Compiling gloo-render v0.1.1
[INFO] [stderr]    Compiling gloo-console v0.2.3
[INFO] [stderr]    Compiling gloo-history v0.1.5
[INFO] [stderr]    Compiling gloo-file v0.2.3
[INFO] [stderr]    Compiling gloo-net v0.3.1
[INFO] [stderr]    Compiling gloo-storage v0.2.2
[INFO] [stderr]    Compiling gloo-worker v0.2.1
[INFO] [stderr]    Compiling gloo v0.8.1
[INFO] [stderr]    Compiling yew v0.20.0
[INFO] [stderr]    Compiling material-yew v0.3.0 (/opt/rustwide/workdir)
[INFO] [stdout] warning: unused macro definition: `component`
[INFO] [stdout]   --> src/lib.rs:44:14
[INFO] [stdout]    |
[INFO] [stdout] 44 | macro_rules! component {
[INFO] [stdout]    |              ^^^^^^^^^
[INFO] [stdout]    |
[INFO] [stdout]    = note: `#[warn(unused_macros)]` on by default
[INFO] [stdout] 
[INFO] [stdout] 
[INFO] [stdout] warning: function `bool_to_option` is never used
[INFO] [stdout]   --> src/lib.rs:69:4
[INFO] [stdout]    |
[INFO] [stdout] 69 | fn bool_to_option(value: bool) -> Option<AttrValue> {
[INFO] [stdout]    |    ^^^^^^^^^^^^^^
[INFO] [stdout]    |
[INFO] [stdout]    = note: `#[warn(dead_code)]` on by default
[INFO] [stdout] 
[INFO] [stdout] 
[INFO] [stdout] warning: function `to_option_string` is never used
[INFO] [stdout]   --> src/lib.rs:73:4
[INFO] [stdout]    |
[INFO] [stdout] 73 | fn to_option_string(s: impl Display) -> Option<AttrValue> {
[INFO] [stdout]    |    ^^^^^^^^^^^^^^^^
[INFO] [stdout] 
[INFO] [stdout] 
[INFO] [stdout] warning: function `event_into_details` is never used
[INFO] [stdout]   --> src/lib.rs:82:4
[INFO] [stdout]    |
[INFO] [stdout] 82 | fn event_into_details(event: &Event) -> JsValue {
[INFO] [stdout]    |    ^^^^^^^^^^^^^^^^^^
[INFO] [stdout] 
[INFO] [stdout] 
[INFO] [stdout] warning: function `event_details_into` is never used
[INFO] [stdout]   --> src/lib.rs:88:4
[INFO] [stdout]    |
[INFO] [stdout] 88 | fn event_details_into<T: JsCast>(event: &Event) -> T {
[INFO] [stdout]    |    ^^^^^^^^^^^^^^^^^^
[INFO] [stdout] 
[INFO] [stdout] 
[INFO] [stderr]     Finished `dev` profile [unoptimized + debuginfo] target(s) in 24.72s
[INFO] running `Command { std: "docker" "inspect" "7caa197ec88e69352df6b418d777a5c9aa50c1ea50c7098669f1d9095f5b505f", kill_on_drop: false }`
[INFO] running `Command { std: "docker" "rm" "-f" "7caa197ec88e69352df6b418d777a5c9aa50c1ea50c7098669f1d9095f5b505f", kill_on_drop: false }`
[INFO] [stdout] 7caa197ec88e69352df6b418d777a5c9aa50c1ea50c7098669f1d9095f5b505f
[INFO] running `Command { std: "docker" "create" "-v" "/var/lib/crater-agent-workspace/builds/worker-5-tc2/target:/opt/rustwide/target:rw,Z" "-v" "/var/lib/crater-agent-workspace/builds/worker-5-tc2/source:/opt/rustwide/workdir:ro,Z" "-v" "/var/lib/crater-agent-workspace/cargo-home:/opt/rustwide/cargo-home:ro,Z" "-v" "/var/lib/crater-agent-workspace/rustup-home:/opt/rustwide/rustup-home:ro,Z" "-e" "SOURCE_DIR=/opt/rustwide/workdir" "-e" "CARGO_TARGET_DIR=/opt/rustwide/target" "-e" "CARGO_INCREMENTAL=0" "-e" "RUST_BACKTRACE=full" "-e" "RUSTFLAGS=--cap-lints=forbid -Zrandomize-layout" "-e" "RUSTDOCFLAGS=--cap-lints=forbid" "-e" "CARGO_HOME=/opt/rustwide/cargo-home" "-e" "RUSTUP_HOME=/opt/rustwide/rustup-home" "-w" "/opt/rustwide/workdir" "-m" "1610612736" "--user" "0:0" "--network" "none" "ghcr.io/rust-lang/crates-build-env/linux@sha256:4a844ea9eb2546a2d2c7022eacef16ef2e8229c7fbb2c7d4d55a9ceca922f72d" "/opt/rustwide/cargo-home/bin/cargo" "+nightly-2024-10-28" "test" "--frozen" "--no-run" "--message-format=json", kill_on_drop: false }`
[INFO] [stdout] 265f118cd27ba841b36473273a02cbe5142ff3aca3719d90cc93c44954010336
[INFO] running `Command { std: "docker" "start" "-a" "265f118cd27ba841b36473273a02cbe5142ff3aca3719d90cc93c44954010336", kill_on_drop: false }`
[INFO] [stderr]    Compiling material-yew v0.3.0 (/opt/rustwide/workdir)
[INFO] [stdout] warning: unused macro definition: `component`
[INFO] [stdout]   --> src/lib.rs:44:14
[INFO] [stdout]    |
[INFO] [stdout] 44 | macro_rules! component {
[INFO] [stdout]    |              ^^^^^^^^^
[INFO] [stdout]    |
[INFO] [stdout]    = note: `#[warn(unused_macros)]` on by default
[INFO] [stdout] 
[INFO] [stdout] 
[INFO] [stdout] warning: function `bool_to_option` is never used
[INFO] [stdout]   --> src/lib.rs:69:4
[INFO] [stdout]    |
[INFO] [stdout] 69 | fn bool_to_option(value: bool) -> Option<AttrValue> {
[INFO] [stdout]    |    ^^^^^^^^^^^^^^
[INFO] [stdout]    |
[INFO] [stdout]    = note: `#[warn(dead_code)]` on by default
[INFO] [stdout] 
[INFO] [stdout] 
[INFO] [stdout] warning: function `to_option_string` is never used
[INFO] [stdout]   --> src/lib.rs:73:4
[INFO] [stdout]    |
[INFO] [stdout] 73 | fn to_option_string(s: impl Display) -> Option<AttrValue> {
[INFO] [stdout]    |    ^^^^^^^^^^^^^^^^
[INFO] [stdout] 
[INFO] [stdout] 
[INFO] [stdout] warning: function `event_into_details` is never used
[INFO] [stdout]   --> src/lib.rs:82:4
[INFO] [stdout]    |
[INFO] [stdout] 82 | fn event_into_details(event: &Event) -> JsValue {
[INFO] [stdout]    |    ^^^^^^^^^^^^^^^^^^
[INFO] [stdout] 
[INFO] [stdout] 
[INFO] [stdout] warning: function `event_details_into` is never used
[INFO] [stdout]   --> src/lib.rs:88:4
[INFO] [stdout]    |
[INFO] [stdout] 88 | fn event_details_into<T: JsCast>(event: &Event) -> T {
[INFO] [stdout]    |    ^^^^^^^^^^^^^^^^^^
[INFO] [stdout] 
[INFO] [stdout] 
[INFO] [stdout] warning: unused macro definition: `component`
[INFO] [stdout]   --> src/lib.rs:44:14
[INFO] [stdout]    |
[INFO] [stdout] 44 | macro_rules! component {
[INFO] [stdout]    |              ^^^^^^^^^
[INFO] [stdout]    |
[INFO] [stdout]    = note: `#[warn(unused_macros)]` on by default
[INFO] [stdout] 
[INFO] [stdout] 
[INFO] [stdout] warning: function `bool_to_option` is never used
[INFO] [stdout]   --> src/lib.rs:69:4
[INFO] [stdout]    |
[INFO] [stdout] 69 | fn bool_to_option(value: bool) -> Option<AttrValue> {
[INFO] [stdout]    |    ^^^^^^^^^^^^^^
[INFO] [stdout]    |
[INFO] [stdout]    = note: `#[warn(dead_code)]` on by default
[INFO] [stdout] 
[INFO] [stdout] 
[INFO] [stdout] warning: function `to_option_string` is never used
[INFO] [stdout]   --> src/lib.rs:73:4
[INFO] [stdout]    |
[INFO] [stdout] 73 | fn to_option_string(s: impl Display) -> Option<AttrValue> {
[INFO] [stdout]    |    ^^^^^^^^^^^^^^^^
[INFO] [stdout] 
[INFO] [stdout] 
[INFO] [stdout] warning: function `event_into_details` is never used
[INFO] [stdout]   --> src/lib.rs:82:4
[INFO] [stdout]    |
[INFO] [stdout] 82 | fn event_into_details(event: &Event) -> JsValue {
[INFO] [stdout]    |    ^^^^^^^^^^^^^^^^^^
[INFO] [stdout] 
[INFO] [stdout] 
[INFO] [stdout] warning: function `event_details_into` is never used
[INFO] [stdout]   --> src/lib.rs:88:4
[INFO] [stdout]    |
[INFO] [stdout] 88 | fn event_details_into<T: JsCast>(event: &Event) -> T {
[INFO] [stdout]    |    ^^^^^^^^^^^^^^^^^^
[INFO] [stdout] 
[INFO] [stdout] 
[INFO] [stderr]     Finished `test` profile [unoptimized + debuginfo] target(s) in 0.45s
[INFO] running `Command { std: "docker" "inspect" "265f118cd27ba841b36473273a02cbe5142ff3aca3719d90cc93c44954010336", kill_on_drop: false }`
[INFO] running `Command { std: "docker" "rm" "-f" "265f118cd27ba841b36473273a02cbe5142ff3aca3719d90cc93c44954010336", kill_on_drop: false }`
[INFO] [stdout] 265f118cd27ba841b36473273a02cbe5142ff3aca3719d90cc93c44954010336
[INFO] running `Command { std: "docker" "create" "-v" "/var/lib/crater-agent-workspace/builds/worker-5-tc2/target:/opt/rustwide/target:rw,Z" "-v" "/var/lib/crater-agent-workspace/builds/worker-5-tc2/source:/opt/rustwide/workdir:ro,Z" "-v" "/var/lib/crater-agent-workspace/cargo-home:/opt/rustwide/cargo-home:ro,Z" "-v" "/var/lib/crater-agent-workspace/rustup-home:/opt/rustwide/rustup-home:ro,Z" "-e" "SOURCE_DIR=/opt/rustwide/workdir" "-e" "CARGO_TARGET_DIR=/opt/rustwide/target" "-e" "CARGO_INCREMENTAL=0" "-e" "RUST_BACKTRACE=full" "-e" "RUSTFLAGS=--cap-lints=forbid -Zrandomize-layout" "-e" "RUSTDOCFLAGS=--cap-lints=forbid" "-e" "CARGO_HOME=/opt/rustwide/cargo-home" "-e" "RUSTUP_HOME=/opt/rustwide/rustup-home" "-w" "/opt/rustwide/workdir" "-m" "1610612736" "--user" "0:0" "--network" "none" "ghcr.io/rust-lang/crates-build-env/linux@sha256:4a844ea9eb2546a2d2c7022eacef16ef2e8229c7fbb2c7d4d55a9ceca922f72d" "/opt/rustwide/cargo-home/bin/cargo" "+nightly-2024-10-28" "test" "--frozen", kill_on_drop: false }`
[INFO] [stdout] 3b2b0054bd95f1b9ee0e6ecc97681b61fee0a0cf3e9eb8085c53d6522dd0f87b
[INFO] running `Command { std: "docker" "start" "-a" "3b2b0054bd95f1b9ee0e6ecc97681b61fee0a0cf3e9eb8085c53d6522dd0f87b", kill_on_drop: false }`
[INFO] [stderr] warning: unused macro definition: `component`
[INFO] [stderr]   --> src/lib.rs:44:14
[INFO] [stderr]    |
[INFO] [stderr] 44 | macro_rules! component {
[INFO] [stderr]    |              ^^^^^^^^^
[INFO] [stderr]    |
[INFO] [stderr]    = note: `#[warn(unused_macros)]` on by default
[INFO] [stderr] 
[INFO] [stderr] warning: function `bool_to_option` is never used
[INFO] [stderr]   --> src/lib.rs:69:4
[INFO] [stderr]    |
[INFO] [stderr] 69 | fn bool_to_option(value: bool) -> Option<AttrValue> {
[INFO] [stderr]    |    ^^^^^^^^^^^^^^
[INFO] [stderr]    |
[INFO] [stderr]    = note: `#[warn(dead_code)]` on by default
[INFO] [stderr] 
[INFO] [stderr] warning: function `to_option_string` is never used
[INFO] [stderr]   --> src/lib.rs:73:4
[INFO] [stderr]    |
[INFO] [stderr] 73 | fn to_option_string(s: impl Display) -> Option<AttrValue> {
[INFO] [stderr]    |    ^^^^^^^^^^^^^^^^
[INFO] [stderr] 
[INFO] [stderr] warning: function `event_into_details` is never used
[INFO] [stderr]   --> src/lib.rs:82:4
[INFO] [stderr]    |
[INFO] [stderr] 82 | fn event_into_details(event: &Event) -> JsValue {
[INFO] [stderr]    |    ^^^^^^^^^^^^^^^^^^
[INFO] [stderr] 
[INFO] [stderr] warning: function `event_details_into` is never used
[INFO] [stderr]   --> src/lib.rs:88:4
[INFO] [stderr]    |
[INFO] [stderr] 88 | fn event_details_into<T: JsCast>(event: &Event) -> T {
[INFO] [stderr]    |    ^^^^^^^^^^^^^^^^^^
[INFO] [stderr] 
[INFO] [stderr] warning: `material-yew` (lib) generated 5 warnings
[INFO] [stderr] warning: `material-yew` (lib test) generated 5 warnings (5 duplicates)
[INFO] [stderr]     Finished `test` profile [unoptimized + debuginfo] target(s) in 0.11s
[INFO] [stderr]      Running unittests src/lib.rs (/opt/rustwide/target/debug/deps/material_yew-c1a9aad0a93e0829)
[INFO] [stdout] 
[INFO] [stdout] running 0 tests
[INFO] [stdout] 
[INFO] [stdout] test result: ok. 0 passed; 0 failed; 0 ignored; 0 measured; 0 filtered out; finished in 0.00s
[INFO] [stdout] 
[INFO] [stderr]    Doc-tests material_yew
[INFO] [stdout] 
[INFO] [stdout] running 1 test
[INFO] [stdout] test src/lib.rs - (line 8) ... FAILED
[INFO] [stdout] 
[INFO] [stdout] failures:
[INFO] [stdout] 
[INFO] [stdout] ---- src/lib.rs - (line 8) stdout ----
[INFO] [stdout] error[E0432]: unresolved import `material_yew::MatButton`
[INFO] [stdout]   --> src/lib.rs:10:5
[INFO] [stdout]    |
[INFO] [stdout] 5  | use material_yew::MatButton;
[INFO] [stdout]    |     ^^^^^^^^^^^^^^^^^^^^^^^ no `MatButton` in the root
[INFO] [stdout]    |
[INFO] [stdout] note: found an item that was configured out
[INFO] [stdout]   --> /opt/rustwide/workdir/src/lib.rs:96:17
[INFO] [stdout]    |
[INFO] [stdout] 96 | pub use button::MatButton;
[INFO] [stdout]    |                 ^^^^^^^^^
[INFO] [stdout] note: the item is gated behind the `button` feature
[INFO] [stdout]   --> /opt/rustwide/workdir/src/lib.rs:94:7
[INFO] [stdout]    |
[INFO] [stdout] 94 | #[cfg(feature = "button")]
[INFO] [stdout]    |       ^^^^^^^^^^^^^^^^^^
[INFO] [stdout] 
[INFO] [stdout] error: aborting due to 1 previous error
[INFO] [stdout] 
[INFO] [stdout] For more information about this error, try `rustc --explain E0432`.
[INFO] [stdout] Couldn't compile the test.
[INFO] [stdout] 
[INFO] [stdout] failures:
[INFO] [stdout]     src/lib.rs - (line 8)
[INFO] [stdout] 
[INFO] [stdout] test result: FAILED. 0 passed; 1 failed; 0 ignored; 0 measured; 0 filtered out; finished in 0.13s
[INFO] [stdout] 
[INFO] [stderr] error: doctest failed, to rerun pass `--doc`
[INFO] running `Command { std: "docker" "inspect" "3b2b0054bd95f1b9ee0e6ecc97681b61fee0a0cf3e9eb8085c53d6522dd0f87b", kill_on_drop: false }`
[INFO] running `Command { std: "docker" "rm" "-f" "3b2b0054bd95f1b9ee0e6ecc97681b61fee0a0cf3e9eb8085c53d6522dd0f87b", kill_on_drop: false }`
[INFO] [stdout] 3b2b0054bd95f1b9ee0e6ecc97681b61fee0a0cf3e9eb8085c53d6522dd0f87b
