[INFO] fetching crate mastrogiovanni_test 0.1.0...
[INFO] testing mastrogiovanni_test-0.1.0 against nightly-2024-10-28 for randomize-layout
[INFO] extracting crate mastrogiovanni_test 0.1.0 into /workspace/builds/worker-2-tc1/source
[INFO] validating manifest of crates.io crate mastrogiovanni_test 0.1.0 on toolchain nightly-2024-10-28
[INFO] running `Command { std: CARGO_HOME="/workspace/cargo-home" RUSTUP_HOME="/workspace/rustup-home" "/workspace/cargo-home/bin/cargo" "+nightly-2024-10-28" "metadata" "--manifest-path" "Cargo.toml" "--no-deps", kill_on_drop: false }`
[INFO] started tweaking crates.io crate mastrogiovanni_test 0.1.0
[INFO] finished tweaking crates.io crate mastrogiovanni_test 0.1.0
[INFO] tweaked toml for crates.io crate mastrogiovanni_test 0.1.0 written to /workspace/builds/worker-2-tc1/source/Cargo.toml
[INFO] crate crates.io crate mastrogiovanni_test 0.1.0 already has a lockfile, it will not be regenerated
[INFO] running `Command { std: CARGO_HOME="/workspace/cargo-home" RUSTUP_HOME="/workspace/rustup-home" "/workspace/cargo-home/bin/cargo" "+nightly-2024-10-28" "fetch" "--manifest-path" "Cargo.toml", kill_on_drop: false }`
[INFO] running `Command { std: "docker" "create" "-v" "/var/lib/crater-agent-workspace/builds/worker-2-tc1/target:/opt/rustwide/target:rw,Z" "-v" "/var/lib/crater-agent-workspace/builds/worker-2-tc1/source:/opt/rustwide/workdir:ro,Z" "-v" "/var/lib/crater-agent-workspace/cargo-home:/opt/rustwide/cargo-home:ro,Z" "-v" "/var/lib/crater-agent-workspace/rustup-home:/opt/rustwide/rustup-home:ro,Z" "-e" "SOURCE_DIR=/opt/rustwide/workdir" "-e" "CARGO_TARGET_DIR=/opt/rustwide/target" "-e" "CARGO_HOME=/opt/rustwide/cargo-home" "-e" "RUSTUP_HOME=/opt/rustwide/rustup-home" "-w" "/opt/rustwide/workdir" "-m" "1610612736" "--user" "0:0" "--network" "none" "ghcr.io/rust-lang/crates-build-env/linux@sha256:4a844ea9eb2546a2d2c7022eacef16ef2e8229c7fbb2c7d4d55a9ceca922f72d" "/opt/rustwide/cargo-home/bin/cargo" "+nightly-2024-10-28" "metadata" "--no-deps" "--format-version=1", kill_on_drop: false }`
[INFO] [stdout] b7ff7beb81e00a1442299cd522a064ebacf3008c3719d1fc2374c67ca7989911
[INFO] running `Command { std: "docker" "start" "-a" "b7ff7beb81e00a1442299cd522a064ebacf3008c3719d1fc2374c67ca7989911", kill_on_drop: false }`
[INFO] running `Command { std: "docker" "inspect" "b7ff7beb81e00a1442299cd522a064ebacf3008c3719d1fc2374c67ca7989911", kill_on_drop: false }`
[INFO] running `Command { std: "docker" "rm" "-f" "b7ff7beb81e00a1442299cd522a064ebacf3008c3719d1fc2374c67ca7989911", kill_on_drop: false }`
[INFO] [stdout] b7ff7beb81e00a1442299cd522a064ebacf3008c3719d1fc2374c67ca7989911
[INFO] running `Command { std: "docker" "create" "-v" "/var/lib/crater-agent-workspace/builds/worker-2-tc1/target:/opt/rustwide/target:rw,Z" "-v" "/var/lib/crater-agent-workspace/builds/worker-2-tc1/source:/opt/rustwide/workdir:ro,Z" "-v" "/var/lib/crater-agent-workspace/cargo-home:/opt/rustwide/cargo-home:ro,Z" "-v" "/var/lib/crater-agent-workspace/rustup-home:/opt/rustwide/rustup-home:ro,Z" "-e" "SOURCE_DIR=/opt/rustwide/workdir" "-e" "CARGO_TARGET_DIR=/opt/rustwide/target" "-e" "CARGO_INCREMENTAL=0" "-e" "RUST_BACKTRACE=full" "-e" "RUSTFLAGS=--cap-lints=forbid" "-e" "RUSTDOCFLAGS=--cap-lints=forbid" "-e" "CARGO_HOME=/opt/rustwide/cargo-home" "-e" "RUSTUP_HOME=/opt/rustwide/rustup-home" "-w" "/opt/rustwide/workdir" "-m" "1610612736" "--user" "0:0" "--network" "none" "ghcr.io/rust-lang/crates-build-env/linux@sha256:4a844ea9eb2546a2d2c7022eacef16ef2e8229c7fbb2c7d4d55a9ceca922f72d" "/opt/rustwide/cargo-home/bin/cargo" "+nightly-2024-10-28" "build" "--frozen" "--message-format=json", kill_on_drop: false }`
[INFO] [stdout] aac696049900af835ff13e9a6361c9ba375691b5dc73a1d85162ccbf7257bba3
[INFO] running `Command { std: "docker" "start" "-a" "aac696049900af835ff13e9a6361c9ba375691b5dc73a1d85162ccbf7257bba3", kill_on_drop: false }`
[INFO] [stderr]    Compiling mastrogiovanni_test v0.1.0 (/opt/rustwide/workdir)
[INFO] [stdout] warning: unused variable: `c1`
[INFO] [stdout]   --> src/lib.rs:39:16
[INFO] [stdout]    |
[INFO] [stdout] 39 |     pub fn mix(c1: PrimaryColor, c2: PrimaryColor) -> SecondaryColor {
[INFO] [stdout]    |                ^^ help: if this is intentional, prefix it with an underscore: `_c1`
[INFO] [stdout]    |
[INFO] [stdout]    = note: `#[warn(unused_variables)]` on by default
[INFO] [stdout] 
[INFO] [stdout] 
[INFO] [stdout] warning: unused variable: `c2`
[INFO] [stdout]   --> src/lib.rs:39:34
[INFO] [stdout]    |
[INFO] [stdout] 39 |     pub fn mix(c1: PrimaryColor, c2: PrimaryColor) -> SecondaryColor {
[INFO] [stdout]    |                                  ^^ help: if this is intentional, prefix it with an underscore: `_c2`
[INFO] [stdout] 
[INFO] [stdout] 
[INFO] [stderr]     Finished `dev` profile [unoptimized + debuginfo] target(s) in 0.28s
[INFO] running `Command { std: "docker" "inspect" "aac696049900af835ff13e9a6361c9ba375691b5dc73a1d85162ccbf7257bba3", kill_on_drop: false }`
[INFO] running `Command { std: "docker" "rm" "-f" "aac696049900af835ff13e9a6361c9ba375691b5dc73a1d85162ccbf7257bba3", kill_on_drop: false }`
[INFO] [stdout] aac696049900af835ff13e9a6361c9ba375691b5dc73a1d85162ccbf7257bba3
[INFO] running `Command { std: "docker" "create" "-v" "/var/lib/crater-agent-workspace/builds/worker-2-tc1/target:/opt/rustwide/target:rw,Z" "-v" "/var/lib/crater-agent-workspace/builds/worker-2-tc1/source:/opt/rustwide/workdir:ro,Z" "-v" "/var/lib/crater-agent-workspace/cargo-home:/opt/rustwide/cargo-home:ro,Z" "-v" "/var/lib/crater-agent-workspace/rustup-home:/opt/rustwide/rustup-home:ro,Z" "-e" "SOURCE_DIR=/opt/rustwide/workdir" "-e" "CARGO_TARGET_DIR=/opt/rustwide/target" "-e" "CARGO_INCREMENTAL=0" "-e" "RUST_BACKTRACE=full" "-e" "RUSTFLAGS=--cap-lints=forbid" "-e" "RUSTDOCFLAGS=--cap-lints=forbid" "-e" "CARGO_HOME=/opt/rustwide/cargo-home" "-e" "RUSTUP_HOME=/opt/rustwide/rustup-home" "-w" "/opt/rustwide/workdir" "-m" "1610612736" "--user" "0:0" "--network" "none" "ghcr.io/rust-lang/crates-build-env/linux@sha256:4a844ea9eb2546a2d2c7022eacef16ef2e8229c7fbb2c7d4d55a9ceca922f72d" "/opt/rustwide/cargo-home/bin/cargo" "+nightly-2024-10-28" "test" "--frozen" "--no-run" "--message-format=json", kill_on_drop: false }`
[INFO] [stdout] 01c7bf14f96f34ebf4cc8470c8930d44d02eb4f775f43a8139cc61f1f32372f9
[INFO] running `Command { std: "docker" "start" "-a" "01c7bf14f96f34ebf4cc8470c8930d44d02eb4f775f43a8139cc61f1f32372f9", kill_on_drop: false }`
[INFO] [stdout] warning: unused variable: `c1`
[INFO] [stdout]   --> src/lib.rs:39:16
[INFO] [stdout]    |
[INFO] [stdout] 39 |     pub fn mix(c1: PrimaryColor, c2: PrimaryColor) -> SecondaryColor {
[INFO] [stdout]    |                ^^ help: if this is intentional, prefix it with an underscore: `_c1`
[INFO] [stdout]    |
[INFO] [stdout]    = note: `#[warn(unused_variables)]` on by default
[INFO] [stdout] 
[INFO] [stdout] 
[INFO] [stdout] warning: unused variable: `c2`
[INFO] [stdout]   --> src/lib.rs:39:34
[INFO] [stdout]    |
[INFO] [stdout] 39 |     pub fn mix(c1: PrimaryColor, c2: PrimaryColor) -> SecondaryColor {
[INFO] [stdout]    |                                  ^^ help: if this is intentional, prefix it with an underscore: `_c2`
[INFO] [stdout] 
[INFO] [stdout] 
[INFO] [stderr]    Compiling mastrogiovanni_test v0.1.0 (/opt/rustwide/workdir)
[INFO] [stdout] warning: unused variable: `c1`
[INFO] [stdout]   --> src/lib.rs:39:16
[INFO] [stdout]    |
[INFO] [stdout] 39 |     pub fn mix(c1: PrimaryColor, c2: PrimaryColor) -> SecondaryColor {
[INFO] [stdout]    |                ^^ help: if this is intentional, prefix it with an underscore: `_c1`
[INFO] [stdout]    |
[INFO] [stdout]    = note: `#[warn(unused_variables)]` on by default
[INFO] [stdout] 
[INFO] [stdout] 
[INFO] [stdout] warning: unused variable: `c2`
[INFO] [stdout]   --> src/lib.rs:39:34
[INFO] [stdout]    |
[INFO] [stdout] 39 |     pub fn mix(c1: PrimaryColor, c2: PrimaryColor) -> SecondaryColor {
[INFO] [stdout]    |                                  ^^ help: if this is intentional, prefix it with an underscore: `_c2`
[INFO] [stdout] 
[INFO] [stdout] 
[INFO] [stderr]     Finished `test` profile [unoptimized + debuginfo] target(s) in 0.21s
[INFO] running `Command { std: "docker" "inspect" "01c7bf14f96f34ebf4cc8470c8930d44d02eb4f775f43a8139cc61f1f32372f9", kill_on_drop: false }`
[INFO] running `Command { std: "docker" "rm" "-f" "01c7bf14f96f34ebf4cc8470c8930d44d02eb4f775f43a8139cc61f1f32372f9", kill_on_drop: false }`
[INFO] [stdout] 01c7bf14f96f34ebf4cc8470c8930d44d02eb4f775f43a8139cc61f1f32372f9
[INFO] running `Command { std: "docker" "create" "-v" "/var/lib/crater-agent-workspace/builds/worker-2-tc1/target:/opt/rustwide/target:rw,Z" "-v" "/var/lib/crater-agent-workspace/builds/worker-2-tc1/source:/opt/rustwide/workdir:ro,Z" "-v" "/var/lib/crater-agent-workspace/cargo-home:/opt/rustwide/cargo-home:ro,Z" "-v" "/var/lib/crater-agent-workspace/rustup-home:/opt/rustwide/rustup-home:ro,Z" "-e" "SOURCE_DIR=/opt/rustwide/workdir" "-e" "CARGO_TARGET_DIR=/opt/rustwide/target" "-e" "CARGO_INCREMENTAL=0" "-e" "RUST_BACKTRACE=full" "-e" "RUSTFLAGS=--cap-lints=forbid" "-e" "RUSTDOCFLAGS=--cap-lints=forbid" "-e" "CARGO_HOME=/opt/rustwide/cargo-home" "-e" "RUSTUP_HOME=/opt/rustwide/rustup-home" "-w" "/opt/rustwide/workdir" "-m" "1610612736" "--user" "0:0" "--network" "none" "ghcr.io/rust-lang/crates-build-env/linux@sha256:4a844ea9eb2546a2d2c7022eacef16ef2e8229c7fbb2c7d4d55a9ceca922f72d" "/opt/rustwide/cargo-home/bin/cargo" "+nightly-2024-10-28" "test" "--frozen", kill_on_drop: false }`
[INFO] [stdout] 68ba3a93b1b76a02f2763887466849cdc72e69709b50704a61e02c4f931b2d16
[INFO] running `Command { std: "docker" "start" "-a" "68ba3a93b1b76a02f2763887466849cdc72e69709b50704a61e02c4f931b2d16", kill_on_drop: false }`
[INFO] [stderr] warning: unused variable: `c1`
[INFO] [stderr]   --> src/lib.rs:39:16
[INFO] [stderr]    |
[INFO] [stderr] 39 |     pub fn mix(c1: PrimaryColor, c2: PrimaryColor) -> SecondaryColor {
[INFO] [stderr]    |                ^^ help: if this is intentional, prefix it with an underscore: `_c1`
[INFO] [stderr]    |
[INFO] [stderr]    = note: `#[warn(unused_variables)]` on by default
[INFO] [stderr] 
[INFO] [stderr] warning: unused variable: `c2`
[INFO] [stderr]   --> src/lib.rs:39:34
[INFO] [stderr]    |
[INFO] [stderr] 39 |     pub fn mix(c1: PrimaryColor, c2: PrimaryColor) -> SecondaryColor {
[INFO] [stderr]    |                                  ^^ help: if this is intentional, prefix it with an underscore: `_c2`
[INFO] [stderr] 
[INFO] [stderr] warning: `mastrogiovanni_test` (lib) generated 2 warnings
[INFO] [stderr] warning: `mastrogiovanni_test` (lib test) generated 2 warnings (2 duplicates)
[INFO] [stderr]     Finished `test` profile [unoptimized + debuginfo] target(s) in 0.01s
[INFO] [stderr]      Running unittests src/lib.rs (/opt/rustwide/target/debug/deps/mastrogiovanni_test-406dc3df2c050141)
[INFO] [stdout] 
[INFO] [stdout] running 0 tests
[INFO] [stdout] 
[INFO] [stdout] test result: ok. 0 passed; 0 failed; 0 ignored; 0 measured; 0 filtered out; finished in 0.00s
[INFO] [stdout] 
[INFO] [stderr]      Running unittests src/main.rs (/opt/rustwide/target/debug/deps/mastrogiovanni_test-f56b7b16c1c3be37)
[INFO] [stdout] 
[INFO] [stdout] running 0 tests
[INFO] [stdout] 
[INFO] [stdout] test result: ok. 0 passed; 0 failed; 0 ignored; 0 measured; 0 filtered out; finished in 0.00s
[INFO] [stdout] 
[INFO] [stderr]    Doc-tests mastrogiovanni_test
[INFO] [stdout] 
[INFO] [stdout] running 1 test
[INFO] [stdout] test src/lib.rs - add_one (line 8) ... FAILED
[INFO] [stdout] 
[INFO] [stdout] failures:
[INFO] [stdout] 
[INFO] [stdout] ---- src/lib.rs - add_one (line 8) stdout ----
[INFO] [stdout] error[E0433]: failed to resolve: use of undeclared crate or module `my_crate`
[INFO] [stdout]  --> src/lib.rs:10:14
[INFO] [stdout]   |
[INFO] [stdout] 4 | let answer = my_crate::add_one(arg);
[INFO] [stdout]   |              ^^^^^^^^ use of undeclared crate or module `my_crate`
[INFO] [stdout] 
[INFO] [stdout] error: aborting due to 1 previous error
[INFO] [stdout] 
[INFO] [stdout] For more information about this error, try `rustc --explain E0433`.
[INFO] [stdout] Couldn't compile the test.
[INFO] [stdout] 
[INFO] [stdout] failures:
[INFO] [stdout]     src/lib.rs - add_one (line 8)
[INFO] [stdout] 
[INFO] [stdout] test result: FAILED. 0 passed; 1 failed; 0 ignored; 0 measured; 0 filtered out; finished in 0.10s
[INFO] [stdout] 
[INFO] [stderr] error: doctest failed, to rerun pass `--doc`
[INFO] running `Command { std: "docker" "inspect" "68ba3a93b1b76a02f2763887466849cdc72e69709b50704a61e02c4f931b2d16", kill_on_drop: false }`
[INFO] running `Command { std: "docker" "rm" "-f" "68ba3a93b1b76a02f2763887466849cdc72e69709b50704a61e02c4f931b2d16", kill_on_drop: false }`
[INFO] [stdout] 68ba3a93b1b76a02f2763887466849cdc72e69709b50704a61e02c4f931b2d16
