[INFO] fetching crate maskedvbyte-sys 0.1.0...
[INFO] testing maskedvbyte-sys-0.1.0 against nightly-2024-10-28 for randomize-layout
[INFO] extracting crate maskedvbyte-sys 0.1.0 into /workspace/builds/worker-5-tc1/source
[INFO] validating manifest of crates.io crate maskedvbyte-sys 0.1.0 on toolchain nightly-2024-10-28
[INFO] running `Command { std: CARGO_HOME="/workspace/cargo-home" RUSTUP_HOME="/workspace/rustup-home" "/workspace/cargo-home/bin/cargo" "+nightly-2024-10-28" "metadata" "--manifest-path" "Cargo.toml" "--no-deps", kill_on_drop: false }`
[INFO] started tweaking crates.io crate maskedvbyte-sys 0.1.0
[INFO] finished tweaking crates.io crate maskedvbyte-sys 0.1.0
[INFO] tweaked toml for crates.io crate maskedvbyte-sys 0.1.0 written to /workspace/builds/worker-5-tc1/source/Cargo.toml
[INFO] running `Command { std: CARGO_HOME="/workspace/cargo-home" RUSTUP_HOME="/workspace/rustup-home" "/workspace/cargo-home/bin/cargo" "+nightly-2024-10-28" "generate-lockfile" "--manifest-path" "Cargo.toml", kill_on_drop: false }`
[INFO] [stderr]     Updating crates.io index
[INFO] [stderr]      Locking 50 packages to latest compatible versions
[INFO] [stderr]       Adding bindgen v0.39.0 (available: v0.70.1)
[INFO] [stderr]       Adding proc-macro2 v0.3.5 (available: v0.3.8)
[INFO] running `Command { std: CARGO_HOME="/workspace/cargo-home" RUSTUP_HOME="/workspace/rustup-home" "/workspace/cargo-home/bin/cargo" "+nightly-2024-10-28" "fetch" "--manifest-path" "Cargo.toml", kill_on_drop: false }`
[INFO] [stderr] warning: no edition set: defaulting to the 2015 edition while the latest is 2021
[INFO] [stderr]  Downloading crates ...
[INFO] [stderr]   Downloaded which v1.0.5
[INFO] [stderr]   Downloaded proc-macro2 v0.3.5
[INFO] [stderr]   Downloaded clang-sys v0.23.0
[INFO] [stderr]   Downloaded bindgen v0.39.0
[INFO] running `Command { std: "docker" "create" "-v" "/var/lib/crater-agent-workspace/builds/worker-5-tc1/target:/opt/rustwide/target:rw,Z" "-v" "/var/lib/crater-agent-workspace/builds/worker-5-tc1/source:/opt/rustwide/workdir:ro,Z" "-v" "/var/lib/crater-agent-workspace/cargo-home:/opt/rustwide/cargo-home:ro,Z" "-v" "/var/lib/crater-agent-workspace/rustup-home:/opt/rustwide/rustup-home:ro,Z" "-e" "SOURCE_DIR=/opt/rustwide/workdir" "-e" "CARGO_TARGET_DIR=/opt/rustwide/target" "-e" "CARGO_HOME=/opt/rustwide/cargo-home" "-e" "RUSTUP_HOME=/opt/rustwide/rustup-home" "-w" "/opt/rustwide/workdir" "-m" "1610612736" "--user" "0:0" "--network" "none" "ghcr.io/rust-lang/crates-build-env/linux@sha256:4a844ea9eb2546a2d2c7022eacef16ef2e8229c7fbb2c7d4d55a9ceca922f72d" "/opt/rustwide/cargo-home/bin/cargo" "+nightly-2024-10-28" "metadata" "--no-deps" "--format-version=1", kill_on_drop: false }`
[INFO] [stdout] 940072b599f724cc2cdd9611ede3edc2a775db6fda31de9e9e4c300724b7d66e
[INFO] running `Command { std: "docker" "start" "-a" "940072b599f724cc2cdd9611ede3edc2a775db6fda31de9e9e4c300724b7d66e", kill_on_drop: false }`
[INFO] running `Command { std: "docker" "inspect" "940072b599f724cc2cdd9611ede3edc2a775db6fda31de9e9e4c300724b7d66e", kill_on_drop: false }`
[INFO] running `Command { std: "docker" "rm" "-f" "940072b599f724cc2cdd9611ede3edc2a775db6fda31de9e9e4c300724b7d66e", kill_on_drop: false }`
[INFO] [stdout] 940072b599f724cc2cdd9611ede3edc2a775db6fda31de9e9e4c300724b7d66e
[INFO] running `Command { std: "docker" "create" "-v" "/var/lib/crater-agent-workspace/builds/worker-5-tc1/target:/opt/rustwide/target:rw,Z" "-v" "/var/lib/crater-agent-workspace/builds/worker-5-tc1/source:/opt/rustwide/workdir:ro,Z" "-v" "/var/lib/crater-agent-workspace/cargo-home:/opt/rustwide/cargo-home:ro,Z" "-v" "/var/lib/crater-agent-workspace/rustup-home:/opt/rustwide/rustup-home:ro,Z" "-e" "SOURCE_DIR=/opt/rustwide/workdir" "-e" "CARGO_TARGET_DIR=/opt/rustwide/target" "-e" "CARGO_INCREMENTAL=0" "-e" "RUST_BACKTRACE=full" "-e" "RUSTFLAGS=--cap-lints=forbid" "-e" "RUSTDOCFLAGS=--cap-lints=forbid" "-e" "CARGO_HOME=/opt/rustwide/cargo-home" "-e" "RUSTUP_HOME=/opt/rustwide/rustup-home" "-w" "/opt/rustwide/workdir" "-m" "1610612736" "--user" "0:0" "--network" "none" "ghcr.io/rust-lang/crates-build-env/linux@sha256:4a844ea9eb2546a2d2c7022eacef16ef2e8229c7fbb2c7d4d55a9ceca922f72d" "/opt/rustwide/cargo-home/bin/cargo" "+nightly-2024-10-28" "build" "--frozen" "--message-format=json", kill_on_drop: false }`
[INFO] [stdout] 121f76d5a5d50955bedc49d1995c646fac82e784c1e4b870bcf61c0d6468d0ff
[INFO] running `Command { std: "docker" "start" "-a" "121f76d5a5d50955bedc49d1995c646fac82e784c1e4b870bcf61c0d6468d0ff", kill_on_drop: false }`
[INFO] [stderr] warning: no edition set: defaulting to the 2015 edition while the latest is 2021
[INFO] [stderr]    Compiling libc v0.2.161
[INFO] [stderr]    Compiling shlex v1.3.0
[INFO] [stderr]    Compiling memchr v2.7.4
[INFO] [stderr]    Compiling glob v0.2.11
[INFO] [stderr]    Compiling regex-syntax v0.8.5
[INFO] [stderr]    Compiling unicode-width v0.1.14
[INFO] [stderr]    Compiling quick-error v1.2.3
[INFO] [stderr]    Compiling unicode-xid v0.1.0
[INFO] [stderr]    Compiling bindgen v0.39.0
[INFO] [stderr]    Compiling bitflags v1.3.2
[INFO] [stderr]    Compiling vec_map v0.8.2
[INFO] [stderr]    Compiling log v0.4.22
[INFO] [stderr]    Compiling strsim v0.8.0
[INFO] [stderr]    Compiling ansi_term v0.12.1
[INFO] [stderr]    Compiling termcolor v1.4.1
[INFO] [stderr]    Compiling lazy_static v1.5.0
[INFO] [stderr]    Compiling humantime v1.3.0
[INFO] [stderr]    Compiling proc-macro2 v0.3.5
[INFO] [stderr]    Compiling cfg-if v0.1.10
[INFO] [stderr]    Compiling peeking_take_while v0.1.2
[INFO] [stderr]    Compiling cc v1.1.31
[INFO] [stderr]    Compiling textwrap v0.11.0
[INFO] [stderr]    Compiling clang-sys v0.23.0
[INFO] [stderr]    Compiling quote v0.5.2
[INFO] [stderr]    Compiling aho-corasick v1.1.3
[INFO] [stderr]    Compiling memchr v1.0.2
[INFO] [stderr]    Compiling atty v0.2.14
[INFO] [stderr]    Compiling which v1.0.5
[INFO] [stderr]    Compiling clap v2.34.0
[INFO] [stderr]    Compiling nom v3.2.1
[INFO] [stderr]    Compiling libloading v0.5.2
[INFO] [stderr]    Compiling cexpr v0.2.3
[INFO] [stderr]    Compiling regex-automata v0.4.8
[INFO] [stderr]    Compiling regex v1.11.1
[INFO] [stderr]    Compiling env_logger v0.5.13
[INFO] [stderr]    Compiling maskedvbyte-sys v0.1.0 (/opt/rustwide/workdir)
[INFO] [stderr]     Finished `dev` profile [unoptimized + debuginfo] target(s) in 8.69s
[INFO] [stderr] warning: the following packages contain code that will be rejected by a future version of Rust: nom v3.2.1
[INFO] [stderr] note: to see what the problems were, use the option `--future-incompat-report`, or run `cargo report future-incompatibilities --id 1`
[INFO] running `Command { std: "docker" "inspect" "121f76d5a5d50955bedc49d1995c646fac82e784c1e4b870bcf61c0d6468d0ff", kill_on_drop: false }`
[INFO] running `Command { std: "docker" "rm" "-f" "121f76d5a5d50955bedc49d1995c646fac82e784c1e4b870bcf61c0d6468d0ff", kill_on_drop: false }`
[INFO] [stdout] 121f76d5a5d50955bedc49d1995c646fac82e784c1e4b870bcf61c0d6468d0ff
[INFO] running `Command { std: "docker" "create" "-v" "/var/lib/crater-agent-workspace/builds/worker-5-tc1/target:/opt/rustwide/target:rw,Z" "-v" "/var/lib/crater-agent-workspace/builds/worker-5-tc1/source:/opt/rustwide/workdir:ro,Z" "-v" "/var/lib/crater-agent-workspace/cargo-home:/opt/rustwide/cargo-home:ro,Z" "-v" "/var/lib/crater-agent-workspace/rustup-home:/opt/rustwide/rustup-home:ro,Z" "-e" "SOURCE_DIR=/opt/rustwide/workdir" "-e" "CARGO_TARGET_DIR=/opt/rustwide/target" "-e" "CARGO_INCREMENTAL=0" "-e" "RUST_BACKTRACE=full" "-e" "RUSTFLAGS=--cap-lints=forbid" "-e" "RUSTDOCFLAGS=--cap-lints=forbid" "-e" "CARGO_HOME=/opt/rustwide/cargo-home" "-e" "RUSTUP_HOME=/opt/rustwide/rustup-home" "-w" "/opt/rustwide/workdir" "-m" "1610612736" "--user" "0:0" "--network" "none" "ghcr.io/rust-lang/crates-build-env/linux@sha256:4a844ea9eb2546a2d2c7022eacef16ef2e8229c7fbb2c7d4d55a9ceca922f72d" "/opt/rustwide/cargo-home/bin/cargo" "+nightly-2024-10-28" "test" "--frozen" "--no-run" "--message-format=json", kill_on_drop: false }`
[INFO] [stdout] d95594235471200977c386e6ec371539159900f0071ee7956d0210879f18f201
[INFO] running `Command { std: "docker" "start" "-a" "d95594235471200977c386e6ec371539159900f0071ee7956d0210879f18f201", kill_on_drop: false }`
[INFO] [stderr] warning: no edition set: defaulting to the 2015 edition while the latest is 2021
[INFO] [stderr]    Compiling maskedvbyte-sys v0.1.0 (/opt/rustwide/workdir)
[INFO] [stdout] warning: dereferencing a null pointer
[INFO] [stdout]  --> /opt/rustwide/target/debug/build/maskedvbyte-sys-a552148f64203b30/out/bindings.rs:3:15539
[INFO] [stdout]   |
[INFO] [stdout] 3 | ... ! ( unsafe { & ( * ( :: std :: ptr :: null :: < __fsid_t > ( ) ) ) . __val as * const _ as usize } , 0usize , concat ! ( "Offset of f...
[INFO] [stdout]   |                    ^^^^^^^^^^^^^^^^^^^^^^^^^^^^^^^^^^^^^^^^^^^^^^^^^^^ this code causes undefined behavior when executed
[INFO] [stdout]   |
[INFO] [stdout]   = note: `#[warn(deref_nullptr)]` on by default
[INFO] [stdout] 
[INFO] [stdout] 
[INFO] [stdout] warning: dereferencing a null pointer
[INFO] [stdout]  --> /opt/rustwide/target/debug/build/maskedvbyte-sys-a552148f64203b30/out/bindings.rs:3:18691
[INFO] [stdout]   |
[INFO] [stdout] 3 | ... ! ( unsafe { & ( * ( :: std :: ptr :: null :: < imaxdiv_t > ( ) ) ) . quot as * const _ as usize } , 0usize , concat ! ( "Offset of f...
[INFO] [stdout]   |                    ^^^^^^^^^^^^^^^^^^^^^^^^^^^^^^^^^^^^^^^^^^^^^^^^^^^^ this code causes undefined behavior when executed
[INFO] [stdout] 
[INFO] [stdout] 
[INFO] [stdout] warning: dereferencing a null pointer
[INFO] [stdout]  --> /opt/rustwide/target/debug/build/maskedvbyte-sys-a552148f64203b30/out/bindings.rs:3:18906
[INFO] [stdout]   |
[INFO] [stdout] 3 | ... ! ( unsafe { & ( * ( :: std :: ptr :: null :: < imaxdiv_t > ( ) ) ) . rem as * const _ as usize } , 8usize , concat ! ( "Offset of fi...
[INFO] [stdout]   |                    ^^^^^^^^^^^^^^^^^^^^^^^^^^^^^^^^^^^^^^^^^^^^^^^^^^^^ this code causes undefined behavior when executed
[INFO] [stdout] 
[INFO] [stdout] 
[INFO] [stdout] warning: dereferencing a null pointer
[INFO] [stdout]  --> /opt/rustwide/target/debug/build/maskedvbyte-sys-a552148f64203b30/out/bindings.rs:3:20420
[INFO] [stdout]   |
[INFO] [stdout] 3 | ...! ( unsafe { & ( * ( :: std :: ptr :: null :: < max_align_t > ( ) ) ) . __clang_max_align_nonce1 as * const _ as usize } , 0usize , co...
[INFO] [stdout]   |                   ^^^^^^^^^^^^^^^^^^^^^^^^^^^^^^^^^^^^^^^^^^^^^^^^^^^^^^ this code causes undefined behavior when executed
[INFO] [stdout] 
[INFO] [stdout] 
[INFO] [stdout] warning: dereferencing a null pointer
[INFO] [stdout]  --> /opt/rustwide/target/debug/build/maskedvbyte-sys-a552148f64203b30/out/bindings.rs:3:20679
[INFO] [stdout]   |
[INFO] [stdout] 3 | ...! ( unsafe { & ( * ( :: std :: ptr :: null :: < max_align_t > ( ) ) ) . __clang_max_align_nonce2 as * const _ as usize } , 16usize , c...
[INFO] [stdout]   |                   ^^^^^^^^^^^^^^^^^^^^^^^^^^^^^^^^^^^^^^^^^^^^^^^^^^^^^^ this code causes undefined behavior when executed
[INFO] [stdout] 
[INFO] [stdout] 
[INFO] [stderr]     Finished `test` profile [unoptimized + debuginfo] target(s) in 0.17s
[INFO] [stderr] warning: the following packages contain code that will be rejected by a future version of Rust: nom v3.2.1
[INFO] [stderr] note: to see what the problems were, use the option `--future-incompat-report`, or run `cargo report future-incompatibilities --id 1`
[INFO] running `Command { std: "docker" "inspect" "d95594235471200977c386e6ec371539159900f0071ee7956d0210879f18f201", kill_on_drop: false }`
[INFO] running `Command { std: "docker" "rm" "-f" "d95594235471200977c386e6ec371539159900f0071ee7956d0210879f18f201", kill_on_drop: false }`
[INFO] [stdout] d95594235471200977c386e6ec371539159900f0071ee7956d0210879f18f201
[INFO] running `Command { std: "docker" "create" "-v" "/var/lib/crater-agent-workspace/builds/worker-5-tc1/target:/opt/rustwide/target:rw,Z" "-v" "/var/lib/crater-agent-workspace/builds/worker-5-tc1/source:/opt/rustwide/workdir:ro,Z" "-v" "/var/lib/crater-agent-workspace/cargo-home:/opt/rustwide/cargo-home:ro,Z" "-v" "/var/lib/crater-agent-workspace/rustup-home:/opt/rustwide/rustup-home:ro,Z" "-e" "SOURCE_DIR=/opt/rustwide/workdir" "-e" "CARGO_TARGET_DIR=/opt/rustwide/target" "-e" "CARGO_INCREMENTAL=0" "-e" "RUST_BACKTRACE=full" "-e" "RUSTFLAGS=--cap-lints=forbid" "-e" "RUSTDOCFLAGS=--cap-lints=forbid" "-e" "CARGO_HOME=/opt/rustwide/cargo-home" "-e" "RUSTUP_HOME=/opt/rustwide/rustup-home" "-w" "/opt/rustwide/workdir" "-m" "1610612736" "--user" "0:0" "--network" "none" "ghcr.io/rust-lang/crates-build-env/linux@sha256:4a844ea9eb2546a2d2c7022eacef16ef2e8229c7fbb2c7d4d55a9ceca922f72d" "/opt/rustwide/cargo-home/bin/cargo" "+nightly-2024-10-28" "test" "--frozen", kill_on_drop: false }`
[INFO] [stdout] 0d747931fb53be96e699ed755a8a245e8e77ca045bd11f8f4d66f579e606d56b
[INFO] running `Command { std: "docker" "start" "-a" "0d747931fb53be96e699ed755a8a245e8e77ca045bd11f8f4d66f579e606d56b", kill_on_drop: false }`
[INFO] [stderr] warning: no edition set: defaulting to the 2015 edition while the latest is 2021
[INFO] [stderr] warning: dereferencing a null pointer
[INFO] [stderr]  --> /opt/rustwide/target/debug/build/maskedvbyte-sys-a552148f64203b30/out/bindings.rs:3:15539
[INFO] [stderr]   |
[INFO] [stderr] 3 | ... ! ( unsafe { & ( * ( :: std :: ptr :: null :: < __fsid_t > ( ) ) ) . __val as * const _ as usize } , 0usize , concat ! ( "Offset of f...
[INFO] [stderr]   |                    ^^^^^^^^^^^^^^^^^^^^^^^^^^^^^^^^^^^^^^^^^^^^^^^^^^^ this code causes undefined behavior when executed
[INFO] [stderr]   |
[INFO] [stderr]   = note: `#[warn(deref_nullptr)]` on by default
[INFO] [stderr] 
[INFO] [stderr] warning: dereferencing a null pointer
[INFO] [stderr]  --> /opt/rustwide/target/debug/build/maskedvbyte-sys-a552148f64203b30/out/bindings.rs:3:18691
[INFO] [stderr]   |
[INFO] [stderr] 3 | ... ! ( unsafe { & ( * ( :: std :: ptr :: null :: < imaxdiv_t > ( ) ) ) . quot as * const _ as usize } , 0usize , concat ! ( "Offset of f...
[INFO] [stderr]   |                    ^^^^^^^^^^^^^^^^^^^^^^^^^^^^^^^^^^^^^^^^^^^^^^^^^^^^ this code causes undefined behavior when executed
[INFO] [stderr] 
[INFO] [stderr] warning: dereferencing a null pointer
[INFO] [stderr]  --> /opt/rustwide/target/debug/build/maskedvbyte-sys-a552148f64203b30/out/bindings.rs:3:18906
[INFO] [stderr]   |
[INFO] [stderr] 3 | ... ! ( unsafe { & ( * ( :: std :: ptr :: null :: < imaxdiv_t > ( ) ) ) . rem as * const _ as usize } , 8usize , concat ! ( "Offset of fi...
[INFO] [stderr]   |                    ^^^^^^^^^^^^^^^^^^^^^^^^^^^^^^^^^^^^^^^^^^^^^^^^^^^^ this code causes undefined behavior when executed
[INFO] [stderr] 
[INFO] [stderr] warning: dereferencing a null pointer
[INFO] [stderr]  --> /opt/rustwide/target/debug/build/maskedvbyte-sys-a552148f64203b30/out/bindings.rs:3:20420
[INFO] [stderr]   |
[INFO] [stderr] 3 | ...! ( unsafe { & ( * ( :: std :: ptr :: null :: < max_align_t > ( ) ) ) . __clang_max_align_nonce1 as * const _ as usize } , 0usize , co...
[INFO] [stderr]   |                   ^^^^^^^^^^^^^^^^^^^^^^^^^^^^^^^^^^^^^^^^^^^^^^^^^^^^^^ this code causes undefined behavior when executed
[INFO] [stderr] 
[INFO] [stderr] warning: dereferencing a null pointer
[INFO] [stderr]  --> /opt/rustwide/target/debug/build/maskedvbyte-sys-a552148f64203b30/out/bindings.rs:3:20679
[INFO] [stderr]   |
[INFO] [stderr] 3 | ...! ( unsafe { & ( * ( :: std :: ptr :: null :: < max_align_t > ( ) ) ) . __clang_max_align_nonce2 as * const _ as usize } , 16usize , c...
[INFO] [stderr]   |                   ^^^^^^^^^^^^^^^^^^^^^^^^^^^^^^^^^^^^^^^^^^^^^^^^^^^^^^ this code causes undefined behavior when executed
[INFO] [stderr] 
[INFO] [stderr] warning: `maskedvbyte-sys` (lib test) generated 5 warnings
[INFO] [stderr]     Finished `test` profile [unoptimized + debuginfo] target(s) in 0.04s
[INFO] [stderr] warning: the following packages contain code that will be rejected by a future version of Rust: nom v3.2.1
[INFO] [stderr] note: to see what the problems were, use the option `--future-incompat-report`, or run `cargo report future-incompatibilities --id 1`
[INFO] [stderr]      Running unittests src/lib.rs (/opt/rustwide/target/debug/deps/maskedvbyte_sys-692fb9e5cb7d160a)
[INFO] [stdout] 
[INFO] [stdout] running 3 tests
[INFO] [stdout] test bindgen_test_layout___fsid_t ... ok
[INFO] [stdout] test bindgen_test_layout_imaxdiv_t ... ok
[INFO] [stdout] test bindgen_test_layout_max_align_t ... FAILED
[INFO] [stdout] 
[INFO] [stdout] failures:
[INFO] [stdout] 
[INFO] [stdout] ---- bindgen_test_layout_max_align_t stdout ----
[INFO] [stdout] thread 'bindgen_test_layout_max_align_t' panicked at /opt/rustwide/target/debug/build/maskedvbyte-sys-a552148f64203b30/out/bindings.rs:3:20262:
[INFO] [stdout] assertion `left == right` failed: Size of: max_align_t
[INFO] [stdout]   left: 24
[INFO] [stdout]  right: 32
[INFO] [stdout] stack backtrace:
[INFO] [stdout]    0:     0x6530e744879a - std::backtrace_rs::backtrace::libunwind::trace::h207520d6e9873551
[INFO] [stdout]                                at /rustc/df4ca44d3fbc9301ee17f30f4d474e6ae4b05252/library/std/src/../../backtrace/src/backtrace/libunwind.rs:116:5
[INFO] [stdout]    1:     0x6530e744879a - std::backtrace_rs::backtrace::trace_unsynchronized::h2ed7433f370e3eca
[INFO] [stdout]                                at /rustc/df4ca44d3fbc9301ee17f30f4d474e6ae4b05252/library/std/src/../../backtrace/src/backtrace/mod.rs:66:5
[INFO] [stdout]    2:     0x6530e744879a - std::sys::backtrace::_print_fmt::h916fac51166b18d7
[INFO] [stdout]                                at /rustc/df4ca44d3fbc9301ee17f30f4d474e6ae4b05252/library/std/src/sys/backtrace.rs:66:9
[INFO] [stdout]    3:     0x6530e744879a - <std::sys::backtrace::BacktraceLock::print::DisplayBacktrace as core::fmt::Display>::fmt::ha0a4c9b8ce3802e6
[INFO] [stdout]                                at /rustc/df4ca44d3fbc9301ee17f30f4d474e6ae4b05252/library/std/src/sys/backtrace.rs:39:26
[INFO] [stdout]    4:     0x6530e746eb03 - core::fmt::rt::Argument::fmt::h4cfc8587d52b3eb5
[INFO] [stdout]                                at /rustc/df4ca44d3fbc9301ee17f30f4d474e6ae4b05252/library/core/src/fmt/rt.rs:177:76
[INFO] [stdout]    5:     0x6530e746eb03 - core::fmt::write::h522cc39e5b36ae9f
[INFO] [stdout]                                at /rustc/df4ca44d3fbc9301ee17f30f4d474e6ae4b05252/library/core/src/fmt/mod.rs:1190:21
[INFO] [stdout]    6:     0x6530e7445403 - std::io::Write::write_fmt::h7d3c26752da97734
[INFO] [stdout]                                at /rustc/df4ca44d3fbc9301ee17f30f4d474e6ae4b05252/library/std/src/io/mod.rs:1839:15
[INFO] [stdout]    7:     0x6530e74485e2 - std::sys::backtrace::BacktraceLock::print::h4b9e00b29e9c0942
[INFO] [stdout]                                at /rustc/df4ca44d3fbc9301ee17f30f4d474e6ae4b05252/library/std/src/sys/backtrace.rs:42:9
[INFO] [stdout]    8:     0x6530e7449c2a - std::panicking::default_hook::{{closure}}::hb59b88280d0324d9
[INFO] [stdout]                                at /rustc/df4ca44d3fbc9301ee17f30f4d474e6ae4b05252/library/std/src/panicking.rs:268:22
[INFO] [stdout]    9:     0x6530e7449a34 - std::panicking::default_hook::he1dd496665be4a29
[INFO] [stdout]                                at /rustc/df4ca44d3fbc9301ee17f30f4d474e6ae4b05252/library/std/src/panicking.rs:292:9
[INFO] [stdout]   10:     0x6530e7413829 - <alloc::boxed::Box<F,A> as core::ops::function::Fn<Args>>::call::h4ff71de18744e1dc
[INFO] [stdout]                                at /rustc/df4ca44d3fbc9301ee17f30f4d474e6ae4b05252/library/alloc/src/boxed.rs:2468:9
[INFO] [stdout]   11:     0x6530e7413829 - test::test_main::{{closure}}::hcf7c055ce117aa81
[INFO] [stdout]                                at /rustc/df4ca44d3fbc9301ee17f30f4d474e6ae4b05252/library/test/src/lib.rs:133:21
[INFO] [stdout]   12:     0x6530e744a328 - <alloc::boxed::Box<F,A> as core::ops::function::Fn<Args>>::call::h1d66c6bbd60c9692
[INFO] [stdout]                                at /rustc/df4ca44d3fbc9301ee17f30f4d474e6ae4b05252/library/alloc/src/boxed.rs:2468:9
[INFO] [stdout]   13:     0x6530e744a328 - std::panicking::rust_panic_with_hook::h2ff17fe8f26dfcf8
[INFO] [stdout]                                at /rustc/df4ca44d3fbc9301ee17f30f4d474e6ae4b05252/library/std/src/panicking.rs:809:13
[INFO] [stdout]   14:     0x6530e744a0ea - std::panicking::begin_panic_handler::{{closure}}::h4fad77951c07e101
[INFO] [stdout]                                at /rustc/df4ca44d3fbc9301ee17f30f4d474e6ae4b05252/library/std/src/panicking.rs:674:13
[INFO] [stdout]   15:     0x6530e7448c79 - std::sys::backtrace::__rust_end_short_backtrace::hb1a25b3da5d0ea08
[INFO] [stdout]                                at /rustc/df4ca44d3fbc9301ee17f30f4d474e6ae4b05252/library/std/src/sys/backtrace.rs:170:18
[INFO] [stdout]   16:     0x6530e7449d7c - rust_begin_unwind
[INFO] [stdout]                                at /rustc/df4ca44d3fbc9301ee17f30f4d474e6ae4b05252/library/std/src/panicking.rs:665:5
[INFO] [stdout]   17:     0x6530e746d5a0 - core::panicking::panic_fmt::ha9db07b529f9b256
[INFO] [stdout]                                at /rustc/df4ca44d3fbc9301ee17f30f4d474e6ae4b05252/library/core/src/panicking.rs:75:14
[INFO] [stdout]   18:     0x6530e746d8cb - core::panicking::assert_failed_inner::h04f38944d74a80a8
[INFO] [stdout]   19:     0x6530e73d8bb4 - core::panicking::assert_failed::h3de67bfcd8a40e81
[INFO] [stdout]                                at /rustc/df4ca44d3fbc9301ee17f30f4d474e6ae4b05252/library/core/src/panicking.rs:377:5
[INFO] [stdout]   20:     0x6530e73d973d - maskedvbyte_sys::bindgen_test_layout_max_align_t::hf755301f64066e90
[INFO] [stdout]                                at /opt/rustwide/target/debug/build/maskedvbyte-sys-a552148f64203b30/out/bindings.rs:3:20262
[INFO] [stdout]   21:     0x6530e73d9697 - maskedvbyte_sys::bindgen_test_layout_max_align_t::{{closure}}::h9d1bfb27198ae0f4
[INFO] [stdout]                                at /opt/rustwide/target/debug/build/maskedvbyte-sys-a552148f64203b30/out/bindings.rs:3:20259
[INFO] [stdout]   22:     0x6530e73d8a06 - core::ops::function::FnOnce::call_once::he10c0308ce0e8f39
[INFO] [stdout]                                at /rustc/df4ca44d3fbc9301ee17f30f4d474e6ae4b05252/library/core/src/ops/function.rs:250:5
[INFO] [stdout]   23:     0x6530e74180fb - core::ops::function::FnOnce::call_once::h22c3ba5715e93f05
[INFO] [stdout]                                at /rustc/df4ca44d3fbc9301ee17f30f4d474e6ae4b05252/library/core/src/ops/function.rs:250:5
[INFO] [stdout]   24:     0x6530e74180fb - test::__rust_begin_short_backtrace::h8e82d8113d0da17f
[INFO] [stdout]                                at /rustc/df4ca44d3fbc9301ee17f30f4d474e6ae4b05252/library/test/src/lib.rs:621:18
[INFO] [stdout]   25:     0x6530e7417a77 - test::run_test_in_process::{{closure}}::h33235f4f20b7b7c7
[INFO] [stdout]                                at /rustc/df4ca44d3fbc9301ee17f30f4d474e6ae4b05252/library/test/src/lib.rs:644:60
[INFO] [stdout]   26:     0x6530e7417a77 - <core::panic::unwind_safe::AssertUnwindSafe<F> as core::ops::function::FnOnce<()>>::call_once::hb5043206310c586f
[INFO] [stdout]                                at /rustc/df4ca44d3fbc9301ee17f30f4d474e6ae4b05252/library/core/src/panic/unwind_safe.rs:272:9
[INFO] [stdout]   27:     0x6530e7417a77 - std::panicking::try::do_call::h9ad4731a60ab23e2
[INFO] [stdout]                                at /rustc/df4ca44d3fbc9301ee17f30f4d474e6ae4b05252/library/std/src/panicking.rs:557:40
[INFO] [stdout]   28:     0x6530e7417a77 - std::panicking::try::h3824d23db772a716
[INFO] [stdout]                                at /rustc/df4ca44d3fbc9301ee17f30f4d474e6ae4b05252/library/std/src/panicking.rs:520:19
[INFO] [stdout]   29:     0x6530e7417a77 - std::panic::catch_unwind::h5afd514605fde46b
[INFO] [stdout]                                at /rustc/df4ca44d3fbc9301ee17f30f4d474e6ae4b05252/library/std/src/panic.rs:358:14
[INFO] [stdout]   30:     0x6530e7417a77 - test::run_test_in_process::h0d5cbfa7067d1720
[INFO] [stdout]                                at /rustc/df4ca44d3fbc9301ee17f30f4d474e6ae4b05252/library/test/src/lib.rs:644:27
[INFO] [stdout]   31:     0x6530e7417a77 - test::run_test::{{closure}}::h708eb8872708115d
[INFO] [stdout]                                at /rustc/df4ca44d3fbc9301ee17f30f4d474e6ae4b05252/library/test/src/lib.rs:565:43
[INFO] [stdout]   32:     0x6530e73db194 - test::run_test::{{closure}}::h392c51cee94713ab
[INFO] [stdout]                                at /rustc/df4ca44d3fbc9301ee17f30f4d474e6ae4b05252/library/test/src/lib.rs:595:41
[INFO] [stdout]   33:     0x6530e73db194 - std::sys::backtrace::__rust_begin_short_backtrace::h2f40290710935a8b
[INFO] [stdout]                                at /rustc/df4ca44d3fbc9301ee17f30f4d474e6ae4b05252/library/std/src/sys/backtrace.rs:154:18
[INFO] [stdout]   34:     0x6530e73de93e - std::thread::Builder::spawn_unchecked_::{{closure}}::{{closure}}::h3fd968d89053a903
[INFO] [stdout]                                at /rustc/df4ca44d3fbc9301ee17f30f4d474e6ae4b05252/library/std/src/thread/mod.rs:541:17
[INFO] [stdout]   35:     0x6530e73de93e - <core::panic::unwind_safe::AssertUnwindSafe<F> as core::ops::function::FnOnce<()>>::call_once::h743f637ba4229880
[INFO] [stdout]                                at /rustc/df4ca44d3fbc9301ee17f30f4d474e6ae4b05252/library/core/src/panic/unwind_safe.rs:272:9
[INFO] [stdout]   36:     0x6530e73de93e - std::panicking::try::do_call::h07440897322525a6
[INFO] [stdout]                                at /rustc/df4ca44d3fbc9301ee17f30f4d474e6ae4b05252/library/std/src/panicking.rs:557:40
[INFO] [stdout]   37:     0x6530e73de93e - std::panicking::try::he5a2e00188156637
[INFO] [stdout]                                at /rustc/df4ca44d3fbc9301ee17f30f4d474e6ae4b05252/library/std/src/panicking.rs:520:19
[INFO] [stdout]   38:     0x6530e73de93e - std::panic::catch_unwind::hbaf3cae49b3c6433
[INFO] [stdout]                                at /rustc/df4ca44d3fbc9301ee17f30f4d474e6ae4b05252/library/std/src/panic.rs:358:14
[INFO] [stdout]   39:     0x6530e73de93e - std::thread::Builder::spawn_unchecked_::{{closure}}::h8e141ea224820bce
[INFO] [stdout]                                at /rustc/df4ca44d3fbc9301ee17f30f4d474e6ae4b05252/library/std/src/thread/mod.rs:540:30
[INFO] [stdout]   40:     0x6530e73de93e - core::ops::function::FnOnce::call_once{{vtable.shim}}::h90d312fedd7b8ea8
[INFO] [stdout]                                at /rustc/df4ca44d3fbc9301ee17f30f4d474e6ae4b05252/library/core/src/ops/function.rs:250:5
[INFO] [stdout]   41:     0x6530e744e11b - <alloc::boxed::Box<F,A> as core::ops::function::FnOnce<Args>>::call_once::h69aa08ddb6adb8b6
[INFO] [stdout]                                at /rustc/df4ca44d3fbc9301ee17f30f4d474e6ae4b05252/library/alloc/src/boxed.rs:2454:9
[INFO] [stdout]   42:     0x6530e744e11b - <alloc::boxed::Box<F,A> as core::ops::function::FnOnce<Args>>::call_once::h5aa36efdb79c806f
[INFO] [stdout]                                at /rustc/df4ca44d3fbc9301ee17f30f4d474e6ae4b05252/library/alloc/src/boxed.rs:2454:9
[INFO] [stdout]   43:     0x6530e744e11b - std::sys::pal::unix::thread::Thread::new::thread_start::h6cd80a1b4be5158d
[INFO] [stdout]                                at /rustc/df4ca44d3fbc9301ee17f30f4d474e6ae4b05252/library/std/src/sys/pal/unix/thread.rs:105:17
[INFO] [stdout]   44:     0x79ff7b009ac3 - <unknown>
[INFO] [stdout]   45:     0x79ff7b09aa04 - clone
[INFO] [stdout]   46:                0x0 - <unknown>
[INFO] [stdout] 
[INFO] [stdout] 
[INFO] [stdout] failures:
[INFO] [stdout]     bindgen_test_layout_max_align_t
[INFO] [stdout] 
[INFO] [stdout] test result: FAILED. 2 passed; 1 failed; 0 ignored; 0 measured; 0 filtered out; finished in 0.01s
[INFO] [stdout] 
[INFO] [stderr] error: test failed, to rerun pass `--lib`
[INFO] running `Command { std: "docker" "inspect" "0d747931fb53be96e699ed755a8a245e8e77ca045bd11f8f4d66f579e606d56b", kill_on_drop: false }`
[INFO] running `Command { std: "docker" "rm" "-f" "0d747931fb53be96e699ed755a8a245e8e77ca045bd11f8f4d66f579e606d56b", kill_on_drop: false }`
[INFO] [stdout] 0d747931fb53be96e699ed755a8a245e8e77ca045bd11f8f4d66f579e606d56b
