[INFO] fetching crate martin 0.14.2...
[INFO] testing martin-0.14.2 against nightly-2024-10-28 for randomize-layout
[INFO] extracting crate martin 0.14.2 into /workspace/builds/worker-1-tc1/source
[INFO] validating manifest of crates.io crate martin 0.14.2 on toolchain nightly-2024-10-28
[INFO] running `Command { std: CARGO_HOME="/workspace/cargo-home" RUSTUP_HOME="/workspace/rustup-home" "/workspace/cargo-home/bin/cargo" "+nightly-2024-10-28" "metadata" "--manifest-path" "Cargo.toml" "--no-deps", kill_on_drop: false }`
[INFO] started tweaking crates.io crate martin 0.14.2
[INFO] finished tweaking crates.io crate martin 0.14.2
[INFO] tweaked toml for crates.io crate martin 0.14.2 written to /workspace/builds/worker-1-tc1/source/Cargo.toml
[INFO] crate crates.io crate martin 0.14.2 already has a lockfile, it will not be regenerated
[INFO] running `Command { std: CARGO_HOME="/workspace/cargo-home" RUSTUP_HOME="/workspace/rustup-home" "/workspace/cargo-home/bin/cargo" "+nightly-2024-10-28" "fetch" "--manifest-path" "Cargo.toml", kill_on_drop: false }`
[INFO] [stderr]     Updating crates.io index
[INFO] [stderr]  Downloading crates ...
[INFO] [stderr]   Downloaded tokio-postgres-rustls v0.12.0
[INFO] [stderr]   Downloaded serde_tuple v0.5.0
[INFO] [stderr]   Downloaded serde_tuple_macros v0.5.0
[INFO] [stderr]   Downloaded martin-tile-utils v0.5.1
[INFO] [stderr]   Downloaded multimap v0.9.1
[INFO] [stderr]   Downloaded subst v0.3.2
[INFO] [stderr]   Downloaded tilejson v0.4.1
[INFO] [stderr]   Downloaded libdeflater v1.20.0
[INFO] [stderr]   Downloaded deadpool-postgres v0.14.0
[INFO] [stderr]   Downloaded lambda_runtime_api_client v0.7.0
[INFO] [stderr]   Downloaded enum-display-macro v0.1.4
[INFO] [stderr]   Downloaded jsonptr v0.4.7
[INFO] [stderr]   Downloaded json-patch v2.0.0
[INFO] [stderr]   Downloaded fluent-uri v0.1.4
[INFO] [stderr]   Downloaded fmmap v0.3.3
[INFO] [stderr]   Downloaded mbtiles v0.11.1
[INFO] [stderr]   Downloaded inferno v0.11.19
[INFO] [stderr]   Downloaded hilbert_2d v1.1.0
[INFO] [stderr]   Downloaded resvg v0.36.0
[INFO] [stderr]   Downloaded freetype-rs v0.35.0
[INFO] [stderr]   Downloaded rusqlite v0.30.0
[INFO] [stderr]   Downloaded actix-http v3.8.0
[INFO] [stderr]   Downloaded symbolic-demangle v12.9.2
[INFO] [stderr]   Downloaded actix-web v4.8.0
[INFO] [stderr]   Downloaded protobuf v3.5.0
[INFO] [stderr]   Downloaded rustybuzz v0.10.0
[INFO] [stderr]   Downloaded libdeflate-sys v1.20.0
[INFO] [stderr]   Downloaded pbf_font_tools v2.5.1
[INFO] [stderr]   Downloaded cpp_demangle v0.4.3
[INFO] [stderr]   Downloaded protobuf-parse v3.5.0
[INFO] [stderr]   Downloaded pprof v0.13.0
[INFO] [stderr]   Downloaded oxipng v9.1.1
[INFO] [stderr]   Downloaded usvg-parser v0.36.0
[INFO] [stderr]   Downloaded svgtypes v0.12.0
[INFO] [stderr]   Downloaded aws-lc-rs v1.8.0
[INFO] [stderr]   Downloaded varint-rs v2.2.0
[INFO] [stderr]   Downloaded crunch v0.5.3
[INFO] [stderr]   Downloaded usvg-text-layout v0.36.0
[INFO] [stderr]   Downloaded usvg v0.36.0
[INFO] [stderr]   Downloaded spreet v0.11.0
[INFO] [stderr]   Downloaded lambda_runtime v0.7.3
[INFO] [stderr]   Downloaded size_format v1.0.2
[INFO] [stderr]   Downloaded sqlite-compressions v0.2.12
[INFO] [stderr]   Downloaded sqlite-hashes v0.7.3
[INFO] [stderr]   Downloaded protobuf-codegen v3.5.0
[INFO] [stderr]   Downloaded parse-display-derive v0.8.2
[INFO] [stderr]   Downloaded postgis v0.9.0
[INFO] [stderr]   Downloaded x509-certificate v0.23.1
[INFO] [stderr]   Downloaded lambda-web v0.2.1
[INFO] [stderr]   Downloaded fs4 v0.6.6
[INFO] [stderr]   Downloaded memmapix v0.7.6
[INFO] [stderr]   Downloaded sdf_glyph_renderer v1.0.1
[INFO] [stderr]   Downloaded symbolic-common v12.9.2
[INFO] [stderr]   Downloaded clap_mangen v0.2.21
[INFO] [stderr]   Downloaded enum-display v0.1.4
[INFO] [stderr]   Downloaded bsdiff v0.2.0
[INFO] [stderr]   Downloaded protobuf-support v3.5.0
[INFO] [stderr]   Downloaded protoc-bin-vendored v3.0.0
[INFO] [stderr]   Downloaded parse-display v0.8.2
[INFO] [stderr]   Downloaded usvg-tree v0.36.0
[INFO] [stderr]   Downloaded protoc-bin-vendored-win32 v3.0.0
[INFO] [stderr]   Downloaded protoc-bin-vendored-linux-x86_64 v3.0.0
[INFO] [stderr]   Downloaded protoc-bin-vendored-linux-x86_32 v3.0.0
[INFO] [stderr]   Downloaded protoc-bin-vendored-linux-aarch_64 v3.0.0
[INFO] [stderr]   Downloaded protoc-bin-vendored-linux-ppcle_64 v3.0.0
[INFO] [stderr]   Downloaded protoc-bin-vendored-macos-x86_64 v3.0.0
[INFO] [stderr]   Downloaded aws-lc-sys v0.19.0
[INFO] [stderr]   Downloaded pmtiles v0.10.0
[INFO] running `Command { std: "docker" "create" "-v" "/var/lib/crater-agent-workspace/builds/worker-1-tc1/target:/opt/rustwide/target:rw,Z" "-v" "/var/lib/crater-agent-workspace/builds/worker-1-tc1/source:/opt/rustwide/workdir:ro,Z" "-v" "/var/lib/crater-agent-workspace/cargo-home:/opt/rustwide/cargo-home:ro,Z" "-v" "/var/lib/crater-agent-workspace/rustup-home:/opt/rustwide/rustup-home:ro,Z" "-e" "SOURCE_DIR=/opt/rustwide/workdir" "-e" "CARGO_TARGET_DIR=/opt/rustwide/target" "-e" "CARGO_HOME=/opt/rustwide/cargo-home" "-e" "RUSTUP_HOME=/opt/rustwide/rustup-home" "-w" "/opt/rustwide/workdir" "-m" "1610612736" "--user" "0:0" "--network" "none" "ghcr.io/rust-lang/crates-build-env/linux@sha256:4a844ea9eb2546a2d2c7022eacef16ef2e8229c7fbb2c7d4d55a9ceca922f72d" "/opt/rustwide/cargo-home/bin/cargo" "+nightly-2024-10-28" "metadata" "--no-deps" "--format-version=1", kill_on_drop: false }`
[INFO] [stdout] 5b2ae3b4bef8e360dbae90a1985b17828f2c4358be3129474bf9870799440ad0
[INFO] running `Command { std: "docker" "start" "-a" "5b2ae3b4bef8e360dbae90a1985b17828f2c4358be3129474bf9870799440ad0", kill_on_drop: false }`
[INFO] running `Command { std: "docker" "inspect" "5b2ae3b4bef8e360dbae90a1985b17828f2c4358be3129474bf9870799440ad0", kill_on_drop: false }`
[INFO] running `Command { std: "docker" "rm" "-f" "5b2ae3b4bef8e360dbae90a1985b17828f2c4358be3129474bf9870799440ad0", kill_on_drop: false }`
[INFO] [stdout] 5b2ae3b4bef8e360dbae90a1985b17828f2c4358be3129474bf9870799440ad0
[INFO] running `Command { std: "docker" "create" "-v" "/var/lib/crater-agent-workspace/builds/worker-1-tc1/target:/opt/rustwide/target:rw,Z" "-v" "/var/lib/crater-agent-workspace/builds/worker-1-tc1/source:/opt/rustwide/workdir:ro,Z" "-v" "/var/lib/crater-agent-workspace/cargo-home:/opt/rustwide/cargo-home:ro,Z" "-v" "/var/lib/crater-agent-workspace/rustup-home:/opt/rustwide/rustup-home:ro,Z" "-e" "SOURCE_DIR=/opt/rustwide/workdir" "-e" "CARGO_TARGET_DIR=/opt/rustwide/target" "-e" "CARGO_INCREMENTAL=0" "-e" "RUST_BACKTRACE=full" "-e" "RUSTFLAGS=--cap-lints=forbid" "-e" "RUSTDOCFLAGS=--cap-lints=forbid" "-e" "CARGO_HOME=/opt/rustwide/cargo-home" "-e" "RUSTUP_HOME=/opt/rustwide/rustup-home" "-w" "/opt/rustwide/workdir" "-m" "1610612736" "--user" "0:0" "--network" "none" "ghcr.io/rust-lang/crates-build-env/linux@sha256:4a844ea9eb2546a2d2c7022eacef16ef2e8229c7fbb2c7d4d55a9ceca922f72d" "/opt/rustwide/cargo-home/bin/cargo" "+nightly-2024-10-28" "build" "--frozen" "--message-format=json", kill_on_drop: false }`
[INFO] [stdout] 01ba888c80ba976770bdb7771cd7c966b0064482251b8f94180f57278b66b751
[INFO] running `Command { std: "docker" "start" "-a" "01ba888c80ba976770bdb7771cd7c966b0064482251b8f94180f57278b66b751", kill_on_drop: false }`
[INFO] [stderr]    Compiling libc v0.2.155
[INFO] [stderr]    Compiling proc-macro2 v1.0.86
[INFO] [stderr]    Compiling unicode-ident v1.0.12
[INFO] [stderr]    Compiling once_cell v1.19.0
[INFO] [stderr]    Compiling autocfg v1.3.0
[INFO] [stderr]    Compiling version_check v0.9.4
[INFO] [stderr]    Compiling pin-project-lite v0.2.14
[INFO] [stderr]    Compiling bytes v1.6.0
[INFO] [stderr]    Compiling scopeguard v1.2.0
[INFO] [stderr]    Compiling log v0.4.21
[INFO] [stderr]    Compiling futures-core v0.3.30
[INFO] [stderr]    Compiling smallvec v1.13.2
[INFO] [stderr]    Compiling parking_lot_core v0.9.10
[INFO] [stderr]    Compiling itoa v1.0.11
[INFO] [stderr]    Compiling lock_api v0.4.12
[INFO] [stderr]    Compiling slab v0.4.9
[INFO] [stderr]    Compiling serde v1.0.203
[INFO] [stderr]    Compiling futures-task v0.3.30
[INFO] [stderr]    Compiling futures-io v0.3.30
[INFO] [stderr]    Compiling pin-utils v0.1.0
[INFO] [stderr]    Compiling ahash v0.8.11
[INFO] [stderr]    Compiling futures-sink v0.3.30
[INFO] [stderr]    Compiling zerocopy v0.7.34
[INFO] [stderr]    Compiling tinyvec v1.6.1
[INFO] [stderr]    Compiling pkg-config v0.3.30
[INFO] [stderr]    Compiling quote v1.0.36
[INFO] [stderr]    Compiling generic-array v0.14.7
[INFO] [stderr]    Compiling allocator-api2 v0.2.18
[INFO] [stderr]    Compiling syn v2.0.68
[INFO] [stderr]    Compiling jobserver v0.1.31
[INFO] [stderr]    Compiling getrandom v0.2.15
[INFO] [stderr]    Compiling socket2 v0.5.7
[INFO] [stderr]    Compiling num_cpus v1.16.0
[INFO] [stderr]    Compiling cc v1.0.101
[INFO] [stderr]    Compiling parking_lot v0.12.3
[INFO] [stderr]    Compiling mio v0.8.11
[INFO] [stderr]    Compiling signal-hook-registry v1.4.2
[INFO] [stderr]    Compiling futures-channel v0.3.30
[INFO] [stderr]    Compiling tracing-core v0.1.32
[INFO] [stderr]    Compiling ryu v1.0.18
[INFO] [stderr]    Compiling subtle v2.6.1
[INFO] [stderr]    Compiling thiserror v1.0.61
[INFO] [stderr]    Compiling fnv v1.0.7
[INFO] [stderr]    Compiling equivalent v1.0.1
[INFO] [stderr]    Compiling unicode-bidi v0.3.15
[INFO] [stderr]    Compiling cpufeatures v0.2.12
[INFO] [stderr]    Compiling crypto-common v0.1.6
[INFO] [stderr]    Compiling block-buffer v0.10.4
[INFO] [stderr]    Compiling serde_json v1.0.118
[INFO] [stderr]    Compiling simd-adler32 v0.3.7
[INFO] [stderr]    Compiling digest v0.10.7
[INFO] [stderr]    Compiling unicode-normalization v0.1.23
[INFO] [stderr]    Compiling crossbeam-epoch v0.9.18
[INFO] [stderr]    Compiling spin v0.9.8
[INFO] [stderr]    Compiling regex-syntax v0.8.4
[INFO] [stderr]    Compiling adler v1.0.2
[INFO] [stderr]    Compiling hashbrown v0.14.5
[INFO] [stderr]    Compiling miniz_oxide v0.7.4
[INFO] [stderr]    Compiling crossbeam-deque v0.8.5
[INFO] [stderr]    Compiling num-traits v0.2.19
[INFO] [stderr]    Compiling crc32fast v1.4.2
[INFO] [stderr]    Compiling rayon-core v1.12.1
[INFO] [stderr]    Compiling vcpkg v0.2.15
[INFO] [stderr]    Compiling strsim v0.11.1
[INFO] [stderr]    Compiling flate2 v1.0.30
[INFO] [stderr]    Compiling httparse v1.9.4
[INFO] [stderr]    Compiling cmake v0.1.50
[INFO] [stderr]    Compiling rand_core v0.6.4
[INFO] [stderr]    Compiling rustix v0.38.34
[INFO] [stderr]    Compiling unicode-properties v0.1.1
[INFO] [stderr]    Compiling utf8parse v0.2.2
[INFO] [stderr]    Compiling dunce v1.0.4
[INFO] [stderr]    Compiling regex-automata v0.4.7
[INFO] [stderr]    Compiling ppv-lite86 v0.2.17
[INFO] [stderr]    Compiling siphasher v0.3.11
[INFO] [stderr]    Compiling fs_extra v1.3.0
[INFO] [stderr]    Compiling anstyle-parse v0.2.4
[INFO] [stderr]    Compiling rand_chacha v0.3.1
[INFO] [stderr]    Compiling is_terminal_polyfill v1.70.0
[INFO] [stderr]    Compiling anstyle-query v1.1.0
[INFO] [stderr]    Compiling num-conv v0.1.0
[INFO] [stderr]    Compiling aws-lc-sys v0.19.0
[INFO] [stderr]    Compiling syn v1.0.109
[INFO] [stderr]    Compiling colorchoice v1.0.1
[INFO] [stderr]    Compiling powerfmt v0.2.0
[INFO] [stderr]    Compiling anstyle v1.0.7
[INFO] [stderr]    Compiling base64 v0.22.1
[INFO] [stderr]    Compiling time-core v0.1.2
[INFO] [stderr]    Compiling deranged v0.3.11
[INFO] [stderr]    Compiling time-macros v0.2.18
[INFO] [stderr]    Compiling anstream v0.6.14
[INFO] [stderr]    Compiling rand v0.8.5
[INFO] [stderr]    Compiling indexmap v2.2.6
[INFO] [stderr]    Compiling ring v0.17.8
[INFO] [stderr]    Compiling sha2 v0.10.8
[INFO] [stderr]    Compiling alloc-no-stdlib v2.0.4
[INFO] [stderr]    Compiling bytemuck v1.16.1
[INFO] [stderr]    Compiling regex v1.10.5
[INFO] [stderr]    Compiling hex v0.4.3
[INFO] [stderr]    Compiling time v0.3.36
[INFO] [stderr]    Compiling alloc-stdlib v0.2.2
[INFO] [stderr]    Compiling idna v0.5.0
[INFO] [stderr]    Compiling serde_derive v1.0.203
[INFO] [stderr]    Compiling tokio-macros v2.3.0
[INFO] [stderr]    Compiling futures-macro v0.3.30
[INFO] [stderr]    Compiling tokio v1.38.0
[INFO] [stderr]    Compiling tracing-attributes v0.1.27
[INFO] [stderr]    Compiling futures-util v0.3.30
[INFO] [stderr]    Compiling thiserror-impl v1.0.61
[INFO] [stderr]    Compiling tracing v0.1.40
[INFO] [stderr]    Compiling zeroize_derive v1.4.2
[INFO] [stderr]    Compiling zeroize v1.8.1
[INFO] [stderr]    Compiling http v0.2.12
[INFO] [stderr]    Compiling aws-lc-rs v1.8.0
[INFO] [stderr]    Compiling fastrand v2.1.0
[INFO] [stderr]    Compiling clap_lex v0.7.1
[INFO] [stderr]    Compiling tokio-util v0.7.11
[INFO] [stderr]    Compiling try-lock v0.2.5
[INFO] [stderr]    Compiling want v0.3.1
[INFO] [stderr]    Compiling tempfile v3.10.1
[INFO] [stderr]    Compiling url v2.5.2
[INFO] [stderr]    Compiling zstd-sys v2.0.11+zstd.1.5.6
[INFO] [stderr]    Compiling md-5 v0.10.6
[INFO] [stderr]    Compiling crc-catalog v2.4.0
[INFO] [stderr]    Compiling tower-service v0.3.2
[INFO] [stderr]    Compiling rustls-pki-types v1.7.0
[INFO] [stderr]    Compiling unicode_categories v0.1.1
[INFO] [stderr]    Compiling untrusted v0.9.0
[INFO] [stderr]    Compiling crossbeam-utils v0.8.20
[INFO] [stderr]    Compiling float-cmp v0.9.0
[INFO] [stderr]    Compiling arrayvec v0.7.4
[INFO] [stderr]    Compiling strict-num v0.1.1
[INFO] [stderr]    Compiling sqlformat v0.2.4
[INFO] [stderr]    Compiling either v1.13.0
[INFO] [stderr]    Compiling rayon v1.10.0
[INFO] [stderr]    Compiling crc v3.2.1
[INFO] [stderr]    Compiling pin-project-internal v1.1.5
[INFO] [stderr]    Compiling async-trait v0.1.80
[INFO] [stderr]    Compiling libsqlite3-sys v0.27.0
[INFO] [stderr]    Compiling unicode-segmentation v1.11.0
[INFO] [stderr]    Compiling mirai-annotations v1.12.0
[INFO] [stderr]    Compiling event-listener v2.5.3
[INFO] [stderr]    Compiling anyhow v1.0.86
[INFO] [stderr]    Compiling arrayref v0.3.7
[INFO] [stderr]    Compiling tiny-skia-path v0.11.4
[INFO] [stderr]    Compiling pin-project v1.1.5
[INFO] [stderr]    Compiling kurbo v0.9.5
[INFO] [stderr]    Compiling futures-executor v0.3.30
[INFO] [stderr]    Compiling brotli-decompressor v4.0.1
[INFO] [stderr]    Compiling stringprep v0.1.5
[INFO] [stderr]    Compiling hashlink v0.8.4
[INFO] [stderr]    Compiling hmac v0.12.1
[INFO] [stderr]    Compiling http v1.1.0
[INFO] [stderr]    Compiling uuid v1.9.1
[INFO] [stderr]    Compiling bytestring v1.3.1
[INFO] [stderr]    Compiling slotmap v1.0.7
[INFO] [stderr]    Compiling tower-layer v0.3.2
[INFO] [stderr]    Compiling protobuf v3.5.0
[INFO] [stderr]    Compiling semver v1.0.23
[INFO] [stderr]    Compiling fallible-iterator v0.2.0
[INFO] [stderr]    Compiling httpdate v1.0.3
[INFO] [stderr]    Compiling zstd-safe v7.1.0
[INFO] [stderr]    Compiling rustls v0.23.10
[INFO] [stderr]    Compiling local-waker v0.1.4
[INFO] [stderr]    Compiling postgres-protocol v0.6.6
[INFO] [stderr]    Compiling http-body v1.0.0
[INFO] [stderr]    Compiling tokio-stream v0.1.15
[INFO] [stderr]    Compiling tower v0.4.13
[INFO] [stderr]    Compiling brotli v6.0.0
[INFO] [stderr]    Compiling svgtypes v0.12.0
[INFO] [stderr]    Compiling crossbeam-queue v0.3.11
[INFO] [stderr]    Compiling atoi v2.0.0
[INFO] [stderr]    Compiling futures-intrusive v0.5.0
[INFO] [stderr]    Compiling clap_builder v4.5.7
[INFO] [stderr]    Compiling protobuf-support v3.5.0
[INFO] [stderr]    Compiling actix-macros v0.2.4
[INFO] [stderr]    Compiling freetype-sys v0.20.1
[INFO] [stderr]    Compiling rctree v0.5.0
[INFO] [stderr]    Compiling ttf-parser v0.19.2
[INFO] [stderr]    Compiling urlencoding v2.1.3
[INFO] [stderr]    Compiling regex-lite v0.1.6
[INFO] [stderr]    Compiling mime v0.3.17
[INFO] [stderr]    Compiling home v0.5.9
[INFO] [stderr]    Compiling ident_case v1.0.1
[INFO] [stderr]    Compiling roxmltree v0.19.0
[INFO] [stderr]    Compiling byteorder v1.5.0
[INFO] [stderr]    Compiling sqlx-core v0.7.4
[INFO] [stderr]    Compiling darling_core v0.20.9
[INFO] [stderr]    Compiling fontconfig-parser v0.5.6
[INFO] [stderr]    Compiling which v4.4.2
[INFO] [stderr]    Compiling clap v4.5.7
[INFO] [stderr]    Compiling usvg-tree v0.36.0
[INFO] [stderr]    Compiling actix-rt v2.10.0
[INFO] [stderr]    Compiling postgres-types v0.2.6
[INFO] [stderr]    Compiling actix-utils v3.0.1
[INFO] [stderr]    Compiling serde_urlencoded v0.7.1
[INFO] [stderr]    Compiling flume v0.11.0
[INFO] [stderr]    Compiling structmeta-derive v0.2.0
[INFO] [stderr]    Compiling phf_shared v0.11.2
[INFO] [stderr]    Compiling num-integer v0.1.46
[INFO] [stderr]    Compiling libdeflate-sys v1.20.0
[INFO] [stderr]    Compiling actix-service v2.0.2
[INFO] [stderr]    Compiling memmap2 v0.8.0
[INFO] [stderr]    Compiling num-rational v0.2.4
[INFO] [stderr]    Compiling num-complex v0.2.4
[INFO] [stderr]    Compiling cookie v0.16.2
[INFO] [stderr]    Compiling convert_case v0.4.0
[INFO] [stderr]    Compiling roff v0.2.1
[INFO] [stderr]    Compiling unicode-ccc v0.1.2
[INFO] [stderr]    Compiling radium v0.7.0
[INFO] [stderr]    Compiling xmlparser v0.13.6
[INFO] [stderr]    Compiling unicode-bidi-mirroring v0.1.0
[INFO] [stderr]    Compiling unicode-script v0.5.6
[INFO] [stderr]    Compiling derive_more v0.99.18
[INFO] [stderr]    Compiling structmeta v0.2.0
[INFO] [stderr]    Compiling roxmltree v0.18.1
[INFO] [stderr]    Compiling rustybuzz v0.10.0
[INFO] [stderr]    Compiling protobuf-parse v3.5.0
[INFO] [stderr]    Compiling zstd v0.13.1
[INFO] [stderr]    Compiling clap_mangen v0.2.21
[INFO] [stderr]    Compiling fontdb v0.15.0
[INFO] [stderr]    Compiling sqlx-sqlite v0.7.4
[INFO] [stderr]    Compiling phf v0.11.2
[INFO] [stderr]    Compiling rustc_version v0.4.0
[INFO] [stderr]    Compiling darling_macro v0.20.9
[INFO] [stderr]    Compiling actix-router v0.5.3
[INFO] [stderr]    Compiling hyper v1.3.1
[INFO] [stderr]    Compiling local-channel v0.1.5
[INFO] [stderr]    Compiling futures v0.3.30
[INFO] [stderr]    Compiling h2 v0.3.26
[INFO] [stderr]    Compiling heck v0.4.1
[INFO] [stderr]    Compiling rustls-pemfile v2.1.2
[INFO] [stderr]    Compiling actix-codec v0.5.2
[INFO] [stderr]    Compiling serde_tuple_macros v0.5.0
[INFO] [stderr]    Compiling http-body v0.4.6
[INFO] [stderr]    Compiling sha1 v0.10.6
[INFO] [stderr]    Compiling fdeflate v0.3.4
[INFO] [stderr]    Compiling concurrent-queue v2.5.0
[INFO] [stderr]    Compiling nanorand v0.7.0
[INFO] [stderr]    Compiling simplecss v0.2.1
[INFO] [stderr]    Compiling encoding_rs v0.8.34
[INFO] [stderr]    Compiling protoc-bin-vendored-win32 v3.0.0
[INFO] [stderr]    Compiling protoc-bin-vendored-linux-aarch_64 v3.0.0
[INFO] [stderr]    Compiling const-oid v0.9.6
[INFO] [stderr]    Compiling tap v1.0.1
[INFO] [stderr]    Compiling fallible-streaming-iterator v0.1.9
[INFO] [stderr]    Compiling protoc-bin-vendored-linux-x86_64 v3.0.0
[INFO] [stderr]    Compiling language-tags v0.3.2
[INFO] [stderr]    Compiling dotenvy v0.15.7
[INFO] [stderr]    Compiling protoc-bin-vendored-linux-x86_32 v3.0.0
[INFO] [stderr]    Compiling openssl-probe v0.1.5
[INFO] [stderr]    Compiling protoc-bin-vendored-macos-x86_64 v3.0.0
[INFO] [stderr]    Compiling unicode-vo v0.1.0
[INFO] [stderr]    Compiling regex-syntax v0.7.5
[INFO] [stderr]    Compiling data-url v0.3.1
[INFO] [stderr]    Compiling protoc-bin-vendored-linux-ppcle_64 v3.0.0
[INFO] [stderr]    Compiling imagesize v0.12.0
[INFO] [stderr]    Compiling whoami v1.5.1
[INFO] [stderr]    Compiling fallible-iterator v0.3.0
[INFO] [stderr]    Compiling parking v2.2.0
[INFO] [stderr]    Compiling event-listener v5.3.1
[INFO] [stderr]    Compiling tokio-postgres v0.7.10
[INFO] [stderr]    Compiling rusqlite v0.30.0
[INFO] [stderr]    Compiling actix-http v3.8.0
[INFO] [stderr]    Compiling usvg-parser v0.36.0
[INFO] [stderr]    Compiling protoc-bin-vendored v3.0.0
[INFO] [stderr]    Compiling usvg-text-layout v0.36.0
[INFO] [stderr]    Compiling parse-display-derive v0.8.2
[INFO] [stderr]    Compiling sqlx-macros-core v0.7.4
[INFO] [stderr]    Compiling rustls-native-certs v0.7.0
[INFO] [stderr]    Compiling der v0.7.9
[INFO] [stderr]    Compiling wyz v0.5.1
[INFO] [stderr]    Compiling png v0.17.13
[INFO] [stderr]    Compiling serde_tuple v0.5.0
[INFO] [stderr]    Compiling hyper v0.14.29
[INFO] [stderr]    Compiling hyper-util v0.1.5
[INFO] [stderr]    Compiling actix-web-codegen v4.3.0
[INFO] [stderr]    Compiling darling v0.20.9
[INFO] [stderr]    Compiling oxipng v9.1.1
[INFO] [stderr]    Compiling freetype-rs v0.35.0
[INFO] [stderr]    Compiling protobuf-codegen v3.5.0
[INFO] [stderr]    Compiling actix-server v2.4.0
[INFO] [stderr]    Compiling num-iter v0.1.45
[INFO] [stderr]    Compiling convert_case v0.6.0
[INFO] [stderr]    Compiling async-stream-impl v0.3.5
[INFO] [stderr]    Compiling rgb v0.8.37
[INFO] [stderr]    Compiling crossbeam-channel v0.5.13
[INFO] [stderr]    Compiling color_quant v1.1.0
[INFO] [stderr]    Compiling glob v0.3.1
[INFO] [stderr]    Compiling pico-args v0.5.0
[INFO] [stderr]    Compiling unsafe-libyaml v0.2.11
[INFO] [stderr]    Compiling xmlwriter v0.1.0
[INFO] [stderr]    Compiling lockfree-object-pool v0.1.6
[INFO] [stderr]    Compiling weezl v0.1.8
[INFO] [stderr]    Compiling funty v2.0.0
[INFO] [stderr]    Compiling iana-time-zone v0.1.60
[INFO] [stderr]    Compiling heck v0.5.0
[INFO] [stderr]    Compiling chrono v0.4.38
[INFO] [stderr]    Compiling clap_derive v4.5.5
[INFO] [stderr]    Compiling pbf_font_tools v2.5.1
[INFO] [stderr]    Compiling bitvec v1.0.1
[INFO] [stderr]    Compiling serde_yaml v0.9.34+deprecated
[INFO] [stderr]    Compiling gif v0.12.0
[INFO] [stderr]    Compiling zopfli v0.8.1
[INFO] [stderr]    Compiling usvg v0.36.0
[INFO] [stderr]    Compiling lambda_runtime_api_client v0.7.0
[INFO] [stderr]    Compiling async-stream v0.3.5
[INFO] [stderr]    Compiling actix-web v4.8.0
[INFO] [stderr]    Compiling enum-display-macro v0.1.4
[INFO] [stderr]    Compiling num v0.2.1
[INFO] [stderr]    Compiling sdf_glyph_renderer v1.0.1
[INFO] [stderr]    Compiling serde_with_macros v3.8.1
[INFO] [stderr]    Compiling libdeflater v1.20.0
[INFO] [stderr]    Compiling sqlx-macros v0.7.4
[INFO] [stderr]    Compiling tiny-skia v0.11.4
[INFO] [stderr]    Compiling spki v0.7.3
[INFO] [stderr]    Compiling tilejson v0.4.1
[INFO] [stderr]    Compiling parse-display v0.8.2
[INFO] [stderr]    Compiling event-listener-strategy v0.5.2
[INFO] [stderr]    Compiling fs4 v0.6.6
[INFO] [stderr]    Compiling memmapix v0.7.6
[INFO] [stderr]    Compiling http-body-util v0.1.2
[INFO] [stderr]    Compiling deadpool-runtime v0.1.4
[INFO] [stderr]    Compiling enum_dispatch v0.3.13
[INFO] [stderr]    Compiling env_filter v0.1.0
[INFO] [stderr]    Compiling brotli-decompressor v2.5.1
[INFO] [stderr]    Compiling pem v3.0.4
[INFO] [stderr]    Compiling filetime v0.2.23
[INFO] [stderr]    Compiling raw-cpuid v11.0.2
[INFO] [stderr]    Compiling generic-array v0.12.4
[INFO] [stderr]    Compiling bcder v0.7.4
[INFO] [stderr]    Compiling ipnet v2.9.0
[INFO] [stderr]    Compiling moka v0.12.7
[INFO] [stderr]    Compiling rustc-hash v1.1.0
[INFO] [stderr]    Compiling signature v2.2.0
[INFO] [stderr]    Compiling sync_wrapper v1.0.1
[INFO] [stderr]    Compiling bsdiff v0.2.0
[INFO] [stderr]    Compiling jpeg-decoder v0.3.1
[INFO] [stderr]    Compiling quanta v0.12.3
[INFO] [stderr]    Compiling sqlite-compressions v0.2.12
[INFO] [stderr]    Compiling env_logger v0.11.3
[INFO] [stderr]    Compiling x509-certificate v0.23.1
[INFO] [stderr]    Compiling resvg v0.36.0
[INFO] [stderr]    Compiling size_format v1.0.2
[INFO] [stderr]    Compiling brotli v3.5.0
[INFO] [stderr]    Compiling fmmap v0.3.3
[INFO] [stderr]    Compiling sqlx v0.7.4
[INFO] [stderr]    Compiling deadpool v0.12.1
[INFO] [stderr]    Compiling async-lock v3.4.0
[INFO] [stderr]    Compiling serde_with v3.8.1
[INFO] [stderr]    Compiling enum-display v0.1.4
[INFO] [stderr]    Compiling lambda_runtime v0.7.3
[INFO] [stderr]    Compiling sqlite-hashes v0.7.3
[INFO] [stderr]    Compiling martin-tile-utils v0.5.1
[INFO] [stderr]    Compiling jsonptr v0.4.7
[INFO] [stderr]    Compiling itertools v0.13.0
[INFO] [stderr]    Compiling multimap v0.9.1
[INFO] [stderr]    Compiling async-compression v0.4.11
[INFO] [stderr]    Compiling hilbert_2d v1.1.0
[INFO] [stderr]    Compiling unicode-width v0.1.13
[INFO] [stderr]    Compiling triomphe v0.1.13
[INFO] [stderr]    Compiling xxhash-rust v0.8.10
[INFO] [stderr]    Compiling crunch v0.5.3
[INFO] [stderr]    Compiling varint-rs v2.2.0
[INFO] [stderr]    Compiling tagptr v0.2.0
[INFO] [stderr]    Compiling md5 v0.7.0
[INFO] [stderr]    Compiling bit-vec v0.6.3
[INFO] [stderr]    Compiling base64 v0.13.1
[INFO] [stderr]    Compiling spreet v0.11.0
[INFO] [stderr]    Compiling bit-set v0.5.3
[INFO] [stderr]    Compiling subst v0.3.2
[INFO] [stderr]    Compiling mbtiles v0.11.1
[INFO] [stderr]    Compiling json-patch v2.0.0
[INFO] [stderr]    Compiling deadpool-postgres v0.14.0
[INFO] [stderr]    Compiling lambda-web v0.2.1
[INFO] [stderr]    Compiling actix-cors v0.7.0
[INFO] [stderr]    Compiling postgres v0.19.7
[INFO] [stderr]    Compiling postgis v0.9.0
[INFO] [stderr]    Compiling rustls-webpki v0.102.4
[INFO] [stderr]    Compiling tokio-rustls v0.26.0
[INFO] [stderr]    Compiling hyper-rustls v0.27.2
[INFO] [stderr]    Compiling tokio-postgres-rustls v0.12.0
[INFO] [stderr]    Compiling reqwest v0.12.5
[INFO] [stderr]    Compiling pmtiles v0.10.0
[INFO] [stderr]    Compiling martin v0.14.2 (/opt/rustwide/workdir)
[INFO] [stderr]     Finished `dev` profile [unoptimized + debuginfo] target(s) in 1m 33s
[INFO] running `Command { std: "docker" "inspect" "01ba888c80ba976770bdb7771cd7c966b0064482251b8f94180f57278b66b751", kill_on_drop: false }`
[INFO] running `Command { std: "docker" "rm" "-f" "01ba888c80ba976770bdb7771cd7c966b0064482251b8f94180f57278b66b751", kill_on_drop: false }`
[INFO] [stdout] 01ba888c80ba976770bdb7771cd7c966b0064482251b8f94180f57278b66b751
[INFO] running `Command { std: "docker" "create" "-v" "/var/lib/crater-agent-workspace/builds/worker-1-tc1/target:/opt/rustwide/target:rw,Z" "-v" "/var/lib/crater-agent-workspace/builds/worker-1-tc1/source:/opt/rustwide/workdir:ro,Z" "-v" "/var/lib/crater-agent-workspace/cargo-home:/opt/rustwide/cargo-home:ro,Z" "-v" "/var/lib/crater-agent-workspace/rustup-home:/opt/rustwide/rustup-home:ro,Z" "-e" "SOURCE_DIR=/opt/rustwide/workdir" "-e" "CARGO_TARGET_DIR=/opt/rustwide/target" "-e" "CARGO_INCREMENTAL=0" "-e" "RUST_BACKTRACE=full" "-e" "RUSTFLAGS=--cap-lints=forbid" "-e" "RUSTDOCFLAGS=--cap-lints=forbid" "-e" "CARGO_HOME=/opt/rustwide/cargo-home" "-e" "RUSTUP_HOME=/opt/rustwide/rustup-home" "-w" "/opt/rustwide/workdir" "-m" "1610612736" "--user" "0:0" "--network" "none" "ghcr.io/rust-lang/crates-build-env/linux@sha256:4a844ea9eb2546a2d2c7022eacef16ef2e8229c7fbb2c7d4d55a9ceca922f72d" "/opt/rustwide/cargo-home/bin/cargo" "+nightly-2024-10-28" "test" "--frozen" "--no-run" "--message-format=json", kill_on_drop: false }`
[INFO] [stdout] 86a5b78c993aac9252449b0d872d96803d03d4c8219190180afae0ab27bea552
[INFO] running `Command { std: "docker" "start" "-a" "86a5b78c993aac9252449b0d872d96803d03d4c8219190180afae0ab27bea552", kill_on_drop: false }`
[INFO] [stderr]    Compiling libc v0.2.155
[INFO] [stderr]    Compiling num-traits v0.2.19
[INFO] [stderr]    Compiling fastrand v2.1.0
[INFO] [stderr]    Compiling half v2.4.1
[INFO] [stderr]    Compiling ciborium-io v0.2.2
[INFO] [stderr]    Compiling toml_datetime v0.6.6
[INFO] [stderr]    Compiling cpp_demangle v0.4.3
[INFO] [stderr]    Compiling winnow v0.5.40
[INFO] [stderr]    Compiling tempfile v3.10.1
[INFO] [stderr]    Compiling plotters-backend v0.3.6
[INFO] [stderr]    Compiling ciborium-ll v0.2.2
[INFO] [stderr]    Compiling plotters-svg v0.3.6
[INFO] [stderr]    Compiling rstest_macros v0.21.0
[INFO] [stderr]    Compiling itertools v0.10.5
[INFO] [stderr]    Compiling jobserver v0.1.31
[INFO] [stderr]    Compiling getrandom v0.2.15
[INFO] [stderr]    Compiling parking_lot_core v0.9.10
[INFO] [stderr]    Compiling ahash v0.8.11
[INFO] [stderr]    Compiling socket2 v0.5.7
[INFO] [stderr]    Compiling cc v1.0.101
[INFO] [stderr]    Compiling hashbrown v0.14.5
[INFO] [stderr]    Compiling mio v0.8.11
[INFO] [stderr]    Compiling parking_lot v0.12.3
[INFO] [stderr]    Compiling num_cpus v1.16.0
[INFO] [stderr]    Compiling signal-hook-registry v1.4.2
[INFO] [stderr]    Compiling tokio v1.38.0
[INFO] [stderr]    Compiling indexmap v2.2.6
[INFO] [stderr]    Compiling cmake v0.1.50
[INFO] [stderr]    Compiling rand_core v0.6.4
[INFO] [stderr]    Compiling uuid v1.9.1
[INFO] [stderr]    Compiling rand_chacha v0.3.1
[INFO] [stderr]    Compiling rand v0.8.5
[INFO] [stderr]    Compiling hashlink v0.8.4
[INFO] [stderr]    Compiling aws-lc-sys v0.19.0
[INFO] [stderr]    Compiling ring v0.17.8
[INFO] [stderr]    Compiling zstd-sys v2.0.11+zstd.1.5.6
[INFO] [stderr]    Compiling libsqlite3-sys v0.27.0
[INFO] [stderr]    Compiling postgres-protocol v0.6.6
[INFO] [stderr]    Compiling freetype-sys v0.20.1
[INFO] [stderr]    Compiling futures-intrusive v0.5.0
[INFO] [stderr]    Compiling tokio-util v0.7.11
[INFO] [stderr]    Compiling tokio-stream v0.1.15
[INFO] [stderr]    Compiling tower v0.4.13
[INFO] [stderr]    Compiling sqlx-core v0.7.4
[INFO] [stderr]    Compiling actix-rt v2.10.0
[INFO] [stderr]    Compiling postgres-types v0.2.6
[INFO] [stderr]    Compiling libdeflate-sys v1.20.0
[INFO] [stderr]    Compiling memmap2 v0.8.0
[INFO] [stderr]    Compiling num-integer v0.1.46
[INFO] [stderr]    Compiling fontdb v0.15.0
[INFO] [stderr]    Compiling sqlx-sqlite v0.7.4
[INFO] [stderr]    Compiling h2 v0.3.26
[INFO] [stderr]    Compiling actix-codec v0.5.2
[INFO] [stderr]    Compiling hyper v1.3.1
[INFO] [stderr]    Compiling protobuf-parse v3.5.0
[INFO] [stderr]    Compiling nanorand v0.7.0
[INFO] [stderr]    Compiling atoi v2.0.0
[INFO] [stderr]    Compiling flume v0.11.0
[INFO] [stderr]    Compiling protobuf-codegen v3.5.0
[INFO] [stderr]    Compiling sqlx-macros-core v0.7.4
[INFO] [stderr]    Compiling hyper-util v0.1.5
[INFO] [stderr]    Compiling usvg-text-layout v0.36.0
[INFO] [stderr]    Compiling num-rational v0.2.4
[INFO] [stderr]    Compiling num-iter v0.1.45
[INFO] [stderr]    Compiling tokio-postgres v0.7.10
[INFO] [stderr]    Compiling rusqlite v0.30.0
[INFO] [stderr]    Compiling actix-server v2.4.0
[INFO] [stderr]    Compiling hyper v0.14.29
[INFO] [stderr]    Compiling num-complex v0.2.4
[INFO] [stderr]    Compiling num v0.2.1
[INFO] [stderr]    Compiling pbf_font_tools v2.5.1
[INFO] [stderr]    Compiling zstd-safe v7.1.0
[INFO] [stderr]    Compiling sqlx-macros v0.7.4
[INFO] [stderr]    Compiling zstd v0.13.1
[INFO] [stderr]    Compiling usvg v0.36.0
[INFO] [stderr]    Compiling actix-http v3.8.0
[INFO] [stderr]    Compiling libdeflater v1.20.0
[INFO] [stderr]    Compiling fs4 v0.6.6
[INFO] [stderr]    Compiling deadpool-runtime v0.1.4
[INFO] [stderr]    Compiling serde_yaml v0.9.34+deprecated
[INFO] [stderr]    Compiling toml_edit v0.21.1
[INFO] [stderr]    Compiling backtrace v0.3.73
[INFO] [stderr]    Compiling findshlibs v0.10.2
[INFO] [stderr]    Compiling freetype-rs v0.35.0
[INFO] [stderr]    Compiling debugid v0.8.0
[INFO] [stderr]    Compiling lambda_runtime_api_client v0.7.0
[INFO] [stderr]    Compiling sdf_glyph_renderer v1.0.1
[INFO] [stderr]    Compiling memmap2 v0.9.4
[INFO] [stderr]    Compiling is-terminal v0.4.12
[INFO] [stderr]    Compiling filetime v0.2.23
[INFO] [stderr]    Compiling chrono v0.4.38
[INFO] [stderr]    Compiling gimli v0.29.0
[INFO] [stderr]    Compiling actix-web v4.8.0
[INFO] [stderr]    Compiling cast v0.3.0
[INFO] [stderr]    Compiling symbolic-demangle v12.9.2
[INFO] [stderr]    Compiling same-file v1.0.6
[INFO] [stderr]    Compiling stable_deref_trait v1.2.0
[INFO] [stderr]    Compiling resvg v0.36.0
[INFO] [stderr]    Compiling symbolic-common v12.9.2
[INFO] [stderr]    Compiling walkdir v2.5.0
[INFO] [stderr]    Compiling addr2line v0.22.0
[INFO] [stderr]    Compiling sqlite-compressions v0.2.12
[INFO] [stderr]    Compiling oxipng v9.1.1
[INFO] [stderr]    Compiling criterion-plot v0.5.0
[INFO] [stderr]    Compiling x509-certificate v0.23.1
[INFO] [stderr]    Compiling proc-macro-crate v3.1.0
[INFO] [stderr]    Compiling fmmap v0.3.3
[INFO] [stderr]    Compiling quanta v0.12.3
[INFO] [stderr]    Compiling size_format v1.0.2
[INFO] [stderr]    Compiling sqlx v0.7.4
[INFO] [stderr]    Compiling lambda_runtime v0.7.3
[INFO] [stderr]    Compiling deadpool v0.12.1
[INFO] [stderr]    Compiling sqlite-hashes v0.7.3
[INFO] [stderr]    Compiling async-compression v0.4.11
[INFO] [stderr]    Compiling plotters v0.3.6
[INFO] [stderr]    Compiling ciborium v0.2.2
[INFO] [stderr]    Compiling num-format v0.4.4
[INFO] [stderr]    Compiling tinytemplate v1.2.1
[INFO] [stderr]    Compiling quick-xml v0.26.0
[INFO] [stderr]    Compiling object v0.36.0
[INFO] [stderr]    Compiling lazy_static v1.5.0
[INFO] [stderr]    Compiling oorandom v11.1.3
[INFO] [stderr]    Compiling relative-path v1.9.3
[INFO] [stderr]    Compiling str_stack v0.1.0
[INFO] [stderr]    Compiling pprof v0.13.0
[INFO] [stderr]    Compiling anes v0.1.6
[INFO] [stderr]    Compiling cargo-husky v1.5.0
[INFO] [stderr]    Compiling criterion v0.5.1
[INFO] [stderr]    Compiling mbtiles v0.11.1
[INFO] [stderr]    Compiling moka v0.12.7
[INFO] [stderr]    Compiling spreet v0.11.0
[INFO] [stderr]    Compiling inferno v0.11.19
[INFO] [stderr]    Compiling subst v0.3.2
[INFO] [stderr]    Compiling lambda-web v0.2.1
[INFO] [stderr]    Compiling console v0.15.8
[INFO] [stderr]    Compiling deadpool-postgres v0.14.0
[INFO] [stderr]    Compiling actix-cors v0.7.0
[INFO] [stderr]    Compiling postgres v0.19.7
[INFO] [stderr]    Compiling postgis v0.9.0
[INFO] [stderr]    Compiling nix v0.26.4
[INFO] [stderr]    Compiling futures-timer v3.0.3
[INFO] [stderr]    Compiling linked-hash-map v0.5.6
[INFO] [stderr]    Compiling similar v2.5.0
[INFO] [stderr]    Compiling rstest v0.21.0
[INFO] [stderr]    Compiling ctor v0.2.8
[INFO] [stderr]    Compiling insta v1.39.0
[INFO] [stderr]    Compiling indoc v2.0.5
[INFO] [stderr]    Compiling aws-lc-rs v1.8.0
[INFO] [stderr]    Compiling rustls v0.23.10
[INFO] [stderr]    Compiling rustls-webpki v0.102.4
[INFO] [stderr]    Compiling tokio-rustls v0.26.0
[INFO] [stderr]    Compiling hyper-rustls v0.27.2
[INFO] [stderr]    Compiling tokio-postgres-rustls v0.12.0
[INFO] [stderr]    Compiling reqwest v0.12.5
[INFO] [stderr]    Compiling pmtiles v0.10.0
[INFO] [stderr]    Compiling martin v0.14.2 (/opt/rustwide/workdir)
[INFO] [stderr]     Finished `test` profile [unoptimized + debuginfo] target(s) in 1m 10s
[INFO] running `Command { std: "docker" "inspect" "86a5b78c993aac9252449b0d872d96803d03d4c8219190180afae0ab27bea552", kill_on_drop: false }`
[INFO] running `Command { std: "docker" "rm" "-f" "86a5b78c993aac9252449b0d872d96803d03d4c8219190180afae0ab27bea552", kill_on_drop: false }`
[INFO] [stdout] 86a5b78c993aac9252449b0d872d96803d03d4c8219190180afae0ab27bea552
[INFO] running `Command { std: "docker" "create" "-v" "/var/lib/crater-agent-workspace/builds/worker-1-tc1/target:/opt/rustwide/target:rw,Z" "-v" "/var/lib/crater-agent-workspace/builds/worker-1-tc1/source:/opt/rustwide/workdir:ro,Z" "-v" "/var/lib/crater-agent-workspace/cargo-home:/opt/rustwide/cargo-home:ro,Z" "-v" "/var/lib/crater-agent-workspace/rustup-home:/opt/rustwide/rustup-home:ro,Z" "-e" "SOURCE_DIR=/opt/rustwide/workdir" "-e" "CARGO_TARGET_DIR=/opt/rustwide/target" "-e" "CARGO_INCREMENTAL=0" "-e" "RUST_BACKTRACE=full" "-e" "RUSTFLAGS=--cap-lints=forbid" "-e" "RUSTDOCFLAGS=--cap-lints=forbid" "-e" "CARGO_HOME=/opt/rustwide/cargo-home" "-e" "RUSTUP_HOME=/opt/rustwide/rustup-home" "-w" "/opt/rustwide/workdir" "-m" "1610612736" "--user" "0:0" "--network" "none" "ghcr.io/rust-lang/crates-build-env/linux@sha256:4a844ea9eb2546a2d2c7022eacef16ef2e8229c7fbb2c7d4d55a9ceca922f72d" "/opt/rustwide/cargo-home/bin/cargo" "+nightly-2024-10-28" "test" "--frozen", kill_on_drop: false }`
[INFO] [stdout] 14ae7c1d16c797dcc7a0e71d1914412a0ef6635b80f75c304aa3b19359d60ae4
[INFO] running `Command { std: "docker" "start" "-a" "14ae7c1d16c797dcc7a0e71d1914412a0ef6635b80f75c304aa3b19359d60ae4", kill_on_drop: false }`
[INFO] [stderr]     Finished `test` profile [unoptimized + debuginfo] target(s) in 0.75s
[INFO] [stderr]      Running unittests src/lib.rs (/opt/rustwide/target/debug/deps/martin-30c2572fd89c5b48)
[INFO] [stdout] 
[INFO] [stdout] running 38 tests
[INFO] [stdout] test args::pg::tests::test_extract_conn_strings ... ok
[INFO] [stdout] test args::pg::tests::test_merge_into_config ... ok
[INFO] [stdout] test args::pg::tests::test_extract_conn_strings_from_env ... ok
[INFO] [stdout] test args::pg::tests::test_merge_into_config2 ... ok
[INFO] [stdout] test args::pg::tests::test_merge_into_config3 ... ok
[INFO] [stdout] test args::root::tests::cli_no_args ... ok
[INFO] [stdout] test args::root::tests::cli_bad_parsed_arguments ... ok
[INFO] [stdout] test args::root::tests::cli_unknown_con_str ... ok
[INFO] [stdout] test args::root::tests::cli_bad_arguments ... ok
[INFO] [stdout] test pg::config::tests::parse_pg_one ... ok
[INFO] [stdout] test pg::config::tests::parse_pg_two ... ok
[INFO] [stdout] test args::root::tests::cli_with_config ... ok
[INFO] [stdout] test args::root::tests::cli_encoding_arguments ... ok
[INFO] [stdout] test source::tests::xyz_format ... ok
[INFO] [stdout] test pg::config::tests::parse_pg_config ... ok
[INFO] [stdout] test mbtiles::tests::parse ... ok
[INFO] [stdout] test srv::config::tests::parse_config ... ok
[INFO] [stdout] test srv::tiles::tests::test_deleteme ... ok
[INFO] [stdout] test srv::tiles::tests::test_enc_preference::case_4 ... ok
[INFO] [stdout] test srv::tiles::tests::test_enc_preference::case_1 ... ok
[INFO] [stdout] test srv::tiles::tests::test_tile_content ... ok
[INFO] [stdout] test srv::tiles_info::tests::test_merge_tilejson ... ok
[INFO] [stdout] test test_utils::tests::test_bad_os_str ... ok
[INFO] [stdout] test test_utils::tests::test_get_env_str ... ok
[INFO] [stdout] test utils::cfg_containers::tests::test_one_or_many ... ok
[INFO] [stdout] test utils::id_resolver::tests::id_resolve ... ok
[INFO] [stdout] test utils::rectangle::tests::test_append_multiple ... ok
[INFO] [stdout] test utils::rectangle::tests::test_append_single ... ok
[INFO] [stdout] test srv::tiles::tests::test_enc_preference::case_2 ... ok
[INFO] [stdout] test srv::tiles::tests::test_enc_preference::case_3 ... ok
[INFO] [stdout] test utils::utilities::tests::test_parse_base_path ... ok
[INFO] [stdout] test utils::rectangle::tests::test_len ... ok
[INFO] [stdout] test utils::rectangle::tests::test_tile_range_is_overlapping ... ok
[INFO] [stdout] test srv::tiles::tests::test_enc_preference::case_6 ... ok
[INFO] [stdout] test srv::tiles::tests::test_enc_preference::case_5 ... ok
[INFO] [stdout] test pg::tls::tests::test_parse_conn_str ... ok
[INFO] [stdout] test pg::builder::tests::test_auto_publish_no_auto ... ok
[INFO] [stdout] test sprites::tests::test_sprites ... FAILED
[INFO] [stdout] 
[INFO] [stdout] failures:
[INFO] [stdout] 
[INFO] [stdout] ---- sprites::tests::test_sprites stdout ----
[INFO] [stdout] thread 'sprites::tests::test_sprites' panicked at src/sprites/mod.rs:254:67:
[INFO] [stdout] called `Result::unwrap()` on an `Err` value: SpriteProcessingError(IoError(Os { code: 2, kind: NotFound, message: "No such file or directory" }), "../tests/fixtures/sprites/src2")
[INFO] [stdout] stack backtrace:
[INFO] [stdout]    0:     0x5aedc81d76da - std::backtrace_rs::backtrace::libunwind::trace::h207520d6e9873551
[INFO] [stdout]                                at /rustc/df4ca44d3fbc9301ee17f30f4d474e6ae4b05252/library/std/src/../../backtrace/src/backtrace/libunwind.rs:116:5
[INFO] [stdout]    1:     0x5aedc81d76da - std::backtrace_rs::backtrace::trace_unsynchronized::h2ed7433f370e3eca
[INFO] [stdout]                                at /rustc/df4ca44d3fbc9301ee17f30f4d474e6ae4b05252/library/std/src/../../backtrace/src/backtrace/mod.rs:66:5
[INFO] [stdout]    2:     0x5aedc81d76da - std::sys::backtrace::_print_fmt::h916fac51166b18d7
[INFO] [stdout]                                at /rustc/df4ca44d3fbc9301ee17f30f4d474e6ae4b05252/library/std/src/sys/backtrace.rs:66:9
[INFO] [stdout]    3:     0x5aedc81d76da - <std::sys::backtrace::BacktraceLock::print::DisplayBacktrace as core::fmt::Display>::fmt::ha0a4c9b8ce3802e6
[INFO] [stdout]                                at /rustc/df4ca44d3fbc9301ee17f30f4d474e6ae4b05252/library/std/src/sys/backtrace.rs:39:26
[INFO] [stdout]    4:     0x5aedc8204333 - core::fmt::rt::Argument::fmt::h4cfc8587d52b3eb5
[INFO] [stdout]                                at /rustc/df4ca44d3fbc9301ee17f30f4d474e6ae4b05252/library/core/src/fmt/rt.rs:177:76
[INFO] [stdout]    5:     0x5aedc8204333 - core::fmt::write::h522cc39e5b36ae9f
[INFO] [stdout]                                at /rustc/df4ca44d3fbc9301ee17f30f4d474e6ae4b05252/library/core/src/fmt/mod.rs:1190:21
[INFO] [stdout]    6:     0x5aedc81d3563 - std::io::Write::write_fmt::h7d3c26752da97734
[INFO] [stdout]                                at /rustc/df4ca44d3fbc9301ee17f30f4d474e6ae4b05252/library/std/src/io/mod.rs:1839:15
[INFO] [stdout]    7:     0x5aedc81d7522 - std::sys::backtrace::BacktraceLock::print::h4b9e00b29e9c0942
[INFO] [stdout]                                at /rustc/df4ca44d3fbc9301ee17f30f4d474e6ae4b05252/library/std/src/sys/backtrace.rs:42:9
[INFO] [stdout]    8:     0x5aedc81d8b6a - std::panicking::default_hook::{{closure}}::hb59b88280d0324d9
[INFO] [stdout]                                at /rustc/df4ca44d3fbc9301ee17f30f4d474e6ae4b05252/library/std/src/panicking.rs:268:22
[INFO] [stdout]    9:     0x5aedc81d8974 - std::panicking::default_hook::he1dd496665be4a29
[INFO] [stdout]                                at /rustc/df4ca44d3fbc9301ee17f30f4d474e6ae4b05252/library/std/src/panicking.rs:292:9
[INFO] [stdout]   10:     0x5aedc7465119 - <alloc::boxed::Box<F,A> as core::ops::function::Fn<Args>>::call::h4ff71de18744e1dc
[INFO] [stdout]                                at /rustc/df4ca44d3fbc9301ee17f30f4d474e6ae4b05252/library/alloc/src/boxed.rs:2468:9
[INFO] [stdout]   11:     0x5aedc7465119 - test::test_main::{{closure}}::hcf7c055ce117aa81
[INFO] [stdout]                                at /rustc/df4ca44d3fbc9301ee17f30f4d474e6ae4b05252/library/test/src/lib.rs:133:21
[INFO] [stdout]   12:     0x5aedc81d9268 - <alloc::boxed::Box<F,A> as core::ops::function::Fn<Args>>::call::h1d66c6bbd60c9692
[INFO] [stdout]                                at /rustc/df4ca44d3fbc9301ee17f30f4d474e6ae4b05252/library/alloc/src/boxed.rs:2468:9
[INFO] [stdout]   13:     0x5aedc81d9268 - std::panicking::rust_panic_with_hook::h2ff17fe8f26dfcf8
[INFO] [stdout]                                at /rustc/df4ca44d3fbc9301ee17f30f4d474e6ae4b05252/library/std/src/panicking.rs:809:13
[INFO] [stdout]   14:     0x5aedc81d902a - std::panicking::begin_panic_handler::{{closure}}::h4fad77951c07e101
[INFO] [stdout]                                at /rustc/df4ca44d3fbc9301ee17f30f4d474e6ae4b05252/library/std/src/panicking.rs:674:13
[INFO] [stdout]   15:     0x5aedc81d7bb9 - std::sys::backtrace::__rust_end_short_backtrace::hb1a25b3da5d0ea08
[INFO] [stdout]                                at /rustc/df4ca44d3fbc9301ee17f30f4d474e6ae4b05252/library/std/src/sys/backtrace.rs:170:18
[INFO] [stdout]   16:     0x5aedc81d8cbc - rust_begin_unwind
[INFO] [stdout]                                at /rustc/df4ca44d3fbc9301ee17f30f4d474e6ae4b05252/library/std/src/panicking.rs:665:5
[INFO] [stdout]   17:     0x5aedc8201520 - core::panicking::panic_fmt::ha9db07b529f9b256
[INFO] [stdout]                                at /rustc/df4ca44d3fbc9301ee17f30f4d474e6ae4b05252/library/core/src/panicking.rs:75:14
[INFO] [stdout]   18:     0x5aedc8201a06 - core::result::unwrap_failed::h5e8218e4d4338b8a
[INFO] [stdout]                                at /rustc/df4ca44d3fbc9301ee17f30f4d474e6ae4b05252/library/core/src/result.rs:1698:5
[INFO] [stdout]   19:     0x5aedc74199a4 - core::result::Result<T,E>::unwrap::hd92f8605a023edd9
[INFO] [stdout]                                at /rustc/df4ca44d3fbc9301ee17f30f4d474e6ae4b05252/library/core/src/result.rs:1103:23
[INFO] [stdout]   20:     0x5aedc74199a4 - martin::sprites::tests::test_src::{{closure}}::h49f33cb74534e209
[INFO] [stdout]                                at /opt/rustwide/workdir/src/sprites/mod.rs:254:23
[INFO] [stdout]   21:     0x5aedc74273d8 - martin::sprites::tests::test_sprites::{{closure}}::hf22e0b2d0e3f4c83
[INFO] [stdout]                                at /opt/rustwide/workdir/src/sprites/mod.rs:237:48
[INFO] [stdout]   22:     0x5aedc722621e - <tokio::task::local::RunUntil<T> as core::future::future::Future>::poll::{{closure}}::h0163e2ef0d5c069e
[INFO] [stdout]                                at /opt/rustwide/cargo-home/registry/src/index.crates.io-6f17d22bba15001f/tokio-1.38.0/src/task/local.rs:978:42
[INFO] [stdout]   23:     0x5aedc7221720 - tokio::task::local::LocalSet::with::{{closure}}::h226f5ae148457bdc
[INFO] [stdout]                                at /opt/rustwide/cargo-home/registry/src/index.crates.io-6f17d22bba15001f/tokio-1.38.0/src/task/local.rs:730:13
[INFO] [stdout]   24:     0x5aedc727e310 - std::thread::local::LocalKey<T>::try_with::h19a6461bf66bdd73
[INFO] [stdout]                                at /rustc/df4ca44d3fbc9301ee17f30f4d474e6ae4b05252/library/std/src/thread/local.rs:283:12
[INFO] [stdout]   25:     0x5aedc727d80a - std::thread::local::LocalKey<T>::with::haf4bcae26304494b
[INFO] [stdout]                                at /rustc/df4ca44d3fbc9301ee17f30f4d474e6ae4b05252/library/std/src/thread/local.rs:260:9
[INFO] [stdout]   26:     0x5aedc7221416 - tokio::task::local::LocalSet::with::h127b8a4b6499f5e4
[INFO] [stdout]                                at /opt/rustwide/cargo-home/registry/src/index.crates.io-6f17d22bba15001f/tokio-1.38.0/src/task/local.rs:728:9
[INFO] [stdout]   27:     0x5aedc7225e95 - <tokio::task::local::RunUntil<T> as core::future::future::Future>::poll::h286a6f2f70db8735
[INFO] [stdout]                                at /opt/rustwide/cargo-home/registry/src/index.crates.io-6f17d22bba15001f/tokio-1.38.0/src/task/local.rs:968:9
[INFO] [stdout]   28:     0x5aedc72232e5 - tokio::task::local::LocalSet::run_until::{{closure}}::hb5b279a1dd6aabc8
[INFO] [stdout]                                at /opt/rustwide/cargo-home/registry/src/index.crates.io-6f17d22bba15001f/tokio-1.38.0/src/task/local.rs:635:19
[INFO] [stdout]   29:     0x5aedc73e20ed - <core::pin::Pin<P> as core::future::future::Future>::poll::h4bc2ba65df6bc2ff
[INFO] [stdout]                                at /rustc/df4ca44d3fbc9301ee17f30f4d474e6ae4b05252/library/core/src/future/future.rs:123:9
[INFO] [stdout]   30:     0x5aedc73e1bff - tokio::runtime::scheduler::current_thread::CoreGuard::block_on::{{closure}}::{{closure}}::{{closure}}::hb973119a2c09eaf6
[INFO] [stdout]                                at /opt/rustwide/cargo-home/registry/src/index.crates.io-6f17d22bba15001f/tokio-1.38.0/src/runtime/scheduler/current_thread/mod.rs:659:57
[INFO] [stdout]   31:     0x5aedc73e1155 - tokio::runtime::coop::with_budget::h51656169052abc25
[INFO] [stdout]                                at /opt/rustwide/cargo-home/registry/src/index.crates.io-6f17d22bba15001f/tokio-1.38.0/src/runtime/coop.rs:107:5
[INFO] [stdout]   32:     0x5aedc73e1155 - tokio::runtime::coop::budget::h7959344fb87c56f8
[INFO] [stdout]                                at /opt/rustwide/cargo-home/registry/src/index.crates.io-6f17d22bba15001f/tokio-1.38.0/src/runtime/coop.rs:73:5
[INFO] [stdout]   33:     0x5aedc73e1155 - tokio::runtime::scheduler::current_thread::CoreGuard::block_on::{{closure}}::{{closure}}::hd6534eb0a3e6ccdc
[INFO] [stdout]                                at /opt/rustwide/cargo-home/registry/src/index.crates.io-6f17d22bba15001f/tokio-1.38.0/src/runtime/scheduler/current_thread/mod.rs:659:25
[INFO] [stdout]   34:     0x5aedc73d7930 - tokio::runtime::scheduler::current_thread::Context::enter::hdc1e77e2332d8ed7
[INFO] [stdout]                                at /opt/rustwide/cargo-home/registry/src/index.crates.io-6f17d22bba15001f/tokio-1.38.0/src/runtime/scheduler/current_thread/mod.rs:404:19
[INFO] [stdout]   35:     0x5aedc73dd0de - tokio::runtime::scheduler::current_thread::CoreGuard::block_on::{{closure}}::h2970ad7b87809977
[INFO] [stdout]                                at /opt/rustwide/cargo-home/registry/src/index.crates.io-6f17d22bba15001f/tokio-1.38.0/src/runtime/scheduler/current_thread/mod.rs:658:36
[INFO] [stdout]   36:     0x5aedc73db954 - tokio::runtime::scheduler::current_thread::CoreGuard::enter::{{closure}}::h42a512f81d756ffc
[INFO] [stdout]                                at /opt/rustwide/cargo-home/registry/src/index.crates.io-6f17d22bba15001f/tokio-1.38.0/src/runtime/scheduler/current_thread/mod.rs:737:68
[INFO] [stdout]   37:     0x5aedc7223c9b - tokio::runtime::context::scoped::Scoped<T>::set::hdcd4162062b60d2e
[INFO] [stdout]                                at /opt/rustwide/cargo-home/registry/src/index.crates.io-6f17d22bba15001f/tokio-1.38.0/src/runtime/context/scoped.rs:40:9
[INFO] [stdout]   38:     0x5aedc7268d09 - tokio::runtime::context::set_scheduler::{{closure}}::hc3e1d26ea8d89a23
[INFO] [stdout]                                at /opt/rustwide/cargo-home/registry/src/index.crates.io-6f17d22bba15001f/tokio-1.38.0/src/runtime/context.rs:180:26
[INFO] [stdout]   39:     0x5aedc727fc2d - std::thread::local::LocalKey<T>::try_with::h670553d7ee6d2a6d
[INFO] [stdout]                                at /rustc/df4ca44d3fbc9301ee17f30f4d474e6ae4b05252/library/std/src/thread/local.rs:283:12
[INFO] [stdout]   40:     0x5aedc727d2ca - std::thread::local::LocalKey<T>::with::h2ccfcfe8b4619941
[INFO] [stdout]                                at /rustc/df4ca44d3fbc9301ee17f30f4d474e6ae4b05252/library/std/src/thread/local.rs:260:9
[INFO] [stdout]   41:     0x5aedc726897d - tokio::runtime::context::set_scheduler::h37dcd05a7358f0c6
[INFO] [stdout]                                at /opt/rustwide/cargo-home/registry/src/index.crates.io-6f17d22bba15001f/tokio-1.38.0/src/runtime/context.rs:180:9
[INFO] [stdout]   42:     0x5aedc73daa60 - tokio::runtime::scheduler::current_thread::CoreGuard::enter::h80803730c824078e
[INFO] [stdout]                                at /opt/rustwide/cargo-home/registry/src/index.crates.io-6f17d22bba15001f/tokio-1.38.0/src/runtime/scheduler/current_thread/mod.rs:737:27
[INFO] [stdout]   43:     0x5aedc73dbc73 - tokio::runtime::scheduler::current_thread::CoreGuard::block_on::hc5d7b7e8546962e2
[INFO] [stdout]                                at /opt/rustwide/cargo-home/registry/src/index.crates.io-6f17d22bba15001f/tokio-1.38.0/src/runtime/scheduler/current_thread/mod.rs:646:19
[INFO] [stdout]   44:     0x5aedc73d3dad - tokio::runtime::scheduler::current_thread::CurrentThread::block_on::{{closure}}::hd7b249411c31432f
[INFO] [stdout]                                at /opt/rustwide/cargo-home/registry/src/index.crates.io-6f17d22bba15001f/tokio-1.38.0/src/runtime/scheduler/current_thread/mod.rs:175:28
[INFO] [stdout]   45:     0x5aedc73f98b6 - tokio::runtime::context::runtime::enter_runtime::h762ed98de16fce32
[INFO] [stdout]                                at /opt/rustwide/cargo-home/registry/src/index.crates.io-6f17d22bba15001f/tokio-1.38.0/src/runtime/context/runtime.rs:65:16
[INFO] [stdout]   46:     0x5aedc73d22a6 - tokio::runtime::scheduler::current_thread::CurrentThread::block_on::he0dbd9fe7046db02
[INFO] [stdout]                                at /opt/rustwide/cargo-home/registry/src/index.crates.io-6f17d22bba15001f/tokio-1.38.0/src/runtime/scheduler/current_thread/mod.rs:167:9
[INFO] [stdout]   47:     0x5aedc7378d58 - tokio::runtime::runtime::Runtime::block_on::h3decf429854a8eb8
[INFO] [stdout]                                at /opt/rustwide/cargo-home/registry/src/index.crates.io-6f17d22bba15001f/tokio-1.38.0/src/runtime/runtime.rs:347:47
[INFO] [stdout]   48:     0x5aedc7222033 - tokio::task::local::LocalSet::block_on::ha8567558c67ec54b
[INFO] [stdout]                                at /opt/rustwide/cargo-home/registry/src/index.crates.io-6f17d22bba15001f/tokio-1.38.0/src/task/local.rs:592:9
[INFO] [stdout]   49:     0x5aedc735587a - actix_rt::runtime::Runtime::block_on::hf2d4bac6c8ffd084
[INFO] [stdout]                                at /opt/rustwide/cargo-home/registry/src/index.crates.io-6f17d22bba15001f/actix-rt-2.10.0/src/runtime.rs:138:9
[INFO] [stdout]   50:     0x5aedc7329f4a - actix_rt::system::SystemRunner::block_on::ha1171e08c831e73a
[INFO] [stdout]                                at /opt/rustwide/cargo-home/registry/src/index.crates.io-6f17d22bba15001f/actix-rt-2.10.0/src/system.rs:244:9
[INFO] [stdout]   51:     0x5aedc7426d68 - martin::sprites::tests::test_sprites::h25e1f95828609b17
[INFO] [stdout]                                at /opt/rustwide/workdir/src/sprites/mod.rs:227:5
[INFO] [stdout]   52:     0x5aedc7426d17 - martin::sprites::tests::test_sprites::{{closure}}::hbacfb77320764d52
[INFO] [stdout]                                at /opt/rustwide/workdir/src/sprites/mod.rs:228:28
[INFO] [stdout]   53:     0x5aedc72eb136 - core::ops::function::FnOnce::call_once::h1110e4d076cbc8a7
[INFO] [stdout]                                at /rustc/df4ca44d3fbc9301ee17f30f4d474e6ae4b05252/library/core/src/ops/function.rs:250:5
[INFO] [stdout]   54:     0x5aedc74699eb - core::ops::function::FnOnce::call_once::h22c3ba5715e93f05
[INFO] [stdout]                                at /rustc/df4ca44d3fbc9301ee17f30f4d474e6ae4b05252/library/core/src/ops/function.rs:250:5
[INFO] [stdout]   55:     0x5aedc74699eb - test::__rust_begin_short_backtrace::h8e82d8113d0da17f
[INFO] [stdout]                                at /rustc/df4ca44d3fbc9301ee17f30f4d474e6ae4b05252/library/test/src/lib.rs:621:18
[INFO] [stdout]   56:     0x5aedc7469367 - test::run_test_in_process::{{closure}}::h33235f4f20b7b7c7
[INFO] [stdout]                                at /rustc/df4ca44d3fbc9301ee17f30f4d474e6ae4b05252/library/test/src/lib.rs:644:60
[INFO] [stdout]   57:     0x5aedc7469367 - <core::panic::unwind_safe::AssertUnwindSafe<F> as core::ops::function::FnOnce<()>>::call_once::hb5043206310c586f
[INFO] [stdout]                                at /rustc/df4ca44d3fbc9301ee17f30f4d474e6ae4b05252/library/core/src/panic/unwind_safe.rs:272:9
[INFO] [stdout]   58:     0x5aedc7469367 - std::panicking::try::do_call::h9ad4731a60ab23e2
[INFO] [stdout]                                at /rustc/df4ca44d3fbc9301ee17f30f4d474e6ae4b05252/library/std/src/panicking.rs:557:40
[INFO] [stdout]   59:     0x5aedc7469367 - std::panicking::try::h3824d23db772a716
[INFO] [stdout]                                at /rustc/df4ca44d3fbc9301ee17f30f4d474e6ae4b05252/library/std/src/panicking.rs:520:19
[INFO] [stdout]   60:     0x5aedc7469367 - std::panic::catch_unwind::h5afd514605fde46b
[INFO] [stdout]                                at /rustc/df4ca44d3fbc9301ee17f30f4d474e6ae4b05252/library/std/src/panic.rs:358:14
[INFO] [stdout]   61:     0x5aedc7469367 - test::run_test_in_process::h0d5cbfa7067d1720
[INFO] [stdout]                                at /rustc/df4ca44d3fbc9301ee17f30f4d474e6ae4b05252/library/test/src/lib.rs:644:27
[INFO] [stdout]   62:     0x5aedc7469367 - test::run_test::{{closure}}::h708eb8872708115d
[INFO] [stdout]                                at /rustc/df4ca44d3fbc9301ee17f30f4d474e6ae4b05252/library/test/src/lib.rs:565:43
[INFO] [stdout]   63:     0x5aedc742ca84 - test::run_test::{{closure}}::h392c51cee94713ab
[INFO] [stdout]                                at /rustc/df4ca44d3fbc9301ee17f30f4d474e6ae4b05252/library/test/src/lib.rs:595:41
[INFO] [stdout]   64:     0x5aedc742ca84 - std::sys::backtrace::__rust_begin_short_backtrace::h2f40290710935a8b
[INFO] [stdout]                                at /rustc/df4ca44d3fbc9301ee17f30f4d474e6ae4b05252/library/std/src/sys/backtrace.rs:154:18
[INFO] [stdout]   65:     0x5aedc743022e - std::thread::Builder::spawn_unchecked_::{{closure}}::{{closure}}::h3fd968d89053a903
[INFO] [stdout]                                at /rustc/df4ca44d3fbc9301ee17f30f4d474e6ae4b05252/library/std/src/thread/mod.rs:541:17
[INFO] [stdout]   66:     0x5aedc743022e - <core::panic::unwind_safe::AssertUnwindSafe<F> as core::ops::function::FnOnce<()>>::call_once::h743f637ba4229880
[INFO] [stdout]                                at /rustc/df4ca44d3fbc9301ee17f30f4d474e6ae4b05252/library/core/src/panic/unwind_safe.rs:272:9
[INFO] [stdout]   67:     0x5aedc743022e - std::panicking::try::do_call::h07440897322525a6
[INFO] [stdout]                                at /rustc/df4ca44d3fbc9301ee17f30f4d474e6ae4b05252/library/std/src/panicking.rs:557:40
[INFO] [stdout]   68:     0x5aedc743022e - std::panicking::try::he5a2e00188156637
[INFO] [stdout]                                at /rustc/df4ca44d3fbc9301ee17f30f4d474e6ae4b05252/library/std/src/panicking.rs:520:19
[INFO] [stdout]   69:     0x5aedc743022e - std::panic::catch_unwind::hbaf3cae49b3c6433
[INFO] [stdout]                                at /rustc/df4ca44d3fbc9301ee17f30f4d474e6ae4b05252/library/std/src/panic.rs:358:14
[INFO] [stdout]   70:     0x5aedc743022e - std::thread::Builder::spawn_unchecked_::{{closure}}::h8e141ea224820bce
[INFO] [stdout]                                at /rustc/df4ca44d3fbc9301ee17f30f4d474e6ae4b05252/library/std/src/thread/mod.rs:540:30
[INFO] [stdout]   71:     0x5aedc743022e - core::ops::function::FnOnce::call_once{{vtable.shim}}::h90d312fedd7b8ea8
[INFO] [stdout]                                at /rustc/df4ca44d3fbc9301ee17f30f4d474e6ae4b05252/library/core/src/ops/function.rs:250:5
[INFO] [stdout]   72:     0x5aedc81ddc2b - <alloc::boxed::Box<F,A> as core::ops::function::FnOnce<Args>>::call_once::h69aa08ddb6adb8b6
[INFO] [stdout]                                at /rustc/df4ca44d3fbc9301ee17f30f4d474e6ae4b05252/library/alloc/src/boxed.rs:2454:9
[INFO] [stdout]   73:     0x5aedc81ddc2b - <alloc::boxed::Box<F,A> as core::ops::function::FnOnce<Args>>::call_once::h5aa36efdb79c806f
[INFO] [stdout]                                at /rustc/df4ca44d3fbc9301ee17f30f4d474e6ae4b05252/library/alloc/src/boxed.rs:2454:9
[INFO] [stdout]   74:     0x5aedc81ddc2b - std::sys::pal::unix::thread::Thread::new::thread_start::h6cd80a1b4be5158d
[INFO] [stdout]                                at /rustc/df4ca44d3fbc9301ee17f30f4d474e6ae4b05252/library/std/src/sys/pal/unix/thread.rs:105:17
[INFO] [stdout]   75:     0x7c3ec5f1aac3 - <unknown>
[INFO] [stdout]   76:     0x7c3ec5faba04 - clone
[INFO] [stdout]   77:                0x0 - <unknown>
[INFO] [stdout] 
[INFO] [stdout] 
[INFO] [stdout] failures:
[INFO] [stdout]     sprites::tests::test_sprites
[INFO] [stdout] 
[INFO] [stdout] test result: FAILED. 37 passed; 1 failed; 0 ignored; 0 measured; 0 filtered out; finished in 0.13s
[INFO] [stdout] 
[INFO] [stderr] error: test failed, to rerun pass `--lib`
[INFO] running `Command { std: "docker" "inspect" "14ae7c1d16c797dcc7a0e71d1914412a0ef6635b80f75c304aa3b19359d60ae4", kill_on_drop: false }`
[INFO] running `Command { std: "docker" "rm" "-f" "14ae7c1d16c797dcc7a0e71d1914412a0ef6635b80f75c304aa3b19359d60ae4", kill_on_drop: false }`
[INFO] [stdout] 14ae7c1d16c797dcc7a0e71d1914412a0ef6635b80f75c304aa3b19359d60ae4
