[INFO] fetching crate marine-rs-sdk 0.14.0...
[INFO] testing marine-rs-sdk-0.14.0 against nightly-2024-10-28 for randomize-layout
[INFO] extracting crate marine-rs-sdk 0.14.0 into /workspace/builds/worker-5-tc1/source
[INFO] validating manifest of crates.io crate marine-rs-sdk 0.14.0 on toolchain nightly-2024-10-28
[INFO] running `Command { std: CARGO_HOME="/workspace/cargo-home" RUSTUP_HOME="/workspace/rustup-home" "/workspace/cargo-home/bin/cargo" "+nightly-2024-10-28" "metadata" "--manifest-path" "Cargo.toml" "--no-deps", kill_on_drop: false }`
[INFO] removed /workspace/builds/worker-5-tc1/source/rust-toolchain.toml
[INFO] started tweaking crates.io crate marine-rs-sdk 0.14.0
[INFO] finished tweaking crates.io crate marine-rs-sdk 0.14.0
[INFO] tweaked toml for crates.io crate marine-rs-sdk 0.14.0 written to /workspace/builds/worker-5-tc1/source/Cargo.toml
[INFO] running `Command { std: CARGO_HOME="/workspace/cargo-home" RUSTUP_HOME="/workspace/rustup-home" "/workspace/cargo-home/bin/cargo" "+nightly-2024-10-28" "generate-lockfile" "--manifest-path" "Cargo.toml", kill_on_drop: false }`
[INFO] [stderr]     Updating crates.io index
[INFO] [stderr]      Locking 61 packages to latest compatible versions
[INFO] running `Command { std: CARGO_HOME="/workspace/cargo-home" RUSTUP_HOME="/workspace/rustup-home" "/workspace/cargo-home/bin/cargo" "+nightly-2024-10-28" "fetch" "--manifest-path" "Cargo.toml", kill_on_drop: false }`
[INFO] [stderr]  Downloading crates ...
[INFO] [stderr]   Downloaded marine-macro v0.14.0
[INFO] [stderr]   Downloaded marine-call-parameters v0.14.0
[INFO] [stderr]   Downloaded marine-timestamp-macro v0.14.0
[INFO] [stderr]   Downloaded marine-macro-impl v0.14.0
[INFO] [stderr]   Downloaded marine-rs-sdk-main v0.14.0
[INFO] running `Command { std: "docker" "create" "-v" "/var/lib/crater-agent-workspace/builds/worker-5-tc1/target:/opt/rustwide/target:rw,Z" "-v" "/var/lib/crater-agent-workspace/builds/worker-5-tc1/source:/opt/rustwide/workdir:ro,Z" "-v" "/var/lib/crater-agent-workspace/cargo-home:/opt/rustwide/cargo-home:ro,Z" "-v" "/var/lib/crater-agent-workspace/rustup-home:/opt/rustwide/rustup-home:ro,Z" "-e" "SOURCE_DIR=/opt/rustwide/workdir" "-e" "CARGO_TARGET_DIR=/opt/rustwide/target" "-e" "CARGO_HOME=/opt/rustwide/cargo-home" "-e" "RUSTUP_HOME=/opt/rustwide/rustup-home" "-w" "/opt/rustwide/workdir" "-m" "1610612736" "--user" "0:0" "--network" "none" "ghcr.io/rust-lang/crates-build-env/linux@sha256:4a844ea9eb2546a2d2c7022eacef16ef2e8229c7fbb2c7d4d55a9ceca922f72d" "/opt/rustwide/cargo-home/bin/cargo" "+nightly-2024-10-28" "metadata" "--no-deps" "--format-version=1", kill_on_drop: false }`
[INFO] [stdout] 4fe1613efa97bd7244d874879143a3784d4ddb589745fdbef1708ad2cb3419de
[INFO] running `Command { std: "docker" "start" "-a" "4fe1613efa97bd7244d874879143a3784d4ddb589745fdbef1708ad2cb3419de", kill_on_drop: false }`
[INFO] running `Command { std: "docker" "inspect" "4fe1613efa97bd7244d874879143a3784d4ddb589745fdbef1708ad2cb3419de", kill_on_drop: false }`
[INFO] running `Command { std: "docker" "rm" "-f" "4fe1613efa97bd7244d874879143a3784d4ddb589745fdbef1708ad2cb3419de", kill_on_drop: false }`
[INFO] [stdout] 4fe1613efa97bd7244d874879143a3784d4ddb589745fdbef1708ad2cb3419de
[INFO] running `Command { std: "docker" "create" "-v" "/var/lib/crater-agent-workspace/builds/worker-5-tc1/target:/opt/rustwide/target:rw,Z" "-v" "/var/lib/crater-agent-workspace/builds/worker-5-tc1/source:/opt/rustwide/workdir:ro,Z" "-v" "/var/lib/crater-agent-workspace/cargo-home:/opt/rustwide/cargo-home:ro,Z" "-v" "/var/lib/crater-agent-workspace/rustup-home:/opt/rustwide/rustup-home:ro,Z" "-e" "SOURCE_DIR=/opt/rustwide/workdir" "-e" "CARGO_TARGET_DIR=/opt/rustwide/target" "-e" "CARGO_INCREMENTAL=0" "-e" "RUST_BACKTRACE=full" "-e" "RUSTFLAGS=--cap-lints=forbid" "-e" "RUSTDOCFLAGS=--cap-lints=forbid" "-e" "CARGO_HOME=/opt/rustwide/cargo-home" "-e" "RUSTUP_HOME=/opt/rustwide/rustup-home" "-w" "/opt/rustwide/workdir" "-m" "1610612736" "--user" "0:0" "--network" "none" "ghcr.io/rust-lang/crates-build-env/linux@sha256:4a844ea9eb2546a2d2c7022eacef16ef2e8229c7fbb2c7d4d55a9ceca922f72d" "/opt/rustwide/cargo-home/bin/cargo" "+nightly-2024-10-28" "build" "--frozen" "--message-format=json", kill_on_drop: false }`
[INFO] [stdout] 12946ace2d4ac3a403260e77947b8445f0d64afd5bbe49e316178b8d087e241c
[INFO] running `Command { std: "docker" "start" "-a" "12946ace2d4ac3a403260e77947b8445f0d64afd5bbe49e316178b8d087e241c", kill_on_drop: false }`
[INFO] [stderr]    Compiling proc-macro2 v1.0.89
[INFO] [stderr]    Compiling unicode-ident v1.0.13
[INFO] [stderr]    Compiling serde v1.0.214
[INFO] [stderr]    Compiling autocfg v1.4.0
[INFO] [stderr]    Compiling serde_json v1.0.132
[INFO] [stderr]    Compiling syn v1.0.109
[INFO] [stderr]    Compiling itoa v1.0.11
[INFO] [stderr]    Compiling ryu v1.0.18
[INFO] [stderr]    Compiling memchr v2.7.4
[INFO] [stderr]    Compiling log v0.4.22
[INFO] [stderr]    Compiling iana-time-zone v0.1.61
[INFO] [stderr]    Compiling num-traits v0.2.19
[INFO] [stderr]    Compiling quote v1.0.37
[INFO] [stderr]    Compiling syn v2.0.86
[INFO] [stderr]    Compiling chrono v0.4.38
[INFO] [stderr]    Compiling marine-timestamp-macro v0.14.0
[INFO] [stderr]    Compiling serde_derive v1.0.214
[INFO] [stderr]    Compiling marine-rs-sdk-main v0.14.0
[INFO] [stderr]    Compiling marine-call-parameters v0.14.0
[INFO] [stderr]    Compiling marine-macro-impl v0.14.0
[INFO] [stderr]    Compiling marine-macro v0.14.0
[INFO] [stderr]    Compiling marine-rs-sdk v0.14.0 (/opt/rustwide/workdir)
[INFO] [stderr]     Finished `dev` profile [unoptimized + debuginfo] target(s) in 8.31s
[INFO] running `Command { std: "docker" "inspect" "12946ace2d4ac3a403260e77947b8445f0d64afd5bbe49e316178b8d087e241c", kill_on_drop: false }`
[INFO] running `Command { std: "docker" "rm" "-f" "12946ace2d4ac3a403260e77947b8445f0d64afd5bbe49e316178b8d087e241c", kill_on_drop: false }`
[INFO] [stdout] 12946ace2d4ac3a403260e77947b8445f0d64afd5bbe49e316178b8d087e241c
[INFO] running `Command { std: "docker" "create" "-v" "/var/lib/crater-agent-workspace/builds/worker-5-tc1/target:/opt/rustwide/target:rw,Z" "-v" "/var/lib/crater-agent-workspace/builds/worker-5-tc1/source:/opt/rustwide/workdir:ro,Z" "-v" "/var/lib/crater-agent-workspace/cargo-home:/opt/rustwide/cargo-home:ro,Z" "-v" "/var/lib/crater-agent-workspace/rustup-home:/opt/rustwide/rustup-home:ro,Z" "-e" "SOURCE_DIR=/opt/rustwide/workdir" "-e" "CARGO_TARGET_DIR=/opt/rustwide/target" "-e" "CARGO_INCREMENTAL=0" "-e" "RUST_BACKTRACE=full" "-e" "RUSTFLAGS=--cap-lints=forbid" "-e" "RUSTDOCFLAGS=--cap-lints=forbid" "-e" "CARGO_HOME=/opt/rustwide/cargo-home" "-e" "RUSTUP_HOME=/opt/rustwide/rustup-home" "-w" "/opt/rustwide/workdir" "-m" "1610612736" "--user" "0:0" "--network" "none" "ghcr.io/rust-lang/crates-build-env/linux@sha256:4a844ea9eb2546a2d2c7022eacef16ef2e8229c7fbb2c7d4d55a9ceca922f72d" "/opt/rustwide/cargo-home/bin/cargo" "+nightly-2024-10-28" "test" "--frozen" "--no-run" "--message-format=json", kill_on_drop: false }`
[INFO] [stdout] 435e4a805bd36daf07b05a5c477d68ebcc96ca12d8f281853b2a1c62987a9479
[INFO] running `Command { std: "docker" "start" "-a" "435e4a805bd36daf07b05a5c477d68ebcc96ca12d8f281853b2a1c62987a9479", kill_on_drop: false }`
[INFO] [stderr]    Compiling itoa v1.0.11
[INFO] [stderr]    Compiling memchr v2.7.4
[INFO] [stderr]    Compiling serde_json v1.0.132
[INFO] [stderr]    Compiling ryu v1.0.18
[INFO] [stderr]    Compiling equivalent v1.0.1
[INFO] [stderr]    Compiling hashbrown v0.15.0
[INFO] [stderr]    Compiling target-triple v0.1.3
[INFO] [stderr]    Compiling winnow v0.6.20
[INFO] [stderr]    Compiling glob v0.3.1
[INFO] [stderr]    Compiling termcolor v1.4.1
[INFO] [stderr]    Compiling serde_spanned v0.6.8
[INFO] [stderr]    Compiling toml_datetime v0.6.8
[INFO] [stderr]    Compiling indexmap v2.6.0
[INFO] [stderr]    Compiling marine-macro-impl v0.14.0
[INFO] [stderr]    Compiling toml_edit v0.22.22
[INFO] [stderr]    Compiling marine-macro v0.14.0
[INFO] [stderr]    Compiling marine-rs-sdk v0.14.0 (/opt/rustwide/workdir)
[INFO] [stderr]    Compiling toml v0.8.19
[INFO] [stderr]    Compiling trybuild v1.0.101
[INFO] [stderr]     Finished `test` profile [unoptimized + debuginfo] target(s) in 4.56s
[INFO] running `Command { std: "docker" "inspect" "435e4a805bd36daf07b05a5c477d68ebcc96ca12d8f281853b2a1c62987a9479", kill_on_drop: false }`
[INFO] running `Command { std: "docker" "rm" "-f" "435e4a805bd36daf07b05a5c477d68ebcc96ca12d8f281853b2a1c62987a9479", kill_on_drop: false }`
[INFO] [stdout] 435e4a805bd36daf07b05a5c477d68ebcc96ca12d8f281853b2a1c62987a9479
[INFO] running `Command { std: "docker" "create" "-v" "/var/lib/crater-agent-workspace/builds/worker-5-tc1/target:/opt/rustwide/target:rw,Z" "-v" "/var/lib/crater-agent-workspace/builds/worker-5-tc1/source:/opt/rustwide/workdir:ro,Z" "-v" "/var/lib/crater-agent-workspace/cargo-home:/opt/rustwide/cargo-home:ro,Z" "-v" "/var/lib/crater-agent-workspace/rustup-home:/opt/rustwide/rustup-home:ro,Z" "-e" "SOURCE_DIR=/opt/rustwide/workdir" "-e" "CARGO_TARGET_DIR=/opt/rustwide/target" "-e" "CARGO_INCREMENTAL=0" "-e" "RUST_BACKTRACE=full" "-e" "RUSTFLAGS=--cap-lints=forbid" "-e" "RUSTDOCFLAGS=--cap-lints=forbid" "-e" "CARGO_HOME=/opt/rustwide/cargo-home" "-e" "RUSTUP_HOME=/opt/rustwide/rustup-home" "-w" "/opt/rustwide/workdir" "-m" "1610612736" "--user" "0:0" "--network" "none" "ghcr.io/rust-lang/crates-build-env/linux@sha256:4a844ea9eb2546a2d2c7022eacef16ef2e8229c7fbb2c7d4d55a9ceca922f72d" "/opt/rustwide/cargo-home/bin/cargo" "+nightly-2024-10-28" "test" "--frozen", kill_on_drop: false }`
[INFO] [stdout] 1a56b77b4903e1c573b337670b8d1e7616957c72275ad91befa080d2fc6de2e1
[INFO] running `Command { std: "docker" "start" "-a" "1a56b77b4903e1c573b337670b8d1e7616957c72275ad91befa080d2fc6de2e1", kill_on_drop: false }`
[INFO] [stderr]     Finished `test` profile [unoptimized + debuginfo] target(s) in 0.03s
[INFO] [stderr]      Running unittests src/lib.rs (/opt/rustwide/target/debug/deps/marine_rs_sdk-1fa3156c1686f36a)
[INFO] [stdout] 
[INFO] [stdout] running 0 tests
[INFO] [stdout] 
[INFO] [stdout] test result: ok. 0 passed; 0 failed; 0 ignored; 0 measured; 0 filtered out; finished in 0.00s
[INFO] [stdout] 
[INFO] [stderr]      Running tests/compilation_tests_runner.rs (/opt/rustwide/target/debug/deps/compilation_tests_runner-e8452553dba19010)
[INFO] [stdout] 
[INFO] [stdout] running 1 test
[INFO] [stderr]    Compiling proc-macro2 v1.0.89
[INFO] [stderr]    Compiling unicode-ident v1.0.13
[INFO] [stderr]    Compiling serde v1.0.214
[INFO] [stderr]    Compiling autocfg v1.4.0
[INFO] [stderr]    Compiling syn v1.0.109
[INFO] [stderr]    Compiling serde_json v1.0.132
[INFO] [stderr]    Compiling memchr v2.7.4
[INFO] [stderr]    Compiling itoa v1.0.11
[INFO] [stderr]    Compiling ryu v1.0.18
[INFO] [stderr]    Compiling log v0.4.22
[INFO] [stderr]    Compiling iana-time-zone v0.1.61
[INFO] [stderr]    Compiling num-traits v0.2.19
[INFO] [stderr]    Compiling quote v1.0.37
[INFO] [stderr]    Compiling syn v2.0.86
[INFO] [stderr]    Compiling chrono v0.4.38
[INFO] [stderr]    Compiling marine-timestamp-macro v0.14.0
[INFO] [stderr]    Compiling serde_derive v1.0.214
[INFO] [stderr]    Compiling marine-rs-sdk-main v0.14.0
[INFO] [stderr]    Compiling marine-call-parameters v0.14.0
[INFO] [stderr]    Compiling marine-macro-impl v0.14.0
[INFO] [stderr]    Compiling marine-macro v0.14.0
[INFO] [stderr]    Compiling marine-rs-sdk v0.14.0 (/opt/rustwide/workdir)
[INFO] [stderr]    Compiling marine-rs-sdk-tests v0.0.0 (/opt/rustwide/target/tests/trybuild/marine-rs-sdk)
[INFO] [stderr]     Finished `dev` profile [unoptimized + debuginfo] target(s) in 10.22s
[INFO] [stderr] 
[INFO] [stderr] 
[INFO] [stderr] test tests/compilation_tests/export_functions/array_inner_refs.rs [should fail to compile] ... mismatch
[INFO] [stderr] 
[INFO] [stderr] EXPECTED:
[INFO] [stderr] ┈┈┈┈┈┈┈┈┈┈┈┈┈┈┈┈┈┈┈┈┈┈┈┈┈┈┈┈┈┈┈┈┈┈┈┈┈┈┈┈┈┈┈┈┈┈┈┈┈┈┈┈┈┈┈┈┈┈┈┈
[INFO] [stderr] error: a vector type in arguments of export functions shouldn't contain references
[INFO] [stderr]   --> $DIR/array_inner_refs.rs:13:23
[INFO] [stderr]    |
[INFO] [stderr] 13 | pub fn inner_arrays_1(_arg: Vec<&Vec<Vec<Vec<u8>>>>) -> Vec<Vec<Vec<Vec<u8>>>> {
[INFO] [stderr]    |                       ^^^^
[INFO] [stderr] 
[INFO] [stderr] error: a vector type in arguments of export functions shouldn't contain references
[INFO] [stderr]   --> $DIR/array_inner_refs.rs:18:23
[INFO] [stderr]    |
[INFO] [stderr] 18 | pub fn inner_arrays_2(_arg: Vec<Vec<&Vec<Vec<u8>>>>) -> Vec<Vec<Vec<Vec<u8>>>> {
[INFO] [stderr]    |                       ^^^^
[INFO] [stderr] 
[INFO] [stderr] error: a vector type in arguments of export functions shouldn't contain references
[INFO] [stderr]   --> $DIR/array_inner_refs.rs:23:23
[INFO] [stderr]    |
[INFO] [stderr] 23 | pub fn inner_arrays_3(_arg: Vec<Vec<Vec<&Vec<u8>>>>) -> Vec<Vec<Vec<Vec<u8>>>> {
[INFO] [stderr]    |                       ^^^^
[INFO] [stderr] 
[INFO] [stderr] error: a vector type in arguments of export functions shouldn't contain references
[INFO] [stderr]   --> $DIR/array_inner_refs.rs:28:23
[INFO] [stderr]    |
[INFO] [stderr] 28 | pub fn inner_arrays_4(_arg: Vec<Vec<Vec<Vec<&u8>>>>) -> Vec<Vec<Vec<Vec<u8>>>> {
[INFO] [stderr]    |                       ^^^^
[INFO] [stderr] 
[INFO] [stderr] error: a vector type in arguments of export functions shouldn't contain references
[INFO] [stderr]   --> $DIR/array_inner_refs.rs:33:35
[INFO] [stderr]    |
[INFO] [stderr] 33 | pub fn inner_arrays_5(_arg1: i32, _arg2: Vec<Vec<Vec<&Vec<u8>>>>, _arg3: i32) -> Vec<Vec<Vec<Vec<u8>>>> {
[INFO] [stderr]    |                                   ^^^^^
[INFO] [stderr] ┈┈┈┈┈┈┈┈┈┈┈┈┈┈┈┈┈┈┈┈┈┈┈┈┈┈┈┈┈┈┈┈┈┈┈┈┈┈┈┈┈┈┈┈┈┈┈┈┈┈┈┈┈┈┈┈┈┈┈┈
[INFO] [stderr] 
[INFO] [stderr] ACTUAL OUTPUT:
[INFO] [stderr] ┈┈┈┈┈┈┈┈┈┈┈┈┈┈┈┈┈┈┈┈┈┈┈┈┈┈┈┈┈┈┈┈┈┈┈┈┈┈┈┈┈┈┈┈┈┈┈┈┈┈┈┈┈┈┈┈┈┈┈┈
[INFO] [stderr] error: a vector type in arguments of export functions shouldn't contain references
[INFO] [stderr]   --> tests/compilation_tests/export_functions/array_inner_refs.rs:13:23
[INFO] [stderr]    |
[INFO] [stderr] 13 | pub fn inner_arrays_1(_arg: Vec<&Vec<Vec<Vec<u8>>>>) -> Vec<Vec<Vec<Vec<u8>>>> {
[INFO] [stderr]    |                       ^^^^^^^^^^^^^^^^^^^^^^^^^^^^^
[INFO] [stderr] 
[INFO] [stderr] error: a vector type in arguments of export functions shouldn't contain references
[INFO] [stderr]   --> tests/compilation_tests/export_functions/array_inner_refs.rs:18:23
[INFO] [stderr]    |
[INFO] [stderr] 18 | pub fn inner_arrays_2(_arg: Vec<Vec<&Vec<Vec<u8>>>>) -> Vec<Vec<Vec<Vec<u8>>>> {
[INFO] [stderr]    |                       ^^^^^^^^^^^^^^^^^^^^^^^^^^^^^
[INFO] [stderr] 
[INFO] [stderr] error: a vector type in arguments of export functions shouldn't contain references
[INFO] [stderr]   --> tests/compilation_tests/export_functions/array_inner_refs.rs:23:23
[INFO] [stderr]    |
[INFO] [stderr] 23 | pub fn inner_arrays_3(_arg: Vec<Vec<Vec<&Vec<u8>>>>) -> Vec<Vec<Vec<Vec<u8>>>> {
[INFO] [stderr]    |                       ^^^^^^^^^^^^^^^^^^^^^^^^^^^^^
[INFO] [stderr] 
[INFO] [stderr] error: a vector type in arguments of export functions shouldn't contain references
[INFO] [stderr]   --> tests/compilation_tests/export_functions/array_inner_refs.rs:28:23
[INFO] [stderr]    |
[INFO] [stderr] 28 | pub fn inner_arrays_4(_arg: Vec<Vec<Vec<Vec<&u8>>>>) -> Vec<Vec<Vec<Vec<u8>>>> {
[INFO] [stderr]    |                       ^^^^^^^^^^^^^^^^^^^^^^^^^^^^^
[INFO] [stderr] 
[INFO] [stderr] error: a vector type in arguments of export functions shouldn't contain references
[INFO] [stderr]   --> tests/compilation_tests/export_functions/array_inner_refs.rs:33:35
[INFO] [stderr]    |
[INFO] [stderr] 33 | pub fn inner_arrays_5(_arg1: i32, _arg2: Vec<Vec<Vec<&Vec<u8>>>>, _arg3: i32) -> Vec<Vec<Vec<Vec<u8>>>> {
[INFO] [stderr]    |                                   ^^^^^^^^^^^^^^^^^^^^^^^^^^^^^^
[INFO] [stderr] ┈┈┈┈┈┈┈┈┈┈┈┈┈┈┈┈┈┈┈┈┈┈┈┈┈┈┈┈┈┈┈┈┈┈┈┈┈┈┈┈┈┈┈┈┈┈┈┈┈┈┈┈┈┈┈┈┈┈┈┈
[INFO] [stderr] note: If the actual output is the correct output you can bless it by rerunning
[INFO] [stderr]       your test with the environment variable TRYBUILD=overwrite
[INFO] [stderr] 
[INFO] [stderr] test tests/compilation_tests/export_functions/arrays.rs [should pass] ... ok
[INFO] [stderr] test tests/compilation_tests/export_functions/ref_arrays.rs [should pass] ... ok
[INFO] [stderr] test tests/compilation_tests/export_functions/inner_vec_refs.rs [should fail to compile] ... mismatch
[INFO] [stderr] 
[INFO] [stderr] EXPECTED:
[INFO] [stderr] ┈┈┈┈┈┈┈┈┈┈┈┈┈┈┈┈┈┈┈┈┈┈┈┈┈┈┈┈┈┈┈┈┈┈┈┈┈┈┈┈┈┈┈┈┈┈┈┈┈┈┈┈┈┈┈┈┈┈┈┈
[INFO] [stderr] error: a vector type in output types of export functions shouldn't contain references
[INFO] [stderr]  --> $DIR/inner_vec_refs.rs:8:54
[INFO] [stderr]   |
[INFO] [stderr] 8 | pub fn inner_arrays_2(_arg: &Vec<Vec<Vec<Vec<u8>>>>) -> &Vec<Vec<&Vec<Vec<u8>>>> {
[INFO] [stderr]   |                                                      ^
[INFO] [stderr] 
[INFO] [stderr] error: a vector type in output types of export functions shouldn't contain references
[INFO] [stderr]   --> $DIR/inner_vec_refs.rs:13:54
[INFO] [stderr]    |
[INFO] [stderr] 13 | pub fn inner_arrays_3(_arg: &Vec<Vec<Vec<Vec<u8>>>>) -> &Vec<&Vec<&Vec<&Vec<&u8>>>> {
[INFO] [stderr]    |                                                      ^
[INFO] [stderr] ┈┈┈┈┈┈┈┈┈┈┈┈┈┈┈┈┈┈┈┈┈┈┈┈┈┈┈┈┈┈┈┈┈┈┈┈┈┈┈┈┈┈┈┈┈┈┈┈┈┈┈┈┈┈┈┈┈┈┈┈
[INFO] [stderr] 
[INFO] [stderr] ACTUAL OUTPUT:
[INFO] [stderr] ┈┈┈┈┈┈┈┈┈┈┈┈┈┈┈┈┈┈┈┈┈┈┈┈┈┈┈┈┈┈┈┈┈┈┈┈┈┈┈┈┈┈┈┈┈┈┈┈┈┈┈┈┈┈┈┈┈┈┈┈
[INFO] [stderr] error: a vector type in output types of export functions shouldn't contain references
[INFO] [stderr]  --> tests/compilation_tests/export_functions/inner_vec_refs.rs:8:54
[INFO] [stderr]   |
[INFO] [stderr] 8 | pub fn inner_arrays_2(_arg: &Vec<Vec<Vec<Vec<u8>>>>) -> &Vec<Vec<&Vec<Vec<u8>>>> {
[INFO] [stderr]   |                                                      ^^^^^^^^^^^^^^^^^^^^^^^^^^^
[INFO] [stderr] 
[INFO] [stderr] error: a vector type in output types of export functions shouldn't contain references
[INFO] [stderr]   --> tests/compilation_tests/export_functions/inner_vec_refs.rs:13:54
[INFO] [stderr]    |
[INFO] [stderr] 13 | pub fn inner_arrays_3(_arg: &Vec<Vec<Vec<Vec<u8>>>>) -> &Vec<&Vec<&Vec<&Vec<&u8>>>> {
[INFO] [stderr]    |                                                      ^^^^^^^^^^^^^^^^^^^^^^^^^^^^^^
[INFO] [stderr] ┈┈┈┈┈┈┈┈┈┈┈┈┈┈┈┈┈┈┈┈┈┈┈┈┈┈┈┈┈┈┈┈┈┈┈┈┈┈┈┈┈┈┈┈┈┈┈┈┈┈┈┈┈┈┈┈┈┈┈┈
[INFO] [stderr] note: If the actual output is the correct output you can bless it by rerunning
[INFO] [stderr]       your test with the environment variable TRYBUILD=overwrite
[INFO] [stderr] 
[INFO] [stderr] test tests/compilation_tests/export_functions/basic_types.rs [should pass] ... ok
[INFO] [stderr] test tests/compilation_tests/export_functions/ref_basic_types.rs [should pass] ... ok
[INFO] [stderr] test tests/compilation_tests/export_functions/improper_types.rs [should fail to compile] ... mismatch
[INFO] [stderr] 
[INFO] [stderr] EXPECTED:
[INFO] [stderr] ┈┈┈┈┈┈┈┈┈┈┈┈┈┈┈┈┈┈┈┈┈┈┈┈┈┈┈┈┈┈┈┈┈┈┈┈┈┈┈┈┈┈┈┈┈┈┈┈┈┈┈┈┈┈┈┈┈┈┈┈
[INFO] [stderr] error: types with lifetimes or generics aren't allowed
[INFO] [stderr]  --> $DIR/improper_types.rs:8:17
[INFO] [stderr]   |
[INFO] [stderr] 8 | fn test(_arg_1: Box<i32>) {}
[INFO] [stderr]   |                 ^^^
[INFO] [stderr] 
[INFO] [stderr] error: types with lifetimes or generics aren't allowed
[INFO] [stderr]   --> $DIR/improper_types.rs:11:27
[INFO] [stderr]    |
[INFO] [stderr] 11 | fn test2(_arg_1: std::rc::Rc<i32>) {}
[INFO] [stderr]    |                           ^^
[INFO] [stderr] 
[INFO] [stderr] error: types with lifetimes or generics aren't allowed
[INFO] [stderr]   --> $DIR/improper_types.rs:14:36
[INFO] [stderr]    |
[INFO] [stderr] 14 | fn test3(_arg_1: std::collections::HashMap<i32, String>) {}
[INFO] [stderr]    |                                    ^^^^^^^
[INFO] [stderr] 
[INFO] [stderr] error: Incorrect argument type, only path or reference are available on this position
[INFO] [stderr]   --> $DIR/improper_types.rs:17:26
[INFO] [stderr]    |
[INFO] [stderr] 17 | fn test4(_arg_1: i32) -> (i32, i32) {
[INFO] [stderr]    |                          ^^^^^^^^^^
[INFO] [stderr] 
[INFO] [stderr] error: types with lifetimes or generics aren't allowed
[INFO] [stderr]   --> $DIR/improper_types.rs:22:26
[INFO] [stderr]    |
[INFO] [stderr] 22 | fn test5(_arg_1: i32) -> Box<i32> {
[INFO] [stderr]    |                          ^^^
[INFO] [stderr] ┈┈┈┈┈┈┈┈┈┈┈┈┈┈┈┈┈┈┈┈┈┈┈┈┈┈┈┈┈┈┈┈┈┈┈┈┈┈┈┈┈┈┈┈┈┈┈┈┈┈┈┈┈┈┈┈┈┈┈┈
[INFO] [stderr] 
[INFO] [stderr] ACTUAL OUTPUT:
[INFO] [stderr] ┈┈┈┈┈┈┈┈┈┈┈┈┈┈┈┈┈┈┈┈┈┈┈┈┈┈┈┈┈┈┈┈┈┈┈┈┈┈┈┈┈┈┈┈┈┈┈┈┈┈┈┈┈┈┈┈┈┈┈┈
[INFO] [stderr] error: types with lifetimes or generics aren't allowed
[INFO] [stderr]  --> tests/compilation_tests/export_functions/improper_types.rs:8:17
[INFO] [stderr]   |
[INFO] [stderr] 8 | fn test(_arg_1: Box<i32>) {}
[INFO] [stderr]   |                 ^^^^^^^^
[INFO] [stderr] 
[INFO] [stderr] error: types with lifetimes or generics aren't allowed
[INFO] [stderr]   --> tests/compilation_tests/export_functions/improper_types.rs:11:27
[INFO] [stderr]    |
[INFO] [stderr] 11 | fn test2(_arg_1: std::rc::Rc<i32>) {}
[INFO] [stderr]    |                           ^^^^^^^
[INFO] [stderr] 
[INFO] [stderr] error: types with lifetimes or generics aren't allowed
[INFO] [stderr]   --> tests/compilation_tests/export_functions/improper_types.rs:14:36
[INFO] [stderr]    |
[INFO] [stderr] 14 | fn test3(_arg_1: std::collections::HashMap<i32, String>) {}
[INFO] [stderr]    |                                    ^^^^^^^^^^^^^^^^^^^^
[INFO] [stderr] 
[INFO] [stderr] error: Incorrect argument type, only path or reference are available on this position
[INFO] [stderr]   --> tests/compilation_tests/export_functions/improper_types.rs:17:26
[INFO] [stderr]    |
[INFO] [stderr] 17 | fn test4(_arg_1: i32) -> (i32, i32) {
[INFO] [stderr]    |                          ^^^^^^^^^^
[INFO] [stderr] 
[INFO] [stderr] error: types with lifetimes or generics aren't allowed
[INFO] [stderr]   --> tests/compilation_tests/export_functions/improper_types.rs:22:26
[INFO] [stderr]    |
[INFO] [stderr] 22 | fn test5(_arg_1: i32) -> Box<i32> {
[INFO] [stderr]    |                          ^^^^^^^^
[INFO] [stderr] ┈┈┈┈┈┈┈┈┈┈┈┈┈┈┈┈┈┈┈┈┈┈┈┈┈┈┈┈┈┈┈┈┈┈┈┈┈┈┈┈┈┈┈┈┈┈┈┈┈┈┈┈┈┈┈┈┈┈┈┈
[INFO] [stderr] note: If the actual output is the correct output you can bless it by rerunning
[INFO] [stderr]       your test with the environment variable TRYBUILD=overwrite
[INFO] [stderr] 
[INFO] [stderr] test tests/compilation_tests/import_functions/arrays_out_inner_refs.rs [should fail to compile] ... mismatch
[INFO] [stderr] 
[INFO] [stderr] EXPECTED:
[INFO] [stderr] ┈┈┈┈┈┈┈┈┈┈┈┈┈┈┈┈┈┈┈┈┈┈┈┈┈┈┈┈┈┈┈┈┈┈┈┈┈┈┈┈┈┈┈┈┈┈┈┈┈┈┈┈┈┈┈┈┈┈┈┈
[INFO] [stderr] error: import function can't return a value with references
[INFO] [stderr]   --> $DIR/arrays_out_inner_refs.rs:10:5
[INFO] [stderr]    |
[INFO] [stderr] 10 |     #[marine]
[INFO] [stderr]    |     ^
[INFO] [stderr] ┈┈┈┈┈┈┈┈┈┈┈┈┈┈┈┈┈┈┈┈┈┈┈┈┈┈┈┈┈┈┈┈┈┈┈┈┈┈┈┈┈┈┈┈┈┈┈┈┈┈┈┈┈┈┈┈┈┈┈┈
[INFO] [stderr] 
[INFO] [stderr] ACTUAL OUTPUT:
[INFO] [stderr] ┈┈┈┈┈┈┈┈┈┈┈┈┈┈┈┈┈┈┈┈┈┈┈┈┈┈┈┈┈┈┈┈┈┈┈┈┈┈┈┈┈┈┈┈┈┈┈┈┈┈┈┈┈┈┈┈┈┈┈┈
[INFO] [stderr] error: import function can't return a value with references
[INFO] [stderr]   --> tests/compilation_tests/import_functions/arrays_out_inner_refs.rs:10:5
[INFO] [stderr]    |
[INFO] [stderr] 10 | /     #[marine]
[INFO] [stderr] 11 | |     pub fn func_1() -> &String;
[INFO] [stderr]    | |_______________________________^
[INFO] [stderr] ┈┈┈┈┈┈┈┈┈┈┈┈┈┈┈┈┈┈┈┈┈┈┈┈┈┈┈┈┈┈┈┈┈┈┈┈┈┈┈┈┈┈┈┈┈┈┈┈┈┈┈┈┈┈┈┈┈┈┈┈
[INFO] [stderr] note: If the actual output is the correct output you can bless it by rerunning
[INFO] [stderr]       your test with the environment variable TRYBUILD=overwrite
[INFO] [stderr] 
[INFO] [stderr] test tests/compilation_tests/import_functions/arrays.rs [should pass] ... ok
[INFO] [stderr] test tests/compilation_tests/import_functions/ref_arrays.rs [should pass] ... ok
[INFO] [stderr] test tests/compilation_tests/import_functions/basic_types.rs [should pass] ... ok
[INFO] [stderr] test tests/compilation_tests/import_functions/basic_ref_types.rs [should pass] ... ok
[INFO] [stderr] test tests/compilation_tests/import_functions/ref_basic_types.rs [should pass] ... ok
[INFO] [stderr] test tests/compilation_tests/import_functions/improper_types.rs [should fail to compile] ... mismatch
[INFO] [stderr] 
[INFO] [stderr] EXPECTED:
[INFO] [stderr] ┈┈┈┈┈┈┈┈┈┈┈┈┈┈┈┈┈┈┈┈┈┈┈┈┈┈┈┈┈┈┈┈┈┈┈┈┈┈┈┈┈┈┈┈┈┈┈┈┈┈┈┈┈┈┈┈┈┈┈┈
[INFO] [stderr] error: types with lifetimes or generics aren't allowed
[INFO] [stderr]   --> $DIR/improper_types.rs:11:21
[INFO] [stderr]    |
[INFO] [stderr] 11 |     fn test(_arg_1: Box<i32>);
[INFO] [stderr]    |                     ^^^
[INFO] [stderr] ┈┈┈┈┈┈┈┈┈┈┈┈┈┈┈┈┈┈┈┈┈┈┈┈┈┈┈┈┈┈┈┈┈┈┈┈┈┈┈┈┈┈┈┈┈┈┈┈┈┈┈┈┈┈┈┈┈┈┈┈
[INFO] [stderr] 
[INFO] [stderr] ACTUAL OUTPUT:
[INFO] [stderr] ┈┈┈┈┈┈┈┈┈┈┈┈┈┈┈┈┈┈┈┈┈┈┈┈┈┈┈┈┈┈┈┈┈┈┈┈┈┈┈┈┈┈┈┈┈┈┈┈┈┈┈┈┈┈┈┈┈┈┈┈
[INFO] [stderr] error: types with lifetimes or generics aren't allowed
[INFO] [stderr]   --> tests/compilation_tests/import_functions/improper_types.rs:11:21
[INFO] [stderr]    |
[INFO] [stderr] 11 |     fn test(_arg_1: Box<i32>);
[INFO] [stderr]    |                     ^^^^^^^^
[INFO] [stderr] ┈┈┈┈┈┈┈┈┈┈┈┈┈┈┈┈┈┈┈┈┈┈┈┈┈┈┈┈┈┈┈┈┈┈┈┈┈┈┈┈┈┈┈┈┈┈┈┈┈┈┈┈┈┈┈┈┈┈┈┈
[INFO] [stderr] note: If the actual output is the correct output you can bless it by rerunning
[INFO] [stderr]       your test with the environment variable TRYBUILD=overwrite
[INFO] [stderr] 
[INFO] [stderr] test tests/compilation_tests/records/basic_structs.rs [should pass] ... ok
[INFO] [stderr] test tests/compilation_tests/records/empty_struct.rs [should pass] ... ok
[INFO] [stderr] test tests/compilation_tests/records/struct_with_attribute.rs [should pass] ... ok
[INFO] [stderr] 
[INFO] [stderr] WARNINGS:
[INFO] [stderr] ┈┈┈┈┈┈┈┈┈┈┈┈┈┈┈┈┈┈┈┈┈┈┈┈┈┈┈┈┈┈┈┈┈┈┈┈┈┈┈┈┈┈┈┈┈┈┈┈┈┈┈┈┈┈┈┈┈┈┈┈
[INFO] [stderr] warning: unexpected `cfg` condition value: `wasm`
[INFO] [stderr]  --> tests/compilation_tests/records/struct_with_attribute.rs:7:11
[INFO] [stderr]   |
[INFO] [stderr] 7 |     #[cfg(target_os = "wasm")]
[INFO] [stderr]   |           ^^^^^^^^^^^^------
[INFO] [stderr]   |                       |
[INFO] [stderr]   |                       help: there is a expected value with a similar name: `"wasi"`
[INFO] [stderr]   |
[INFO] [stderr]   = note: expected values for `target_os` are: `aix`, `android`, `cuda`, `dragonfly`, `emscripten`, `espidf`, `freebsd`, `fuchsia`, `haiku`, `hermit`, `horizon`, `hurd`, `illumos`, `ios`, `l4re`, `linux`, `macos`, `netbsd`, `none`, `nto`, `nuttx`, `openbsd`, `psp`, `redox`, `rtems`, `solaris`, `solid_asp3`, `teeos`, `trusty`, `tvos`, `uefi`, `unknown`, `visionos`, `vita`, and `vxworks` and 5 more
[INFO] [stderr]   = note: see <https://doc.rust-lang.org/nightly/rustc/check-cfg/cargo-specifics.html> for more information about checking conditional configuration
[INFO] [stderr]   = note: `#[warn(unexpected_cfgs)]` on by default
[INFO] [stderr] ┈┈┈┈┈┈┈┈┈┈┈┈┈┈┈┈┈┈┈┈┈┈┈┈┈┈┈┈┈┈┈┈┈┈┈┈┈┈┈┈┈┈┈┈┈┈┈┈┈┈┈┈┈┈┈┈┈┈┈┈
[INFO] [stderr] 
[INFO] [stderr] STDERR:
[INFO] [stderr] ┈┈┈┈┈┈┈┈┈┈┈┈┈┈┈┈┈┈┈┈┈┈┈┈┈┈┈┈┈┈┈┈┈┈┈┈┈┈┈┈┈┈┈┈┈┈┈┈┈┈┈┈┈┈┈┈┈┈┈┈
[INFO] [stderr] warning: field "field" of struct "A" has an attribute which could cause compatibility issues
[INFO] [stderr] warning: unexpected `cfg` condition value: `wasm`
[INFO] [stderr]  --> /opt/rustwide/workdir/tests/compilation_tests/records/struct_with_attribute.rs:7:11
[INFO] [stderr]   |
[INFO] [stderr] 7 |     #[cfg(target_os = "wasm")]
[INFO] [stderr]   |           ^^^^^^^^^^^^------
[INFO] [stderr]   |                       |
[INFO] [stderr]   |                       help: there is a expected value with a similar name: `"wasi"`
[INFO] [stderr]   |
[INFO] [stderr]   = note: expected values for `target_os` are: `aix`, `android`, `cuda`, `dragonfly`, `emscripten`, `espidf`, `freebsd`, `fuchsia`, `haiku`, `hermit`, `horizon`, `hurd`, `illumos`, `ios`, `l4re`, `linux`, `macos`, `netbsd`, `none`, `nto`, `nuttx`, `openbsd`, `psp`, `redox`, `rtems`, `solaris`, `solid_asp3`, `teeos`, `trusty`, `tvos`, `uefi`, `unknown`, `visionos`, `vita`, and `vxworks` and 5 more
[INFO] [stderr]   = note: see <https://doc.rust-lang.org/nightly/rustc/check-cfg/cargo-specifics.html> for more information about checking conditional configuration
[INFO] [stderr]   = note: `#[warn(unexpected_cfgs)]` on by default
[INFO] [stderr] ┈┈┈┈┈┈┈┈┈┈┈┈┈┈┈┈┈┈┈┈┈┈┈┈┈┈┈┈┈┈┈┈┈┈┈┈┈┈┈┈┈┈┈┈┈┈┈┈┈┈┈┈┈┈┈┈┈┈┈┈
[INFO] [stderr] 
[INFO] [stderr] test tests/compilation_tests/records/struct_with_doc_attribute.rs [should pass] ... ok
[INFO] [stderr] test tests/compilation_tests/records/struct_with_private_fields.rs [should pass] ... ok
[INFO] [stderr] test tests/compilation_tests/records/struct_with_improper_types.rs [should fail to compile] ... mismatch
[INFO] [stderr] 
[INFO] [stderr] EXPECTED:
[INFO] [stderr] ┈┈┈┈┈┈┈┈┈┈┈┈┈┈┈┈┈┈┈┈┈┈┈┈┈┈┈┈┈┈┈┈┈┈┈┈┈┈┈┈┈┈┈┈┈┈┈┈┈┈┈┈┈┈┈┈┈┈┈┈
[INFO] [stderr] error: types with lifetimes or generics aren't allowed
[INFO] [stderr]  --> $DIR/struct_with_improper_types.rs:7:12
[INFO] [stderr]   |
[INFO] [stderr] 7 |     pub a: Box<i32>,
[INFO] [stderr]   |            ^^^
[INFO] [stderr] 
[INFO] [stderr] error: types with lifetimes or generics aren't allowed
[INFO] [stderr]   --> $DIR/struct_with_improper_types.rs:12:21
[INFO] [stderr]    |
[INFO] [stderr] 12 |     pub a: std::rc::Rc<i32>,
[INFO] [stderr]    |                     ^^
[INFO] [stderr] 
[INFO] [stderr] error: types with lifetimes or generics aren't allowed
[INFO] [stderr]   --> $DIR/struct_with_improper_types.rs:17:30
[INFO] [stderr]    |
[INFO] [stderr] 17 |     pub a: std::collections::HashMap<i32, String>,
[INFO] [stderr]    |                              ^^^^^^^
[INFO] [stderr] ┈┈┈┈┈┈┈┈┈┈┈┈┈┈┈┈┈┈┈┈┈┈┈┈┈┈┈┈┈┈┈┈┈┈┈┈┈┈┈┈┈┈┈┈┈┈┈┈┈┈┈┈┈┈┈┈┈┈┈┈
[INFO] [stderr] 
[INFO] [stderr] ACTUAL OUTPUT:
[INFO] [stderr] ┈┈┈┈┈┈┈┈┈┈┈┈┈┈┈┈┈┈┈┈┈┈┈┈┈┈┈┈┈┈┈┈┈┈┈┈┈┈┈┈┈┈┈┈┈┈┈┈┈┈┈┈┈┈┈┈┈┈┈┈
[INFO] [stderr] error: types with lifetimes or generics aren't allowed
[INFO] [stderr]  --> tests/compilation_tests/records/struct_with_improper_types.rs:7:12
[INFO] [stderr]   |
[INFO] [stderr] 7 |     pub a: Box<i32>,
[INFO] [stderr]   |            ^^^^^^^^
[INFO] [stderr] 
[INFO] [stderr] error: types with lifetimes or generics aren't allowed
[INFO] [stderr]   --> tests/compilation_tests/records/struct_with_improper_types.rs:12:21
[INFO] [stderr]    |
[INFO] [stderr] 12 |     pub a: std::rc::Rc<i32>,
[INFO] [stderr]    |                     ^^^^^^^
[INFO] [stderr] 
[INFO] [stderr] error: types with lifetimes or generics aren't allowed
[INFO] [stderr]   --> tests/compilation_tests/records/struct_with_improper_types.rs:17:30
[INFO] [stderr]    |
[INFO] [stderr] 17 |     pub a: std::collections::HashMap<i32, String>,
[INFO] [stderr]    |                              ^^^^^^^^^^^^^^^^^^^^
[INFO] [stderr] ┈┈┈┈┈┈┈┈┈┈┈┈┈┈┈┈┈┈┈┈┈┈┈┈┈┈┈┈┈┈┈┈┈┈┈┈┈┈┈┈┈┈┈┈┈┈┈┈┈┈┈┈┈┈┈┈┈┈┈┈
[INFO] [stderr] note: If the actual output is the correct output you can bless it by rerunning
[INFO] [stderr]       your test with the environment variable TRYBUILD=overwrite
[INFO] [stderr] 
[INFO] [stderr] test tests/compilation_tests/records/unnamed_structs.rs [should fail to compile] ... mismatch
[INFO] [stderr] 
[INFO] [stderr] EXPECTED:
[INFO] [stderr] ┈┈┈┈┈┈┈┈┈┈┈┈┈┈┈┈┈┈┈┈┈┈┈┈┈┈┈┈┈┈┈┈┈┈┈┈┈┈┈┈┈┈┈┈┈┈┈┈┈┈┈┈┈┈┈┈┈┈┈┈
[INFO] [stderr] error: only named fields are allowed in structs
[INFO] [stderr]  --> $DIR/unnamed_structs.rs:8:1
[INFO] [stderr]   |
[INFO] [stderr] 8 | struct A(pub i32, pub u32);
[INFO] [stderr]   | ^^^^^^
[INFO] [stderr] ┈┈┈┈┈┈┈┈┈┈┈┈┈┈┈┈┈┈┈┈┈┈┈┈┈┈┈┈┈┈┈┈┈┈┈┈┈┈┈┈┈┈┈┈┈┈┈┈┈┈┈┈┈┈┈┈┈┈┈┈
[INFO] [stderr] 
[INFO] [stderr] ACTUAL OUTPUT:
[INFO] [stderr] ┈┈┈┈┈┈┈┈┈┈┈┈┈┈┈┈┈┈┈┈┈┈┈┈┈┈┈┈┈┈┈┈┈┈┈┈┈┈┈┈┈┈┈┈┈┈┈┈┈┈┈┈┈┈┈┈┈┈┈┈
[INFO] [stderr] error: only named fields are allowed in structs
[INFO] [stderr]  --> tests/compilation_tests/records/unnamed_structs.rs:8:1
[INFO] [stderr]   |
[INFO] [stderr] 8 | struct A(pub i32, pub u32);
[INFO] [stderr]   | ^^^^^^^^^^^^^^^^^^^^^^^^^^^
[INFO] [stderr] ┈┈┈┈┈┈┈┈┈┈┈┈┈┈┈┈┈┈┈┈┈┈┈┈┈┈┈┈┈┈┈┈┈┈┈┈┈┈┈┈┈┈┈┈┈┈┈┈┈┈┈┈┈┈┈┈┈┈┈┈
[INFO] [stderr] note: If the actual output is the correct output you can bless it by rerunning
[INFO] [stderr]       your test with the environment variable TRYBUILD=overwrite
[INFO] [stderr] 
[INFO] [stderr] 
[INFO] [stderr] 
[INFO] [stdout] test marine_compilation_tests ... FAILED
[INFO] [stdout] 
[INFO] [stdout] failures:
[INFO] [stdout] 
[INFO] [stdout] ---- marine_compilation_tests stdout ----
[INFO] [stdout] thread 'marine_compilation_tests' panicked at /opt/rustwide/cargo-home/registry/src/index.crates.io-6f17d22bba15001f/trybuild-1.0.101/src/run.rs:101:13:
[INFO] [stdout] 7 of 21 tests failed
[INFO] [stdout] stack backtrace:
[INFO] [stdout]    0:     0x5ffe2b74136a - std::backtrace_rs::backtrace::libunwind::trace::h207520d6e9873551
[INFO] [stdout]                                at /rustc/df4ca44d3fbc9301ee17f30f4d474e6ae4b05252/library/std/src/../../backtrace/src/backtrace/libunwind.rs:116:5
[INFO] [stdout]    1:     0x5ffe2b74136a - std::backtrace_rs::backtrace::trace_unsynchronized::h2ed7433f370e3eca
[INFO] [stdout]                                at /rustc/df4ca44d3fbc9301ee17f30f4d474e6ae4b05252/library/std/src/../../backtrace/src/backtrace/mod.rs:66:5
[INFO] [stdout]    2:     0x5ffe2b74136a - std::sys::backtrace::_print_fmt::h916fac51166b18d7
[INFO] [stdout]                                at /rustc/df4ca44d3fbc9301ee17f30f4d474e6ae4b05252/library/std/src/sys/backtrace.rs:66:9
[INFO] [stdout]    3:     0x5ffe2b74136a - <std::sys::backtrace::BacktraceLock::print::DisplayBacktrace as core::fmt::Display>::fmt::ha0a4c9b8ce3802e6
[INFO] [stdout]                                at /rustc/df4ca44d3fbc9301ee17f30f4d474e6ae4b05252/library/std/src/sys/backtrace.rs:39:26
[INFO] [stdout]    4:     0x5ffe2b76b813 - core::fmt::rt::Argument::fmt::h4cfc8587d52b3eb5
[INFO] [stdout]                                at /rustc/df4ca44d3fbc9301ee17f30f4d474e6ae4b05252/library/core/src/fmt/rt.rs:177:76
[INFO] [stdout]    5:     0x5ffe2b76b813 - core::fmt::write::h522cc39e5b36ae9f
[INFO] [stdout]                                at /rustc/df4ca44d3fbc9301ee17f30f4d474e6ae4b05252/library/core/src/fmt/mod.rs:1190:21
[INFO] [stdout]    6:     0x5ffe2b73d3a3 - std::io::Write::write_fmt::h7d3c26752da97734
[INFO] [stdout]                                at /rustc/df4ca44d3fbc9301ee17f30f4d474e6ae4b05252/library/std/src/io/mod.rs:1839:15
[INFO] [stdout]    7:     0x5ffe2b7411b2 - std::sys::backtrace::BacktraceLock::print::h4b9e00b29e9c0942
[INFO] [stdout]                                at /rustc/df4ca44d3fbc9301ee17f30f4d474e6ae4b05252/library/std/src/sys/backtrace.rs:42:9
[INFO] [stdout]    8:     0x5ffe2b742dfa - std::panicking::default_hook::{{closure}}::hb59b88280d0324d9
[INFO] [stdout]                                at /rustc/df4ca44d3fbc9301ee17f30f4d474e6ae4b05252/library/std/src/panicking.rs:268:22
[INFO] [stdout]    9:     0x5ffe2b742c04 - std::panicking::default_hook::he1dd496665be4a29
[INFO] [stdout]                                at /rustc/df4ca44d3fbc9301ee17f30f4d474e6ae4b05252/library/std/src/panicking.rs:292:9
[INFO] [stdout]   10:     0x5ffe2b7098f9 - <alloc::boxed::Box<F,A> as core::ops::function::Fn<Args>>::call::h4ff71de18744e1dc
[INFO] [stdout]                                at /rustc/df4ca44d3fbc9301ee17f30f4d474e6ae4b05252/library/alloc/src/boxed.rs:2468:9
[INFO] [stdout]   11:     0x5ffe2b7098f9 - test::test_main::{{closure}}::hcf7c055ce117aa81
[INFO] [stdout]                                at /rustc/df4ca44d3fbc9301ee17f30f4d474e6ae4b05252/library/test/src/lib.rs:133:21
[INFO] [stdout]   12:     0x5ffe2b7434f8 - <alloc::boxed::Box<F,A> as core::ops::function::Fn<Args>>::call::h1d66c6bbd60c9692
[INFO] [stdout]                                at /rustc/df4ca44d3fbc9301ee17f30f4d474e6ae4b05252/library/alloc/src/boxed.rs:2468:9
[INFO] [stdout]   13:     0x5ffe2b7434f8 - std::panicking::rust_panic_with_hook::h2ff17fe8f26dfcf8
[INFO] [stdout]                                at /rustc/df4ca44d3fbc9301ee17f30f4d474e6ae4b05252/library/std/src/panicking.rs:809:13
[INFO] [stdout]   14:     0x5ffe2b7432ba - std::panicking::begin_panic_handler::{{closure}}::h4fad77951c07e101
[INFO] [stdout]                                at /rustc/df4ca44d3fbc9301ee17f30f4d474e6ae4b05252/library/std/src/panicking.rs:674:13
[INFO] [stdout]   15:     0x5ffe2b741849 - std::sys::backtrace::__rust_end_short_backtrace::hb1a25b3da5d0ea08
[INFO] [stdout]                                at /rustc/df4ca44d3fbc9301ee17f30f4d474e6ae4b05252/library/std/src/sys/backtrace.rs:170:18
[INFO] [stdout]   16:     0x5ffe2b742f4c - rust_begin_unwind
[INFO] [stdout]                                at /rustc/df4ca44d3fbc9301ee17f30f4d474e6ae4b05252/library/std/src/panicking.rs:665:5
[INFO] [stdout]   17:     0x5ffe2b769bc0 - core::panicking::panic_fmt::ha9db07b529f9b256
[INFO] [stdout]                                at /rustc/df4ca44d3fbc9301ee17f30f4d474e6ae4b05252/library/core/src/panicking.rs:75:14
[INFO] [stdout]   18:     0x5ffe2b42a59f - trybuild::run::<impl trybuild::Runner>::run::h8eaf4dc3cf3f4648
[INFO] [stdout]                                at /opt/rustwide/cargo-home/registry/src/index.crates.io-6f17d22bba15001f/trybuild-1.0.101/src/run.rs:101:13
[INFO] [stdout]   19:     0x5ffe2b42fab8 - <trybuild::TestCases as core::ops::drop::Drop>::drop::h91c9db240f47a7d6
[INFO] [stdout]                                at /opt/rustwide/cargo-home/registry/src/index.crates.io-6f17d22bba15001f/trybuild-1.0.101/src/lib.rs:340:13
[INFO] [stdout]   20:     0x5ffe2b41b267 - core::ptr::drop_in_place<trybuild::TestCases>::hb9867e2d424f3e35
[INFO] [stdout]                                at /rustc/df4ca44d3fbc9301ee17f30f4d474e6ae4b05252/library/core/src/ptr/mod.rs:521:1
[INFO] [stdout]   21:     0x5ffe2b41bcd6 - compilation_tests_runner::marine_compilation_tests::h915814d9025d221c
[INFO] [stdout]                                at /opt/rustwide/workdir/tests/compilation_tests_runner.rs:27:1
[INFO] [stdout]   22:     0x5ffe2b41ba87 - compilation_tests_runner::marine_compilation_tests::{{closure}}::h25905d7fabc7db14
[INFO] [stdout]                                at /opt/rustwide/workdir/tests/compilation_tests_runner.rs:2:30
[INFO] [stdout]   23:     0x5ffe2b41b206 - core::ops::function::FnOnce::call_once::h73f46d940d0bfc66
[INFO] [stdout]                                at /rustc/df4ca44d3fbc9301ee17f30f4d474e6ae4b05252/library/core/src/ops/function.rs:250:5
[INFO] [stdout]   24:     0x5ffe2b70e1cb - core::ops::function::FnOnce::call_once::h22c3ba5715e93f05
[INFO] [stdout]                                at /rustc/df4ca44d3fbc9301ee17f30f4d474e6ae4b05252/library/core/src/ops/function.rs:250:5
[INFO] [stdout]   25:     0x5ffe2b70e1cb - test::__rust_begin_short_backtrace::h8e82d8113d0da17f
[INFO] [stdout]                                at /rustc/df4ca44d3fbc9301ee17f30f4d474e6ae4b05252/library/test/src/lib.rs:621:18
[INFO] [stdout]   26:     0x5ffe2b70db47 - test::run_test_in_process::{{closure}}::h33235f4f20b7b7c7
[INFO] [stdout]                                at /rustc/df4ca44d3fbc9301ee17f30f4d474e6ae4b05252/library/test/src/lib.rs:644:60
[INFO] [stdout]   27:     0x5ffe2b70db47 - <core::panic::unwind_safe::AssertUnwindSafe<F> as core::ops::function::FnOnce<()>>::call_once::hb5043206310c586f
[INFO] [stdout]                                at /rustc/df4ca44d3fbc9301ee17f30f4d474e6ae4b05252/library/core/src/panic/unwind_safe.rs:272:9
[INFO] [stdout]   28:     0x5ffe2b70db47 - std::panicking::try::do_call::h9ad4731a60ab23e2
[INFO] [stdout]                                at /rustc/df4ca44d3fbc9301ee17f30f4d474e6ae4b05252/library/std/src/panicking.rs:557:40
[INFO] [stdout]   29:     0x5ffe2b70db47 - std::panicking::try::h3824d23db772a716
[INFO] [stdout]                                at /rustc/df4ca44d3fbc9301ee17f30f4d474e6ae4b05252/library/std/src/panicking.rs:520:19
[INFO] [stdout]   30:     0x5ffe2b70db47 - std::panic::catch_unwind::h5afd514605fde46b
[INFO] [stdout]                                at /rustc/df4ca44d3fbc9301ee17f30f4d474e6ae4b05252/library/std/src/panic.rs:358:14
[INFO] [stdout]   31:     0x5ffe2b70db47 - test::run_test_in_process::h0d5cbfa7067d1720
[INFO] [stdout]                                at /rustc/df4ca44d3fbc9301ee17f30f4d474e6ae4b05252/library/test/src/lib.rs:644:27
[INFO] [stdout]   32:     0x5ffe2b70db47 - test::run_test::{{closure}}::h708eb8872708115d
[INFO] [stdout]                                at /rustc/df4ca44d3fbc9301ee17f30f4d474e6ae4b05252/library/test/src/lib.rs:565:43
[INFO] [stdout]   33:     0x5ffe2b6d1264 - test::run_test::{{closure}}::h392c51cee94713ab
[INFO] [stdout]                                at /rustc/df4ca44d3fbc9301ee17f30f4d474e6ae4b05252/library/test/src/lib.rs:595:41
[INFO] [stdout]   34:     0x5ffe2b6d1264 - std::sys::backtrace::__rust_begin_short_backtrace::h2f40290710935a8b
[INFO] [stdout]                                at /rustc/df4ca44d3fbc9301ee17f30f4d474e6ae4b05252/library/std/src/sys/backtrace.rs:154:18
[INFO] [stdout]   35:     0x5ffe2b6d4a0e - std::thread::Builder::spawn_unchecked_::{{closure}}::{{closure}}::h3fd968d89053a903
[INFO] [stdout]                                at /rustc/df4ca44d3fbc9301ee17f30f4d474e6ae4b05252/library/std/src/thread/mod.rs:541:17
[INFO] [stdout]   36:     0x5ffe2b6d4a0e - <core::panic::unwind_safe::AssertUnwindSafe<F> as core::ops::function::FnOnce<()>>::call_once::h743f637ba4229880
[INFO] [stdout]                                at /rustc/df4ca44d3fbc9301ee17f30f4d474e6ae4b05252/library/core/src/panic/unwind_safe.rs:272:9
[INFO] [stdout]   37:     0x5ffe2b6d4a0e - std::panicking::try::do_call::h07440897322525a6
[INFO] [stdout]                                at /rustc/df4ca44d3fbc9301ee17f30f4d474e6ae4b05252/library/std/src/panicking.rs:557:40
[INFO] [stdout]   38:     0x5ffe2b6d4a0e - std::panicking::try::he5a2e00188156637
[INFO] [stdout]                                at /rustc/df4ca44d3fbc9301ee17f30f4d474e6ae4b05252/library/std/src/panicking.rs:520:19
[INFO] [stdout]   39:     0x5ffe2b6d4a0e - std::panic::catch_unwind::hbaf3cae49b3c6433
[INFO] [stdout]                                at /rustc/df4ca44d3fbc9301ee17f30f4d474e6ae4b05252/library/std/src/panic.rs:358:14
[INFO] [stdout]   40:     0x5ffe2b6d4a0e - std::thread::Builder::spawn_unchecked_::{{closure}}::h8e141ea224820bce
[INFO] [stdout]                                at /rustc/df4ca44d3fbc9301ee17f30f4d474e6ae4b05252/library/std/src/thread/mod.rs:540:30
[INFO] [stdout]   41:     0x5ffe2b6d4a0e - core::ops::function::FnOnce::call_once{{vtable.shim}}::h90d312fedd7b8ea8
[INFO] [stdout]                                at /rustc/df4ca44d3fbc9301ee17f30f4d474e6ae4b05252/library/core/src/ops/function.rs:250:5
[INFO] [stdout]   42:     0x5ffe2b7482bb - <alloc::boxed::Box<F,A> as core::ops::function::FnOnce<Args>>::call_once::h69aa08ddb6adb8b6
[INFO] [stdout]                                at /rustc/df4ca44d3fbc9301ee17f30f4d474e6ae4b05252/library/alloc/src/boxed.rs:2454:9
[INFO] [stdout]   43:     0x5ffe2b7482bb - <alloc::boxed::Box<F,A> as core::ops::function::FnOnce<Args>>::call_once::h5aa36efdb79c806f
[INFO] [stdout]                                at /rustc/df4ca44d3fbc9301ee17f30f4d474e6ae4b05252/library/alloc/src/boxed.rs:2454:9
[INFO] [stdout]   44:     0x5ffe2b7482bb - std::sys::pal::unix::thread::Thread::new::thread_start::h6cd80a1b4be5158d
[INFO] [stdout]                                at /rustc/df4ca44d3fbc9301ee17f30f4d474e6ae4b05252/library/std/src/sys/pal/unix/thread.rs:105:17
[INFO] [stdout]   45:     0x7fc2de3b7ac3 - <unknown>
[INFO] [stdout]   46:     0x7fc2de448a04 - clone
[INFO] [stdout]   47:                0x0 - <unknown>
[INFO] [stdout] 
[INFO] [stdout] 
[INFO] [stdout] failures:
[INFO] [stdout]     marine_compilation_tests
[INFO] [stdout] 
[INFO] [stdout] test result: FAILED. 0 passed; 1 failed; 0 ignored; 0 measured; 0 filtered out; finished in 13.97s
[INFO] [stdout] 
[INFO] [stderr] error: test failed, to rerun pass `--test compilation_tests_runner`
[INFO] running `Command { std: "docker" "inspect" "1a56b77b4903e1c573b337670b8d1e7616957c72275ad91befa080d2fc6de2e1", kill_on_drop: false }`
[INFO] running `Command { std: "docker" "rm" "-f" "1a56b77b4903e1c573b337670b8d1e7616957c72275ad91befa080d2fc6de2e1", kill_on_drop: false }`
[INFO] [stdout] 1a56b77b4903e1c573b337670b8d1e7616957c72275ad91befa080d2fc6de2e1
