[INFO] fetching crate marching-cubes 0.1.2...
[INFO] testing marching-cubes-0.1.2 against nightly-2024-10-28 for randomize-layout
[INFO] extracting crate marching-cubes 0.1.2 into /workspace/builds/worker-1-tc1/source
[INFO] validating manifest of crates.io crate marching-cubes 0.1.2 on toolchain nightly-2024-10-28
[INFO] running `Command { std: CARGO_HOME="/workspace/cargo-home" RUSTUP_HOME="/workspace/rustup-home" "/workspace/cargo-home/bin/cargo" "+nightly-2024-10-28" "metadata" "--manifest-path" "Cargo.toml" "--no-deps", kill_on_drop: false }`
[INFO] started tweaking crates.io crate marching-cubes 0.1.2
[INFO] finished tweaking crates.io crate marching-cubes 0.1.2
[INFO] tweaked toml for crates.io crate marching-cubes 0.1.2 written to /workspace/builds/worker-1-tc1/source/Cargo.toml
[INFO] running `Command { std: CARGO_HOME="/workspace/cargo-home" RUSTUP_HOME="/workspace/rustup-home" "/workspace/cargo-home/bin/cargo" "+nightly-2024-10-28" "generate-lockfile" "--manifest-path" "Cargo.toml", kill_on_drop: false }`
[INFO] running `Command { std: CARGO_HOME="/workspace/cargo-home" RUSTUP_HOME="/workspace/rustup-home" "/workspace/cargo-home/bin/cargo" "+nightly-2024-10-28" "fetch" "--manifest-path" "Cargo.toml", kill_on_drop: false }`
[INFO] running `Command { std: "docker" "create" "-v" "/var/lib/crater-agent-workspace/builds/worker-1-tc1/target:/opt/rustwide/target:rw,Z" "-v" "/var/lib/crater-agent-workspace/builds/worker-1-tc1/source:/opt/rustwide/workdir:ro,Z" "-v" "/var/lib/crater-agent-workspace/cargo-home:/opt/rustwide/cargo-home:ro,Z" "-v" "/var/lib/crater-agent-workspace/rustup-home:/opt/rustwide/rustup-home:ro,Z" "-e" "SOURCE_DIR=/opt/rustwide/workdir" "-e" "CARGO_TARGET_DIR=/opt/rustwide/target" "-e" "CARGO_HOME=/opt/rustwide/cargo-home" "-e" "RUSTUP_HOME=/opt/rustwide/rustup-home" "-w" "/opt/rustwide/workdir" "-m" "1610612736" "--user" "0:0" "--network" "none" "ghcr.io/rust-lang/crates-build-env/linux@sha256:4a844ea9eb2546a2d2c7022eacef16ef2e8229c7fbb2c7d4d55a9ceca922f72d" "/opt/rustwide/cargo-home/bin/cargo" "+nightly-2024-10-28" "metadata" "--no-deps" "--format-version=1", kill_on_drop: false }`
[INFO] [stdout] c2cf305a85acb8118bf1a127bca208fcd07e659b5d9fa7a7f92b3389d30ab38e
[INFO] running `Command { std: "docker" "start" "-a" "c2cf305a85acb8118bf1a127bca208fcd07e659b5d9fa7a7f92b3389d30ab38e", kill_on_drop: false }`
[INFO] running `Command { std: "docker" "inspect" "c2cf305a85acb8118bf1a127bca208fcd07e659b5d9fa7a7f92b3389d30ab38e", kill_on_drop: false }`
[INFO] running `Command { std: "docker" "rm" "-f" "c2cf305a85acb8118bf1a127bca208fcd07e659b5d9fa7a7f92b3389d30ab38e", kill_on_drop: false }`
[INFO] [stdout] c2cf305a85acb8118bf1a127bca208fcd07e659b5d9fa7a7f92b3389d30ab38e
[INFO] running `Command { std: "docker" "create" "-v" "/var/lib/crater-agent-workspace/builds/worker-1-tc1/target:/opt/rustwide/target:rw,Z" "-v" "/var/lib/crater-agent-workspace/builds/worker-1-tc1/source:/opt/rustwide/workdir:ro,Z" "-v" "/var/lib/crater-agent-workspace/cargo-home:/opt/rustwide/cargo-home:ro,Z" "-v" "/var/lib/crater-agent-workspace/rustup-home:/opt/rustwide/rustup-home:ro,Z" "-e" "SOURCE_DIR=/opt/rustwide/workdir" "-e" "CARGO_TARGET_DIR=/opt/rustwide/target" "-e" "CARGO_INCREMENTAL=0" "-e" "RUST_BACKTRACE=full" "-e" "RUSTFLAGS=--cap-lints=forbid" "-e" "RUSTDOCFLAGS=--cap-lints=forbid" "-e" "CARGO_HOME=/opt/rustwide/cargo-home" "-e" "RUSTUP_HOME=/opt/rustwide/rustup-home" "-w" "/opt/rustwide/workdir" "-m" "1610612736" "--user" "0:0" "--network" "none" "ghcr.io/rust-lang/crates-build-env/linux@sha256:4a844ea9eb2546a2d2c7022eacef16ef2e8229c7fbb2c7d4d55a9ceca922f72d" "/opt/rustwide/cargo-home/bin/cargo" "+nightly-2024-10-28" "build" "--frozen" "--message-format=json", kill_on_drop: false }`
[INFO] [stdout] bccf06e5bb0d3f0a200eb876abb4add80e116053ac911f5b2098f040a6ed5a95
[INFO] running `Command { std: "docker" "start" "-a" "bccf06e5bb0d3f0a200eb876abb4add80e116053ac911f5b2098f040a6ed5a95", kill_on_drop: false }`
[INFO] [stderr]    Compiling marching-cubes v0.1.2 (/opt/rustwide/workdir)
[INFO] [stderr]     Finished `dev` profile [unoptimized + debuginfo] target(s) in 0.15s
[INFO] running `Command { std: "docker" "inspect" "bccf06e5bb0d3f0a200eb876abb4add80e116053ac911f5b2098f040a6ed5a95", kill_on_drop: false }`
[INFO] running `Command { std: "docker" "rm" "-f" "bccf06e5bb0d3f0a200eb876abb4add80e116053ac911f5b2098f040a6ed5a95", kill_on_drop: false }`
[INFO] [stdout] bccf06e5bb0d3f0a200eb876abb4add80e116053ac911f5b2098f040a6ed5a95
[INFO] running `Command { std: "docker" "create" "-v" "/var/lib/crater-agent-workspace/builds/worker-1-tc1/target:/opt/rustwide/target:rw,Z" "-v" "/var/lib/crater-agent-workspace/builds/worker-1-tc1/source:/opt/rustwide/workdir:ro,Z" "-v" "/var/lib/crater-agent-workspace/cargo-home:/opt/rustwide/cargo-home:ro,Z" "-v" "/var/lib/crater-agent-workspace/rustup-home:/opt/rustwide/rustup-home:ro,Z" "-e" "SOURCE_DIR=/opt/rustwide/workdir" "-e" "CARGO_TARGET_DIR=/opt/rustwide/target" "-e" "CARGO_INCREMENTAL=0" "-e" "RUST_BACKTRACE=full" "-e" "RUSTFLAGS=--cap-lints=forbid" "-e" "RUSTDOCFLAGS=--cap-lints=forbid" "-e" "CARGO_HOME=/opt/rustwide/cargo-home" "-e" "RUSTUP_HOME=/opt/rustwide/rustup-home" "-w" "/opt/rustwide/workdir" "-m" "1610612736" "--user" "0:0" "--network" "none" "ghcr.io/rust-lang/crates-build-env/linux@sha256:4a844ea9eb2546a2d2c7022eacef16ef2e8229c7fbb2c7d4d55a9ceca922f72d" "/opt/rustwide/cargo-home/bin/cargo" "+nightly-2024-10-28" "test" "--frozen" "--no-run" "--message-format=json", kill_on_drop: false }`
[INFO] [stdout] 313025380b6577af16fd225c22e8e138ce0edb12b55b31c8d433d05a88984af2
[INFO] running `Command { std: "docker" "start" "-a" "313025380b6577af16fd225c22e8e138ce0edb12b55b31c8d433d05a88984af2", kill_on_drop: false }`
[INFO] [stderr]    Compiling marching-cubes v0.1.2 (/opt/rustwide/workdir)
[INFO] [stderr]     Finished `test` profile [unoptimized + debuginfo] target(s) in 0.15s
[INFO] running `Command { std: "docker" "inspect" "313025380b6577af16fd225c22e8e138ce0edb12b55b31c8d433d05a88984af2", kill_on_drop: false }`
[INFO] running `Command { std: "docker" "rm" "-f" "313025380b6577af16fd225c22e8e138ce0edb12b55b31c8d433d05a88984af2", kill_on_drop: false }`
[INFO] [stdout] 313025380b6577af16fd225c22e8e138ce0edb12b55b31c8d433d05a88984af2
[INFO] running `Command { std: "docker" "create" "-v" "/var/lib/crater-agent-workspace/builds/worker-1-tc1/target:/opt/rustwide/target:rw,Z" "-v" "/var/lib/crater-agent-workspace/builds/worker-1-tc1/source:/opt/rustwide/workdir:ro,Z" "-v" "/var/lib/crater-agent-workspace/cargo-home:/opt/rustwide/cargo-home:ro,Z" "-v" "/var/lib/crater-agent-workspace/rustup-home:/opt/rustwide/rustup-home:ro,Z" "-e" "SOURCE_DIR=/opt/rustwide/workdir" "-e" "CARGO_TARGET_DIR=/opt/rustwide/target" "-e" "CARGO_INCREMENTAL=0" "-e" "RUST_BACKTRACE=full" "-e" "RUSTFLAGS=--cap-lints=forbid" "-e" "RUSTDOCFLAGS=--cap-lints=forbid" "-e" "CARGO_HOME=/opt/rustwide/cargo-home" "-e" "RUSTUP_HOME=/opt/rustwide/rustup-home" "-w" "/opt/rustwide/workdir" "-m" "1610612736" "--user" "0:0" "--network" "none" "ghcr.io/rust-lang/crates-build-env/linux@sha256:4a844ea9eb2546a2d2c7022eacef16ef2e8229c7fbb2c7d4d55a9ceca922f72d" "/opt/rustwide/cargo-home/bin/cargo" "+nightly-2024-10-28" "test" "--frozen", kill_on_drop: false }`
[INFO] [stdout] bf73ce407c0212c3aaa9d88a8c66e6d6cbb8bcfdc9bcd48394037b0cf02d74d3
[INFO] running `Command { std: "docker" "start" "-a" "bf73ce407c0212c3aaa9d88a8c66e6d6cbb8bcfdc9bcd48394037b0cf02d74d3", kill_on_drop: false }`
[INFO] [stderr]     Finished `test` profile [unoptimized + debuginfo] target(s) in 0.01s
[INFO] [stderr]      Running unittests src/lib.rs (/opt/rustwide/target/debug/deps/marching_cubes-7d8062d44d942520)
[INFO] [stdout] 
[INFO] [stdout] running 0 tests
[INFO] [stdout] 
[INFO] [stdout] test result: ok. 0 passed; 0 failed; 0 ignored; 0 measured; 0 filtered out; finished in 0.00s
[INFO] [stdout] 
[INFO] [stderr]    Doc-tests marching_cubes
[INFO] [stdout] 
[INFO] [stdout] running 4 tests
[INFO] [stdout] test src/marching.rs - marching::MarchingCubes (line 10) ... FAILED
[INFO] [stdout] test src/lib.rs - (line 8) ... FAILED
[INFO] [stdout] test src/marching.rs - marching::polygonise (line 101) ... FAILED
[INFO] [stdout] test src/marching.rs - marching::interpolate_vertex (line 310) ... FAILED
[INFO] [stdout] 
[INFO] [stdout] failures:
[INFO] [stdout] 
[INFO] [stdout] ---- src/marching.rs - marching::MarchingCubes (line 10) stdout ----
[INFO] [stdout] error[E0432]: unresolved import `iso`
[INFO] [stdout]  --> src/marching.rs:11:5
[INFO] [stdout]   |
[INFO] [stdout] 3 | use iso::{MarchingCubes, GridCell, Triangle};
[INFO] [stdout]   |     ^^^ use of undeclared crate or module `iso`
[INFO] [stdout] 
[INFO] [stdout] error: aborting due to 1 previous error
[INFO] [stdout] 
[INFO] [stdout] For more information about this error, try `rustc --explain E0432`.
[INFO] [stdout] Couldn't compile the test.
[INFO] [stdout] ---- src/lib.rs - (line 8) stdout ----
[INFO] [stdout] error[E0432]: unresolved import `iso`
[INFO] [stdout]  --> src/lib.rs:9:5
[INFO] [stdout]   |
[INFO] [stdout] 3 | use iso::{MarchingCubes, GridCell, Triangle};
[INFO] [stdout]   |     ^^^ use of undeclared crate or module `iso`
[INFO] [stdout] 
[INFO] [stdout] error: aborting due to 1 previous error
[INFO] [stdout] 
[INFO] [stdout] For more information about this error, try `rustc --explain E0432`.
[INFO] [stdout] Couldn't compile the test.
[INFO] [stdout] ---- src/marching.rs - marching::polygonise (line 101) stdout ----
[INFO] [stdout] error[E0432]: unresolved import `iso`
[INFO] [stdout]  --> src/marching.rs:102:5
[INFO] [stdout]   |
[INFO] [stdout] 3 | use iso::{GridCell, Triangle, polygonise};
[INFO] [stdout]   |     ^^^ use of undeclared crate or module `iso`
[INFO] [stdout] 
[INFO] [stdout] error: aborting due to 1 previous error
[INFO] [stdout] 
[INFO] [stdout] For more information about this error, try `rustc --explain E0432`.
[INFO] [stdout] Couldn't compile the test.
[INFO] [stdout] ---- src/marching.rs - marching::interpolate_vertex (line 310) stdout ----
[INFO] [stdout] error[E0425]: cannot find function `vec3` in this scope
[INFO] [stdout]  --> src/marching.rs:311:14
[INFO] [stdout]   |
[INFO] [stdout] 3 | let point1 = vec3(0.0, 0.0, 0.0);
[INFO] [stdout]   |              ^^^^ not found in this scope
[INFO] [stdout] 
[INFO] [stdout] error[E0425]: cannot find function `vec3` in this scope
[INFO] [stdout]  --> src/marching.rs:312:14
[INFO] [stdout]   |
[INFO] [stdout] 4 | let point2 = vec3(1.0, 1.0, 1.0);
[INFO] [stdout]   |              ^^^^ not found in this scope
[INFO] [stdout] 
[INFO] [stdout] error[E0425]: cannot find function `vec2` in this scope
[INFO] [stdout]  --> src/marching.rs:313:20
[INFO] [stdout]   |
[INFO] [stdout] 5 | let alpha_points = vec2(0.5, 0.5);
[INFO] [stdout]   |                    ^^^^ not found in this scope
[INFO] [stdout] 
[INFO] [stdout] error[E0425]: cannot find function `interpolate_vertex` in this scope
[INFO] [stdout]  --> src/marching.rs:316:14
[INFO] [stdout]   |
[INFO] [stdout] 8 | let result = interpolate_vertex(isolevel, point1, point2, alpha_points);
[INFO] [stdout]   |              ^^^^^^^^^^^^^^^^^^ not found in this scope
[INFO] [stdout] 
[INFO] [stdout] error[E0425]: cannot find function `vec3` in this scope
[INFO] [stdout]   --> src/marching.rs:318:20
[INFO] [stdout]    |
[INFO] [stdout] 10 | assert_eq!(result, vec3(0.5, 0.5, 0.5));
[INFO] [stdout]    |                    ^^^^ not found in this scope
[INFO] [stdout] 
[INFO] [stdout] error: aborting due to 5 previous errors
[INFO] [stdout] 
[INFO] [stdout] For more information about this error, try `rustc --explain E0425`.
[INFO] [stdout] Couldn't compile the test.
[INFO] [stdout] 
[INFO] [stdout] failures:
[INFO] [stdout]     src/lib.rs - (line 8)
[INFO] [stdout]     src/marching.rs - marching::MarchingCubes (line 10)
[INFO] [stdout]     src/marching.rs - marching::interpolate_vertex (line 310)
[INFO] [stdout]     src/marching.rs - marching::polygonise (line 101)
[INFO] [stdout] 
[INFO] [stdout] test result: FAILED. 0 passed; 4 failed; 0 ignored; 0 measured; 0 filtered out; finished in 0.07s
[INFO] [stdout] 
[INFO] [stderr] error: doctest failed, to rerun pass `--doc`
[INFO] running `Command { std: "docker" "inspect" "bf73ce407c0212c3aaa9d88a8c66e6d6cbb8bcfdc9bcd48394037b0cf02d74d3", kill_on_drop: false }`
[INFO] running `Command { std: "docker" "rm" "-f" "bf73ce407c0212c3aaa9d88a8c66e6d6cbb8bcfdc9bcd48394037b0cf02d74d3", kill_on_drop: false }`
[INFO] [stdout] bf73ce407c0212c3aaa9d88a8c66e6d6cbb8bcfdc9bcd48394037b0cf02d74d3
