[INFO] fetching crate mapvas 0.1.19...
[INFO] testing mapvas-0.1.19 against nightly-2024-10-28 for randomize-layout
[INFO] extracting crate mapvas 0.1.19 into /workspace/builds/worker-6-tc1/source
[INFO] validating manifest of crates.io crate mapvas 0.1.19 on toolchain nightly-2024-10-28
[INFO] running `Command { std: CARGO_HOME="/workspace/cargo-home" RUSTUP_HOME="/workspace/rustup-home" "/workspace/cargo-home/bin/cargo" "+nightly-2024-10-28" "metadata" "--manifest-path" "Cargo.toml" "--no-deps", kill_on_drop: false }`
[INFO] removed /workspace/builds/worker-6-tc1/source/rust-toolchain.toml
[INFO] started tweaking crates.io crate mapvas 0.1.19
[INFO] finished tweaking crates.io crate mapvas 0.1.19
[INFO] tweaked toml for crates.io crate mapvas 0.1.19 written to /workspace/builds/worker-6-tc1/source/Cargo.toml
[INFO] crate crates.io crate mapvas 0.1.19 already has a lockfile, it will not be regenerated
[INFO] running `Command { std: CARGO_HOME="/workspace/cargo-home" RUSTUP_HOME="/workspace/rustup-home" "/workspace/cargo-home/bin/cargo" "+nightly-2024-10-28" "fetch" "--manifest-path" "Cargo.toml", kill_on_drop: false }`
[INFO] [stderr]     Updating crates.io index
[INFO] [stderr]  Downloading crates ...
[INFO] [stderr]   Downloaded async-lock v3.3.0
[INFO] [stderr]   Downloaded cfg_aliases v0.1.1
[INFO] [stderr]   Downloaded wayland-cursor v0.29.5
[INFO] [stderr]   Downloaded event-listener-strategy v0.5.0
[INFO] [stderr]   Downloaded polyval v0.4.5
[INFO] [stderr]   Downloaded event-listener v4.0.3
[INFO] [stderr]   Downloaded blocking v1.5.1
[INFO] [stderr]   Downloaded piper v0.2.1
[INFO] [stderr]   Downloaded glutin-winit v0.3.0
[INFO] [stderr]   Downloaded wayland-commons v0.29.5
[INFO] [stderr]   Downloaded io-lifetimes v1.0.11
[INFO] [stderr]   Downloaded resource v0.5.0
[INFO] [stderr]   Downloaded nonzero_ext v0.3.0
[INFO] [stderr]   Downloaded objc_id v0.1.1
[INFO] [stderr]   Downloaded gif v0.13.1
[INFO] [stderr]   Downloaded malloc_buf v0.0.6
[INFO] [stderr]   Downloaded aes v0.6.0
[INFO] [stderr]   Downloaded block v0.1.6
[INFO] [stderr]   Downloaded env_filter v0.1.0
[INFO] [stderr]   Downloaded error-code v3.2.0
[INFO] [stderr]   Downloaded aes-gcm v0.8.0
[INFO] [stderr]   Downloaded clipboard-win v5.2.0
[INFO] [stderr]   Downloaded unicode-properties v0.1.1
[INFO] [stderr]   Downloaded imgref v1.10.1
[INFO] [stderr]   Downloaded qoi v0.4.1
[INFO] [stderr]   Downloaded raw-cpuid v11.0.1
[INFO] [stderr]   Downloaded axum v0.7.4
[INFO] [stderr]   Downloaded glow v0.13.1
[INFO] [stderr]   Downloaded h2 v0.4.4
[INFO] [stderr]   Downloaded isahc v0.9.14
[INFO] [stderr]   Downloaded rayon v1.9.0
[INFO] [stderr]   Downloaded x11rb v0.13.0
[INFO] [stderr]   Downloaded femtovg v0.9.0
[INFO] [stderr]   Downloaded exr v1.72.0
[INFO] [stderr]   Downloaded rustybuzz v0.13.0
[INFO] [stderr]   Downloaded libc v0.2.153
[INFO] [stderr]   Downloaded winit v0.28.7
[INFO] [stderr]   Downloaded rustix v0.37.27
[INFO] [stderr]   Downloaded rustix v0.38.31
[INFO] [stderr]   Downloaded ndk-sys v0.4.1+23.1.7779620
[INFO] [stderr]   Downloaded ttf-noto-sans v0.1.2
[INFO] [stderr]   Downloaded portable-atomic v1.6.0
[INFO] [stderr]   Downloaded nix v0.24.3
[INFO] [stderr]   Downloaded governor v0.6.3
[INFO] [stderr]   Downloaded android-activity v0.4.3
[INFO] [stderr]   Downloaded curl v0.4.46
[INFO] [stderr]   Downloaded x11rb-protocol v0.13.0
[INFO] [stderr]   Downloaded regex-syntax v0.6.29
[INFO] [stderr]   Downloaded regex v1.10.3
[INFO] [stderr]   Downloaded nix v0.25.1
[INFO] [stderr]   Downloaded glutin v0.30.10
[INFO] [stderr]   Downloaded spinning_top v0.3.0
[INFO] [stderr]   Downloaded tokio v1.36.0
[INFO] [stderr]   Downloaded spinning_top v0.2.5
[INFO] [stderr]   Downloaded async-io v2.3.1
[INFO] [stderr]   Downloaded objc2 v0.3.0-beta.3.patch-leaks.3
[INFO] [stderr]   Downloaded unicode-script v0.5.6
[INFO] [stderr]   Downloaded flume v0.11.0
[INFO] [stderr]   Downloaded jpeg-decoder v0.3.1
[INFO] [stderr]   Downloaded half v2.4.0
[INFO] [stderr]   Downloaded num-traits v0.2.18
[INFO] [stderr]   Downloaded weezl v0.1.8
[INFO] [stderr]   Downloaded openssl-sys v0.9.101
[INFO] [stderr]   Downloaded flume v0.9.2
[INFO] [stderr]   Downloaded linux-raw-sys v0.3.8
[INFO] [stderr]   Downloaded http-client v6.5.3
[INFO] [stderr]   Downloaded anyhow v1.0.80
[INFO] [stderr]   Downloaded owned_ttf_parser v0.20.0
[INFO] [stderr]   Downloaded smithay-client-toolkit v0.16.1
[INFO] [stderr]   Downloaded arboard v3.3.2
[INFO] [stderr]   Downloaded env_logger v0.11.3
[INFO] [stderr]   Downloaded quanta v0.12.3
[INFO] [stderr]   Downloaded async-trait v0.1.77
[INFO] [stderr]   Downloaded polling v3.5.0
[INFO] [stderr]   Downloaded serde_json v1.0.114
[INFO] [stderr]   Downloaded tiny-skia v0.8.4
[INFO] [stderr]   Downloaded ttf-parser v0.20.0
[INFO] [stderr]   Downloaded core-graphics v0.23.1
[INFO] [stderr]   Downloaded http-types v2.12.0
[INFO] [stderr]   Downloaded objc v0.2.7
[INFO] [stderr]   Downloaded axum-core v0.4.3
[INFO] [stderr]   Downloaded iana-time-zone v0.1.60
[INFO] [stderr]   Downloaded lru v0.12.3
[INFO] [stderr]   Downloaded unicode-bidi-mirroring v0.2.0
[INFO] [stderr]   Downloaded orbclient v0.3.47
[INFO] [stderr]   Downloaded bit_field v0.10.2
[INFO] [stderr]   Downloaded either v1.10.0
[INFO] [stderr]   Downloaded unicode-ccc v0.2.0
[INFO] [stderr]   Downloaded wayland-sys v0.30.1
[INFO] [stderr]   Downloaded lebe v0.5.2
[INFO] [stderr]   Downloaded futures-timer v3.0.3
[INFO] [stderr]   Downloaded no-std-compat v0.4.1
[INFO] [stderr]   Downloaded async-executor v1.8.0
[INFO] [stderr]   Downloaded tower-http v0.5.2
[INFO] [stderr]   Downloaded png v0.17.13
[INFO] [stderr]   Downloaded objc-foundation v0.1.1
[INFO] [stderr]   Downloaded serde_path_to_error v0.1.15
[INFO] [stderr]   Downloaded rgb v0.8.37
[INFO] [stderr]   Downloaded tiff v0.9.1
[INFO] [stderr]   Downloaded linux-raw-sys v0.4.13
[INFO] [stderr]   Downloaded glutin_egl_sys v0.5.1
[INFO] [stderr]   Downloaded aesni v0.10.0
[INFO] [stderr]   Downloaded wayland-protocols v0.29.5
[INFO] [stderr]   Downloaded cc v1.0.90
[INFO] [stderr]   Downloaded bytemuck v1.14.3
[INFO] [stderr]   Downloaded tiny-skia-path v0.8.4
[INFO] [stderr]   Downloaded calloop v0.10.6
[INFO] [stderr]   Downloaded glutin_wgl_sys v0.4.0
[INFO] [stderr]   Downloaded libloading v0.7.4
[INFO] [stderr]   Downloaded zune-inflate v0.2.54
[INFO] [stderr]   Downloaded event-listener v5.2.0
[INFO] [stderr]   Downloaded polling v2.8.0
[INFO] [stderr]   Downloaded async-io v1.13.0
[INFO] [stderr]   Downloaded cookie v0.14.4
[INFO] [stderr]   Downloaded serde_qs v0.8.5
[INFO] [stderr]   Downloaded ndk v0.7.0
[INFO] [stderr]   Downloaded redox_syscall v0.3.5
[INFO] [stderr]   Downloaded crc32fast v1.4.0
[INFO] [stderr]   Downloaded sctk-adwaita v0.5.4
[INFO] [stderr]   Downloaded slotmap v1.0.7
[INFO] [stderr]   Downloaded smallvec v1.13.1
[INFO] [stderr]   Downloaded async-lock v2.8.0
[INFO] [stderr]   Downloaded aes-soft v0.6.4
[INFO] [stderr]   Downloaded crypto-mac v0.10.1
[INFO] [stderr]   Downloaded libnghttp2-sys v0.1.9+1.58.0
[INFO] [stderr]   Downloaded futures-lite v1.13.0
[INFO] [stderr]   Downloaded mime_guess v2.0.4
[INFO] [stderr]   Downloaded core-graphics v0.22.3
[INFO] [stderr]   Downloaded indexmap v2.2.5
[INFO] [stderr]   Downloaded objc-sys v0.2.0-beta.2
[INFO] [stderr]   Downloaded ab_glyph v0.2.23
[INFO] [stderr]   Downloaded fdeflate v0.3.4
[INFO] [stderr]   Downloaded flate2 v1.0.28
[INFO] [stderr]   Downloaded simd-adler32 v0.3.7
[INFO] [stderr]   Downloaded thiserror-impl v1.0.57
[INFO] [stderr]   Downloaded downcast-rs v1.2.0
[INFO] [stderr]   Downloaded bumpalo v3.15.4
[INFO] [stderr]   Downloaded glutin_glx_sys v0.4.0
[INFO] [stderr]   Downloaded sluice v0.5.5
[INFO] [stderr]   Downloaded event-listener-strategy v0.4.0
[INFO] [stderr]   Downloaded futures-lite v2.2.0
[INFO] [stderr]   Downloaded async-global-executor v2.4.1
[INFO] [stderr]   Downloaded aead v0.3.2
[INFO] [stderr]   Downloaded ghash v0.3.1
[INFO] [stderr]   Downloaded fastrand v1.9.0
[INFO] [stderr]   Downloaded waker-fn v1.1.1
[INFO] [stderr]   Downloaded surf v2.3.2
[INFO] [stderr]   Downloaded surf-governor v0.2.0
[INFO] [stderr]   Downloaded socket2 v0.5.6
[INFO] [stderr]   Downloaded block2 v0.2.0-alpha.6
[INFO] [stderr]   Downloaded libredox v0.0.2
[INFO] [stderr]   Downloaded wayland-client v0.29.5
[INFO] [stderr]   Downloaded wayland-sys v0.29.5
[INFO] [stderr]   Downloaded async-channel v2.2.0
[INFO] [stderr]   Downloaded xcursor v0.3.5
[INFO] [stderr]   Downloaded libloading v0.8.3
[INFO] [stderr]   Downloaded xml-rs v0.8.19
[INFO] [stderr]   Downloaded async-task v4.7.0
[INFO] [stderr]   Downloaded concurrent-queue v2.4.0
[INFO] [stderr]   Downloaded crossbeam-utils v0.8.19
[INFO] [stderr]   Downloaded cpuid-bool v0.2.0
[INFO] [stderr]   Downloaded hmac v0.10.1
[INFO] [stderr]   Downloaded getrandom v0.2.12
[INFO] [stderr]   Downloaded toml_datetime v0.6.5
[INFO] [stderr]   Downloaded bitflags v2.4.2
[INFO] [stderr]   Downloaded proc-macro2 v1.0.78
[INFO] [stderr]   Downloaded infer v0.2.3
[INFO] [stderr]   Downloaded jobserver v0.1.28
[INFO] [stderr]   Downloaded arrayvec v0.7.4
[INFO] [stderr]   Downloaded value-bag v1.7.0
[INFO] [stderr]   Downloaded ctr v0.6.0
[INFO] [stderr]   Downloaded hkdf v0.10.0
[INFO] [stderr]   Downloaded parking v2.2.0
[INFO] [stderr]   Downloaded unicase v2.7.0
[INFO] [stderr]   Downloaded block-sys v0.1.0-beta.1
[INFO] [stderr]   Downloaded objc2-encode v2.0.0-pre.2
[INFO] [stderr]   Downloaded raw-window-handle v0.5.2
[INFO] [stderr]   Downloaded arrayref v0.3.7
[INFO] [stderr]   Downloaded thiserror v1.0.57
[INFO] [stderr]   Downloaded gloo-timers v0.2.6
[INFO] [stderr]   Downloaded wayland-scanner v0.29.5
[INFO] [stderr]   Downloaded curl-sys v0.4.72+curl-8.6.0
[INFO] [stderr]   Downloaded libz-sys v1.1.15
[INFO] [stderr]   Downloaded image v0.24.9
[INFO] running `Command { std: "docker" "create" "-v" "/var/lib/crater-agent-workspace/builds/worker-6-tc1/target:/opt/rustwide/target:rw,Z" "-v" "/var/lib/crater-agent-workspace/builds/worker-6-tc1/source:/opt/rustwide/workdir:ro,Z" "-v" "/var/lib/crater-agent-workspace/cargo-home:/opt/rustwide/cargo-home:ro,Z" "-v" "/var/lib/crater-agent-workspace/rustup-home:/opt/rustwide/rustup-home:ro,Z" "-e" "SOURCE_DIR=/opt/rustwide/workdir" "-e" "CARGO_TARGET_DIR=/opt/rustwide/target" "-e" "CARGO_HOME=/opt/rustwide/cargo-home" "-e" "RUSTUP_HOME=/opt/rustwide/rustup-home" "-w" "/opt/rustwide/workdir" "-m" "1610612736" "--user" "0:0" "--network" "none" "ghcr.io/rust-lang/crates-build-env/linux@sha256:4a844ea9eb2546a2d2c7022eacef16ef2e8229c7fbb2c7d4d55a9ceca922f72d" "/opt/rustwide/cargo-home/bin/cargo" "+nightly-2024-10-28" "metadata" "--no-deps" "--format-version=1", kill_on_drop: false }`
[INFO] [stdout] 28af2a73b68b8d4ea403c14a35dfd83f6a88dd01ef61303be77585d42ab12a9a
[INFO] running `Command { std: "docker" "start" "-a" "28af2a73b68b8d4ea403c14a35dfd83f6a88dd01ef61303be77585d42ab12a9a", kill_on_drop: false }`
[INFO] running `Command { std: "docker" "inspect" "28af2a73b68b8d4ea403c14a35dfd83f6a88dd01ef61303be77585d42ab12a9a", kill_on_drop: false }`
[INFO] running `Command { std: "docker" "rm" "-f" "28af2a73b68b8d4ea403c14a35dfd83f6a88dd01ef61303be77585d42ab12a9a", kill_on_drop: false }`
[INFO] [stdout] 28af2a73b68b8d4ea403c14a35dfd83f6a88dd01ef61303be77585d42ab12a9a
[INFO] running `Command { std: "docker" "create" "-v" "/var/lib/crater-agent-workspace/builds/worker-6-tc1/target:/opt/rustwide/target:rw,Z" "-v" "/var/lib/crater-agent-workspace/builds/worker-6-tc1/source:/opt/rustwide/workdir:ro,Z" "-v" "/var/lib/crater-agent-workspace/cargo-home:/opt/rustwide/cargo-home:ro,Z" "-v" "/var/lib/crater-agent-workspace/rustup-home:/opt/rustwide/rustup-home:ro,Z" "-e" "SOURCE_DIR=/opt/rustwide/workdir" "-e" "CARGO_TARGET_DIR=/opt/rustwide/target" "-e" "CARGO_INCREMENTAL=0" "-e" "RUST_BACKTRACE=full" "-e" "RUSTFLAGS=--cap-lints=forbid" "-e" "RUSTDOCFLAGS=--cap-lints=forbid" "-e" "CARGO_HOME=/opt/rustwide/cargo-home" "-e" "RUSTUP_HOME=/opt/rustwide/rustup-home" "-w" "/opt/rustwide/workdir" "-m" "1610612736" "--user" "0:0" "--network" "none" "ghcr.io/rust-lang/crates-build-env/linux@sha256:4a844ea9eb2546a2d2c7022eacef16ef2e8229c7fbb2c7d4d55a9ceca922f72d" "/opt/rustwide/cargo-home/bin/cargo" "+nightly-2024-10-28" "build" "--frozen" "--message-format=json", kill_on_drop: false }`
[INFO] [stdout] 5f56dee6c8e992fc2c57c2757bd2edf9fdc04aec9092b22fe155ec0728a536bd
[INFO] running `Command { std: "docker" "start" "-a" "5f56dee6c8e992fc2c57c2757bd2edf9fdc04aec9092b22fe155ec0728a536bd", kill_on_drop: false }`
[INFO] [stderr]    Compiling proc-macro2 v1.0.78
[INFO] [stderr]    Compiling libc v0.2.153
[INFO] [stderr]    Compiling value-bag v1.7.0
[INFO] [stderr]    Compiling pkg-config v0.3.30
[INFO] [stderr]    Compiling crossbeam-utils v0.8.19
[INFO] [stderr]    Compiling futures-io v0.3.30
[INFO] [stderr]    Compiling smallvec v1.13.1
[INFO] [stderr]    Compiling memchr v2.7.1
[INFO] [stderr]    Compiling typenum v1.17.0
[INFO] [stderr]    Compiling log v0.4.21
[INFO] [stderr]    Compiling generic-array v0.14.7
[INFO] [stderr]    Compiling tracing-core v0.1.32
[INFO] [stderr]    Compiling xml-rs v0.8.19
[INFO] [stderr]    Compiling concurrent-queue v2.4.0
[INFO] [stderr]    Compiling quote v1.0.35
[INFO] [stderr]    Compiling parking v2.2.0
[INFO] [stderr]    Compiling cc v1.0.90
[INFO] [stderr]    Compiling bitflags v2.4.2
[INFO] [stderr]    Compiling syn v2.0.52
[INFO] [stderr]    Compiling futures-channel v0.3.30
[INFO] [stderr]    Compiling futures-task v0.3.30
[INFO] [stderr]    Compiling simd-adler32 v0.3.7
[INFO] [stderr]    Compiling wayland-scanner v0.29.5
[INFO] [stderr]    Compiling thiserror v1.0.57
[INFO] [stderr]    Compiling serde v1.0.197
[INFO] [stderr]    Compiling libloading v0.8.3
[INFO] [stderr]    Compiling crc32fast v1.4.0
[INFO] [stderr]    Compiling parking_lot_core v0.9.9
[INFO] [stderr]    Compiling socket2 v0.5.6
[INFO] [stderr]    Compiling rustix v0.38.31
[INFO] [stderr]    Compiling subtle v2.4.1
[INFO] [stderr]    Compiling dlib v0.5.2
[INFO] [stderr]    Compiling miniz_oxide v0.7.2
[INFO] [stderr]    Compiling event-listener v4.0.3
[INFO] [stderr]    Compiling fastrand v2.0.1
[INFO] [stderr]    Compiling linux-raw-sys v0.4.13
[INFO] [stderr]    Compiling opaque-debug v0.3.1
[INFO] [stderr]    Compiling libz-sys v1.1.15
[INFO] [stderr]    Compiling openssl-sys v0.9.101
[INFO] [stderr]    Compiling libnghttp2-sys v0.1.9+1.58.0
[INFO] [stderr]    Compiling bytemuck v1.14.3
[INFO] [stderr]    Compiling khronos_api v3.1.0
[INFO] [stderr]    Compiling event-listener-strategy v0.4.0
[INFO] [stderr]    Compiling parking_lot v0.12.1
[INFO] [stderr]    Compiling wayland-sys v0.29.5
[INFO] [stderr]    Compiling standback v0.2.17
[INFO] [stderr]    Compiling ppv-lite86 v0.2.17
[INFO] [stderr]    Compiling event-listener v2.5.3
[INFO] [stderr]    Compiling syn v1.0.109
[INFO] [stderr]    Compiling proc-macro-hack v0.5.20+deprecated
[INFO] [stderr]    Compiling wasm-bindgen-shared v0.2.92
[INFO] [stderr]    Compiling flate2 v1.0.28
[INFO] [stderr]    Compiling async-lock v3.3.0
[INFO] [stderr]    Compiling curl-sys v0.4.72+curl-8.6.0
[INFO] [stderr]    Compiling futures-lite v2.2.0
[INFO] [stderr]    Compiling getrandom v0.2.12
[INFO] [stderr]    Compiling mio v0.8.11
[INFO] [stderr]    Compiling cipher v0.2.5
[INFO] [stderr]    Compiling event-listener v5.2.0
[INFO] [stderr]    Compiling crossbeam-epoch v0.9.18
[INFO] [stderr]    Compiling getrandom v0.1.16
[INFO] [stderr]    Compiling io-lifetimes v1.0.11
[INFO] [stderr]    Compiling cfg_aliases v0.1.1
[INFO] [stderr]    Compiling tinyvec v1.6.0
[INFO] [stderr]    Compiling crossbeam-deque v0.8.5
[INFO] [stderr]    Compiling event-listener-strategy v0.5.0
[INFO] [stderr]    Compiling rand_core v0.6.4
[INFO] [stderr]    Compiling gl_generator v0.14.0
[INFO] [stderr]    Compiling wayland-client v0.29.5
[INFO] [stderr]    Compiling nix v0.24.3
[INFO] [stderr]    Compiling universal-hash v0.4.1
[INFO] [stderr]    Compiling digest v0.9.0
[INFO] [stderr]    Compiling fdeflate v0.3.4
[INFO] [stderr]    Compiling http v1.1.0
[INFO] [stderr]    Compiling polling v2.8.0
[INFO] [stderr]    Compiling slotmap v1.0.7
[INFO] [stderr]    Compiling bumpalo v3.15.4
[INFO] [stderr]    Compiling unicode-bidi v0.3.15
[INFO] [stderr]    Compiling cpuid-bool v0.2.0
[INFO] [stderr]    Compiling rustix v0.37.27
[INFO] [stderr]    Compiling fastrand v1.9.0
[INFO] [stderr]    Compiling waker-fn v1.1.1
[INFO] [stderr]    Compiling async-task v4.7.0
[INFO] [stderr]    Compiling futures-lite v1.13.0
[INFO] [stderr]    Compiling piper v0.2.1
[INFO] [stderr]    Compiling time-macros-impl v0.1.2
[INFO] [stderr]    Compiling polyval v0.4.5
[INFO] [stderr]    Compiling png v0.17.13
[INFO] [stderr]    Compiling wayland-commons v0.29.5
[INFO] [stderr]    Compiling wasm-bindgen-backend v0.2.92
[INFO] [stderr]    Compiling unicode-normalization v0.1.23
[INFO] [stderr]    Compiling rand_chacha v0.3.1
[INFO] [stderr]    Compiling async-channel v2.2.0
[INFO] [stderr]    Compiling rayon-core v1.12.1
[INFO] [stderr]    Compiling tracing-attributes v0.1.27
[INFO] [stderr]    Compiling futures-macro v0.3.30
[INFO] [stderr]    Compiling serde_derive v1.0.197
[INFO] [stderr]    Compiling thiserror-impl v1.0.57
[INFO] [stderr]    Compiling pin-project-internal v1.1.5
[INFO] [stderr]    Compiling futures-util v0.3.30
[INFO] [stderr]    Compiling tokio-macros v2.2.0
[INFO] [stderr]    Compiling tracing v0.1.40
[INFO] [stderr]    Compiling aes-soft v0.6.4
[INFO] [stderr]    Compiling polling v3.5.0
[INFO] [stderr]    Compiling async-channel v1.9.0
[INFO] [stderr]    Compiling crypto-mac v0.10.1
[INFO] [stderr]    Compiling signal-hook-registry v1.4.1
[INFO] [stderr]    Compiling num_cpus v1.16.0
[INFO] [stderr]    Compiling unicase v2.7.0
[INFO] [stderr]    Compiling time v0.2.27
[INFO] [stderr]    Compiling async-io v1.13.0
[INFO] [stderr]    Compiling either v1.10.0
[INFO] [stderr]    Compiling serde_json v1.0.114
[INFO] [stderr]    Compiling ryu v1.0.17
[INFO] [stderr]    Compiling pin-project v1.1.5
[INFO] [stderr]    Compiling async-trait v0.1.77
[INFO] [stderr]    Compiling scoped-tls v1.0.1
[INFO] [stderr]    Compiling linux-raw-sys v0.3.8
[INFO] [stderr]    Compiling downcast-rs v1.2.0
[INFO] [stderr]    Compiling ttf-parser v0.20.0
[INFO] [stderr]    Compiling async-io v2.3.1
[INFO] [stderr]    Compiling tokio v1.36.0
[INFO] [stderr]    Compiling hmac v0.10.1
[INFO] [stderr]    Compiling aes v0.6.0
[INFO] [stderr]    Compiling blocking v1.5.1
[INFO] [stderr]    Compiling rand_core v0.5.1
[INFO] [stderr]    Compiling wasm-bindgen-macro-support v0.2.92
[INFO] [stderr]    Compiling idna v0.5.0
[INFO] [stderr]    Compiling rand v0.8.5
[INFO] [stderr]    Compiling time-macros v0.1.1
[INFO] [stderr]    Compiling ghash v0.3.1
[INFO] [stderr]    Compiling async-executor v1.8.0
[INFO] [stderr]    Compiling http-body v1.0.0
[INFO] [stderr]    Compiling ctr v0.6.0
[INFO] [stderr]    Compiling async-lock v2.8.0
[INFO] [stderr]    Compiling wayland-protocols v0.29.5
[INFO] [stderr]    Compiling socket2 v0.4.10
[INFO] [stderr]    Compiling block-buffer v0.9.0
[INFO] [stderr]    Compiling aead v0.3.2
[INFO] [stderr]    Compiling x11-dl v2.21.0
[INFO] [stderr]    Compiling num-traits v0.2.18
[INFO] [stderr]    Compiling cookie v0.14.4
[INFO] [stderr]    Compiling curl v0.4.46
[INFO] [stderr]    Compiling wasm-bindgen v0.2.92
[INFO] [stderr]    Compiling cpufeatures v0.2.12
[INFO] [stderr]    Compiling anyhow v1.0.80
[INFO] [stderr]    Compiling sha2 v0.9.9
[INFO] [stderr]    Compiling aes-gcm v0.8.0
[INFO] [stderr]    Compiling async-global-executor v2.4.1
[INFO] [stderr]    Compiling wasm-bindgen-macro v0.2.92
[INFO] [stderr]    Compiling rand_chacha v0.2.2
[INFO] [stderr]    Compiling hkdf v0.10.0
[INFO] [stderr]    Compiling url v2.5.0
[INFO] [stderr]    Compiling serde_urlencoded v0.7.1
[INFO] [stderr]    Compiling rayon v1.9.0
[INFO] [stderr]    Compiling nix v0.25.1
[INFO] [stderr]    Compiling smithay-client-toolkit v0.16.1
[INFO] [stderr]    Compiling aho-corasick v1.1.2
[INFO] [stderr]    Compiling kv-log-macro v1.0.7
[INFO] [stderr]    Compiling spin v0.9.8
[INFO] [stderr]    Compiling spinning_top v0.2.5
[INFO] [stderr]    Compiling strict-num v0.1.1
[INFO] [stderr]    Compiling xcursor v0.3.5
[INFO] [stderr]    Compiling regex-syntax v0.8.2
[INFO] [stderr]    Compiling isahc v0.9.14
[INFO] [stderr]    Compiling weezl v0.1.8
[INFO] [stderr]    Compiling utf8parse v0.2.1
[INFO] [stderr]    Compiling base64 v0.13.1
[INFO] [stderr]    Compiling http-types v2.12.0
[INFO] [stderr]    Compiling arrayref v0.3.7
[INFO] [stderr]    Compiling vec_map v0.8.2
[INFO] [stderr]    Compiling tiny-skia-path v0.8.4
[INFO] [stderr]    Compiling calloop v0.10.6
[INFO] [stderr]    Compiling jpeg-decoder v0.3.1
[INFO] [stderr]    Compiling anstyle-parse v0.2.3
[INFO] [stderr]    Compiling wayland-cursor v0.29.5
[INFO] [stderr]    Compiling flume v0.9.2
[INFO] [stderr]    Compiling regex-automata v0.4.6
[INFO] [stderr]    Compiling indexmap v2.2.5
[INFO] [stderr]    Compiling flume v0.11.0
[INFO] [stderr]    Compiling async-std v1.12.0
[INFO] [stderr]    Compiling mime_guess v2.0.4
[INFO] [stderr]    Compiling tokio-util v0.7.10
[INFO] [stderr]    Compiling serde_qs v0.8.5
[INFO] [stderr]    Compiling rand v0.7.3
[INFO] [stderr]    Compiling owned_ttf_parser v0.20.0
[INFO] [stderr]    Compiling tracing-futures v0.2.5
[INFO] [stderr]    Compiling sluice v0.5.5
[INFO] [stderr]    Compiling glutin_egl_sys v0.5.1
[INFO] [stderr]    Compiling glutin_glx_sys v0.4.0
[INFO] [stderr]    Compiling memmap2 v0.5.10
[INFO] [stderr]    Compiling zune-inflate v0.2.54
[INFO] [stderr]    Compiling http v0.2.12
[INFO] [stderr]    Compiling wayland-sys v0.30.1
[INFO] [stderr]    Compiling half v2.4.0
[INFO] [stderr]    Compiling lebe v0.5.2
[INFO] [stderr]    Compiling portable-atomic v1.6.0
[INFO] [stderr]    Compiling arrayvec v0.7.4
[INFO] [stderr]    Compiling anstyle v1.0.6
[INFO] [stderr]    Compiling anstyle-query v1.0.2
[INFO] [stderr]    Compiling bit_field v0.10.2
[INFO] [stderr]    Compiling ab_glyph_rasterizer v0.1.8
[INFO] [stderr]    Compiling bytes v0.5.6
[INFO] [stderr]    Compiling colorchoice v1.0.0
[INFO] [stderr]    Compiling infer v0.2.3
[INFO] [stderr]    Compiling anstream v0.6.13
[INFO] [stderr]    Compiling ab_glyph v0.2.23
[INFO] [stderr]    Compiling exr v1.72.0
[INFO] [stderr]    Compiling tiny-skia v0.8.4
[INFO] [stderr]    Compiling gif v0.13.1
[INFO] [stderr]    Compiling regex v1.10.3
[INFO] [stderr]    Compiling js-sys v0.3.69
[INFO] [stderr]    Compiling h2 v0.4.4
[INFO] [stderr]    Compiling tiff v0.9.1
[INFO] [stderr]    Compiling axum-core v0.4.3
[INFO] [stderr]    Compiling http-body-util v0.1.0
[INFO] [stderr]    Compiling futures-executor v0.3.30
[INFO] [stderr]    Compiling winit v0.28.7
[INFO] [stderr]    Compiling glutin v0.30.10
[INFO] [stderr]    Compiling qoi v0.4.1
[INFO] [stderr]    Compiling raw-cpuid v11.0.1
[INFO] [stderr]    Compiling regex-syntax v0.6.29
[INFO] [stderr]    Compiling raw-window-handle v0.5.2
[INFO] [stderr]    Compiling image v0.24.9
[INFO] [stderr]    Compiling futures v0.3.30
[INFO] [stderr]    Compiling web-sys v0.3.69
[INFO] [stderr]    Compiling quanta v0.12.3
[INFO] [stderr]    Compiling regex-automata v0.1.10
[INFO] [stderr]    Compiling http-client v6.5.3
[INFO] [stderr]    Compiling axum v0.7.4
[INFO] [stderr]    Compiling dashmap v5.5.3
[INFO] [stderr]    Compiling glutin-winit v0.3.0
[INFO] [stderr]    Compiling hyper v1.2.0
[INFO] [stderr]    Compiling spinning_top v0.3.0
[INFO] [stderr]    Compiling libloading v0.7.4
[INFO] [stderr]    Compiling instant v0.1.12
[INFO] [stderr]    Compiling encoding_rs v0.8.33
[INFO] [stderr]    Compiling clap_lex v0.7.0
[INFO] [stderr]    Compiling x11rb-protocol v0.13.0
[INFO] [stderr]    Compiling unicode-properties v0.1.1
[INFO] [stderr]    Compiling unicode-script v0.5.6
[INFO] [stderr]    Compiling strsim v0.11.0
[INFO] [stderr]    Compiling unicode-ccc v0.2.0
[INFO] [stderr]    Compiling heck v0.4.1
[INFO] [stderr]    Compiling unicode-bidi-mirroring v0.2.0
[INFO] [stderr]    Compiling overload v0.1.1
[INFO] [stderr]    Compiling nonzero_ext v0.3.0
[INFO] [stderr]    Compiling futures-timer v3.0.3
[INFO] [stderr]    Compiling no-std-compat v0.4.1
[INFO] [stderr]    Compiling clap_derive v4.5.0
[INFO] [stderr]    Compiling governor v0.6.3
[INFO] [stderr]    Compiling nu-ansi-term v0.46.0
[INFO] [stderr]    Compiling surf v2.3.2
[INFO] [stderr]    Compiling rustybuzz v0.13.0
[INFO] [stderr]    Compiling clap_builder v4.5.2
[INFO] [stderr]    Compiling hyper-util v0.1.3
[INFO] [stderr]    Compiling matchers v0.1.0
[INFO] [stderr]    Compiling env_filter v0.1.0
[INFO] [stderr]    Compiling x11rb v0.13.0
[INFO] [stderr]    Compiling tower v0.4.13
[INFO] [stderr]    Compiling serde_path_to_error v0.1.15
[INFO] [stderr]    Compiling rgb v0.8.37
[INFO] [stderr]    Compiling sharded-slab v0.1.7
[INFO] [stderr]    Compiling tracing-log v0.2.0
[INFO] [stderr]    Compiling thread_local v1.1.8
[INFO] [stderr]    Compiling iana-time-zone v0.1.60
[INFO] [stderr]    Compiling humantime v2.1.0
[INFO] [stderr]    Compiling unicode-segmentation v1.11.0
[INFO] [stderr]    Compiling imgref v1.10.1
[INFO] [stderr]    Compiling glow v0.13.1
[INFO] [stderr]    Compiling lru v0.12.3
[INFO] [stderr]    Compiling env_logger v0.11.3
[INFO] [stderr]    Compiling tracing-subscriber v0.3.18
[INFO] [stderr]    Compiling chrono v0.4.38
[INFO] [stderr]    Compiling femtovg v0.9.0
[INFO] [stderr]    Compiling arboard v3.3.2
[INFO] [stderr]    Compiling clap v4.5.2
[INFO] [stderr]    Compiling surf-governor v0.2.0
[INFO] [stderr]    Compiling tower-http v0.5.2
[INFO] [stderr]    Compiling itertools v0.13.0
[INFO] [stderr]    Compiling resource v0.5.0
[INFO] [stderr]    Compiling ttf-noto-sans v0.1.2
[INFO] [stderr]    Compiling sctk-adwaita v0.5.4
[INFO] [stderr]    Compiling mapvas v0.1.19 (/opt/rustwide/workdir)
[INFO] [stdout] warning: elided lifetime has a name
[INFO] [stdout]   --> src/parser/mod.rs:32:93
[INFO] [stdout]    |
[INFO] [stdout] 32 |   fn parse<'a>(&'a mut self, file: Box<dyn BufRead>) -> Box<dyn Iterator<Item = MapEvent> + '_>;
[INFO] [stdout]    |            -- lifetime `'a` declared here                                                   ^^ this elided lifetime gets resolved as `'a`
[INFO] [stdout]    |
[INFO] [stdout]    = note: `#[warn(elided_named_lifetimes)]` on by default
[INFO] [stdout] 
[INFO] [stdout] 
[INFO] [stdout] warning: elided lifetime has a name
[INFO] [stdout]   --> src/parser/mod.rs:42:44
[INFO] [stdout]    |
[INFO] [stdout] 39 |   fn parse<'a>(
[INFO] [stdout]    |            -- lifetime `'a` declared here
[INFO] [stdout] ...
[INFO] [stdout] 42 |   ) -> Box<dyn Iterator<Item = MapEvent> + '_> {
[INFO] [stdout]    |                                            ^^ this elided lifetime gets resolved as `'a`
[INFO] [stdout] 
[INFO] [stdout] 
[INFO] [stderr]     Finished `dev` profile [unoptimized + debuginfo] target(s) in 1m 04s
[INFO] running `Command { std: "docker" "inspect" "5f56dee6c8e992fc2c57c2757bd2edf9fdc04aec9092b22fe155ec0728a536bd", kill_on_drop: false }`
[INFO] running `Command { std: "docker" "rm" "-f" "5f56dee6c8e992fc2c57c2757bd2edf9fdc04aec9092b22fe155ec0728a536bd", kill_on_drop: false }`
[INFO] [stdout] 5f56dee6c8e992fc2c57c2757bd2edf9fdc04aec9092b22fe155ec0728a536bd
[INFO] running `Command { std: "docker" "create" "-v" "/var/lib/crater-agent-workspace/builds/worker-6-tc1/target:/opt/rustwide/target:rw,Z" "-v" "/var/lib/crater-agent-workspace/builds/worker-6-tc1/source:/opt/rustwide/workdir:ro,Z" "-v" "/var/lib/crater-agent-workspace/cargo-home:/opt/rustwide/cargo-home:ro,Z" "-v" "/var/lib/crater-agent-workspace/rustup-home:/opt/rustwide/rustup-home:ro,Z" "-e" "SOURCE_DIR=/opt/rustwide/workdir" "-e" "CARGO_TARGET_DIR=/opt/rustwide/target" "-e" "CARGO_INCREMENTAL=0" "-e" "RUST_BACKTRACE=full" "-e" "RUSTFLAGS=--cap-lints=forbid" "-e" "RUSTDOCFLAGS=--cap-lints=forbid" "-e" "CARGO_HOME=/opt/rustwide/cargo-home" "-e" "RUSTUP_HOME=/opt/rustwide/rustup-home" "-w" "/opt/rustwide/workdir" "-m" "1610612736" "--user" "0:0" "--network" "none" "ghcr.io/rust-lang/crates-build-env/linux@sha256:4a844ea9eb2546a2d2c7022eacef16ef2e8229c7fbb2c7d4d55a9ceca922f72d" "/opt/rustwide/cargo-home/bin/cargo" "+nightly-2024-10-28" "test" "--frozen" "--no-run" "--message-format=json", kill_on_drop: false }`
[INFO] [stdout] 7da1ce573053da1471b82f2bfd062d96c7b241808491f0b98696ba5a2a37f942
[INFO] running `Command { std: "docker" "start" "-a" "7da1ce573053da1471b82f2bfd062d96c7b241808491f0b98696ba5a2a37f942", kill_on_drop: false }`
[INFO] [stdout] warning: elided lifetime has a name
[INFO] [stdout]   --> src/parser/mod.rs:32:93
[INFO] [stdout]    |
[INFO] [stdout] 32 |   fn parse<'a>(&'a mut self, file: Box<dyn BufRead>) -> Box<dyn Iterator<Item = MapEvent> + '_>;
[INFO] [stdout]    |            -- lifetime `'a` declared here                                                   ^^ this elided lifetime gets resolved as `'a`
[INFO] [stdout]    |
[INFO] [stdout]    = note: `#[warn(elided_named_lifetimes)]` on by default
[INFO] [stdout] 
[INFO] [stdout] 
[INFO] [stdout] warning: elided lifetime has a name
[INFO] [stdout]   --> src/parser/mod.rs:42:44
[INFO] [stdout]    |
[INFO] [stdout] 39 |   fn parse<'a>(
[INFO] [stdout]    |            -- lifetime `'a` declared here
[INFO] [stdout] ...
[INFO] [stdout] 42 |   ) -> Box<dyn Iterator<Item = MapEvent> + '_> {
[INFO] [stdout]    |                                            ^^ this elided lifetime gets resolved as `'a`
[INFO] [stdout] 
[INFO] [stdout] 
[INFO] [stderr]    Compiling mapvas v0.1.19 (/opt/rustwide/workdir)
[INFO] [stdout] warning: elided lifetime has a name
[INFO] [stdout]   --> src/parser/mod.rs:32:93
[INFO] [stdout]    |
[INFO] [stdout] 32 |   fn parse<'a>(&'a mut self, file: Box<dyn BufRead>) -> Box<dyn Iterator<Item = MapEvent> + '_>;
[INFO] [stdout]    |            -- lifetime `'a` declared here                                                   ^^ this elided lifetime gets resolved as `'a`
[INFO] [stdout]    |
[INFO] [stdout]    = note: `#[warn(elided_named_lifetimes)]` on by default
[INFO] [stdout] 
[INFO] [stdout] 
[INFO] [stdout] warning: elided lifetime has a name
[INFO] [stdout]   --> src/parser/mod.rs:42:44
[INFO] [stdout]    |
[INFO] [stdout] 39 |   fn parse<'a>(
[INFO] [stdout]    |            -- lifetime `'a` declared here
[INFO] [stdout] ...
[INFO] [stdout] 42 |   ) -> Box<dyn Iterator<Item = MapEvent> + '_> {
[INFO] [stdout]    |                                            ^^ this elided lifetime gets resolved as `'a`
[INFO] [stdout] 
[INFO] [stdout] 
[INFO] [stderr]     Finished `test` profile [unoptimized + debuginfo] target(s) in 2.74s
[INFO] running `Command { std: "docker" "inspect" "7da1ce573053da1471b82f2bfd062d96c7b241808491f0b98696ba5a2a37f942", kill_on_drop: false }`
[INFO] running `Command { std: "docker" "rm" "-f" "7da1ce573053da1471b82f2bfd062d96c7b241808491f0b98696ba5a2a37f942", kill_on_drop: false }`
[INFO] [stdout] 7da1ce573053da1471b82f2bfd062d96c7b241808491f0b98696ba5a2a37f942
[INFO] running `Command { std: "docker" "create" "-v" "/var/lib/crater-agent-workspace/builds/worker-6-tc1/target:/opt/rustwide/target:rw,Z" "-v" "/var/lib/crater-agent-workspace/builds/worker-6-tc1/source:/opt/rustwide/workdir:ro,Z" "-v" "/var/lib/crater-agent-workspace/cargo-home:/opt/rustwide/cargo-home:ro,Z" "-v" "/var/lib/crater-agent-workspace/rustup-home:/opt/rustwide/rustup-home:ro,Z" "-e" "SOURCE_DIR=/opt/rustwide/workdir" "-e" "CARGO_TARGET_DIR=/opt/rustwide/target" "-e" "CARGO_INCREMENTAL=0" "-e" "RUST_BACKTRACE=full" "-e" "RUSTFLAGS=--cap-lints=forbid" "-e" "RUSTDOCFLAGS=--cap-lints=forbid" "-e" "CARGO_HOME=/opt/rustwide/cargo-home" "-e" "RUSTUP_HOME=/opt/rustwide/rustup-home" "-w" "/opt/rustwide/workdir" "-m" "1610612736" "--user" "0:0" "--network" "none" "ghcr.io/rust-lang/crates-build-env/linux@sha256:4a844ea9eb2546a2d2c7022eacef16ef2e8229c7fbb2c7d4d55a9ceca922f72d" "/opt/rustwide/cargo-home/bin/cargo" "+nightly-2024-10-28" "test" "--frozen", kill_on_drop: false }`
[INFO] [stdout] 958cfedf34e3ea38ce343e8d3fb52d3181730a9b78aecf653f7a033b184cce0f
[INFO] running `Command { std: "docker" "start" "-a" "958cfedf34e3ea38ce343e8d3fb52d3181730a9b78aecf653f7a033b184cce0f", kill_on_drop: false }`
[INFO] [stderr] warning: elided lifetime has a name
[INFO] [stderr]   --> src/parser/mod.rs:32:93
[INFO] [stderr]    |
[INFO] [stderr] 32 |   fn parse<'a>(&'a mut self, file: Box<dyn BufRead>) -> Box<dyn Iterator<Item = MapEvent> + '_>;
[INFO] [stderr]    |            -- lifetime `'a` declared here                                                   ^^ this elided lifetime gets resolved as `'a`
[INFO] [stderr]    |
[INFO] [stderr]    = note: `#[warn(elided_named_lifetimes)]` on by default
[INFO] [stderr] 
[INFO] [stderr] warning: elided lifetime has a name
[INFO] [stderr]   --> src/parser/mod.rs:42:44
[INFO] [stderr]    |
[INFO] [stderr] 39 |   fn parse<'a>(
[INFO] [stderr]    |            -- lifetime `'a` declared here
[INFO] [stderr] ...
[INFO] [stderr] 42 |   ) -> Box<dyn Iterator<Item = MapEvent> + '_> {
[INFO] [stderr]    |                                            ^^ this elided lifetime gets resolved as `'a`
[INFO] [stderr] 
[INFO] [stderr] warning: `mapvas` (lib) generated 2 warnings
[INFO] [stderr] warning: `mapvas` (lib test) generated 2 warnings (2 duplicates)
[INFO] [stderr]     Finished `test` profile [unoptimized + debuginfo] target(s) in 0.20s
[INFO] [stderr]      Running unittests src/lib.rs (/opt/rustwide/target/debug/deps/mapvas-36fb19b8bca94186)
[INFO] [stdout] 
[INFO] [stdout] running 6 tests
[INFO] [stdout] test map::coordinates::tests::coordinate_to_pixel ... ok
[INFO] [stdout] test map::coordinates::tests::coordinate_tile_conversions ... ok
[INFO] [stdout] test map::coordinates::tests::coordinate_to_pixel_zero ... ok
[INFO] [stdout] test map::coordinates::tests::tile_box_test ... ok
[INFO] [stdout] test parser::tests::parse ... ok
[INFO] [stdout] test map::tile_loader::tests::downloader_test ... FAILED
[INFO] [stdout] 
[INFO] [stdout] failures:
[INFO] [stdout] 
[INFO] [stdout] ---- map::tile_loader::tests::downloader_test stdout ----
[INFO] [stdout] thread 'map::tile_loader::tests::downloader_test' panicked at src/map/tile_loader.rs:228:5:
[INFO] [stdout] assertion failed: data.is_ok()
[INFO] [stdout] stack backtrace:
[INFO] [stdout]    0:     0x56ba36bbd0ca - std::backtrace_rs::backtrace::libunwind::trace::h207520d6e9873551
[INFO] [stdout]                                at /rustc/df4ca44d3fbc9301ee17f30f4d474e6ae4b05252/library/std/src/../../backtrace/src/backtrace/libunwind.rs:116:5
[INFO] [stdout]    1:     0x56ba36bbd0ca - std::backtrace_rs::backtrace::trace_unsynchronized::h2ed7433f370e3eca
[INFO] [stdout]                                at /rustc/df4ca44d3fbc9301ee17f30f4d474e6ae4b05252/library/std/src/../../backtrace/src/backtrace/mod.rs:66:5
[INFO] [stdout]    2:     0x56ba36bbd0ca - std::sys::backtrace::_print_fmt::h916fac51166b18d7
[INFO] [stdout]                                at /rustc/df4ca44d3fbc9301ee17f30f4d474e6ae4b05252/library/std/src/sys/backtrace.rs:66:9
[INFO] [stdout]    3:     0x56ba36bbd0ca - <std::sys::backtrace::BacktraceLock::print::DisplayBacktrace as core::fmt::Display>::fmt::ha0a4c9b8ce3802e6
[INFO] [stdout]                                at /rustc/df4ca44d3fbc9301ee17f30f4d474e6ae4b05252/library/std/src/sys/backtrace.rs:39:26
[INFO] [stdout]    4:     0x56ba36bea1e3 - core::fmt::rt::Argument::fmt::h4cfc8587d52b3eb5
[INFO] [stdout]                                at /rustc/df4ca44d3fbc9301ee17f30f4d474e6ae4b05252/library/core/src/fmt/rt.rs:177:76
[INFO] [stdout]    5:     0x56ba36bea1e3 - core::fmt::write::h522cc39e5b36ae9f
[INFO] [stdout]                                at /rustc/df4ca44d3fbc9301ee17f30f4d474e6ae4b05252/library/core/src/fmt/mod.rs:1190:21
[INFO] [stdout]    6:     0x56ba36bb9193 - std::io::Write::write_fmt::h7d3c26752da97734
[INFO] [stdout]                                at /rustc/df4ca44d3fbc9301ee17f30f4d474e6ae4b05252/library/std/src/io/mod.rs:1839:15
[INFO] [stdout]    7:     0x56ba36bbcf12 - std::sys::backtrace::BacktraceLock::print::h4b9e00b29e9c0942
[INFO] [stdout]                                at /rustc/df4ca44d3fbc9301ee17f30f4d474e6ae4b05252/library/std/src/sys/backtrace.rs:42:9
[INFO] [stdout]    8:     0x56ba36bbe55a - std::panicking::default_hook::{{closure}}::hb59b88280d0324d9
[INFO] [stdout]                                at /rustc/df4ca44d3fbc9301ee17f30f4d474e6ae4b05252/library/std/src/panicking.rs:268:22
[INFO] [stdout]    9:     0x56ba36bbe364 - std::panicking::default_hook::he1dd496665be4a29
[INFO] [stdout]                                at /rustc/df4ca44d3fbc9301ee17f30f4d474e6ae4b05252/library/std/src/panicking.rs:292:9
[INFO] [stdout]   10:     0x56ba36688349 - <alloc::boxed::Box<F,A> as core::ops::function::Fn<Args>>::call::h4ff71de18744e1dc
[INFO] [stdout]                                at /rustc/df4ca44d3fbc9301ee17f30f4d474e6ae4b05252/library/alloc/src/boxed.rs:2468:9
[INFO] [stdout]   11:     0x56ba36688349 - test::test_main::{{closure}}::hcf7c055ce117aa81
[INFO] [stdout]                                at /rustc/df4ca44d3fbc9301ee17f30f4d474e6ae4b05252/library/test/src/lib.rs:133:21
[INFO] [stdout]   12:     0x56ba36bbec58 - <alloc::boxed::Box<F,A> as core::ops::function::Fn<Args>>::call::h1d66c6bbd60c9692
[INFO] [stdout]                                at /rustc/df4ca44d3fbc9301ee17f30f4d474e6ae4b05252/library/alloc/src/boxed.rs:2468:9
[INFO] [stdout]   13:     0x56ba36bbec58 - std::panicking::rust_panic_with_hook::h2ff17fe8f26dfcf8
[INFO] [stdout]                                at /rustc/df4ca44d3fbc9301ee17f30f4d474e6ae4b05252/library/std/src/panicking.rs:809:13
[INFO] [stdout]   14:     0x56ba36bbe9e6 - std::panicking::begin_panic_handler::{{closure}}::h4fad77951c07e101
[INFO] [stdout]                                at /rustc/df4ca44d3fbc9301ee17f30f4d474e6ae4b05252/library/std/src/panicking.rs:667:13
[INFO] [stdout]   15:     0x56ba36bbd5a9 - std::sys::backtrace::__rust_end_short_backtrace::hb1a25b3da5d0ea08
[INFO] [stdout]                                at /rustc/df4ca44d3fbc9301ee17f30f4d474e6ae4b05252/library/std/src/sys/backtrace.rs:170:18
[INFO] [stdout]   16:     0x56ba36bbe6ac - rust_begin_unwind
[INFO] [stdout]                                at /rustc/df4ca44d3fbc9301ee17f30f4d474e6ae4b05252/library/std/src/panicking.rs:665:5
[INFO] [stdout]   17:     0x56ba36be7210 - core::panicking::panic_fmt::ha9db07b529f9b256
[INFO] [stdout]                                at /rustc/df4ca44d3fbc9301ee17f30f4d474e6ae4b05252/library/core/src/panicking.rs:75:14
[INFO] [stdout]   18:     0x56ba36be729c - core::panicking::panic::h993086813d94accc
[INFO] [stdout]                                at /rustc/df4ca44d3fbc9301ee17f30f4d474e6ae4b05252/library/core/src/panicking.rs:152:5
[INFO] [stdout]   19:     0x56ba36641b89 - mapvas::map::tile_loader::tests::downloader_test::h76c98eae50800af1
[INFO] [stdout]                                at /opt/rustwide/workdir/src/map/tile_loader.rs:228:5
[INFO] [stdout]   20:     0x56ba36641a97 - mapvas::map::tile_loader::tests::downloader_test::{{closure}}::h14121cd4f5f7e663
[INFO] [stdout]                                at /opt/rustwide/workdir/src/map/tile_loader.rs:221:23
[INFO] [stdout]   21:     0x56ba36632d56 - core::ops::function::FnOnce::call_once::hba7146c0e951924f
[INFO] [stdout]                                at /rustc/df4ca44d3fbc9301ee17f30f4d474e6ae4b05252/library/core/src/ops/function.rs:250:5
[INFO] [stdout]   22:     0x56ba3668cc1b - core::ops::function::FnOnce::call_once::h22c3ba5715e93f05
[INFO] [stdout]                                at /rustc/df4ca44d3fbc9301ee17f30f4d474e6ae4b05252/library/core/src/ops/function.rs:250:5
[INFO] [stdout]   23:     0x56ba3668cc1b - test::__rust_begin_short_backtrace::h8e82d8113d0da17f
[INFO] [stdout]                                at /rustc/df4ca44d3fbc9301ee17f30f4d474e6ae4b05252/library/test/src/lib.rs:621:18
[INFO] [stdout]   24:     0x56ba3668c597 - test::run_test_in_process::{{closure}}::h33235f4f20b7b7c7
[INFO] [stdout]                                at /rustc/df4ca44d3fbc9301ee17f30f4d474e6ae4b05252/library/test/src/lib.rs:644:60
[INFO] [stdout]   25:     0x56ba3668c597 - <core::panic::unwind_safe::AssertUnwindSafe<F> as core::ops::function::FnOnce<()>>::call_once::hb5043206310c586f
[INFO] [stdout]                                at /rustc/df4ca44d3fbc9301ee17f30f4d474e6ae4b05252/library/core/src/panic/unwind_safe.rs:272:9
[INFO] [stdout]   26:     0x56ba3668c597 - std::panicking::try::do_call::h9ad4731a60ab23e2
[INFO] [stdout]                                at /rustc/df4ca44d3fbc9301ee17f30f4d474e6ae4b05252/library/std/src/panicking.rs:557:40
[INFO] [stdout]   27:     0x56ba3668c597 - std::panicking::try::h3824d23db772a716
[INFO] [stdout]                                at /rustc/df4ca44d3fbc9301ee17f30f4d474e6ae4b05252/library/std/src/panicking.rs:520:19
[INFO] [stdout]   28:     0x56ba3668c597 - std::panic::catch_unwind::h5afd514605fde46b
[INFO] [stdout]                                at /rustc/df4ca44d3fbc9301ee17f30f4d474e6ae4b05252/library/std/src/panic.rs:358:14
[INFO] [stdout]   29:     0x56ba3668c597 - test::run_test_in_process::h0d5cbfa7067d1720
[INFO] [stdout]                                at /rustc/df4ca44d3fbc9301ee17f30f4d474e6ae4b05252/library/test/src/lib.rs:644:27
[INFO] [stdout]   30:     0x56ba3668c597 - test::run_test::{{closure}}::h708eb8872708115d
[INFO] [stdout]                                at /rustc/df4ca44d3fbc9301ee17f30f4d474e6ae4b05252/library/test/src/lib.rs:565:43
[INFO] [stdout]   31:     0x56ba3664fcb4 - test::run_test::{{closure}}::h392c51cee94713ab
[INFO] [stdout]                                at /rustc/df4ca44d3fbc9301ee17f30f4d474e6ae4b05252/library/test/src/lib.rs:595:41
[INFO] [stdout]   32:     0x56ba3664fcb4 - std::sys::backtrace::__rust_begin_short_backtrace::h2f40290710935a8b
[INFO] [stdout]                                at /rustc/df4ca44d3fbc9301ee17f30f4d474e6ae4b05252/library/std/src/sys/backtrace.rs:154:18
[INFO] [stdout]   33:     0x56ba3665345e - std::thread::Builder::spawn_unchecked_::{{closure}}::{{closure}}::h3fd968d89053a903
[INFO] [stdout]                                at /rustc/df4ca44d3fbc9301ee17f30f4d474e6ae4b05252/library/std/src/thread/mod.rs:541:17
[INFO] [stdout]   34:     0x56ba3665345e - <core::panic::unwind_safe::AssertUnwindSafe<F> as core::ops::function::FnOnce<()>>::call_once::h743f637ba4229880
[INFO] [stdout]                                at /rustc/df4ca44d3fbc9301ee17f30f4d474e6ae4b05252/library/core/src/panic/unwind_safe.rs:272:9
[INFO] [stdout]   35:     0x56ba3665345e - std::panicking::try::do_call::h07440897322525a6
[INFO] [stdout]                                at /rustc/df4ca44d3fbc9301ee17f30f4d474e6ae4b05252/library/std/src/panicking.rs:557:40
[INFO] [stdout]   36:     0x56ba3665345e - std::panicking::try::he5a2e00188156637
[INFO] [stdout]                                at /rustc/df4ca44d3fbc9301ee17f30f4d474e6ae4b05252/library/std/src/panicking.rs:520:19
[INFO] [stdout]   37:     0x56ba3665345e - std::panic::catch_unwind::hbaf3cae49b3c6433
[INFO] [stdout]                                at /rustc/df4ca44d3fbc9301ee17f30f4d474e6ae4b05252/library/std/src/panic.rs:358:14
[INFO] [stdout]   38:     0x56ba3665345e - std::thread::Builder::spawn_unchecked_::{{closure}}::h8e141ea224820bce
[INFO] [stdout]                                at /rustc/df4ca44d3fbc9301ee17f30f4d474e6ae4b05252/library/std/src/thread/mod.rs:540:30
[INFO] [stdout]   39:     0x56ba3665345e - core::ops::function::FnOnce::call_once{{vtable.shim}}::h90d312fedd7b8ea8
[INFO] [stdout]                                at /rustc/df4ca44d3fbc9301ee17f30f4d474e6ae4b05252/library/core/src/ops/function.rs:250:5
[INFO] [stdout]   40:     0x56ba36bc2bfb - <alloc::boxed::Box<F,A> as core::ops::function::FnOnce<Args>>::call_once::h69aa08ddb6adb8b6
[INFO] [stdout]                                at /rustc/df4ca44d3fbc9301ee17f30f4d474e6ae4b05252/library/alloc/src/boxed.rs:2454:9
[INFO] [stdout]   41:     0x56ba36bc2bfb - <alloc::boxed::Box<F,A> as core::ops::function::FnOnce<Args>>::call_once::h5aa36efdb79c806f
[INFO] [stdout]                                at /rustc/df4ca44d3fbc9301ee17f30f4d474e6ae4b05252/library/alloc/src/boxed.rs:2454:9
[INFO] [stdout]   42:     0x56ba36bc2bfb - std::sys::pal::unix::thread::Thread::new::thread_start::h6cd80a1b4be5158d
[INFO] [stdout]                                at /rustc/df4ca44d3fbc9301ee17f30f4d474e6ae4b05252/library/std/src/sys/pal/unix/thread.rs:105:17
[INFO] [stdout]   43:     0x7962b494aac3 - <unknown>
[INFO] [stdout]   44:     0x7962b49dba04 - clone
[INFO] [stdout]   45:                0x0 - <unknown>
[INFO] [stdout] 
[INFO] [stdout] 
[INFO] [stdout] failures:
[INFO] [stdout]     map::tile_loader::tests::downloader_test
[INFO] [stdout] 
[INFO] [stdout] test result: FAILED. 5 passed; 1 failed; 0 ignored; 0 measured; 0 filtered out; finished in 0.10s
[INFO] [stdout] 
[INFO] [stderr] error: test failed, to rerun pass `--lib`
[INFO] running `Command { std: "docker" "inspect" "958cfedf34e3ea38ce343e8d3fb52d3181730a9b78aecf653f7a033b184cce0f", kill_on_drop: false }`
[INFO] running `Command { std: "docker" "rm" "-f" "958cfedf34e3ea38ce343e8d3fb52d3181730a9b78aecf653f7a033b184cce0f", kill_on_drop: false }`
[INFO] [stdout] 958cfedf34e3ea38ce343e8d3fb52d3181730a9b78aecf653f7a033b184cce0f
