[INFO] fetching crate mapgraph 0.12.0...
[INFO] testing mapgraph-0.12.0 against nightly-2024-10-28 for randomize-layout
[INFO] extracting crate mapgraph 0.12.0 into /workspace/builds/worker-2-tc1/source
[INFO] validating manifest of crates.io crate mapgraph 0.12.0 on toolchain nightly-2024-10-28
[INFO] running `Command { std: CARGO_HOME="/workspace/cargo-home" RUSTUP_HOME="/workspace/rustup-home" "/workspace/cargo-home/bin/cargo" "+nightly-2024-10-28" "metadata" "--manifest-path" "Cargo.toml" "--no-deps", kill_on_drop: false }`
[INFO] started tweaking crates.io crate mapgraph 0.12.0
[INFO] finished tweaking crates.io crate mapgraph 0.12.0
[INFO] tweaked toml for crates.io crate mapgraph 0.12.0 written to /workspace/builds/worker-2-tc1/source/Cargo.toml
[INFO] running `Command { std: CARGO_HOME="/workspace/cargo-home" RUSTUP_HOME="/workspace/rustup-home" "/workspace/cargo-home/bin/cargo" "+nightly-2024-10-28" "generate-lockfile" "--manifest-path" "Cargo.toml", kill_on_drop: false }`
[INFO] [stderr]     Updating crates.io index
[INFO] [stderr]      Locking 17 packages to latest compatible versions
[INFO] running `Command { std: CARGO_HOME="/workspace/cargo-home" RUSTUP_HOME="/workspace/rustup-home" "/workspace/cargo-home/bin/cargo" "+nightly-2024-10-28" "fetch" "--manifest-path" "Cargo.toml", kill_on_drop: false }`
[INFO] running `Command { std: "docker" "create" "-v" "/var/lib/crater-agent-workspace/builds/worker-2-tc1/target:/opt/rustwide/target:rw,Z" "-v" "/var/lib/crater-agent-workspace/builds/worker-2-tc1/source:/opt/rustwide/workdir:ro,Z" "-v" "/var/lib/crater-agent-workspace/cargo-home:/opt/rustwide/cargo-home:ro,Z" "-v" "/var/lib/crater-agent-workspace/rustup-home:/opt/rustwide/rustup-home:ro,Z" "-e" "SOURCE_DIR=/opt/rustwide/workdir" "-e" "CARGO_TARGET_DIR=/opt/rustwide/target" "-e" "CARGO_HOME=/opt/rustwide/cargo-home" "-e" "RUSTUP_HOME=/opt/rustwide/rustup-home" "-w" "/opt/rustwide/workdir" "-m" "1610612736" "--user" "0:0" "--network" "none" "ghcr.io/rust-lang/crates-build-env/linux@sha256:4a844ea9eb2546a2d2c7022eacef16ef2e8229c7fbb2c7d4d55a9ceca922f72d" "/opt/rustwide/cargo-home/bin/cargo" "+nightly-2024-10-28" "metadata" "--no-deps" "--format-version=1", kill_on_drop: false }`
[INFO] [stdout] 4f3d0616612405079653afbd6dee491d6aa861484b69ddc6aacd59004c5a5de3
[INFO] running `Command { std: "docker" "start" "-a" "4f3d0616612405079653afbd6dee491d6aa861484b69ddc6aacd59004c5a5de3", kill_on_drop: false }`
[INFO] running `Command { std: "docker" "inspect" "4f3d0616612405079653afbd6dee491d6aa861484b69ddc6aacd59004c5a5de3", kill_on_drop: false }`
[INFO] running `Command { std: "docker" "rm" "-f" "4f3d0616612405079653afbd6dee491d6aa861484b69ddc6aacd59004c5a5de3", kill_on_drop: false }`
[INFO] [stdout] 4f3d0616612405079653afbd6dee491d6aa861484b69ddc6aacd59004c5a5de3
[INFO] running `Command { std: "docker" "create" "-v" "/var/lib/crater-agent-workspace/builds/worker-2-tc1/target:/opt/rustwide/target:rw,Z" "-v" "/var/lib/crater-agent-workspace/builds/worker-2-tc1/source:/opt/rustwide/workdir:ro,Z" "-v" "/var/lib/crater-agent-workspace/cargo-home:/opt/rustwide/cargo-home:ro,Z" "-v" "/var/lib/crater-agent-workspace/rustup-home:/opt/rustwide/rustup-home:ro,Z" "-e" "SOURCE_DIR=/opt/rustwide/workdir" "-e" "CARGO_TARGET_DIR=/opt/rustwide/target" "-e" "CARGO_INCREMENTAL=0" "-e" "RUST_BACKTRACE=full" "-e" "RUSTFLAGS=--cap-lints=forbid" "-e" "RUSTDOCFLAGS=--cap-lints=forbid" "-e" "CARGO_HOME=/opt/rustwide/cargo-home" "-e" "RUSTUP_HOME=/opt/rustwide/rustup-home" "-w" "/opt/rustwide/workdir" "-m" "1610612736" "--user" "0:0" "--network" "none" "ghcr.io/rust-lang/crates-build-env/linux@sha256:4a844ea9eb2546a2d2c7022eacef16ef2e8229c7fbb2c7d4d55a9ceca922f72d" "/opt/rustwide/cargo-home/bin/cargo" "+nightly-2024-10-28" "build" "--frozen" "--message-format=json", kill_on_drop: false }`
[INFO] [stdout] bf4e50d1144466bb08411ed68b2a716e7fafcdaeacd712fe1f9dfd3c62dd6278
[INFO] running `Command { std: "docker" "start" "-a" "bf4e50d1144466bb08411ed68b2a716e7fafcdaeacd712fe1f9dfd3c62dd6278", kill_on_drop: false }`
[INFO] [stderr]    Compiling version_check v0.9.5
[INFO] [stderr]    Compiling slotmap v1.0.7
[INFO] [stderr]    Compiling mapgraph v0.12.0 (/opt/rustwide/workdir)
[INFO] [stderr]     Finished `dev` profile [unoptimized + debuginfo] target(s) in 0.75s
[INFO] running `Command { std: "docker" "inspect" "bf4e50d1144466bb08411ed68b2a716e7fafcdaeacd712fe1f9dfd3c62dd6278", kill_on_drop: false }`
[INFO] running `Command { std: "docker" "rm" "-f" "bf4e50d1144466bb08411ed68b2a716e7fafcdaeacd712fe1f9dfd3c62dd6278", kill_on_drop: false }`
[INFO] [stdout] bf4e50d1144466bb08411ed68b2a716e7fafcdaeacd712fe1f9dfd3c62dd6278
[INFO] running `Command { std: "docker" "create" "-v" "/var/lib/crater-agent-workspace/builds/worker-2-tc1/target:/opt/rustwide/target:rw,Z" "-v" "/var/lib/crater-agent-workspace/builds/worker-2-tc1/source:/opt/rustwide/workdir:ro,Z" "-v" "/var/lib/crater-agent-workspace/cargo-home:/opt/rustwide/cargo-home:ro,Z" "-v" "/var/lib/crater-agent-workspace/rustup-home:/opt/rustwide/rustup-home:ro,Z" "-e" "SOURCE_DIR=/opt/rustwide/workdir" "-e" "CARGO_TARGET_DIR=/opt/rustwide/target" "-e" "CARGO_INCREMENTAL=0" "-e" "RUST_BACKTRACE=full" "-e" "RUSTFLAGS=--cap-lints=forbid" "-e" "RUSTDOCFLAGS=--cap-lints=forbid" "-e" "CARGO_HOME=/opt/rustwide/cargo-home" "-e" "RUSTUP_HOME=/opt/rustwide/rustup-home" "-w" "/opt/rustwide/workdir" "-m" "1610612736" "--user" "0:0" "--network" "none" "ghcr.io/rust-lang/crates-build-env/linux@sha256:4a844ea9eb2546a2d2c7022eacef16ef2e8229c7fbb2c7d4d55a9ceca922f72d" "/opt/rustwide/cargo-home/bin/cargo" "+nightly-2024-10-28" "test" "--frozen" "--no-run" "--message-format=json", kill_on_drop: false }`
[INFO] [stdout] 7bc1fad695d6e8a7a1fcc4a7da409f49ade7aea15edb9b311e9fea445c0d1bfc
[INFO] running `Command { std: "docker" "start" "-a" "7bc1fad695d6e8a7a1fcc4a7da409f49ade7aea15edb9b311e9fea445c0d1bfc", kill_on_drop: false }`
[INFO] [stderr]    Compiling slotmap v1.0.7
[INFO] [stderr]    Compiling mapgraph v0.12.0 (/opt/rustwide/workdir)
[INFO] [stderr]     Finished `test` profile [unoptimized + debuginfo] target(s) in 0.84s
[INFO] running `Command { std: "docker" "inspect" "7bc1fad695d6e8a7a1fcc4a7da409f49ade7aea15edb9b311e9fea445c0d1bfc", kill_on_drop: false }`
[INFO] running `Command { std: "docker" "rm" "-f" "7bc1fad695d6e8a7a1fcc4a7da409f49ade7aea15edb9b311e9fea445c0d1bfc", kill_on_drop: false }`
[INFO] [stdout] 7bc1fad695d6e8a7a1fcc4a7da409f49ade7aea15edb9b311e9fea445c0d1bfc
[INFO] running `Command { std: "docker" "create" "-v" "/var/lib/crater-agent-workspace/builds/worker-2-tc1/target:/opt/rustwide/target:rw,Z" "-v" "/var/lib/crater-agent-workspace/builds/worker-2-tc1/source:/opt/rustwide/workdir:ro,Z" "-v" "/var/lib/crater-agent-workspace/cargo-home:/opt/rustwide/cargo-home:ro,Z" "-v" "/var/lib/crater-agent-workspace/rustup-home:/opt/rustwide/rustup-home:ro,Z" "-e" "SOURCE_DIR=/opt/rustwide/workdir" "-e" "CARGO_TARGET_DIR=/opt/rustwide/target" "-e" "CARGO_INCREMENTAL=0" "-e" "RUST_BACKTRACE=full" "-e" "RUSTFLAGS=--cap-lints=forbid" "-e" "RUSTDOCFLAGS=--cap-lints=forbid" "-e" "CARGO_HOME=/opt/rustwide/cargo-home" "-e" "RUSTUP_HOME=/opt/rustwide/rustup-home" "-w" "/opt/rustwide/workdir" "-m" "1610612736" "--user" "0:0" "--network" "none" "ghcr.io/rust-lang/crates-build-env/linux@sha256:4a844ea9eb2546a2d2c7022eacef16ef2e8229c7fbb2c7d4d55a9ceca922f72d" "/opt/rustwide/cargo-home/bin/cargo" "+nightly-2024-10-28" "test" "--frozen", kill_on_drop: false }`
[INFO] [stdout] fcfe0e6f2bbadabccd670023dc8504de32e1a282fa1fb7ff645fa4ac3d30fd95
[INFO] running `Command { std: "docker" "start" "-a" "fcfe0e6f2bbadabccd670023dc8504de32e1a282fa1fb7ff645fa4ac3d30fd95", kill_on_drop: false }`
[INFO] [stderr]     Finished `test` profile [unoptimized + debuginfo] target(s) in 0.01s
[INFO] [stderr]      Running unittests src/lib.rs (/opt/rustwide/target/debug/deps/mapgraph-c7e93c0a0906bbcb)
[INFO] [stdout] 
[INFO] [stdout] running 11 tests
[INFO] [stdout] test algo::dom::tests::test_imm_dom_nested_loop ... ok
[INFO] [stdout] test algo::dom::tests::test_imm_dom_simple_diamond ... ok
[INFO] [stdout] test algo::dom::tests::test_imm_dom_simple_loop ... ok
[INFO] [stdout] test algo::scc::tests::test_irreducible ... ok
[INFO] [stdout] test algo::scc::tests::test_simple_loop ... ok
[INFO] [stdout] test algo::scc::tests::test_two_loops ... ok
[INFO] [stdout] test graph::tests::test_drain_edges ... ok
[INFO] [stdout] test graph::tests::test_insert_refs ... ok
[INFO] [stdout] test graph::tests::test_drain_edges_incomplete ... ok
[INFO] [stdout] test graph::tests::test_remove_edge_complex_cyclic ... ok
[INFO] [stdout] test graph::tests::test_split_iter ... ok
[INFO] [stdout] 
[INFO] [stdout] test result: ok. 11 passed; 0 failed; 0 ignored; 0 measured; 0 filtered out; finished in 0.00s
[INFO] [stdout] 
[INFO] [stderr]    Doc-tests mapgraph
[INFO] [stdout] 
[INFO] [stdout] running 22 tests
[INFO] [stdout] test src/graph/mod.rs - graph::FrozenGraph<N,E,NI,EI,NM,EM>::node_weight (line 300) ... ok
[INFO] [stdout] test src/graph/mod.rs - graph::FrozenGraph<N,E,NI,EI,NM,EM>::find_node (line 446) ... ok
[INFO] [stdout] test src/graph/mod.rs - graph::FrozenGraph<N,E,NI,EI,NM,EM>::node_weight_mut (line 316) ... ok
[INFO] [stdout] test src/graph/mod.rs - graph::FrozenGraph<N,E,NI,EI,NM,EM>::find_edge (line 410) ... ok
[INFO] [stdout] test src/graph/mod.rs - graph::FrozenGraph<N,E,NI,EI,NM,EM>::edge_weight (line 351) ... ok
[INFO] [stdout] test src/graph/mod.rs - graph::FrozenGraph<N,E,NI,EI,NM,EM>::nodes_range_mut (line 759) ... ok
[INFO] [stdout] test src/graph/mod.rs - graph::FrozenGraph<N,E,NI,EI,NM,EM>::outputs (line 517) ... ok
[INFO] [stdout] test src/graph/mod.rs - graph::FrozenGraph<N,E,NI,EI,NM,EM>::inputs (line 548) ... ok
[INFO] [stdout] test src/graph/mod.rs - graph::Graph<N,E,NI,EI,NM,EM>::add_edge (line 1015) ... ok
[INFO] [stdout] test src/graph/mod.rs - graph::Graph<N,E,NI,EI,NM,EM>::clear (line 988) ... ok
[INFO] [stdout] test src/graph/mod.rs - graph::Graph<N,E,NI,EI,NM,EM>::remove_edge (line 1306) ... ok
[INFO] [stdout] test src/graph/mod.rs - graph::FrozenGraph<N,E,NI,EI,NM,EM>::predecessors (line 612) ... ok
[INFO] [stdout] test src/graph/mod.rs - graph::FrozenGraph<N,E,NI,EI,NM,EM>::successors (line 581) ... ok
[INFO] [stdout] test src/graph/mod.rs - graph::Graph<N,E,NI,EI,NM,EM>::remove_node (line 1151) ... ok
[INFO] [stdout] test src/graph/mod.rs - graph::Graph<N,E,NI,EI,NM,EM>::replace_edge (line 1100) ... ok
[INFO] [stdout] test src/lib.rs - (line 164) ... FAILED
[INFO] [stdout] test src/lib.rs - (line 182) ... FAILED
[INFO] [stdout] test src/graph/mod.rs - graph::Graph<N,E,NI,EI,NM,EM>::try_split_node_at_index (line 1554) ... ok
[INFO] [stdout] test src/graph/mod.rs - graph::Graph<N,E,NI,EI,NM,EM>::unlink_and_remove_node (line 1197) ... ok
[INFO] [stdout] test src/lib.rs - (line 26) ... ok
[INFO] [stdout] test src/lib.rs - (line 116) ... ok
[INFO] [stdout] test src/lib.rs - (line 71) ... ok
[INFO] [stdout] 
[INFO] [stdout] failures:
[INFO] [stdout] 
[INFO] [stdout] ---- src/lib.rs - (line 164) stdout ----
[INFO] [stdout] error[E0433]: failed to resolve: use of undeclared crate or module `rayon`
[INFO] [stdout]  --> src/lib.rs:167:5
[INFO] [stdout]   |
[INFO] [stdout] 6 | use rayon::iter::ParallelIterator;
[INFO] [stdout]   |     ^^^^^ use of undeclared crate or module `rayon`
[INFO] [stdout] 
[INFO] [stdout] error[E0599]: no method named `par_iter_node_weights_mut` found for struct `Graph<i32, i32, &str, EdgeIndex, HashMap<&str, Node<i32, EdgeIndex>>, slotmap::basic::SlotMap<EdgeIndex, Edge<i32, &str, EdgeIndex>>>` in the current scope
[INFO] [stdout]   --> src/lib.rs:175:6
[INFO] [stdout]    |
[INFO] [stdout] 13 | / graph
[INFO] [stdout] 14 | |     .par_iter_node_weights_mut()
[INFO] [stdout]    | |_____-^^^^^^^^^^^^^^^^^^^^^^^^^
[INFO] [stdout]    |
[INFO] [stdout] help: there is a method `node_weights_mut` with a similar name
[INFO] [stdout]    |
[INFO] [stdout] 14 |     .node_weights_mut()
[INFO] [stdout]    |      ~~~~~~~~~~~~~~~~
[INFO] [stdout] 
[INFO] [stdout] error: aborting due to 2 previous errors
[INFO] [stdout] 
[INFO] [stdout] Some errors have detailed explanations: E0433, E0599.
[INFO] [stdout] For more information about an error, try `rustc --explain E0433`.
[INFO] [stdout] Couldn't compile the test.
[INFO] [stdout] ---- src/lib.rs - (line 182) stdout ----
[INFO] [stdout] error[E0433]: failed to resolve: use of undeclared crate or module `rayon`
[INFO] [stdout]  --> src/lib.rs:185:5
[INFO] [stdout]   |
[INFO] [stdout] 6 | use rayon::iter::ParallelIterator;
[INFO] [stdout]   |     ^^^^^ use of undeclared crate or module `rayon`
[INFO] [stdout] 
[INFO] [stdout] error[E0599]: no method named `par_iter_mut` found for mutable reference `&mut Nodes<i32, EdgeIndex, HashMap<&str, Node<i32, EdgeIndex>>>` in the current scope
[INFO] [stdout]   --> src/lib.rs:194:7
[INFO] [stdout]    |
[INFO] [stdout] 15 | nodes.par_iter_mut().for_each(|(_, node)| {
[INFO] [stdout]    |       ^^^^^^^^^^^^
[INFO] [stdout]    |
[INFO] [stdout] help: there is a method `iter_mut` with a similar name
[INFO] [stdout]    |
[INFO] [stdout] 15 | nodes.iter_mut().for_each(|(_, node)| {
[INFO] [stdout]    |       ~~~~~~~~
[INFO] [stdout] 
[INFO] [stdout] error: aborting due to 2 previous errors
[INFO] [stdout] 
[INFO] [stdout] Some errors have detailed explanations: E0433, E0599.
[INFO] [stdout] For more information about an error, try `rustc --explain E0433`.
[INFO] [stdout] Couldn't compile the test.
[INFO] [stdout] 
[INFO] [stdout] failures:
[INFO] [stdout]     src/lib.rs - (line 164)
[INFO] [stdout]     src/lib.rs - (line 182)
[INFO] [stdout] 
[INFO] [stdout] test result: FAILED. 20 passed; 2 failed; 0 ignored; 0 measured; 0 filtered out; finished in 0.51s
[INFO] [stdout] 
[INFO] [stderr] error: doctest failed, to rerun pass `--doc`
[INFO] running `Command { std: "docker" "inspect" "fcfe0e6f2bbadabccd670023dc8504de32e1a282fa1fb7ff645fa4ac3d30fd95", kill_on_drop: false }`
[INFO] running `Command { std: "docker" "rm" "-f" "fcfe0e6f2bbadabccd670023dc8504de32e1a282fa1fb7ff645fa4ac3d30fd95", kill_on_drop: false }`
[INFO] [stdout] fcfe0e6f2bbadabccd670023dc8504de32e1a282fa1fb7ff645fa4ac3d30fd95
