[INFO] fetching crate manganis-macro 0.3.0-alpha.3...
[INFO] testing manganis-macro-0.3.0-alpha.3 against nightly-2024-10-28+rustflags=-Zrandomize-layout for randomize-layout
[INFO] extracting crate manganis-macro 0.3.0-alpha.3 into /workspace/builds/worker-6-tc2/source
[INFO] validating manifest of crates.io crate manganis-macro 0.3.0-alpha.3 on toolchain nightly-2024-10-28
[INFO] running `Command { std: CARGO_HOME="/workspace/cargo-home" RUSTUP_HOME="/workspace/rustup-home" "/workspace/cargo-home/bin/cargo" "+nightly-2024-10-28" "metadata" "--manifest-path" "Cargo.toml" "--no-deps", kill_on_drop: false }`
[INFO] started tweaking crates.io crate manganis-macro 0.3.0-alpha.3
[INFO] finished tweaking crates.io crate manganis-macro 0.3.0-alpha.3
[INFO] tweaked toml for crates.io crate manganis-macro 0.3.0-alpha.3 written to /workspace/builds/worker-6-tc2/source/Cargo.toml
[INFO] running `Command { std: CARGO_HOME="/workspace/cargo-home" RUSTUP_HOME="/workspace/rustup-home" "/workspace/cargo-home/bin/cargo" "+nightly-2024-10-28" "generate-lockfile" "--manifest-path" "Cargo.toml", kill_on_drop: false }`
[INFO] [stderr]     Updating crates.io index
[INFO] [stderr]      Locking 454 packages to latest compatible versions
[INFO] [stderr]       Adding base64 v0.21.7 (available: v0.22.1)
[INFO] [stderr]       Adding swc v0.283.0 (available: v0.283.1)
[INFO] [stderr]       Adding swc_allocator v0.1.8 (available: v0.1.10)
[INFO] [stderr]       Adding swc_ecma_transforms_optimization v0.208.0 (available: v0.208.1)
[INFO] [stderr]       Adding swc_ecma_transforms_proposal v0.178.0 (available: v0.178.1)
[INFO] [stderr]       Adding swc_ecma_utils v0.134.2 (available: v0.134.3)
[INFO] [stderr]       Adding swc_macros_common v0.3.13 (available: v0.3.14)
[INFO] running `Command { std: CARGO_HOME="/workspace/cargo-home" RUSTUP_HOME="/workspace/rustup-home" "/workspace/cargo-home/bin/cargo" "+nightly-2024-10-28" "fetch" "--manifest-path" "Cargo.toml", kill_on_drop: false }`
[INFO] running `Command { std: "docker" "create" "-v" "/var/lib/crater-agent-workspace/builds/worker-6-tc2/target:/opt/rustwide/target:rw,Z" "-v" "/var/lib/crater-agent-workspace/builds/worker-6-tc2/source:/opt/rustwide/workdir:ro,Z" "-v" "/var/lib/crater-agent-workspace/cargo-home:/opt/rustwide/cargo-home:ro,Z" "-v" "/var/lib/crater-agent-workspace/rustup-home:/opt/rustwide/rustup-home:ro,Z" "-e" "SOURCE_DIR=/opt/rustwide/workdir" "-e" "CARGO_TARGET_DIR=/opt/rustwide/target" "-e" "CARGO_HOME=/opt/rustwide/cargo-home" "-e" "RUSTUP_HOME=/opt/rustwide/rustup-home" "-w" "/opt/rustwide/workdir" "-m" "1610612736" "--user" "0:0" "--network" "none" "ghcr.io/rust-lang/crates-build-env/linux@sha256:4a844ea9eb2546a2d2c7022eacef16ef2e8229c7fbb2c7d4d55a9ceca922f72d" "/opt/rustwide/cargo-home/bin/cargo" "+nightly-2024-10-28" "metadata" "--no-deps" "--format-version=1", kill_on_drop: false }`
[INFO] [stdout] 53257441afa47a21c9552310038b9ba21d55afac2030a081273b4a9aaebd058e
[INFO] running `Command { std: "docker" "start" "-a" "53257441afa47a21c9552310038b9ba21d55afac2030a081273b4a9aaebd058e", kill_on_drop: false }`
[INFO] running `Command { std: "docker" "inspect" "53257441afa47a21c9552310038b9ba21d55afac2030a081273b4a9aaebd058e", kill_on_drop: false }`
[INFO] running `Command { std: "docker" "rm" "-f" "53257441afa47a21c9552310038b9ba21d55afac2030a081273b4a9aaebd058e", kill_on_drop: false }`
[INFO] [stdout] 53257441afa47a21c9552310038b9ba21d55afac2030a081273b4a9aaebd058e
[INFO] running `Command { std: "docker" "create" "-v" "/var/lib/crater-agent-workspace/builds/worker-6-tc2/target:/opt/rustwide/target:rw,Z" "-v" "/var/lib/crater-agent-workspace/builds/worker-6-tc2/source:/opt/rustwide/workdir:ro,Z" "-v" "/var/lib/crater-agent-workspace/cargo-home:/opt/rustwide/cargo-home:ro,Z" "-v" "/var/lib/crater-agent-workspace/rustup-home:/opt/rustwide/rustup-home:ro,Z" "-e" "SOURCE_DIR=/opt/rustwide/workdir" "-e" "CARGO_TARGET_DIR=/opt/rustwide/target" "-e" "CARGO_INCREMENTAL=0" "-e" "RUST_BACKTRACE=full" "-e" "RUSTFLAGS=--cap-lints=forbid -Zrandomize-layout" "-e" "RUSTDOCFLAGS=--cap-lints=forbid" "-e" "CARGO_HOME=/opt/rustwide/cargo-home" "-e" "RUSTUP_HOME=/opt/rustwide/rustup-home" "-w" "/opt/rustwide/workdir" "-m" "1610612736" "--user" "0:0" "--network" "none" "ghcr.io/rust-lang/crates-build-env/linux@sha256:4a844ea9eb2546a2d2c7022eacef16ef2e8229c7fbb2c7d4d55a9ceca922f72d" "/opt/rustwide/cargo-home/bin/cargo" "+nightly-2024-10-28" "build" "--frozen" "--message-format=json", kill_on_drop: false }`
[INFO] [stdout] e12d5901ef3d6f712e3fd678452a3fa4cffad2acf3a7a7d3bcf989c2ce34ddcd
[INFO] running `Command { std: "docker" "start" "-a" "e12d5901ef3d6f712e3fd678452a3fa4cffad2acf3a7a7d3bcf989c2ce34ddcd", kill_on_drop: false }`
[INFO] [stderr]    Compiling libc v0.2.161
[INFO] [stderr]    Compiling serde v1.0.214
[INFO] [stderr]    Compiling tinyvec_macros v0.1.1
[INFO] [stderr]    Compiling percent-encoding v2.3.1
[INFO] [stderr]    Compiling log v0.4.22
[INFO] [stderr]    Compiling unicode-bidi v0.3.17
[INFO] [stderr]    Compiling once_cell v1.20.2
[INFO] [stderr]    Compiling bitflags v2.6.0
[INFO] [stderr]    Compiling equivalent v1.0.1
[INFO] [stderr]    Compiling hashbrown v0.15.0
[INFO] [stderr]    Compiling byteorder v1.5.0
[INFO] [stderr]    Compiling anyhow v1.0.92
[INFO] [stderr]    Compiling winnow v0.5.40
[INFO] [stderr]    Compiling uuid v1.11.0
[INFO] [stderr]    Compiling tinyvec v1.8.0
[INFO] [stderr]    Compiling syn v2.0.86
[INFO] [stderr]    Compiling cfg-if v1.0.0
[INFO] [stderr]    Compiling pin-project-lite v0.2.15
[INFO] [stderr]    Compiling overload v0.1.1
[INFO] [stderr]    Compiling form_urlencoded v1.2.1
[INFO] [stderr]    Compiling lazy_static v1.5.0
[INFO] [stderr]    Compiling serde_json v1.0.132
[INFO] [stderr]    Compiling tracing-core v0.1.32
[INFO] [stderr]    Compiling sharded-slab v0.1.7
[INFO] [stderr]    Compiling thread_local v1.1.8
[INFO] [stderr]    Compiling nu-ansi-term v0.46.0
[INFO] [stderr]    Compiling home v0.5.9
[INFO] [stderr]    Compiling memchr v2.7.4
[INFO] [stderr]    Compiling base64 v0.21.7
[INFO] [stderr]    Compiling smallvec v1.13.2
[INFO] [stderr]    Compiling cfb v0.7.3
[INFO] [stderr]    Compiling itoa v1.0.11
[INFO] [stderr]    Compiling ryu v1.0.18
[INFO] [stderr]    Compiling tracing-log v0.2.0
[INFO] [stderr]    Compiling indexmap v2.6.0
[INFO] [stderr]    Compiling tracing-subscriber v0.3.18
[INFO] [stderr]    Compiling jobserver v0.1.32
[INFO] [stderr]    Compiling infer v0.11.0
[INFO] [stderr]    Compiling unicode-normalization v0.1.24
[INFO] [stderr]    Compiling cc v1.1.31
[INFO] [stderr]    Compiling idna v0.5.0
[INFO] [stderr]    Compiling libz-sys v1.1.20
[INFO] [stderr]    Compiling libgit2-sys v0.17.0+1.8.1
[INFO] [stderr]    Compiling serde_derive v1.0.214
[INFO] [stderr]    Compiling tracing-attributes v0.1.27
[INFO] [stderr]    Compiling tracing v0.1.40
[INFO] [stderr]    Compiling url v2.5.2
[INFO] [stderr]    Compiling serde_spanned v0.6.8
[INFO] [stderr]    Compiling toml_datetime v0.6.8
[INFO] [stderr]    Compiling toml_edit v0.19.15
[INFO] [stderr]    Compiling git2 v0.19.0
[INFO] [stderr]    Compiling toml v0.7.8
[INFO] [stderr]    Compiling built v0.7.5
[INFO] [stderr]    Compiling manganis-common v0.3.0-alpha.3
[INFO] [stderr]    Compiling manganis-macro v0.3.0-alpha.3 (/opt/rustwide/workdir)
[INFO] [stderr]     Finished `dev` profile [unoptimized + debuginfo] target(s) in 13.04s
[INFO] running `Command { std: "docker" "inspect" "e12d5901ef3d6f712e3fd678452a3fa4cffad2acf3a7a7d3bcf989c2ce34ddcd", kill_on_drop: false }`
[INFO] running `Command { std: "docker" "rm" "-f" "e12d5901ef3d6f712e3fd678452a3fa4cffad2acf3a7a7d3bcf989c2ce34ddcd", kill_on_drop: false }`
[INFO] [stdout] e12d5901ef3d6f712e3fd678452a3fa4cffad2acf3a7a7d3bcf989c2ce34ddcd
[INFO] running `Command { std: "docker" "create" "-v" "/var/lib/crater-agent-workspace/builds/worker-6-tc2/target:/opt/rustwide/target:rw,Z" "-v" "/var/lib/crater-agent-workspace/builds/worker-6-tc2/source:/opt/rustwide/workdir:ro,Z" "-v" "/var/lib/crater-agent-workspace/cargo-home:/opt/rustwide/cargo-home:ro,Z" "-v" "/var/lib/crater-agent-workspace/rustup-home:/opt/rustwide/rustup-home:ro,Z" "-e" "SOURCE_DIR=/opt/rustwide/workdir" "-e" "CARGO_TARGET_DIR=/opt/rustwide/target" "-e" "CARGO_INCREMENTAL=0" "-e" "RUST_BACKTRACE=full" "-e" "RUSTFLAGS=--cap-lints=forbid -Zrandomize-layout" "-e" "RUSTDOCFLAGS=--cap-lints=forbid" "-e" "CARGO_HOME=/opt/rustwide/cargo-home" "-e" "RUSTUP_HOME=/opt/rustwide/rustup-home" "-w" "/opt/rustwide/workdir" "-m" "1610612736" "--user" "0:0" "--network" "none" "ghcr.io/rust-lang/crates-build-env/linux@sha256:4a844ea9eb2546a2d2c7022eacef16ef2e8229c7fbb2c7d4d55a9ceca922f72d" "/opt/rustwide/cargo-home/bin/cargo" "+nightly-2024-10-28" "test" "--frozen" "--no-run" "--message-format=json", kill_on_drop: false }`
[INFO] [stdout] 860fe096314be78aa992873f5f6b7c1db273dd3ab06d64bde2d34e7560c82558
[INFO] running `Command { std: "docker" "start" "-a" "860fe096314be78aa992873f5f6b7c1db273dd3ab06d64bde2d34e7560c82558", kill_on_drop: false }`
[INFO] [stderr]    Compiling manganis-macro v0.3.0-alpha.3 (/opt/rustwide/workdir)
[INFO] [stderr]     Finished `test` profile [unoptimized + debuginfo] target(s) in 0.56s
[INFO] running `Command { std: "docker" "inspect" "860fe096314be78aa992873f5f6b7c1db273dd3ab06d64bde2d34e7560c82558", kill_on_drop: false }`
[INFO] running `Command { std: "docker" "rm" "-f" "860fe096314be78aa992873f5f6b7c1db273dd3ab06d64bde2d34e7560c82558", kill_on_drop: false }`
[INFO] [stdout] 860fe096314be78aa992873f5f6b7c1db273dd3ab06d64bde2d34e7560c82558
[INFO] running `Command { std: "docker" "create" "-v" "/var/lib/crater-agent-workspace/builds/worker-6-tc2/target:/opt/rustwide/target:rw,Z" "-v" "/var/lib/crater-agent-workspace/builds/worker-6-tc2/source:/opt/rustwide/workdir:ro,Z" "-v" "/var/lib/crater-agent-workspace/cargo-home:/opt/rustwide/cargo-home:ro,Z" "-v" "/var/lib/crater-agent-workspace/rustup-home:/opt/rustwide/rustup-home:ro,Z" "-e" "SOURCE_DIR=/opt/rustwide/workdir" "-e" "CARGO_TARGET_DIR=/opt/rustwide/target" "-e" "CARGO_INCREMENTAL=0" "-e" "RUST_BACKTRACE=full" "-e" "RUSTFLAGS=--cap-lints=forbid -Zrandomize-layout" "-e" "RUSTDOCFLAGS=--cap-lints=forbid" "-e" "CARGO_HOME=/opt/rustwide/cargo-home" "-e" "RUSTUP_HOME=/opt/rustwide/rustup-home" "-w" "/opt/rustwide/workdir" "-m" "1610612736" "--user" "0:0" "--network" "none" "ghcr.io/rust-lang/crates-build-env/linux@sha256:4a844ea9eb2546a2d2c7022eacef16ef2e8229c7fbb2c7d4d55a9ceca922f72d" "/opt/rustwide/cargo-home/bin/cargo" "+nightly-2024-10-28" "test" "--frozen", kill_on_drop: false }`
[INFO] [stdout] 65c177a6a6cefe23faf4755f5ac969533665ff3d6043428cb202a68ffcaaca08
[INFO] running `Command { std: "docker" "start" "-a" "65c177a6a6cefe23faf4755f5ac969533665ff3d6043428cb202a68ffcaaca08", kill_on_drop: false }`
[INFO] [stderr]     Finished `test` profile [unoptimized + debuginfo] target(s) in 0.17s
[INFO] [stderr]      Running unittests src/lib.rs (/opt/rustwide/target/debug/deps/manganis_macro-9f22d5e768068e37)
[INFO] [stdout] 
[INFO] [stdout] running 0 tests
[INFO] [stdout] 
[INFO] [stdout] test result: ok. 0 passed; 0 failed; 0 ignored; 0 measured; 0 filtered out; finished in 0.00s
[INFO] [stdout] 
[INFO] [stderr]    Doc-tests manganis_macro
[INFO] [stdout] 
[INFO] [stdout] running 11 tests
[INFO] [stdout] test src/lib.rs - meta (line 309) ... FAILED
[INFO] [stdout] test src/lib.rs - mg (line 105) ... FAILED
[INFO] [stdout] test src/lib.rs - mg (line 143) ... FAILED
[INFO] [stdout] test src/lib.rs - mg (line 135) ... FAILED
[INFO] [stdout] test src/lib.rs - classes (line 74) ... FAILED
[INFO] [stdout] test src/lib.rs - mg (line 109) ... FAILED
[INFO] [stdout] test src/lib.rs - mg (line 139) ... FAILED
[INFO] [stdout] test src/lib.rs - mg (line 116) ... FAILED
[INFO] [stdout] test src/lib.rs - mg (line 128) ... FAILED
[INFO] [stdout] test src/lib.rs - mg (line 120) ... FAILED
[INFO] [stdout] test src/lib.rs - mg (line 124) ... FAILED
[INFO] [stdout] 
[INFO] [stdout] failures:
[INFO] [stdout] 
[INFO] [stdout] ---- src/lib.rs - meta (line 309) stdout ----
[INFO] [stdout] error[E0433]: failed to resolve: use of undeclared crate or module `manganis`
[INFO] [stdout]  --> src/lib.rs:310:15
[INFO] [stdout]   |
[INFO] [stdout] 3 | const _: () = manganis::meta!("opt-level": "3");
[INFO] [stdout]   |               ^^^^^^^^ use of undeclared crate or module `manganis`
[INFO] [stdout] 
[INFO] [stdout] error: aborting due to 1 previous error
[INFO] [stdout] 
[INFO] [stdout] For more information about this error, try `rustc --explain E0433`.
[INFO] [stdout] Couldn't compile the test.
[INFO] [stdout] ---- src/lib.rs - mg (line 105) stdout ----
[INFO] [stdout] error[E0433]: failed to resolve: use of undeclared crate or module `manganis`
[INFO] [stdout]  --> src/lib.rs:106:17
[INFO] [stdout]   |
[INFO] [stdout] 3 | const _: &str = manganis::mg!("src/asset.txt");
[INFO] [stdout]   |                 ^^^^^^^^ use of undeclared crate or module `manganis`
[INFO] [stdout] 
[INFO] [stdout] error: aborting due to 1 previous error
[INFO] [stdout] 
[INFO] [stdout] For more information about this error, try `rustc --explain E0433`.
[INFO] [stdout] Couldn't compile the test.
[INFO] [stdout] ---- src/lib.rs - mg (line 143) stdout ----
[INFO] [stdout] error[E0433]: failed to resolve: use of undeclared crate or module `manganis`
[INFO] [stdout]  --> src/lib.rs:144:17
[INFO] [stdout]   |
[INFO] [stdout] 3 | const _: &str = manganis::mg!(font().families(["Roboto"]).weights([200]).text("Hello, world!"));
[INFO] [stdout]   |                 ^^^^^^^^ use of undeclared crate or module `manganis`
[INFO] [stdout] 
[INFO] [stdout] error: aborting due to 1 previous error
[INFO] [stdout] 
[INFO] [stdout] For more information about this error, try `rustc --explain E0433`.
[INFO] [stdout] Couldn't compile the test.
[INFO] [stdout] ---- src/lib.rs - mg (line 135) stdout ----
[INFO] [stdout] error[E0433]: failed to resolve: use of undeclared crate or module `manganis`
[INFO] [stdout]  --> src/lib.rs:136:17
[INFO] [stdout]   |
[INFO] [stdout] 3 | const _: &str = manganis::mg!(font().families(["Roboto"]));
[INFO] [stdout]   |                 ^^^^^^^^ use of undeclared crate or module `manganis`
[INFO] [stdout] 
[INFO] [stdout] error: aborting due to 1 previous error
[INFO] [stdout] 
[INFO] [stdout] For more information about this error, try `rustc --explain E0433`.
[INFO] [stdout] Couldn't compile the test.
[INFO] [stdout] ---- src/lib.rs - classes (line 74) stdout ----
[INFO] [stdout] error[E0433]: failed to resolve: use of undeclared crate or module `manganis`
[INFO] [stdout]  --> src/lib.rs:76:32
[INFO] [stdout]   |
[INFO] [stdout] 4 | const TAILWIND_CLASSES: &str = manganis::classes!("flex flex-col p-5");
[INFO] [stdout]   |                                ^^^^^^^^ use of undeclared crate or module `manganis`
[INFO] [stdout] 
[INFO] [stdout] error: aborting due to 1 previous error
[INFO] [stdout] 
[INFO] [stdout] For more information about this error, try `rustc --explain E0433`.
[INFO] [stdout] Couldn't compile the test.
[INFO] [stdout] ---- src/lib.rs - mg (line 109) stdout ----
[INFO] [stdout] error[E0433]: failed to resolve: use of undeclared crate or module `manganis`
[INFO] [stdout]  --> src/lib.rs:110:17
[INFO] [stdout]   |
[INFO] [stdout] 3 | const _: &str = manganis::mg!("https://rustacean.net/assets/rustacean-flat-happy.png");
[INFO] [stdout]   |                 ^^^^^^^^ use of undeclared crate or module `manganis`
[INFO] [stdout] 
[INFO] [stdout] error: aborting due to 1 previous error
[INFO] [stdout] 
[INFO] [stdout] For more information about this error, try `rustc --explain E0433`.
[INFO] [stdout] Couldn't compile the test.
[INFO] [stdout] ---- src/lib.rs - mg (line 139) stdout ----
[INFO] [stdout] error[E0433]: failed to resolve: use of undeclared crate or module `manganis`
[INFO] [stdout]  --> src/lib.rs:140:17
[INFO] [stdout]   |
[INFO] [stdout] 3 | const _: &str = manganis::mg!(font().families(["Roboto"]).weights([200]));
[INFO] [stdout]   |                 ^^^^^^^^ use of undeclared crate or module `manganis`
[INFO] [stdout] 
[INFO] [stdout] error: aborting due to 1 previous error
[INFO] [stdout] 
[INFO] [stdout] For more information about this error, try `rustc --explain E0433`.
[INFO] [stdout] Couldn't compile the test.
[INFO] [stdout] ---- src/lib.rs - mg (line 116) stdout ----
[INFO] [stdout] error[E0433]: failed to resolve: use of undeclared crate or module `manganis`
[INFO] [stdout]  --> src/lib.rs:117:33
[INFO] [stdout]   |
[INFO] [stdout] 3 | const _: manganis::ImageAsset = manganis::mg!(image("rustacean-flat-gesture.png"));
[INFO] [stdout]   |                                 ^^^^^^^^ use of undeclared crate or module `manganis`
[INFO] [stdout] 
[INFO] [stdout] error[E0433]: failed to resolve: use of undeclared crate or module `manganis`
[INFO] [stdout]  --> src/lib.rs:117:10
[INFO] [stdout]   |
[INFO] [stdout] 3 | const _: manganis::ImageAsset = manganis::mg!(image("rustacean-flat-gesture.png"));
[INFO] [stdout]   |          ^^^^^^^^ use of undeclared crate or module `manganis`
[INFO] [stdout] 
[INFO] [stdout] error: aborting due to 2 previous errors
[INFO] [stdout] 
[INFO] [stdout] For more information about this error, try `rustc --explain E0433`.
[INFO] [stdout] Couldn't compile the test.
[INFO] [stdout] ---- src/lib.rs - mg (line 128) stdout ----
[INFO] [stdout] error[E0433]: failed to resolve: use of undeclared crate or module `manganis`
[INFO] [stdout]  --> src/lib.rs:129:33
[INFO] [stdout]   |
[INFO] [stdout] 3 | const _: manganis::ImageAsset = manganis::mg!(image("rustacean-flat-gesture.png").preload());
[INFO] [stdout]   |                                 ^^^^^^^^ use of undeclared crate or module `manganis`
[INFO] [stdout] 
[INFO] [stdout] error[E0433]: failed to resolve: use of undeclared crate or module `manganis`
[INFO] [stdout]  --> src/lib.rs:129:10
[INFO] [stdout]   |
[INFO] [stdout] 3 | const _: manganis::ImageAsset = manganis::mg!(image("rustacean-flat-gesture.png").preload());
[INFO] [stdout]   |          ^^^^^^^^ use of undeclared crate or module `manganis`
[INFO] [stdout] 
[INFO] [stdout] error: aborting due to 2 previous errors
[INFO] [stdout] 
[INFO] [stdout] For more information about this error, try `rustc --explain E0433`.
[INFO] [stdout] Couldn't compile the test.
[INFO] [stdout] ---- src/lib.rs - mg (line 120) stdout ----
[INFO] [stdout] error[E0433]: failed to resolve: use of undeclared crate or module `manganis`
[INFO] [stdout]  --> src/lib.rs:121:33
[INFO] [stdout]   |
[INFO] [stdout] 3 | const _: manganis::ImageAsset = manganis::mg!(image("rustacean-flat-gesture.png").size(52, 52));
[INFO] [stdout]   |                                 ^^^^^^^^ use of undeclared crate or module `manganis`
[INFO] [stdout] 
[INFO] [stdout] error[E0433]: failed to resolve: use of undeclared crate or module `manganis`
[INFO] [stdout]  --> src/lib.rs:121:10
[INFO] [stdout]   |
[INFO] [stdout] 3 | const _: manganis::ImageAsset = manganis::mg!(image("rustacean-flat-gesture.png").size(52, 52));
[INFO] [stdout]   |          ^^^^^^^^ use of undeclared crate or module `manganis`
[INFO] [stdout] 
[INFO] [stdout] error: aborting due to 2 previous errors
[INFO] [stdout] 
[INFO] [stdout] For more information about this error, try `rustc --explain E0433`.
[INFO] [stdout] Couldn't compile the test.
[INFO] [stdout] ---- src/lib.rs - mg (line 124) stdout ----
[INFO] [stdout] error[E0433]: failed to resolve: use of undeclared crate or module `manganis`
[INFO] [stdout]  --> src/lib.rs:125:33
[INFO] [stdout]   |
[INFO] [stdout] 3 | const _: manganis::ImageAsset = manganis::mg!(image("rustacean-flat-gesture.png").format(ImageFormat::Avif).size(52, 52));
[INFO] [stdout]   |                                 ^^^^^^^^ use of undeclared crate or module `manganis`
[INFO] [stdout] 
[INFO] [stdout] error[E0433]: failed to resolve: use of undeclared crate or module `manganis`
[INFO] [stdout]  --> src/lib.rs:125:10
[INFO] [stdout]   |
[INFO] [stdout] 3 | const _: manganis::ImageAsset = manganis::mg!(image("rustacean-flat-gesture.png").format(ImageFormat::Avif).size(52, 52));
[INFO] [stdout]   |          ^^^^^^^^ use of undeclared crate or module `manganis`
[INFO] [stdout] 
[INFO] [stdout] error: aborting due to 2 previous errors
[INFO] [stdout] 
[INFO] [stdout] For more information about this error, try `rustc --explain E0433`.
[INFO] [stdout] Couldn't compile the test.
[INFO] [stdout] 
[INFO] [stdout] failures:
[INFO] [stdout]     src/lib.rs - classes (line 74)
[INFO] [stdout]     src/lib.rs - meta (line 309)
[INFO] [stdout]     src/lib.rs - mg (line 105)
[INFO] [stdout]     src/lib.rs - mg (line 109)
[INFO] [stdout]     src/lib.rs - mg (line 116)
[INFO] [stdout]     src/lib.rs - mg (line 120)
[INFO] [stdout]     src/lib.rs - mg (line 124)
[INFO] [stdout]     src/lib.rs - mg (line 128)
[INFO] [stdout]     src/lib.rs - mg (line 135)
[INFO] [stdout]     src/lib.rs - mg (line 139)
[INFO] [stdout]     src/lib.rs - mg (line 143)
[INFO] [stdout] 
[INFO] [stdout] test result: FAILED. 0 passed; 11 failed; 0 ignored; 0 measured; 0 filtered out; finished in 0.08s
[INFO] [stdout] 
[INFO] [stderr] error: doctest failed, to rerun pass `--doc`
[INFO] running `Command { std: "docker" "inspect" "65c177a6a6cefe23faf4755f5ac969533665ff3d6043428cb202a68ffcaaca08", kill_on_drop: false }`
[INFO] running `Command { std: "docker" "rm" "-f" "65c177a6a6cefe23faf4755f5ac969533665ff3d6043428cb202a68ffcaaca08", kill_on_drop: false }`
[INFO] [stdout] 65c177a6a6cefe23faf4755f5ac969533665ff3d6043428cb202a68ffcaaca08
