[INFO] fetching crate mangadex-api-rust 2.0.0-rc.1...
[INFO] testing mangadex-api-rust-2.0.0-rc.1 against nightly-2024-10-28+rustflags=-Zrandomize-layout for randomize-layout
[INFO] extracting crate mangadex-api-rust 2.0.0-rc.1 into /workspace/builds/worker-3-tc2/source
[INFO] validating manifest of crates.io crate mangadex-api-rust 2.0.0-rc.1 on toolchain nightly-2024-10-28
[INFO] running `Command { std: CARGO_HOME="/workspace/cargo-home" RUSTUP_HOME="/workspace/rustup-home" "/workspace/cargo-home/bin/cargo" "+nightly-2024-10-28" "metadata" "--manifest-path" "Cargo.toml" "--no-deps", kill_on_drop: false }`
[INFO] started tweaking crates.io crate mangadex-api-rust 2.0.0-rc.1
[INFO] finished tweaking crates.io crate mangadex-api-rust 2.0.0-rc.1
[INFO] tweaked toml for crates.io crate mangadex-api-rust 2.0.0-rc.1 written to /workspace/builds/worker-3-tc2/source/Cargo.toml
[INFO] crate crates.io crate mangadex-api-rust 2.0.0-rc.1 already has a lockfile, it will not be regenerated
[INFO] running `Command { std: CARGO_HOME="/workspace/cargo-home" RUSTUP_HOME="/workspace/rustup-home" "/workspace/cargo-home/bin/cargo" "+nightly-2024-10-28" "fetch" "--manifest-path" "Cargo.toml", kill_on_drop: false }`
[INFO] running `Command { std: "docker" "create" "-v" "/var/lib/crater-agent-workspace/builds/worker-3-tc2/target:/opt/rustwide/target:rw,Z" "-v" "/var/lib/crater-agent-workspace/builds/worker-3-tc2/source:/opt/rustwide/workdir:ro,Z" "-v" "/var/lib/crater-agent-workspace/cargo-home:/opt/rustwide/cargo-home:ro,Z" "-v" "/var/lib/crater-agent-workspace/rustup-home:/opt/rustwide/rustup-home:ro,Z" "-e" "SOURCE_DIR=/opt/rustwide/workdir" "-e" "CARGO_TARGET_DIR=/opt/rustwide/target" "-e" "CARGO_HOME=/opt/rustwide/cargo-home" "-e" "RUSTUP_HOME=/opt/rustwide/rustup-home" "-w" "/opt/rustwide/workdir" "-m" "1610612736" "--user" "0:0" "--network" "none" "ghcr.io/rust-lang/crates-build-env/linux@sha256:4a844ea9eb2546a2d2c7022eacef16ef2e8229c7fbb2c7d4d55a9ceca922f72d" "/opt/rustwide/cargo-home/bin/cargo" "+nightly-2024-10-28" "metadata" "--no-deps" "--format-version=1", kill_on_drop: false }`
[INFO] [stdout] e331986996e682ca2cf50c1c32945fef7fb94f44954aafa20e348ddb57d8bbd1
[INFO] running `Command { std: "docker" "start" "-a" "e331986996e682ca2cf50c1c32945fef7fb94f44954aafa20e348ddb57d8bbd1", kill_on_drop: false }`
[INFO] running `Command { std: "docker" "inspect" "e331986996e682ca2cf50c1c32945fef7fb94f44954aafa20e348ddb57d8bbd1", kill_on_drop: false }`
[INFO] running `Command { std: "docker" "rm" "-f" "e331986996e682ca2cf50c1c32945fef7fb94f44954aafa20e348ddb57d8bbd1", kill_on_drop: false }`
[INFO] [stdout] e331986996e682ca2cf50c1c32945fef7fb94f44954aafa20e348ddb57d8bbd1
[INFO] running `Command { std: "docker" "create" "-v" "/var/lib/crater-agent-workspace/builds/worker-3-tc2/target:/opt/rustwide/target:rw,Z" "-v" "/var/lib/crater-agent-workspace/builds/worker-3-tc2/source:/opt/rustwide/workdir:ro,Z" "-v" "/var/lib/crater-agent-workspace/cargo-home:/opt/rustwide/cargo-home:ro,Z" "-v" "/var/lib/crater-agent-workspace/rustup-home:/opt/rustwide/rustup-home:ro,Z" "-e" "SOURCE_DIR=/opt/rustwide/workdir" "-e" "CARGO_TARGET_DIR=/opt/rustwide/target" "-e" "CARGO_INCREMENTAL=0" "-e" "RUST_BACKTRACE=full" "-e" "RUSTFLAGS=--cap-lints=forbid -Zrandomize-layout" "-e" "RUSTDOCFLAGS=--cap-lints=forbid" "-e" "CARGO_HOME=/opt/rustwide/cargo-home" "-e" "RUSTUP_HOME=/opt/rustwide/rustup-home" "-w" "/opt/rustwide/workdir" "-m" "1610612736" "--user" "0:0" "--network" "none" "ghcr.io/rust-lang/crates-build-env/linux@sha256:4a844ea9eb2546a2d2c7022eacef16ef2e8229c7fbb2c7d4d55a9ceca922f72d" "/opt/rustwide/cargo-home/bin/cargo" "+nightly-2024-10-28" "build" "--frozen" "--message-format=json", kill_on_drop: false }`
[INFO] [stdout] 6c2bdb395cd01447aa2a91c3c77da16f4ed279fb6745dfc6a2eb9d524a159e7f
[INFO] running `Command { std: "docker" "start" "-a" "6c2bdb395cd01447aa2a91c3c77da16f4ed279fb6745dfc6a2eb9d524a159e7f", kill_on_drop: false }`
[INFO] [stderr]    Compiling proc-macro2 v1.0.38
[INFO] [stderr]    Compiling unicode-xid v0.2.3
[INFO] [stderr]    Compiling syn v1.0.92
[INFO] [stderr]    Compiling libc v0.2.125
[INFO] [stderr]    Compiling version_check v0.9.4
[INFO] [stderr]    Compiling cc v1.0.73
[INFO] [stderr]    Compiling autocfg v1.1.0
[INFO] [stderr]    Compiling once_cell v1.10.0
[INFO] [stderr]    Compiling log v0.4.17
[INFO] [stderr]    Compiling pin-project-lite v0.2.9
[INFO] [stderr]    Compiling serde_derive v1.0.137
[INFO] [stderr]    Compiling bytes v1.1.0
[INFO] [stderr]    Compiling memchr v2.5.0
[INFO] [stderr]    Compiling itoa v1.0.1
[INFO] [stderr]    Compiling serde v1.0.137
[INFO] [stderr]    Compiling pkg-config v0.3.25
[INFO] [stderr]    Compiling futures-core v0.3.21
[INFO] [stderr]    Compiling spin v0.5.2
[INFO] [stderr]    Compiling untrusted v0.7.1
[INFO] [stderr]    Compiling futures-task v0.3.21
[INFO] [stderr]    Compiling lazy_static v1.4.0
[INFO] [stderr]    Compiling hashbrown v0.11.2
[INFO] [stderr]    Compiling proc-macro-hack v0.5.19
[INFO] [stderr]    Compiling tracing-core v0.1.26
[INFO] [stderr]    Compiling futures-util v0.3.21
[INFO] [stderr]    Compiling tinyvec_macros v0.1.0
[INFO] [stderr]    Compiling percent-encoding v2.1.0
[INFO] [stderr]    Compiling matches v0.1.9
[INFO] [stderr]    Compiling standback v0.2.17
[INFO] [stderr]    Compiling http v0.2.7
[INFO] [stderr]    Compiling unicase v2.6.0
[INFO] [stderr]    Compiling tinyvec v1.6.0
[INFO] [stderr]    Compiling indexmap v1.8.1
[INFO] [stderr]    Compiling openssl v0.10.40
[INFO] [stderr]    Compiling futures-channel v0.3.21
[INFO] [stderr]    Compiling const_fn v0.4.9
[INFO] [stderr]    Compiling quote v1.0.18
[INFO] [stderr]    Compiling httparse v1.7.1
[INFO] [stderr]    Compiling futures-sink v0.3.21
[INFO] [stderr]    Compiling time v0.2.27
[INFO] [stderr]    Compiling slab v0.4.6
[INFO] [stderr]    Compiling socket2 v0.4.4
[INFO] [stderr]    Compiling mio v0.8.2
[INFO] [stderr]    Compiling try-lock v0.2.3
[INFO] [stderr]    Compiling rustls v0.20.4
[INFO] [stderr]    Compiling native-tls v0.2.10
[INFO] [stderr]    Compiling unicode-bidi v0.3.8
[INFO] [stderr]    Compiling want v0.3.0
[INFO] [stderr]    Compiling form_urlencoded v1.0.1
[INFO] [stderr]    Compiling cookie v0.15.1
[INFO] [stderr]    Compiling httpdate v1.0.2
[INFO] [stderr]    Compiling ryu v1.0.9
[INFO] [stderr]    Compiling serde_json v1.0.81
[INFO] [stderr]    Compiling ring v0.16.20
[INFO] [stderr]    Compiling openssl-sys v0.9.73
[INFO] [stderr]    Compiling tokio v1.18.1
[INFO] [stderr]    Compiling tower-service v0.3.1
[INFO] [stderr]    Compiling unicode-normalization v0.1.19
[INFO] [stderr]    Compiling mime_guess v2.0.4
[INFO] [stderr]    Compiling encoding_rs v0.8.31
[INFO] [stderr]    Compiling byteorder v1.4.3
[INFO] [stderr]    Compiling http-body v0.4.4
[INFO] [stderr]    Compiling psl-types v2.0.10
[INFO] [stderr]    Compiling base64 v0.13.0
[INFO] [stderr]    Compiling mime v0.3.16
[INFO] [stderr]    Compiling anyhow v1.0.57
[INFO] [stderr]    Compiling getrandom v0.2.6
[INFO] [stderr]    Compiling num_threads v0.1.6
[INFO] [stderr]    Compiling ipnet v2.5.0
[INFO] [stderr]    Compiling rustls-pemfile v0.3.0
[INFO] [stderr]    Compiling idna v0.2.3
[INFO] [stderr]    Compiling publicsuffix v2.1.1
[INFO] [stderr]    Compiling webpki v0.22.0
[INFO] [stderr]    Compiling sct v0.7.0
[INFO] [stderr]    Compiling webpki-roots v0.22.3
[INFO] [stderr]    Compiling darling_core v0.14.1
[INFO] [stderr]    Compiling tracing-attributes v0.1.21
[INFO] [stderr]    Compiling openssl-macros v0.1.0
[INFO] [stderr]    Compiling time-macros-impl v0.1.2
[INFO] [stderr]    Compiling thiserror-impl v1.0.31
[INFO] [stderr]    Compiling time-macros v0.1.1
[INFO] [stderr]    Compiling darling_macro v0.14.1
[INFO] [stderr]    Compiling tracing v0.1.34
[INFO] [stderr]    Compiling thiserror v1.0.31
[INFO] [stderr]    Compiling tokio-util v0.7.1
[INFO] [stderr]    Compiling darling v0.14.1
[INFO] [stderr]    Compiling tokio-rustls v0.23.4
[INFO] [stderr]    Compiling derive_builder_core v0.11.2
[INFO] [stderr]    Compiling h2 v0.3.13
[INFO] [stderr]    Compiling derive_builder_macro v0.11.2
[INFO] [stderr]    Compiling tokio-native-tls v0.3.0
[INFO] [stderr]    Compiling derive_builder v0.11.2
[INFO] [stderr]    Compiling hyper v0.14.18
[INFO] [stderr]    Compiling url v2.2.2
[INFO] [stderr]    Compiling serde_urlencoded v0.7.1
[INFO] [stderr]    Compiling time v0.3.9
[INFO] [stderr]    Compiling uuid v1.0.0
[INFO] [stderr]    Compiling serde_qs v0.9.2
[INFO] [stderr]    Compiling hyper-rustls v0.23.0
[INFO] [stderr]    Compiling hyper-tls v0.5.0
[INFO] [stderr]    Compiling cookie_store v0.15.1
[INFO] [stderr]    Compiling reqwest v0.11.10
[INFO] [stderr]    Compiling mangadex-api-types-rust v0.1.0
[INFO] [stderr]    Compiling mangadex-api-schema-rust v0.1.0
[INFO] [stderr]    Compiling mangadex-api-rust v2.0.0-rc.1 (/opt/rustwide/workdir)
[INFO] [stdout] warning: field `version` is never read
[INFO] [stdout]   --> src/v5/settings/get_template_by_version_id.rs:63:9
[INFO] [stdout]    |
[INFO] [stdout] 54 | pub struct GetSettingsTemplateByVersionId<'a> {
[INFO] [stdout]    |            ------------------------------ field in this struct
[INFO] [stdout] ...
[INFO] [stdout] 63 |     pub version: &'a Uuid,
[INFO] [stdout]    |         ^^^^^^^
[INFO] [stdout]    |
[INFO] [stdout]    = note: `GetSettingsTemplateByVersionId` has derived impls for the traits `Clone` and `Debug`, but these are intentionally ignored during dead code analysis
[INFO] [stdout]    = note: `#[warn(dead_code)]` on by default
[INFO] [stdout] 
[INFO] [stdout] 
[INFO] [stderr]     Finished `dev` profile [unoptimized + debuginfo] target(s) in 30.97s
[INFO] running `Command { std: "docker" "inspect" "6c2bdb395cd01447aa2a91c3c77da16f4ed279fb6745dfc6a2eb9d524a159e7f", kill_on_drop: false }`
[INFO] running `Command { std: "docker" "rm" "-f" "6c2bdb395cd01447aa2a91c3c77da16f4ed279fb6745dfc6a2eb9d524a159e7f", kill_on_drop: false }`
[INFO] [stdout] 6c2bdb395cd01447aa2a91c3c77da16f4ed279fb6745dfc6a2eb9d524a159e7f
[INFO] running `Command { std: "docker" "create" "-v" "/var/lib/crater-agent-workspace/builds/worker-3-tc2/target:/opt/rustwide/target:rw,Z" "-v" "/var/lib/crater-agent-workspace/builds/worker-3-tc2/source:/opt/rustwide/workdir:ro,Z" "-v" "/var/lib/crater-agent-workspace/cargo-home:/opt/rustwide/cargo-home:ro,Z" "-v" "/var/lib/crater-agent-workspace/rustup-home:/opt/rustwide/rustup-home:ro,Z" "-e" "SOURCE_DIR=/opt/rustwide/workdir" "-e" "CARGO_TARGET_DIR=/opt/rustwide/target" "-e" "CARGO_INCREMENTAL=0" "-e" "RUST_BACKTRACE=full" "-e" "RUSTFLAGS=--cap-lints=forbid -Zrandomize-layout" "-e" "RUSTDOCFLAGS=--cap-lints=forbid" "-e" "CARGO_HOME=/opt/rustwide/cargo-home" "-e" "RUSTUP_HOME=/opt/rustwide/rustup-home" "-w" "/opt/rustwide/workdir" "-m" "1610612736" "--user" "0:0" "--network" "none" "ghcr.io/rust-lang/crates-build-env/linux@sha256:4a844ea9eb2546a2d2c7022eacef16ef2e8229c7fbb2c7d4d55a9ceca922f72d" "/opt/rustwide/cargo-home/bin/cargo" "+nightly-2024-10-28" "test" "--frozen" "--no-run" "--message-format=json", kill_on_drop: false }`
[INFO] [stdout] d5b57e8e432f66b82d76c78009a07165fb234bcff1409ad5e02df0b9886767d4
[INFO] running `Command { std: "docker" "start" "-a" "d5b57e8e432f66b82d76c78009a07165fb234bcff1409ad5e02df0b9886767d4", kill_on_drop: false }`
[INFO] [stderr]    Compiling futures-channel v0.3.21
[INFO] [stderr]    Compiling futures-io v0.3.21
[INFO] [stderr]    Compiling futures-task v0.3.21
[INFO] [stderr]    Compiling futures-util v0.3.21
[INFO] [stderr]    Compiling num_cpus v1.13.1
[INFO] [stderr]    Compiling tokio-macros v1.7.0
[INFO] [stderr]    Compiling futures-macro v0.3.21
[INFO] [stderr]    Compiling strsim v0.10.0
[INFO] [stderr]    Compiling getrandom v0.2.6
[INFO] [stderr]    Compiling ppv-lite86 v0.2.16
[INFO] [stderr]    Compiling getrandom v0.1.16
[INFO] [stderr]    Compiling proc-macro-error-attr v1.0.4
[INFO] [stderr]    Compiling proc-macro-error v1.0.4
[INFO] [stderr]    Compiling cache-padded v1.2.0
[INFO] [stderr]    Compiling async-trait v0.1.53
[INFO] [stderr]    Compiling fastrand v1.7.0
[INFO] [stderr]    Compiling concurrent-queue v1.2.2
[INFO] [stderr]    Compiling rand_core v0.6.3
[INFO] [stderr]    Compiling darling_core v0.14.1
[INFO] [stderr]    Compiling uuid v1.0.0
[INFO] [stderr]    Compiling event-listener v2.5.2
[INFO] [stderr]    Compiling parking v2.0.0
[INFO] [stderr]    Compiling waker-fn v1.1.0
[INFO] [stderr]    Compiling http-types v2.12.0
[INFO] [stderr]    Compiling serde_qs v0.8.5
[INFO] [stderr]    Compiling rand_core v0.5.1
[INFO] [stderr]    Compiling async-channel v1.6.1
[INFO] [stderr]    Compiling rand_chacha v0.3.1
[INFO] [stderr]    Compiling futures-lite v1.12.0
[INFO] [stderr]    Compiling aho-corasick v0.7.18
[INFO] [stderr]    Compiling deadpool-runtime v0.1.2
[INFO] [stderr]    Compiling infer v0.2.3
[INFO] [stderr]    Compiling heck v0.4.0
[INFO] [stderr]    Compiling regex-syntax v0.6.25
[INFO] [stderr]    Compiling rand_chacha v0.2.2
[INFO] [stderr]    Compiling retain_mut v0.1.7
[INFO] [stderr]    Compiling os_str_bytes v6.0.0
[INFO] [stderr]    Compiling tokio v1.18.1
[INFO] [stderr]    Compiling assert-json-diff v2.0.1
[INFO] [stderr]    Compiling atty v0.2.14
[INFO] [stderr]    Compiling rand v0.8.5
[INFO] [stderr]    Compiling termcolor v1.1.3
[INFO] [stderr]    Compiling rand v0.7.3
[INFO] [stderr]    Compiling clap_derive v3.1.7
[INFO] [stderr]    Compiling clap_lex v0.2.0
[INFO] [stderr]    Compiling textwrap v0.15.0
[INFO] [stderr]    Compiling futures-timer v3.0.2
[INFO] [stderr]    Compiling fake v2.4.3
[INFO] [stderr]    Compiling darling_macro v0.14.1
[INFO] [stderr]    Compiling darling v0.14.1
[INFO] [stderr]    Compiling derive_builder_core v0.11.2
[INFO] [stderr]    Compiling clap v3.1.17
[INFO] [stderr]    Compiling regex v1.5.5
[INFO] [stderr]    Compiling derive_builder_macro v0.11.2
[INFO] [stderr]    Compiling derive_builder v0.11.2
[INFO] [stderr]    Compiling futures-executor v0.3.21
[INFO] [stderr]    Compiling futures v0.3.21
[INFO] [stderr]    Compiling tokio-util v0.7.1
[INFO] [stderr]    Compiling tokio-rustls v0.23.4
[INFO] [stderr]    Compiling tokio-native-tls v0.3.0
[INFO] [stderr]    Compiling deadpool v0.9.4
[INFO] [stderr]    Compiling h2 v0.3.13
[INFO] [stderr]    Compiling hyper v0.14.18
[INFO] [stderr]    Compiling hyper-tls v0.5.0
[INFO] [stderr]    Compiling hyper-rustls v0.23.0
[INFO] [stderr]    Compiling wiremock v0.5.13
[INFO] [stderr]    Compiling reqwest v0.11.10
[INFO] [stderr]    Compiling mangadex-api-types-rust v0.1.0
[INFO] [stderr]    Compiling mangadex-api-schema-rust v0.1.0
[INFO] [stderr]    Compiling mangadex-api-rust v2.0.0-rc.1 (/opt/rustwide/workdir)
[INFO] [stdout] warning: field `version` is never read
[INFO] [stdout]   --> src/v5/settings/get_template_by_version_id.rs:63:9
[INFO] [stdout]    |
[INFO] [stdout] 54 | pub struct GetSettingsTemplateByVersionId<'a> {
[INFO] [stdout]    |            ------------------------------ field in this struct
[INFO] [stdout] ...
[INFO] [stdout] 63 |     pub version: &'a Uuid,
[INFO] [stdout]    |         ^^^^^^^
[INFO] [stdout]    |
[INFO] [stdout]    = note: `GetSettingsTemplateByVersionId` has derived impls for the traits `Clone` and `Debug`, but these are intentionally ignored during dead code analysis
[INFO] [stdout]    = note: `#[warn(dead_code)]` on by default
[INFO] [stdout] 
[INFO] [stdout] 
[INFO] [stdout] warning: field `version` is never read
[INFO] [stdout]   --> src/v5/settings/get_template_by_version_id.rs:63:9
[INFO] [stdout]    |
[INFO] [stdout] 54 | pub struct GetSettingsTemplateByVersionId<'a> {
[INFO] [stdout]    |            ------------------------------ field in this struct
[INFO] [stdout] ...
[INFO] [stdout] 63 |     pub version: &'a Uuid,
[INFO] [stdout]    |         ^^^^^^^
[INFO] [stdout]    |
[INFO] [stdout]    = note: `GetSettingsTemplateByVersionId` has derived impls for the traits `Clone` and `Debug`, but these are intentionally ignored during dead code analysis
[INFO] [stdout]    = note: `#[warn(dead_code)]` on by default
[INFO] [stdout] 
[INFO] [stdout] 
[INFO] [stderr]     Finished `test` profile [unoptimized + debuginfo] target(s) in 25.69s
[INFO] running `Command { std: "docker" "inspect" "d5b57e8e432f66b82d76c78009a07165fb234bcff1409ad5e02df0b9886767d4", kill_on_drop: false }`
[INFO] running `Command { std: "docker" "rm" "-f" "d5b57e8e432f66b82d76c78009a07165fb234bcff1409ad5e02df0b9886767d4", kill_on_drop: false }`
[INFO] [stdout] d5b57e8e432f66b82d76c78009a07165fb234bcff1409ad5e02df0b9886767d4
[INFO] running `Command { std: "docker" "create" "-v" "/var/lib/crater-agent-workspace/builds/worker-3-tc2/target:/opt/rustwide/target:rw,Z" "-v" "/var/lib/crater-agent-workspace/builds/worker-3-tc2/source:/opt/rustwide/workdir:ro,Z" "-v" "/var/lib/crater-agent-workspace/cargo-home:/opt/rustwide/cargo-home:ro,Z" "-v" "/var/lib/crater-agent-workspace/rustup-home:/opt/rustwide/rustup-home:ro,Z" "-e" "SOURCE_DIR=/opt/rustwide/workdir" "-e" "CARGO_TARGET_DIR=/opt/rustwide/target" "-e" "CARGO_INCREMENTAL=0" "-e" "RUST_BACKTRACE=full" "-e" "RUSTFLAGS=--cap-lints=forbid -Zrandomize-layout" "-e" "RUSTDOCFLAGS=--cap-lints=forbid" "-e" "CARGO_HOME=/opt/rustwide/cargo-home" "-e" "RUSTUP_HOME=/opt/rustwide/rustup-home" "-w" "/opt/rustwide/workdir" "-m" "1610612736" "--user" "0:0" "--network" "none" "ghcr.io/rust-lang/crates-build-env/linux@sha256:4a844ea9eb2546a2d2c7022eacef16ef2e8229c7fbb2c7d4d55a9ceca922f72d" "/opt/rustwide/cargo-home/bin/cargo" "+nightly-2024-10-28" "test" "--frozen", kill_on_drop: false }`
[INFO] [stdout] 6a97a9fdc1e132ce79839d6dcccd123308356ccdf3dce0baddf73515a0eac50f
[INFO] running `Command { std: "docker" "start" "-a" "6a97a9fdc1e132ce79839d6dcccd123308356ccdf3dce0baddf73515a0eac50f", kill_on_drop: false }`
[INFO] [stderr] warning: field `version` is never read
[INFO] [stderr]   --> src/v5/settings/get_template_by_version_id.rs:63:9
[INFO] [stderr]    |
[INFO] [stderr] 54 | pub struct GetSettingsTemplateByVersionId<'a> {
[INFO] [stderr]    |            ------------------------------ field in this struct
[INFO] [stderr] ...
[INFO] [stderr] 63 |     pub version: &'a Uuid,
[INFO] [stderr]    |         ^^^^^^^
[INFO] [stderr]    |
[INFO] [stderr]    = note: `GetSettingsTemplateByVersionId` has derived impls for the traits `Clone` and `Debug`, but these are intentionally ignored during dead code analysis
[INFO] [stderr]    = note: `#[warn(dead_code)]` on by default
[INFO] [stderr] 
[INFO] [stderr] warning: `mangadex-api-rust` (lib) generated 1 warning
[INFO] [stderr] warning: `mangadex-api-rust` (lib test) generated 1 warning (1 duplicate)
[INFO] [stderr]     Finished `test` profile [unoptimized + debuginfo] target(s) in 0.23s
[INFO] [stderr]      Running unittests src/lib.rs (/opt/rustwide/target/debug/deps/mangadex_api-e9900be2783998a5)
[INFO] [stdout] 
[INFO] [stdout] running 159 tests
[INFO] [stdout] test v5::auth::logout::tests::logout_handles_503 ... ok
[INFO] [stdout] test v5::auth::check_token::tests::check_token_fires_a_request_to_base_url ... ok
[INFO] [stdout] test v5::account::check_username_available::tests::check_username_available_fires_a_request_to_base_url ... ok
[INFO] [stdout] test v5::auth::login::tests::logout_handles_http_503 ... ok
[INFO] [stdout] test v5::account::activate::tests::activate_fires_a_request_to_base_url ... ok
[INFO] [stdout] test v5::account::complete_recovery::tests::complete_recovery_fires_a_request_to_base_url ... ok
[INFO] [stdout] test v5::auth::logout::tests::logout_fires_a_request_to_base_url ... ok
[INFO] [stdout] test v5::auth::refresh_token::tests::refresh_handles_400 ... ok
[INFO] [stdout] test v5::account::recover::tests::recover_fires_a_request_to_base_url ... ok
[INFO] [stdout] test v5::auth::login::tests::login_fires_a_request_to_base_url ... ok
[INFO] [stdout] test v5::account::resend_activation_code::tests::resend_activation_code_fires_a_request_to_base_url ... ok
[INFO] [stdout] test v5::auth::login::tests::logout_handles_401 ... ok
[INFO] [stdout] test v5::author::delete::tests::delete_author_fires_a_request_to_base_url ... ok
[INFO] [stdout] test v5::author::get::tests::get_author_fires_a_request_to_base_url ... ok
[INFO] [stdout] test v5::auth::refresh_token::tests::refresh_token_fires_a_request_to_base_url ... ok
[INFO] [stdout] test v5::auth::refresh_token::tests::refresh_handles_403 ... ok
[INFO] [stdout] test v5::author::create::tests::create_author_fires_a_request_to_base_url ... ok
[INFO] [stdout] test v5::author::update::tests::update_author_fires_a_request_to_base_url ... ok
[INFO] [stdout] test v5::at_home::server::tests::activate_fires_a_request_to_base_url ... ok
[INFO] [stdout] test v5::captcha::solve::tests::solve_captcha_handles_400 ... ok
[INFO] [stdout] test v5::chapter::delete::tests::delete_chapter_fires_a_request_to_base_url ... ok
[INFO] [stdout] test v5::captcha::solve::tests::solve_captcha_fires_a_request_to_base_url ... ok
[INFO] [stdout] test v5::chapter::get::tests::get_chapter_handles_404 ... ok
[INFO] [stdout] test v5::author::list::tests::list_author_handles_400 ... ok
[INFO] [stdout] test v5::author::list::tests::list_author_fires_a_request_to_base_url ... ok
[INFO] [stdout] test v5::chapter::update::tests::update_chapter_does_not_include_title_when_not_used ... ok
[INFO] [stdout] test v5::chapter::get::tests::get_chapter_fires_a_request_to_base_url ... ok
[INFO] [stdout] test v5::chapter::update::tests::update_chapter_sends_title_with_value ... ok
[INFO] [stdout] test v5::chapter::mark_read::tests::mark_chapter_read_fires_a_request_to_base_url ... ok
[INFO] [stdout] test v5::chapter::update::tests::update_chapter_fires_a_request_to_base_url ... ok
[INFO] [stdout] test v5::chapter::update::tests::update_chapter_sends_null_title ... ok
[INFO] [stdout] test v5::chapter::mark_batch::tests::mark_manga_chapters_read_fires_a_request_to_base_url ... ok
[INFO] [stdout] test v5::chapter::mark_unread::tests::mark_chapter_unread_fires_a_request_to_base_url ... ok
[INFO] [stdout] test v5::chapter::list::tests::list_chapter_handles_400 ... ok
[INFO] [stdout] test v5::cover::edit::tests::edit_cover_fires_a_request_to_base_url ... ok
[INFO] [stdout] test v5::chapter::list::tests::list_chapter_fires_a_request_to_base_url ... ok
[INFO] [stdout] test v5::cover::delete::tests::delete_cover_fires_a_request_to_base_url ... ok
[INFO] [stdout] test v5::cover::get::tests::get_chapter_handles_404 ... ok
[INFO] [stdout] test v5::custom_list::create::tests::create_custom_list_fires_a_request_to_base_url ... ok
[INFO] [stdout] test v5::cover::get::tests::get_cover_fires_a_request_to_base_url ... ok
[INFO] [stdout] test v5::auth::login::tests::logout_handles_400 ... ok
[INFO] [stdout] test v5::cover::upload::tests::upload_cover_fires_a_request_to_base_url ... ok
[INFO] [stdout] test v5::custom_list::delete::tests::delete_custom_list_fires_a_request_to_base_url ... ok
[INFO] [stdout] test v5::custom_list::follow::tests::follow_custom_list_fires_a_request_to_base_url ... ok
[INFO] [stdout] test v5::custom_list::get::tests::get_custom_list_fires_a_request_to_base_url ... ok
[INFO] [stdout] test v5::manga::add_to_custom_list::tests::add_manga_to_custom_list_fires_a_request_to_base_url ... ok
[INFO] [stdout] test v5::infrastructure::ping::tests::ping_fires_a_request_to_base_url ... ok
[INFO] [stdout] test v5::custom_list::manga_feed::tests::get_custom_list_manga_feed_fires_a_request_to_base_url ... ok
[INFO] [stdout] test v5::custom_list::get::tests::get_custom_list_handles_404 ... ok
[INFO] [stdout] test v5::cover::list::tests::list_cover_handles_400 ... ok
[INFO] [stdout] test v5::custom_list::update::tests::update_custom_list_fires_a_request_to_base_url ... ok
[INFO] [stdout] test v5::custom_list::unfollow::tests::unfollow_custom_list_fires_a_request_to_base_url ... ok
[INFO] [stdout] test v5::legacy::id_mapping::tests::legacy_id_mapping_fires_a_request_to_base_url ... ok
[INFO] [stdout] test v5::cover::list::tests::list_cover_fires_a_request_to_base_url ... ok
[INFO] [stdout] test v5::legacy::id_mapping::tests::legacy_id_mapping_handles_400 ... ok
[INFO] [stdout] test v5::manga::aggregate::tests::manga_aggregate_fires_a_request_to_base_url ... ok
[INFO] [stdout] test v5::manga::create::tests::create_manga_does_not_include_last_volume_when_not_used ... ok
[INFO] [stdout] test v5::manga::aggregate::tests::manga_aggregate_handles_array_volumes ... ok
[INFO] [stdout] test v5::manga::aggregate::tests::manga_aggregate_handles_array_chapters ... ok
[INFO] [stdout] test v5::manga::create::tests::create_manga_fires_a_request_to_base_url ... ok
[INFO] [stdout] test v5::manga::create::tests::create_manga_sends_last_volume_with_value ... ok
[INFO] [stdout] test v5::manga::create::tests::create_manga_sends_null_last_volume ... ok
[INFO] [stdout] test v5::manga::create_relation::tests::create_manga_relation_requires_auth ... ok
[INFO] [stdout] test v5::manga::delete::tests::delete_manga_fires_a_request_to_base_url ... ok
[INFO] [stdout] test v5::manga::create_relation::tests::create_manga_relation_fires_a_request_to_base_url ... ok
[INFO] [stdout] test v5::manga::get::tests::get_manga_fires_a_request_to_base_url ... ok
[INFO] [stdout] test v5::manga::delete_relation::tests::delete_manga_relation_requires_auth ... ok
[INFO] [stdout] test v5::manga::delete_relation::tests::delete_manga_relation_fires_a_request_to_base_url ... ok
[INFO] [stdout] test v5::manga::follow::tests::follow_manga_fires_a_request_to_base_url ... ok
[INFO] [stdout] test v5::manga::feed::tests::get_manga_feed_fires_a_request_to_base_url ... ok
[INFO] [stdout] test v5::manga::get::tests::get_manga_handles_reference_expansion ... ok
[INFO] [stdout] test v5::manga::get::tests::get_manga_handles_null_available_translated_languages_element_value ... ok
[INFO] [stdout] test v5::manga::get_draft::tests::get_manga_draft_fires_a_request_to_base_url ... ok
[INFO] [stdout] test v5::manga::get_draft::tests::get_manga_draft_handles_reference_expansion ... ok
[INFO] [stdout] test v5::manga::get_draft::tests::get_manga_draft_requires_auth ... ok
[INFO] [stdout] test v5::account::create::tests::create_account_fires_a_request_to_base_url ... ok
[INFO] [stdout] test v5::manga::get_read_chapters::tests::get_read_markers_fires_a_request_to_base_url_ungrouped ... ok
[INFO] [stdout] test v5::manga::get_manga_read_chapters::tests::get_manga_read_markers_fires_a_request_to_base_url ... ok
[INFO] [stdout] test v5::manga::get_read_chapters::tests::get_read_markers_fires_a_request_to_base_url_grouped ... ok
[INFO] [stdout] test v5::manga::list_relations::tests::get_manga_fires_a_request_to_base_url ... ok
[INFO] [stdout] test v5::auth::refresh_token::tests::refresh_handles_401 ... ok
[INFO] [stdout] test v5::manga::random::tests::get_random_manga_deserialize_handles_links_field ... ok
[INFO] [stdout] test v5::manga::list_tags::tests::get_manga_fires_a_request_to_base_url ... ok
[INFO] [stdout] test v5::manga::random::tests::get_random_manga_deserialize_handles_empty_array_links_field ... ok
[INFO] [stdout] test v5::manga::submit_draft::tests::submit_manga_draft_requires_auth ... ok
[INFO] [stdout] test v5::manga::remove_from_custom_list::tests::remove_manga_from_custom_list_fires_a_request_to_base_url ... ok
[INFO] [stdout] test v5::manga::list_drafts::tests::list_manga_drafts_handles_400 ... ok
[INFO] [stdout] test v5::manga::reading_status::tests::manga_reading_status_fires_a_request_to_base_url ... ok
[INFO] [stdout] test v5::manga::random::tests::get_random_manga_fires_a_request_to_base_url ... ok
[INFO] [stdout] test v5::manga::random::tests::get_random_manga_handles_http_503 ... ok
[INFO] [stdout] test v5::manga::unfollow::tests::unfollow_manga_fires_a_request_to_base_url ... ok
[INFO] [stdout] test v5::manga::submit_draft::tests::submit_manga_draft_fires_a_request_to_base_url ... ok
[INFO] [stdout] test v5::manga::list::tests::list_manga_fires_a_request_to_base_url ... ok
[INFO] [stdout] test v5::manga::update::tests::update_chapter_fires_a_request_to_base_url ... ok
[INFO] [stdout] test v5::manga::list_drafts::tests::list_manga_drafts_fires_a_request_to_base_url ... ok
[INFO] [stdout] test v5::manga::update::tests::update_manga_sends_last_volume_with_value ... ok
[INFO] [stdout] test v5::manga::list::tests::list_manga_handles_400 ... ok
[INFO] [stdout] test v5::manga::list_drafts::tests::list_manga_drafts_requires_auth ... ok
[INFO] [stdout] test v5::manga::update_reading_status::tests::update_manga_reading_status_sets_status_to_null ... ok
[INFO] [stdout] test v5::manga::reading_statuses::tests::manga_reading_status_fires_a_request_to_base_url ... ok
[INFO] [stdout] test v5::manga::update::tests::update_manga_sends_null_last_volume ... ok
[INFO] [stdout] test v5::rating::create_update_for_manga::tests::create_update_manga_rating_sets_rating_above_max_to_10 ... ok
[INFO] [stdout] test v5::manga::update_reading_status::tests::update_manga_reading_status_fires_a_request_to_base_url ... ok
[INFO] [stdout] test v5::rating::create_update_for_manga::tests::create_update_manga_rating_requires_auth ... ok
[INFO] [stdout] test v5::manga::update::tests::update_manga_does_not_include_last_volume_when_not_used ... ok
[INFO] [stdout] test v5::rating::create_update_for_manga::tests::create_update_manga_rating_fires_a_request_to_base_url ... ok
[INFO] [stdout] test v5::rating::create_update_for_manga::tests::create_update_manga_rating_sets_rating_below_min_to_1 ... ok
[INFO] [stdout] test v5::rating::delete_for_manga::tests::delete_manga_rating_fires_a_request_to_base_url ... ok
[INFO] [stdout] test v5::rating::delete_for_manga::tests::delete_manga_rating_requires_auth ... ok
[INFO] [stdout] test v5::scanlation_group::delete::tests::delete_group_fires_a_request_to_base_url ... ok
[INFO] [stdout] test v5::report::list::tests::list_report_reasons_fires_a_request_to_base_url ... ok
[INFO] [stdout] test v5::report::create::tests::create_report_reasons_fires_a_request_to_base_url ... ok
[INFO] [stdout] test v5::scanlation_group::create::tests::create_scanlation_group_fires_a_request_to_base_url ... ok
[INFO] [stdout] test v5::report::list_reports_by_user::tests::list_reports_by_user_fires_a_request_to_base_url ... ok
[INFO] [stdout] test v5::scanlation_group::update::tests::update_group_fires_a_request_to_base_url ... ok
[INFO] [stdout] test v5::scanlation_group::follow::tests::follow_group_fires_a_request_to_base_url ... ok
[INFO] [stdout] test v5::scanlation_group::unfollow::tests::unfollow_group_fires_a_request_to_base_url ... ok
[INFO] [stdout] test v5::scanlation_group::get::tests::get_group_fires_a_request_to_base_url ... ok
[INFO] [stdout] test v5::upload::delete_image::tests::delete_image_fires_a_request_to_base_url ... ok
[INFO] [stdout] test v5::upload::delete_images::tests::delete_images_fires_a_request_to_base_url ... ok
[INFO] [stdout] test v5::rating::get_your_manga_ratings::tests::your_manga_ratings_requires_auth ... ok
[INFO] [stdout] test v5::statistics::get_manga::tests::find_manga_statistics_fires_a_request_to_base_url ... ok
[INFO] [stdout] test v5::upload::upload_images::tests::upload_images_fires_a_request_to_base_url ... ok
[INFO] [stdout] test v5::upload::abandon_session::tests::abandon_session_fires_a_request_to_base_url ... ok
[INFO] [stdout] test v5::rating::get_your_manga_ratings::tests::your_manga_ratings_fires_a_request_to_base_url ... ok
[INFO] [stdout] test v5::upload::start_edit_chapter_session::tests::start_edit_chapter_session_fires_a_request_to_base_url ... ok
[INFO] [stdout] test v5::upload::start_session::tests::start_upload_session_fires_a_request_to_base_url ... ok
[INFO] [stdout] test v5::scanlation_group::list::tests::list_scanlation_groups_handles_400 ... ok
[INFO] [stdout] test v5::user::approve_deletion::tests::approve_deletion_fires_a_request_to_base_url ... ok
[INFO] [stdout] test v5::upload::get_session::tests::get_upload_session_fires_a_request_to_base_url ... ok
[INFO] [stdout] test v5::scanlation_group::list::tests::list_scanlation_groups_fires_a_request_to_base_url ... ok
[INFO] [stdout] test v5::user::custom_lists::tests::get_user_custom_lists_fires_a_request_to_base_url ... ok
[INFO] [stdout] test v5::upload::commit_session::tests::commit_upload_session_fires_a_request_to_base_url ... ok
[INFO] [stdout] test v5::user::delete::tests::delete_user_fires_a_request_to_base_url ... ok
[INFO] [stdout] test v5::user::is_following_custom_list::tests::custom_list_does_not_exist ... ok
[INFO] [stdout] test v5::user::get::tests::get_user_fires_a_request_to_base_url ... ok
[INFO] [stdout] test v5::statistics::find_manga::tests::find_manga_statistics_fires_a_request_to_base_url ... ok
[INFO] [stdout] test v5::user::is_following_custom_list::tests::user_does_not_follow_custom_list ... ok
[INFO] [stdout] test v5::user::is_following_group::tests::scanlation_group_does_not_exist ... ok
[INFO] [stdout] test v5::user::followed_custom_lists::tests::get_followed_custom_lists_fires_a_request_to_base_url ... ok
[INFO] [stdout] test v5::user::is_following_custom_list::tests::user_follows_custom_list ... ok
[INFO] [stdout] test v5::user::is_following_manga::tests::user_does_not_follow_manga ... ok
[INFO] [stdout] test v5::user::is_following_group::tests::user_follows_scanlation_group ... ok
[INFO] [stdout] test v5::user::is_following_group::tests::user_does_not_follow_scanlation_group ... ok
[INFO] [stdout] test v5::user::followed_manga::tests::get_followed_manga_fires_a_request_to_base_url_ungrouped ... ok
[INFO] [stdout] test v5::user::followed_groups::tests::get_followed_groups_fires_a_request_to_base_url_ungrouped ... ok
[INFO] [stdout] test v5::user::is_following_manga::tests::user_is_following_manga ... ok
[INFO] [stdout] test v5::user::is_following_manga::tests::manga_does_not_exist ... ok
[INFO] [stdout] test v5::user::is_following_user::tests::user_does_not_follow_user ... ok
[INFO] [stdout] test v5::user::followed_manga_feed::tests::get_followed_manga_feed_fires_a_request_to_base_url ... ok
[INFO] [stdout] test v5::user::is_following_user::tests::user_does_not_exist ... ok
[INFO] [stdout] test v5::user::is_following_user::tests::user_follows_user ... ok
[INFO] [stdout] test v5::user::followed_users::tests::get_followed_users_fires_a_request_to_base_url ... ok
[INFO] [stdout] test v5::user::me::tests::get_my_details_fires_a_request_to_base_url ... ok
[INFO] [stdout] test v5::user::update_email::tests::update_email_fires_a_request_to_base_url ... ok
[INFO] [stdout] test v5::user::update_password::tests::update_password_fires_a_request_to_base_url ... ok
[INFO] [stdout] test v5::user::my_custom_lists::tests::get_my_custom_lists_fires_a_request_to_base_url ... ok
[INFO] [stdout] test v5::user::list::tests::list_manga_handles_400 ... ok
[INFO] [stdout] test v5::user::list::tests::list_user_fires_a_request_to_base_url ... ok
[INFO] [stdout] 
[INFO] [stdout] test result: ok. 159 passed; 0 failed; 0 ignored; 0 measured; 0 filtered out; finished in 5.07s
[INFO] [stdout] 
[INFO] [stderr]    Doc-tests mangadex_api
[INFO] [stdout] 
[INFO] [stdout] running 133 tests
[INFO] [stdout] test src/http_client.rs - http_client::endpoint (line 192) ... ignored
[INFO] [stdout] test src/http_client.rs - http_client::endpoint (line 208) ... ignored
[INFO] [stdout] test src/http_client.rs - http_client::endpoint (line 227) ... ignored
[INFO] [stdout] test src/v5/account/check_username_available.rs - v5::account::check_username_available (line 7) ... ok
[INFO] [stdout] test src/v5/account/activate.rs - v5::account::activate (line 7) ... ok
[INFO] [stdout] test src/v5/account/resend_activation_code.rs - v5::account::resend_activation_code (line 7) ... ok
[INFO] [stdout] test src/http_client.rs - http_client::HttpClient::builder (line 58) ... ok
[INFO] [stdout] test src/v5.rs - v5::MangaDexClient::new (line 91) ... ok
[INFO] [stdout] test src/v5/account/recover.rs - v5::account::recover (line 7) ... ok
[INFO] [stdout] test src/v5/account/create.rs - v5::account::create (line 7) ... ok
[INFO] [stdout] test src/v5.rs - v5::MangaDexClient::default (line 69) ... ok
[INFO] [stdout] test src/v5/account/complete_recovery.rs - v5::account::complete_recovery (line 7) ... ok
[INFO] [stdout] test src/v5.rs - v5::MangaDexClient::new_with_http_client (line 119) ... ok
[INFO] [stdout] test src/../README.md - (line 171) ... ok
[INFO] [stdout] test src/../README.md - (line 248) ... ok
[INFO] [stdout] test src/../README.md - (line 150) ... ok
[INFO] [stdout] test src/../README.md - (line 204) ... ok
[INFO] [stdout] test src/../README.md - (line 314) ... ok
[INFO] [stdout] test src/v5/at_home/server.rs - v5::at_home::server (line 7) ... ok
[INFO] [stdout] test src/v5/auth/login.rs - v5::auth::login (line 9) ... ok
[INFO] [stdout] test src/v5/auth/check_token.rs - v5::auth::check_token (line 7) ... ok
[INFO] [stdout] test src/v5/auth/logout.rs - v5::auth::logout (line 7) ... ok
[INFO] [stdout] test src/v5/captcha/solve.rs - v5::captcha::solve (line 15) ... ok
[INFO] [stdout] test src/v5/auth/refresh_token.rs - v5::auth::refresh_token (line 7) ... ok
[INFO] [stdout] test src/v5/chapter/delete.rs - v5::chapter::delete (line 7) ... ok
[INFO] [stdout] test src/v5/chapter/get.rs - v5::chapter::get (line 7) ... ok
[INFO] [stdout] test src/v5/chapter/list.rs - v5::chapter::list (line 7) ... ok
[INFO] [stdout] test src/v5/author/create.rs - v5::author::create (line 7) ... ok
[INFO] [stdout] test src/v5/author/delete.rs - v5::author::delete (line 7) ... ok
[INFO] [stdout] test src/v5/author/list.rs - v5::author::list (line 7) ... ok
[INFO] [stdout] test src/v5/author/get.rs - v5::author::get (line 7) ... ok
[INFO] [stdout] test src/v5/author/update.rs - v5::author::update (line 7) ... ok
[INFO] [stdout] test src/v5/chapter/mark_batch.rs - v5::chapter::mark_batch (line 7) ... ok
[INFO] [stdout] test src/v5/chapter/mark_read.rs - v5::chapter::mark_read (line 7) ... ok
[INFO] [stdout] test src/v5/cover/get.rs - v5::cover::get (line 7) ... ok
[INFO] [stdout] test src/v5/cover/list.rs - v5::cover::list (line 7) ... ok
[INFO] [stdout] test src/v5/chapter/mark_unread.rs - v5::chapter::mark_unread (line 7) ... ok
[INFO] [stdout] test src/v5/chapter/update.rs - v5::chapter::update (line 7) ... ok
[INFO] [stdout] test src/v5/cover/edit.rs - v5::cover::edit (line 7) ... ok
[INFO] [stdout] test src/v5/cover/delete.rs - v5::cover::delete (line 7) ... ok
[INFO] [stdout] test src/v5/custom_list/create.rs - v5::custom_list::create (line 7) ... ok
[INFO] [stdout] test src/v5/custom_list/delete.rs - v5::custom_list::delete (line 7) ... ok
[INFO] [stdout] test src/v5/cover/upload.rs - v5::cover::upload (line 5) ... ok
[INFO] [stdout] test src/v5/custom_list/follow.rs - v5::custom_list::follow (line 7) ... ok
[INFO] [stdout] test src/v5/custom_list/get.rs - v5::custom_list::get (line 7) ... ok
[INFO] [stdout] test src/v5/custom_list/manga_feed.rs - v5::custom_list::manga_feed (line 7) ... ok
[INFO] [stdout] test src/v5/custom_list/update.rs - v5::custom_list::update (line 7) ... ok
[INFO] [stdout] test src/v5/custom_list/unfollow.rs - v5::custom_list::unfollow (line 7) ... ok
[INFO] [stdout] test src/v5/feed.rs - v5::feed::FeedBuilder::custom_list_manga (line 67) ... ok
[INFO] [stdout] test src/v5/infrastructure/ping.rs - v5::infrastructure::ping (line 7) ... ok
[INFO] [stdout] test src/v5/legacy/id_mapping.rs - v5::legacy::id_mapping (line 7) ... ok
[INFO] [stdout] test src/v5/feed.rs - v5::feed::FeedBuilder::followed_manga (line 27) ... ok
[INFO] [stdout] test src/v5/manga/create.rs - v5::manga::create (line 5) ... ok
[INFO] [stdout] test src/v5/manga/add_to_custom_list.rs - v5::manga::add_to_custom_list (line 7) ... ok
[INFO] [stdout] test src/v5/manga/create_relation.rs - v5::manga::create_relation (line 9) ... ok
[INFO] [stdout] test src/v5/manga/aggregate.rs - v5::manga::aggregate (line 7) ... ok
[INFO] [stdout] test src/v5/manga/delete_relation.rs - v5::manga::delete_relation (line 11) ... ok
[INFO] [stdout] test src/v5/manga/delete.rs - v5::manga::delete (line 7) ... ok
[INFO] [stdout] test src/v5/manga/feed.rs - v5::manga::feed (line 7) ... ok
[INFO] [stdout] test src/v5/manga/get.rs - v5::manga::get (line 7) ... ok
[INFO] [stdout] test src/v5/manga/follow.rs - v5::manga::follow (line 7) ... ok
[INFO] [stdout] test src/v5/manga/get_draft.rs - v5::manga::get_draft (line 12) ... ok
[INFO] [stdout] test src/v5/manga/get_manga_read_chapters.rs - v5::manga::get_manga_read_chapters (line 7) ... ok
[INFO] [stdout] test src/v5/manga/get_read_chapters.rs - v5::manga::get_read_chapters (line 7) ... ok
[INFO] [stdout] test src/v5/manga/list.rs - v5::manga::list (line 7) ... ok
[INFO] [stdout] test src/v5/manga/list_drafts.rs - v5::manga::list_drafts (line 9) ... ok
[INFO] [stdout] test src/v5/manga/list_tags.rs - v5::manga::list_tags (line 7) ... ok
[INFO] [stdout] test src/v5/manga/random.rs - v5::manga::random (line 7) ... ok
[INFO] [stdout] test src/v5/manga/list_relations.rs - v5::manga::list_relations (line 9) ... ok
[INFO] [stdout] test src/v5/manga/reading_status.rs - v5::manga::reading_status (line 7) ... ok
[INFO] [stdout] test src/v5/manga/reading_statuses.rs - v5::manga::reading_statuses (line 7) ... ok
[INFO] [stdout] test src/v5/manga/unfollow.rs - v5::manga::unfollow (line 7) ... ok
[INFO] [stdout] test src/v5/manga/update.rs - v5::manga::update (line 7) ... ok
[INFO] [stdout] test src/v5/manga/submit_draft.rs - v5::manga::submit_draft (line 11) ... ok
[INFO] [stdout] test src/v5/manga/remove_from_custom_list.rs - v5::manga::remove_from_custom_list (line 7) ... ok
[INFO] [stdout] test src/v5/manga/update_reading_status.rs - v5::manga::update_reading_status (line 7) ... ok
[INFO] [stdout] test src/v5/rating/delete_for_manga.rs - v5::rating::delete_for_manga (line 9) ... ok
[INFO] [stdout] test src/v5/rating/create_update_for_manga.rs - v5::rating::create_update_for_manga (line 9) ... ok
[INFO] [stdout] test src/v5/rating/get_your_manga_ratings.rs - v5::rating::get_your_manga_ratings (line 9) ... ok
[INFO] [stdout] test src/v5/report/list.rs - v5::report::list (line 7) ... ok
[INFO] [stdout] test src/v5/settings.rs - v5::settings::SettingsBuilder::create_or_update_user_settings (line 37) ... ignored
[INFO] [stdout] test src/v5/settings.rs - v5::settings::SettingsBuilder::create_template (line 65) ... ignored
[INFO] [stdout] test src/v5/settings.rs - v5::settings::SettingsBuilder::get_latest_template (line 93) ... ignored
[INFO] [stdout] test src/v5/settings.rs - v5::settings::SettingsBuilder::get_template_by_version_id (line 122) ... ignored
[INFO] [stdout] test src/v5/settings.rs - v5::settings::SettingsBuilder::get_user_settings (line 153) ... ignored
[INFO] [stdout] test src/v5/settings/create_or_update_user_settings.rs - v5::settings::create_or_update_user_settings (line 5) ... ignored
[INFO] [stdout] test src/v5/settings/create_template.rs - v5::settings::create_template (line 5) ... ignored
[INFO] [stdout] test src/v5/settings/get_latest_template.rs - v5::settings::get_latest_template (line 5) ... ignored
[INFO] [stdout] test src/v5/settings/get_template_by_version_id.rs - v5::settings::get_template_by_version_id (line 5) ... ignored
[INFO] [stdout] test src/v5/settings/get_user_settings.rs - v5::settings::get_user_settings (line 5) ... ignored
[INFO] [stdout] test src/v5/report/create.rs - v5::report::create (line 7) ... ok
[INFO] [stdout] test src/v5/report/list_reports_by_user.rs - v5::report::list_reports_by_user (line 7) ... ok
[INFO] [stdout] test src/v5/scanlation_group/create.rs - v5::scanlation_group::create (line 7) ... ok
[INFO] [stdout] test src/v5/scanlation_group/delete.rs - v5::scanlation_group::delete (line 7) ... ok
[INFO] [stdout] test src/v5/scanlation_group/follow.rs - v5::scanlation_group::follow (line 7) ... ok
[INFO] [stdout] test src/v5/scanlation_group/get.rs - v5::scanlation_group::get (line 7) ... ok
[INFO] [stdout] test src/v5/scanlation_group/unfollow.rs - v5::scanlation_group::unfollow (line 7) ... ok
[INFO] [stdout] test src/v5/scanlation_group/list.rs - v5::scanlation_group::list (line 7) ... ok
[INFO] [stdout] test src/v5/search.rs - v5::search::SearchBuilder::author (line 30) ... ok
[INFO] [stdout] test src/v5/scanlation_group/update.rs - v5::scanlation_group::update (line 7) ... ok
[INFO] [stdout] test src/v5/search.rs - v5::search::SearchBuilder::chapter (line 58) ... ok
[INFO] [stdout] test src/v5/search.rs - v5::search::SearchBuilder::manga (line 113) ... ok
[INFO] [stdout] test src/v5/search.rs - v5::search::SearchBuilder::cover (line 86) ... ok
[INFO] [stdout] test src/v5/search.rs - v5::search::SearchBuilder::scanlation_group (line 141) ... ok
[INFO] [stdout] test src/v5/statistics/find_manga.rs - v5::statistics::find_manga (line 9) ... ok
[INFO] [stdout] test src/v5/statistics/get_manga.rs - v5::statistics::get_manga (line 9) ... ok
[INFO] [stdout] test src/v5/upload/delete_image.rs - v5::upload::delete_image (line 7) ... ok
[INFO] [stdout] test src/v5/upload/commit_session.rs - v5::upload::commit_session (line 7) ... ok
[INFO] [stdout] test src/v5/upload/delete_images.rs - v5::upload::delete_images (line 7) ... ok
[INFO] [stdout] test src/v5/upload/abandon_session.rs - v5::upload::abandon_session (line 7) ... ok
[INFO] [stdout] test src/v5/upload/get_session.rs - v5::upload::get_session (line 7) ... ok
[INFO] [stdout] test src/v5/upload/start_session.rs - v5::upload::start_session (line 5) ... ok
[INFO] [stdout] test src/v5/upload/start_edit_chapter_session.rs - v5::upload::start_edit_chapter_session (line 5) ... ok
[INFO] [stdout] test src/v5/upload/upload_images.rs - v5::upload::upload_images (line 7) ... ok
[INFO] [stdout] test src/v5/user/approve_deletion.rs - v5::user::approve_deletion (line 7) ... ok
[INFO] [stdout] test src/v5/user/custom_lists.rs - v5::user::custom_lists (line 7) ... ok
[INFO] [stdout] test src/v5/user/delete.rs - v5::user::delete (line 7) ... ok
[INFO] [stdout] test src/v5/user/followed_custom_lists.rs - v5::user::followed_custom_lists (line 7) ... ok
[INFO] [stdout] test src/v5/user/followed_manga.rs - v5::user::followed_manga (line 7) ... ok
[INFO] [stdout] test src/v5/user/followed_groups.rs - v5::user::followed_groups (line 7) ... ok
[INFO] [stdout] test src/v5/user/followed_users.rs - v5::user::followed_users (line 7) ... ok
[INFO] [stdout] test src/v5/user/is_following_custom_list.rs - v5::user::is_following_custom_list (line 7) ... ok
[INFO] [stdout] test src/v5/user/followed_manga_feed.rs - v5::user::followed_manga_feed (line 7) ... ok
[INFO] [stdout] test src/v5/user/get.rs - v5::user::get (line 7) ... ok
[INFO] [stdout] test src/v5/user/is_following_group.rs - v5::user::is_following_group (line 7) ... ok
[INFO] [stdout] test src/v5/user/is_following_manga.rs - v5::user::is_following_manga (line 7) ... ok
[INFO] [stdout] test src/v5/user/is_following_user.rs - v5::user::is_following_user (line 7) ... ok
[INFO] [stdout] test src/v5/user/list.rs - v5::user::list (line 9) ... ok
[INFO] [stdout] test src/v5/user/me.rs - v5::user::me (line 7) ... ok
[INFO] [stdout] test src/v5/user/my_custom_lists.rs - v5::user::my_custom_lists (line 7) ... ok
[INFO] [stdout] test src/v5/user/update_email.rs - v5::user::update_email (line 7) ... ok
[INFO] [stdout] test src/v5/user/update_password.rs - v5::user::update_password (line 7) ... ok
[INFO] [stdout] test src/../README.md - (line 120) ... FAILED
[INFO] [stdout] 
[INFO] [stdout] failures:
[INFO] [stdout] 
[INFO] [stdout] ---- src/../README.md - (line 120) stdout ----
[INFO] [stdout] Test executable failed (exit status: 1).
[INFO] [stdout] 
[INFO] [stdout] stderr:
[INFO] [stdout] Error: failed to send a request to MangaDex: reqwest::Error { kind: Request, url: Url { scheme: "https", cannot_be_a_base: false, username: "", password: None, host: Some(Domain("api.mangadex.org")), port: None, path: "/manga/random", query: Some(""), fragment: None }, source: hyper::Error(Connect, ConnectError("dns error", Custom { kind: Uncategorized, error: "failed to lookup address information: Temporary failure in name resolution" })) }
[INFO] [stdout] 
[INFO] [stdout] Caused by:
[INFO] [stdout]     0: error sending request for url (https://api.mangadex.org/manga/random?): error trying to connect: dns error: failed to lookup address information: Temporary failure in name resolution
[INFO] [stdout]     1: error trying to connect: dns error: failed to lookup address information: Temporary failure in name resolution
[INFO] [stdout]     2: dns error: failed to lookup address information: Temporary failure in name resolution
[INFO] [stdout]     3: failed to lookup address information: Temporary failure in name resolution
[INFO] [stdout] 
[INFO] [stdout] 
[INFO] [stdout] 
[INFO] [stdout] failures:
[INFO] [stdout]     src/../README.md - (line 120)
[INFO] [stdout] 
[INFO] [stdout] test result: FAILED. 119 passed; 1 failed; 13 ignored; 0 measured; 0 filtered out; finished in 2.46s
[INFO] [stdout] 
[INFO] [stderr] error: doctest failed, to rerun pass `--doc`
[INFO] running `Command { std: "docker" "inspect" "6a97a9fdc1e132ce79839d6dcccd123308356ccdf3dce0baddf73515a0eac50f", kill_on_drop: false }`
[INFO] running `Command { std: "docker" "rm" "-f" "6a97a9fdc1e132ce79839d6dcccd123308356ccdf3dce0baddf73515a0eac50f", kill_on_drop: false }`
[INFO] [stdout] 6a97a9fdc1e132ce79839d6dcccd123308356ccdf3dce0baddf73515a0eac50f
