[INFO] fetching crate malwaredb 0.0.14...
[INFO] testing malwaredb-0.0.14 against nightly-2024-10-28 for randomize-layout
[INFO] extracting crate malwaredb 0.0.14 into /workspace/builds/worker-7-tc1/source
[INFO] validating manifest of crates.io crate malwaredb 0.0.14 on toolchain nightly-2024-10-28
[INFO] running `Command { std: CARGO_HOME="/workspace/cargo-home" RUSTUP_HOME="/workspace/rustup-home" "/workspace/cargo-home/bin/cargo" "+nightly-2024-10-28" "metadata" "--manifest-path" "Cargo.toml" "--no-deps", kill_on_drop: false }`
[INFO] started tweaking crates.io crate malwaredb 0.0.14
[INFO] finished tweaking crates.io crate malwaredb 0.0.14
[INFO] tweaked toml for crates.io crate malwaredb 0.0.14 written to /workspace/builds/worker-7-tc1/source/Cargo.toml
[INFO] crate crates.io crate malwaredb 0.0.14 already has a lockfile, it will not be regenerated
[INFO] running `Command { std: CARGO_HOME="/workspace/cargo-home" RUSTUP_HOME="/workspace/rustup-home" "/workspace/cargo-home/bin/cargo" "+nightly-2024-10-28" "fetch" "--manifest-path" "Cargo.toml", kill_on_drop: false }`
[INFO] [stderr]     Updating crates.io index
[INFO] [stderr]     Blocking waiting for file lock on package cache
[INFO] [stderr]  Downloading crates ...
[INFO] [stderr]   Downloaded cc v1.1.23
[INFO] [stderr]   Downloaded const-field-offset-macro v0.1.5
[INFO] [stderr]   Downloaded tracing-flame v0.2.0
[INFO] [stderr]   Downloaded pin-weak v1.1.0
[INFO] [stderr]   Downloaded unicode-bidi-mirroring v0.2.0
[INFO] [stderr]   Downloaded datasize_derive v0.2.15
[INFO] [stderr]   Downloaded malwaredb-murmurhash3 v0.1.1
[INFO] [stderr]   Downloaded pdf_derive v0.2.0
[INFO] [stderr]   Downloaded vergen-lib v0.1.4
[INFO] [stderr]   Downloaded vtable v0.2.0
[INFO] [stderr]   Downloaded magic-sys v0.3.0
[INFO] [stderr]   Downloaded drm-ffi v0.8.0
[INFO] [stderr]   Downloaded deadpool v0.12.1
[INFO] [stderr]   Downloaded axum-macros v0.4.2
[INFO] [stderr]   Downloaded cart_container v1.0.0
[INFO] [stderr]   Downloaded clap_complete v4.5.29
[INFO] [stderr]   Downloaded malwaredb-lzjd v0.1.3
[INFO] [stderr]   Downloaded malwaredb-server v0.0.14
[INFO] [stderr]   Downloaded pdf v0.9.0
[INFO] [stderr]   Downloaded tower-http v0.6.1
[INFO] [stderr]   Downloaded fontdue v0.9.2
[INFO] [stderr]   Downloaded slint v1.8.0
[INFO] [stderr]   Downloaded usvg v0.42.0
[INFO] [stderr]   Downloaded skia-bindings v0.78.2
[INFO] [stderr]   Downloaded bindgen v0.69.4
[INFO] [stderr]   Downloaded i-slint-core v1.8.0
[INFO] [stderr]   Downloaded rustybuzz v0.14.1
[INFO] [stderr]   Downloaded femtovg v0.9.2
[INFO] [stderr]   Downloaded input-sys v1.18.0
[INFO] [stderr]   Downloaded ttf-parser v0.21.1
[INFO] [stderr]   Downloaded skia-safe v0.78.2
[INFO] [stderr]   Downloaded async-compression v0.4.12
[INFO] [stderr]   Downloaded i-slint-common v1.8.0
[INFO] [stderr]   Downloaded i-slint-compiler v1.8.0
[INFO] [stderr]   Downloaded libz-ng-sys v1.1.16
[INFO] [stderr]   Downloaded kurbo v0.11.1
[INFO] [stderr]   Downloaded fontdb v0.18.0
[INFO] [stderr]   Downloaded resvg v0.42.0
[INFO] [stderr]   Downloaded nt-time v0.10.1
[INFO] [stderr]   Downloaded calloop v0.14.1
[INFO] [stderr]   Downloaded drm v0.12.0
[INFO] [stderr]   Downloaded input v0.9.1
[INFO] [stderr]   Downloaded i-slint-renderer-skia v1.8.0
[INFO] [stderr]   Downloaded i-slint-backend-winit v1.8.0
[INFO] [stderr]   Downloaded i-slint-renderer-femtovg v1.8.0
[INFO] [stderr]   Downloaded winresource v0.1.17
[INFO] [stderr]   Downloaded deadpool-postgres v0.14.0
[INFO] [stderr]   Downloaded i-slint-backend-linuxkms v1.8.0
[INFO] [stderr]   Downloaded qttypes v0.2.11
[INFO] [stderr]   Downloaded i-slint-backend-qt v1.8.0
[INFO] [stderr]   Downloaded derive_utils v0.14.2
[INFO] [stderr]   Downloaded lyon_algorithms v1.0.4
[INFO] [stderr]   Downloaded slint-build v1.8.0
[INFO] [stderr]   Downloaded constcat v0.5.0
[INFO] [stderr]   Downloaded magic v0.16.2
[INFO] [stderr]   Downloaded postgres-derive v0.4.6
[INFO] [stderr]   Downloaded rc4 v0.1.0
[INFO] [stderr]   Downloaded tlsh-fixed v0.1.1
[INFO] [stderr]   Downloaded hamming v0.1.3
[INFO] [stderr]   Downloaded tuple v0.5.2
[INFO] [stderr]   Downloaded istring v0.3.4
[INFO] [stderr]   Downloaded malwaredb-virustotal v0.1.3
[INFO] [stderr]   Downloaded drm-sys v0.7.0
[INFO] [stderr]   Downloaded gbm-sys v0.3.1
[INFO] [stderr]   Downloaded gbm v0.15.0
[INFO] [stderr]   Downloaded udev v0.9.0
[INFO] [stderr]   Downloaded xkbcommon v0.8.0
[INFO] [stderr]   Downloaded raw-window-metal v1.0.0
[INFO] [stderr]   Downloaded ctor-lite v0.1.0
[INFO] [stderr]   Downloaded i-slint-backend-selector v1.8.0
[INFO] [stderr]   Downloaded clru v0.6.2
[INFO] [stderr]   Downloaded i-slint-core-macros v1.8.0
[INFO] [stderr]   Downloaded slint-macros v1.8.0
[INFO] [stderr]   Downloaded const-field-offset v0.1.5
[INFO] [stderr]   Downloaded vtable-macro v0.2.0
[INFO] [stderr]   Downloaded xor-utils v0.6.0
[INFO] [stderr]   Downloaded linux-raw-sys v0.6.5
[INFO] [stderr]   Downloaded by_address v1.2.1
[INFO] [stderr]   Downloaded codemap v0.1.3
[INFO] [stderr]   Downloaded codemap-diagnostic v0.1.2
[INFO] [stderr]   Downloaded lyon_extra v1.0.2
[INFO] [stderr]   Downloaded unicode-ccc v0.2.0
[INFO] [stderr]   Downloaded siphasher v1.0.1
[INFO] [stderr]   Downloaded svgtypes v0.15.2
[INFO] [stderr]   Downloaded human-hash v0.4.0
[INFO] [stderr]   Downloaded malwaredb-api v0.0.14
[INFO] [stderr]   Downloaded fax_derive v0.1.0
[INFO] [stderr]   Downloaded globalcache v0.2.4
[INFO] [stderr]   Downloaded datasize v0.2.15
[INFO] [stderr]   Downloaded malwaredb-types v0.0.14
[INFO] [stderr]   Downloaded auto_enums v0.8.6
[INFO] [stderr]   Downloaded postgres v0.19.9
[INFO] [stderr]   Downloaded fuzzyhash v0.2.2
[INFO] [stderr]   Downloaded lyon_path v1.0.5
[INFO] [stderr]   Downloaded vergen v9.0.1
[INFO] [stderr]   Downloaded fax v0.2.4
[INFO] [stderr]   Downloaded drm-fourcc v2.2.0
[INFO] [stderr]   Downloaded tiny-xlib v0.2.3
[INFO] [stderr]   Downloaded dwrote v0.11.1
[INFO] [stderr]   Downloaded smol_str v0.3.1
[INFO] [stderr]   Downloaded vergen-gitcl v1.0.1
[INFO] [stderr]   Downloaded critical-section v1.1.3
[INFO] running `Command { std: "docker" "create" "-v" "/var/lib/crater-agent-workspace/builds/worker-7-tc1/target:/opt/rustwide/target:rw,Z" "-v" "/var/lib/crater-agent-workspace/builds/worker-7-tc1/source:/opt/rustwide/workdir:ro,Z" "-v" "/var/lib/crater-agent-workspace/cargo-home:/opt/rustwide/cargo-home:ro,Z" "-v" "/var/lib/crater-agent-workspace/rustup-home:/opt/rustwide/rustup-home:ro,Z" "-e" "SOURCE_DIR=/opt/rustwide/workdir" "-e" "CARGO_TARGET_DIR=/opt/rustwide/target" "-e" "CARGO_HOME=/opt/rustwide/cargo-home" "-e" "RUSTUP_HOME=/opt/rustwide/rustup-home" "-w" "/opt/rustwide/workdir" "-m" "1610612736" "--user" "0:0" "--network" "none" "ghcr.io/rust-lang/crates-build-env/linux@sha256:4a844ea9eb2546a2d2c7022eacef16ef2e8229c7fbb2c7d4d55a9ceca922f72d" "/opt/rustwide/cargo-home/bin/cargo" "+nightly-2024-10-28" "metadata" "--no-deps" "--format-version=1", kill_on_drop: false }`
[INFO] [stdout] 187daee5f296f5c61b42d93b85a8817eeb7b2ba222e6368edd43426df0a32671
[INFO] running `Command { std: "docker" "start" "-a" "187daee5f296f5c61b42d93b85a8817eeb7b2ba222e6368edd43426df0a32671", kill_on_drop: false }`
[INFO] running `Command { std: "docker" "inspect" "187daee5f296f5c61b42d93b85a8817eeb7b2ba222e6368edd43426df0a32671", kill_on_drop: false }`
[INFO] running `Command { std: "docker" "rm" "-f" "187daee5f296f5c61b42d93b85a8817eeb7b2ba222e6368edd43426df0a32671", kill_on_drop: false }`
[INFO] [stdout] 187daee5f296f5c61b42d93b85a8817eeb7b2ba222e6368edd43426df0a32671
[INFO] running `Command { std: "docker" "create" "-v" "/var/lib/crater-agent-workspace/builds/worker-7-tc1/target:/opt/rustwide/target:rw,Z" "-v" "/var/lib/crater-agent-workspace/builds/worker-7-tc1/source:/opt/rustwide/workdir:ro,Z" "-v" "/var/lib/crater-agent-workspace/cargo-home:/opt/rustwide/cargo-home:ro,Z" "-v" "/var/lib/crater-agent-workspace/rustup-home:/opt/rustwide/rustup-home:ro,Z" "-e" "SOURCE_DIR=/opt/rustwide/workdir" "-e" "CARGO_TARGET_DIR=/opt/rustwide/target" "-e" "CARGO_INCREMENTAL=0" "-e" "RUST_BACKTRACE=full" "-e" "RUSTFLAGS=--cap-lints=forbid" "-e" "RUSTDOCFLAGS=--cap-lints=forbid" "-e" "CARGO_HOME=/opt/rustwide/cargo-home" "-e" "RUSTUP_HOME=/opt/rustwide/rustup-home" "-w" "/opt/rustwide/workdir" "-m" "1610612736" "--user" "0:0" "--network" "none" "ghcr.io/rust-lang/crates-build-env/linux@sha256:4a844ea9eb2546a2d2c7022eacef16ef2e8229c7fbb2c7d4d55a9ceca922f72d" "/opt/rustwide/cargo-home/bin/cargo" "+nightly-2024-10-28" "build" "--frozen" "--message-format=json", kill_on_drop: false }`
[INFO] [stdout] 25ce620ad538917c72d58885d9f90a1fc3a4bdf8ae12fa8f11fa1743ce833e36
[INFO] running `Command { std: "docker" "start" "-a" "25ce620ad538917c72d58885d9f90a1fc3a4bdf8ae12fa8f11fa1743ce833e36", kill_on_drop: false }`
[INFO] [stderr]    Compiling proc-macro2 v1.0.86
[INFO] [stderr]    Compiling libc v0.2.159
[INFO] [stderr]    Compiling version_check v0.9.5
[INFO] [stderr]    Compiling typenum v1.17.0
[INFO] [stderr]    Compiling subtle v2.6.1
[INFO] [stderr]    Compiling byteorder v1.5.0
[INFO] [stderr]    Compiling once_cell v1.20.1
[INFO] [stderr]    Compiling strsim v0.11.1
[INFO] [stderr]    Compiling cpufeatures v0.2.14
[INFO] [stderr]    Compiling rustversion v1.0.17
[INFO] [stderr]    Compiling num-traits v0.2.19
[INFO] [stderr]    Compiling futures-core v0.3.30
[INFO] [stderr]    Compiling generic-array v0.14.7
[INFO] [stderr]    Compiling futures-sink v0.3.30
[INFO] [stderr]    Compiling ahash v0.8.11
[INFO] [stderr]    Compiling crc32fast v1.4.2
[INFO] [stderr]    Compiling futures-task v0.3.30
[INFO] [stderr]    Compiling ident_case v1.0.1
[INFO] [stderr]    Compiling powerfmt v0.2.0
[INFO] [stderr]    Compiling time-core v0.1.2
[INFO] [stderr]    Compiling log v0.4.22
[INFO] [stderr]    Compiling heck v0.5.0
[INFO] [stderr]    Compiling quote v1.0.37
[INFO] [stderr]    Compiling num-conv v0.1.0
[INFO] [stderr]    Compiling allocator-api2 v0.2.18
[INFO] [stderr]    Compiling syn v2.0.79
[INFO] [stderr]    Compiling syn v1.0.109
[INFO] [stderr]    Compiling unicode-normalization v0.1.24
[INFO] [stderr]    Compiling getrandom v0.2.15
[INFO] [stderr]    Compiling rand_core v0.6.4
[INFO] [stderr]    Compiling socket2 v0.5.7
[INFO] [stderr]    Compiling mio v1.0.2
[INFO] [stderr]    Compiling jobserver v0.1.32
[INFO] [stderr]    Compiling smallvec v1.13.2
[INFO] [stderr]    Compiling crypto-common v0.1.6
[INFO] [stderr]    Compiling block-buffer v0.10.4
[INFO] [stderr]    Compiling block-padding v0.3.3
[INFO] [stderr]    Compiling cc v1.1.23
[INFO] [stderr]    Compiling inout v0.1.3
[INFO] [stderr]    Compiling unicode-bidi v0.3.15
[INFO] [stderr]    Compiling digest v0.10.7
[INFO] [stderr]    Compiling unicode-properties v0.1.3
[INFO] [stderr]    Compiling sha2 v0.10.8
[INFO] [stderr]    Compiling cipher v0.4.4
[INFO] [stderr]    Compiling stringprep v0.1.5
[INFO] [stderr]    Compiling http v1.1.0
[INFO] [stderr]    Compiling adler2 v2.0.0
[INFO] [stderr]    Compiling crossbeam-utils v0.8.20
[INFO] [stderr]    Compiling miniz_oxide v0.8.0
[INFO] [stderr]    Compiling md-5 v0.10.6
[INFO] [stderr]    Compiling futures-channel v0.3.30
[INFO] [stderr]    Compiling serde_json v1.0.128
[INFO] [stderr]    Compiling base64 v0.22.1
[INFO] [stderr]    Compiling anyhow v1.0.89
[INFO] [stderr]    Compiling flate2 v1.0.34
[INFO] [stderr]    Compiling anstyle-parse v0.2.5
[INFO] [stderr]    Compiling http-body v1.0.1
[INFO] [stderr]    Compiling hmac v0.12.1
[INFO] [stderr]    Compiling vergen-lib v0.1.4
[INFO] [stderr]    Compiling tracing-core v0.1.32
[INFO] [stderr]    Compiling colorchoice v1.0.2
[INFO] [stderr]    Compiling is_terminal_polyfill v1.70.1
[INFO] [stderr]    Compiling fallible-iterator v0.2.0
[INFO] [stderr]    Compiling siphasher v0.3.11
[INFO] [stderr]    Compiling anstyle v1.0.8
[INFO] [stderr]    Compiling zstd-sys v2.0.13+zstd.1.5.6
[INFO] [stderr]    Compiling anstyle-query v1.1.1
[INFO] [stderr]    Compiling alloc-no-stdlib v2.0.4
[INFO] [stderr]    Compiling doc-comment v0.3.3
[INFO] [stderr]    Compiling zstd-safe v7.2.1
[INFO] [stderr]    Compiling thiserror v1.0.64
[INFO] [stderr]    Compiling alloc-stdlib v0.2.2
[INFO] [stderr]    Compiling anstream v0.6.15
[INFO] [stderr]    Compiling phf_shared v0.11.2
[INFO] [stderr]    Compiling crossbeam-epoch v0.9.18
[INFO] [stderr]    Compiling parking_lot_core v0.9.10
[INFO] [stderr]    Compiling darling_core v0.20.10
[INFO] [stderr]    Compiling vergen v9.0.1
[INFO] [stderr]    Compiling deranged v0.3.11
[INFO] [stderr]    Compiling core2 v0.4.0
[INFO] [stderr]    Compiling clap_lex v0.7.2
[INFO] [stderr]    Compiling rayon-core v1.12.1
[INFO] [stderr]    Compiling heck v0.4.1
[INFO] [stderr]    Compiling rle-decode-fast v1.0.3
[INFO] [stderr]    Compiling adler32 v1.2.0
[INFO] [stderr]    Compiling tower-layer v0.3.3
[INFO] [stderr]    Compiling num_threads v0.1.7
[INFO] [stderr]    Compiling array-init v2.1.0
[INFO] [stderr]    Compiling magic-sys v0.3.0
[INFO] [stderr]    Compiling clap_builder v4.5.18
[INFO] [stderr]    Compiling crossbeam-deque v0.8.5
[INFO] [stderr]    Compiling parking_lot v0.12.3
[INFO] [stderr]    Compiling phf v0.11.2
[INFO] [stderr]    Compiling time v0.3.36
[INFO] [stderr]    Compiling brotli-decompressor v4.0.1
[INFO] [stderr]    Compiling aes v0.8.4
[INFO] [stderr]    Compiling datasize_derive v0.2.15
[INFO] [stderr]    Compiling fax_derive v0.1.0
[INFO] [stderr]    Compiling datasize v0.2.15
[INFO] [stderr]    Compiling snafu-derive v0.7.5
[INFO] [stderr]    Compiling universal-hash v0.5.1
[INFO] [stderr]    Compiling num_cpus v1.16.0
[INFO] [stderr]    Compiling serde_derive v1.0.210
[INFO] [stderr]    Compiling zerocopy-derive v0.7.35
[INFO] [stderr]    Compiling tokio-macros v2.4.0
[INFO] [stderr]    Compiling futures-macro v0.3.30
[INFO] [stderr]    Compiling tokio v1.40.0
[INFO] [stderr]    Compiling zerocopy v0.7.35
[INFO] [stderr]    Compiling darling_macro v0.20.10
[INFO] [stderr]    Compiling futures-util v0.3.30
[INFO] [stderr]    Compiling async-trait v0.1.83
[INFO] [stderr]    Compiling hashbrown v0.14.5
[INFO] [stderr]    Compiling ppv-lite86 v0.2.20
[INFO] [stderr]    Compiling darling v0.20.10
[INFO] [stderr]    Compiling derive_builder_core v0.20.1
[INFO] [stderr]    Compiling indexmap v2.5.0
[INFO] [stderr]    Compiling rand_chacha v0.3.1
[INFO] [stderr]    Compiling thiserror-impl v1.0.64
[INFO] [stderr]    Compiling rand v0.8.5
[INFO] [stderr]    Compiling serde v1.0.210
[INFO] [stderr]    Compiling derive_builder_macro v0.20.1
[INFO] [stderr]    Compiling tracing-attributes v0.1.27
[INFO] [stderr]    Compiling derive_builder v0.20.1
[INFO] [stderr]    Compiling postgres-derive v0.4.6
[INFO] [stderr]    Compiling postgres-protocol v0.6.7
[INFO] [stderr]    Compiling libflate_lz77 v2.1.0
[INFO] [stderr]    Compiling clap_derive v4.5.18
[INFO] [stderr]    Compiling time-macros v0.2.18
[INFO] [stderr]    Compiling tokio-util v0.7.12
[INFO] [stderr]    Compiling vergen-gitcl v1.0.1
[INFO] [stderr]    Compiling tracing v0.1.40
[INFO] [stderr]    Compiling lockfree-object-pool v0.1.6
[INFO] [stderr]    Compiling opaque-debug v0.3.1
[INFO] [stderr]    Compiling web-time v1.1.0
[INFO] [stderr]    Compiling dary_heap v0.3.6
[INFO] [stderr]    Compiling whoami v1.5.2
[INFO] [stderr]    Compiling libm v0.2.8
[INFO] [stderr]    Compiling zip v2.2.0
[INFO] [stderr]    Compiling bumpalo v3.16.0
[INFO] [stderr]    Compiling simd-adler32 v0.3.7
[INFO] [stderr]    Compiling libflate v2.1.0
[INFO] [stderr]    Compiling zopfli v0.8.1
[INFO] [stderr]    Compiling polyval v0.6.2
[INFO] [stderr]    Compiling hyper v1.4.1
[INFO] [stderr]    Compiling deadpool-runtime v0.1.4
[INFO] [stderr]    Compiling http-body-util v0.1.2
[INFO] [stderr]    Compiling clap v4.5.18
[INFO] [stderr]    Compiling snafu v0.7.5
[INFO] [stderr]    Compiling zeroize_derive v1.4.2
[INFO] [stderr]    Compiling displaydoc v0.2.5
[INFO] [stderr]    Compiling chrono v0.4.38
[INFO] [stderr]    Compiling tuple v0.5.2
[INFO] [stderr]    Compiling istring v0.3.4
[INFO] [stderr]    Compiling fax v0.2.4
[INFO] [stderr]    Compiling brotli v6.0.0
[INFO] [stderr]    Compiling pdf_derive v0.2.0
[INFO] [stderr]    Compiling deflate v1.0.0
[INFO] [stderr]    Compiling postgres-types v0.2.8
[INFO] [stderr]    Compiling zstd v0.13.2
[INFO] [stderr]    Compiling cbc v0.1.2
[INFO] [stderr]    Compiling uuid v1.10.0
[INFO] [stderr]    Compiling base64ct v1.6.0
[INFO] [stderr]    Compiling tokio-postgres v0.7.12
[INFO] [stderr]    Compiling globalcache v0.2.4
[INFO] [stderr]    Compiling jpeg-decoder v0.3.1
[INFO] [stderr]    Compiling same-file v1.0.6
[INFO] [stderr]    Compiling sync_wrapper v1.0.1
[INFO] [stderr]    Compiling hex v0.4.3
[INFO] [stderr]    Compiling regex-syntax v0.6.29
[INFO] [stderr]    Compiling weezl v0.1.8
[INFO] [stderr]    Compiling regex-syntax v0.8.5
[INFO] [stderr]    Compiling md5 v0.7.0
[INFO] [stderr]    Compiling walkdir v2.5.0
[INFO] [stderr]    Compiling axum-core v0.4.5
[INFO] [stderr]    Compiling pdf v0.9.0
[INFO] [stderr]    Compiling tower v0.5.1
[INFO] [stderr]    Compiling password-hash v0.5.0
[INFO] [stderr]    Compiling nt-time v0.10.1
[INFO] [stderr]    Compiling rayon v1.10.0
[INFO] [stderr]    Compiling regex-automata v0.1.10
[INFO] [stderr]    Compiling async-compression v0.4.12
[INFO] [stderr]    Compiling regex-automata v0.4.8
[INFO] [stderr]    Compiling zeroize v1.8.1
[INFO] [stderr]    Compiling hyper-util v0.1.9
[INFO] [stderr]    Compiling serde_path_to_error v0.1.16
[INFO] [stderr]    Compiling serde_spanned v0.6.8
[INFO] [stderr]    Compiling toml_datetime v0.6.8
[INFO] [stderr]    Compiling bincode v1.3.3
[INFO] [stderr]    Compiling deadpool v0.12.1
[INFO] [stderr]    Compiling ghash v0.5.1
[INFO] [stderr]    Compiling axum-macros v0.4.2
[INFO] [stderr]    Compiling rc4 v0.1.0
[INFO] [stderr]    Compiling ctr v0.9.2
[INFO] [stderr]    Compiling blake2 v0.10.6
[INFO] [stderr]    Compiling aead v0.5.2
[INFO] [stderr]    Compiling log v0.3.9
[INFO] [stderr]    Compiling malwaredb-server v0.0.14
[INFO] [stderr]    Compiling matchit v0.7.3
[INFO] [stderr]    Compiling overload v0.1.1
[INFO] [stderr]    Compiling fuzzyhash v0.2.2
[INFO] [stderr]    Compiling flagset v0.4.6
[INFO] [stderr]    Compiling hamming v0.1.3
[INFO] [stderr]    Compiling malwaredb-murmurhash3 v0.1.1
[INFO] [stderr]    Compiling winnow v0.6.20
[INFO] [stderr]    Compiling lazy_static v1.5.0
[INFO] [stderr]    Compiling malwaredb-lzjd v0.1.3
[INFO] [stderr]    Compiling xor-utils v0.6.0
[INFO] [stderr]    Compiling sharded-slab v0.1.7
[INFO] [stderr]    Compiling regex v1.11.0
[INFO] [stderr]    Compiling malwaredb-types v0.0.14
[INFO] [stderr]    Compiling humansize v2.1.3
[INFO] [stderr]    Compiling argon2 v0.5.3
[INFO] [stderr]    Compiling nu-ansi-term v0.46.0
[INFO] [stderr]    Compiling aes-gcm v0.10.3
[INFO] [stderr]    Compiling cart_container v1.0.0
[INFO] [stderr]    Compiling malwaredb v0.0.14 (/opt/rustwide/workdir)
[INFO] [stderr]    Compiling deadpool-postgres v0.14.0
[INFO] [stderr]    Compiling matchers v0.1.0
[INFO] [stderr]    Compiling malwaredb-api v0.0.14
[INFO] [stderr]    Compiling axum v0.7.7
[INFO] [stderr]    Compiling tower-http v0.6.1
[INFO] [stderr]    Compiling toml_edit v0.22.22
[INFO] [stderr]    Compiling postgres v0.19.9
[INFO] [stderr]    Compiling magic v0.16.2
[INFO] [stderr]    Compiling human-hash v0.4.0
[INFO] [stderr]    Compiling chrono-humanize v0.2.3
[INFO] [stderr]    Compiling tracing-serde v0.1.3
[INFO] [stderr]    Compiling sha1 v0.10.6
[INFO] [stderr]    Compiling thread_local v1.1.8
[INFO] [stderr]    Compiling tlsh-fixed v0.1.1
[INFO] [stderr]    Compiling constcat v0.5.0
[INFO] [stderr] warning: malwaredb@0.0.14: not within a suitable 'git' worktree!
[INFO] [stderr] warning: malwaredb@0.0.14: VERGEN_GIT_BRANCH set to default
[INFO] [stderr] warning: malwaredb@0.0.14: VERGEN_GIT_COMMIT_AUTHOR_EMAIL set to default
[INFO] [stderr] warning: malwaredb@0.0.14: VERGEN_GIT_COMMIT_AUTHOR_NAME set to default
[INFO] [stderr] warning: malwaredb@0.0.14: VERGEN_GIT_COMMIT_COUNT set to default
[INFO] [stderr] warning: malwaredb@0.0.14: VERGEN_GIT_COMMIT_DATE set to default
[INFO] [stderr] warning: malwaredb@0.0.14: VERGEN_GIT_COMMIT_MESSAGE set to default
[INFO] [stderr] warning: malwaredb@0.0.14: VERGEN_GIT_COMMIT_TIMESTAMP set to default
[INFO] [stderr] warning: malwaredb@0.0.14: VERGEN_GIT_DESCRIBE set to default
[INFO] [stderr] warning: malwaredb@0.0.14: VERGEN_GIT_SHA set to default
[INFO] [stderr] warning: malwaredb@0.0.14: VERGEN_GIT_DIRTY set to default
[INFO] [stderr]    Compiling bytesize v1.3.0
[INFO] [stderr]    Compiling tracing-subscriber v0.3.18
[INFO] [stderr]    Compiling clap_complete v4.5.29
[INFO] [stderr]    Compiling toml v0.8.19
[INFO] [stderr]     Finished `dev` profile [unoptimized + debuginfo] target(s) in 1m 12s
[INFO] running `Command { std: "docker" "inspect" "25ce620ad538917c72d58885d9f90a1fc3a4bdf8ae12fa8f11fa1743ce833e36", kill_on_drop: false }`
[INFO] running `Command { std: "docker" "rm" "-f" "25ce620ad538917c72d58885d9f90a1fc3a4bdf8ae12fa8f11fa1743ce833e36", kill_on_drop: false }`
[INFO] [stdout] 25ce620ad538917c72d58885d9f90a1fc3a4bdf8ae12fa8f11fa1743ce833e36
[INFO] running `Command { std: "docker" "create" "-v" "/var/lib/crater-agent-workspace/builds/worker-7-tc1/target:/opt/rustwide/target:rw,Z" "-v" "/var/lib/crater-agent-workspace/builds/worker-7-tc1/source:/opt/rustwide/workdir:ro,Z" "-v" "/var/lib/crater-agent-workspace/cargo-home:/opt/rustwide/cargo-home:ro,Z" "-v" "/var/lib/crater-agent-workspace/rustup-home:/opt/rustwide/rustup-home:ro,Z" "-e" "SOURCE_DIR=/opt/rustwide/workdir" "-e" "CARGO_TARGET_DIR=/opt/rustwide/target" "-e" "CARGO_INCREMENTAL=0" "-e" "RUST_BACKTRACE=full" "-e" "RUSTFLAGS=--cap-lints=forbid" "-e" "RUSTDOCFLAGS=--cap-lints=forbid" "-e" "CARGO_HOME=/opt/rustwide/cargo-home" "-e" "RUSTUP_HOME=/opt/rustwide/rustup-home" "-w" "/opt/rustwide/workdir" "-m" "1610612736" "--user" "0:0" "--network" "none" "ghcr.io/rust-lang/crates-build-env/linux@sha256:4a844ea9eb2546a2d2c7022eacef16ef2e8229c7fbb2c7d4d55a9ceca922f72d" "/opt/rustwide/cargo-home/bin/cargo" "+nightly-2024-10-28" "test" "--frozen" "--no-run" "--message-format=json", kill_on_drop: false }`
[INFO] [stdout] ee19205deba21b3927b91d7430500c72d8452d723fb9dd9441d1d5400e9d5891
[INFO] running `Command { std: "docker" "start" "-a" "ee19205deba21b3927b91d7430500c72d8452d723fb9dd9441d1d5400e9d5891", kill_on_drop: false }`
[INFO] [stderr]    Compiling libsqlite3-sys v0.30.1
[INFO] [stderr]    Compiling hashlink v0.9.1
[INFO] [stderr]    Compiling fallible-streaming-iterator v0.1.9
[INFO] [stderr]    Compiling fallible-iterator v0.3.0
[INFO] [stderr]    Compiling malwaredb-server v0.0.14
[INFO] [stderr] warning: malwaredb@0.0.14: not within a suitable 'git' worktree!
[INFO] [stderr] warning: malwaredb@0.0.14: VERGEN_GIT_BRANCH set to default
[INFO] [stderr] warning: malwaredb@0.0.14: VERGEN_GIT_COMMIT_AUTHOR_EMAIL set to default
[INFO] [stderr] warning: malwaredb@0.0.14: VERGEN_GIT_COMMIT_AUTHOR_NAME set to default
[INFO] [stderr] warning: malwaredb@0.0.14: VERGEN_GIT_COMMIT_COUNT set to default
[INFO] [stderr] warning: malwaredb@0.0.14: VERGEN_GIT_COMMIT_DATE set to default
[INFO] [stderr] warning: malwaredb@0.0.14: VERGEN_GIT_COMMIT_MESSAGE set to default
[INFO] [stderr] warning: malwaredb@0.0.14: VERGEN_GIT_COMMIT_TIMESTAMP set to default
[INFO] [stderr] warning: malwaredb@0.0.14: VERGEN_GIT_DESCRIBE set to default
[INFO] [stderr] warning: malwaredb@0.0.14: VERGEN_GIT_SHA set to default
[INFO] [stderr] warning: malwaredb@0.0.14: VERGEN_GIT_DIRTY set to default
[INFO] [stderr]    Compiling rusqlite v0.32.1
[INFO] [stderr]    Compiling malwaredb v0.0.14 (/opt/rustwide/workdir)
[INFO] [stderr]     Finished `test` profile [unoptimized + debuginfo] target(s) in 12.30s
[INFO] running `Command { std: "docker" "inspect" "ee19205deba21b3927b91d7430500c72d8452d723fb9dd9441d1d5400e9d5891", kill_on_drop: false }`
[INFO] running `Command { std: "docker" "rm" "-f" "ee19205deba21b3927b91d7430500c72d8452d723fb9dd9441d1d5400e9d5891", kill_on_drop: false }`
[INFO] [stdout] ee19205deba21b3927b91d7430500c72d8452d723fb9dd9441d1d5400e9d5891
[INFO] running `Command { std: "docker" "create" "-v" "/var/lib/crater-agent-workspace/builds/worker-7-tc1/target:/opt/rustwide/target:rw,Z" "-v" "/var/lib/crater-agent-workspace/builds/worker-7-tc1/source:/opt/rustwide/workdir:ro,Z" "-v" "/var/lib/crater-agent-workspace/cargo-home:/opt/rustwide/cargo-home:ro,Z" "-v" "/var/lib/crater-agent-workspace/rustup-home:/opt/rustwide/rustup-home:ro,Z" "-e" "SOURCE_DIR=/opt/rustwide/workdir" "-e" "CARGO_TARGET_DIR=/opt/rustwide/target" "-e" "CARGO_INCREMENTAL=0" "-e" "RUST_BACKTRACE=full" "-e" "RUSTFLAGS=--cap-lints=forbid" "-e" "RUSTDOCFLAGS=--cap-lints=forbid" "-e" "CARGO_HOME=/opt/rustwide/cargo-home" "-e" "RUSTUP_HOME=/opt/rustwide/rustup-home" "-w" "/opt/rustwide/workdir" "-m" "1610612736" "--user" "0:0" "--network" "none" "ghcr.io/rust-lang/crates-build-env/linux@sha256:4a844ea9eb2546a2d2c7022eacef16ef2e8229c7fbb2c7d4d55a9ceca922f72d" "/opt/rustwide/cargo-home/bin/cargo" "+nightly-2024-10-28" "test" "--frozen", kill_on_drop: false }`
[INFO] [stdout] 46169a0445556ab3e5f637fe29f35628e822041b25f2807018c186b76243319f
[INFO] running `Command { std: "docker" "start" "-a" "46169a0445556ab3e5f637fe29f35628e822041b25f2807018c186b76243319f", kill_on_drop: false }`
[INFO] [stderr] warning: malwaredb@0.0.14: not within a suitable 'git' worktree!
[INFO] [stderr] warning: malwaredb@0.0.14: VERGEN_GIT_BRANCH set to default
[INFO] [stderr] warning: malwaredb@0.0.14: VERGEN_GIT_COMMIT_AUTHOR_EMAIL set to default
[INFO] [stderr] warning: malwaredb@0.0.14: VERGEN_GIT_COMMIT_AUTHOR_NAME set to default
[INFO] [stderr] warning: malwaredb@0.0.14: VERGEN_GIT_COMMIT_COUNT set to default
[INFO] [stderr] warning: malwaredb@0.0.14: VERGEN_GIT_COMMIT_DATE set to default
[INFO] [stderr] warning: malwaredb@0.0.14: VERGEN_GIT_COMMIT_MESSAGE set to default
[INFO] [stderr] warning: malwaredb@0.0.14: VERGEN_GIT_COMMIT_TIMESTAMP set to default
[INFO] [stderr] warning: malwaredb@0.0.14: VERGEN_GIT_DESCRIBE set to default
[INFO] [stderr] warning: malwaredb@0.0.14: VERGEN_GIT_SHA set to default
[INFO] [stderr] warning: malwaredb@0.0.14: VERGEN_GIT_DIRTY set to default
[INFO] [stderr]     Finished `test` profile [unoptimized + debuginfo] target(s) in 0.25s
[INFO] [stderr]      Running unittests src/main.rs (/opt/rustwide/target/debug/deps/mdb_server-fad9f9b29cdce2b0)
[INFO] [stdout] 
[INFO] [stdout] running 2 tests
[INFO] [stdout] test cli::tests::verify_cli ... ok
[INFO] [stdout] test cli::run::tests::state_info ... FAILED
[INFO] [stdout] 
[INFO] [stdout] failures:
[INFO] [stdout] 
[INFO] [stdout] ---- cli::run::tests::state_info stdout ----
[INFO] [stdout] thread 'cli::run::tests::state_info' panicked at src/cli/run.rs:102:10:
[INFO] [stdout] called `Result::unwrap()` on an `Err` value: unable to open database file: testing_sqlite.db
[INFO] [stdout] 
[INFO] [stdout] Caused by:
[INFO] [stdout]     Error code 14: Unable to open the database file
[INFO] [stdout] 
[INFO] [stdout] Stack backtrace:
[INFO] [stdout]    0: anyhow::error::<impl core::convert::From<E> for anyhow::Error>::from
[INFO] [stdout]              at /opt/rustwide/cargo-home/registry/src/index.crates.io-6f17d22bba15001f/anyhow-1.0.89/src/backtrace.rs:27:14
[INFO] [stdout]    1: <core::result::Result<T,F> as core::ops::try_trait::FromResidual<core::result::Result<core::convert::Infallible,E>>>::from_residual
[INFO] [stdout]              at /rustc/df4ca44d3fbc9301ee17f30f4d474e6ae4b05252/library/core/src/result.rs:2008:27
[INFO] [stdout]    2: malwaredb_server::db::sqlite::Sqlite::new
[INFO] [stdout]              at /opt/rustwide/cargo-home/registry/src/index.crates.io-6f17d22bba15001f/malwaredb-server-0.0.14/src/db/sqlite.rs:59:24
[INFO] [stdout]    3: malwaredb_server::db::DatabaseType::from_string::{{closure}}
[INFO] [stdout]              at /opt/rustwide/cargo-home/registry/src/index.crates.io-6f17d22bba15001f/malwaredb-server-0.0.14/src/db/mod.rs:109:44
[INFO] [stdout]    4: malwaredb_server::State::new::{{closure}}
[INFO] [stdout]              at /opt/rustwide/cargo-home/registry/src/index.crates.io-6f17d22bba15001f/malwaredb-server-0.0.14/src/lib.rs:96:64
[INFO] [stdout]    5: mdb_server::cli::run::tests::state_info::{{closure}}
[INFO] [stdout]              at ./src/cli/run.rs:101:10
[INFO] [stdout]    6: <core::pin::Pin<P> as core::future::future::Future>::poll
[INFO] [stdout]              at /rustc/df4ca44d3fbc9301ee17f30f4d474e6ae4b05252/library/core/src/future/future.rs:123:9
[INFO] [stdout]    7: <core::pin::Pin<P> as core::future::future::Future>::poll
[INFO] [stdout]              at /rustc/df4ca44d3fbc9301ee17f30f4d474e6ae4b05252/library/core/src/future/future.rs:123:9
[INFO] [stdout]    8: tokio::runtime::scheduler::current_thread::CoreGuard::block_on::{{closure}}::{{closure}}::{{closure}}
[INFO] [stdout]              at /opt/rustwide/cargo-home/registry/src/index.crates.io-6f17d22bba15001f/tokio-1.40.0/src/runtime/scheduler/current_thread/mod.rs:696:57
[INFO] [stdout]    9: tokio::runtime::coop::with_budget
[INFO] [stdout]              at /opt/rustwide/cargo-home/registry/src/index.crates.io-6f17d22bba15001f/tokio-1.40.0/src/runtime/coop.rs:107:5
[INFO] [stdout]   10: tokio::runtime::coop::budget
[INFO] [stdout]              at /opt/rustwide/cargo-home/registry/src/index.crates.io-6f17d22bba15001f/tokio-1.40.0/src/runtime/coop.rs:73:5
[INFO] [stdout]   11: tokio::runtime::scheduler::current_thread::CoreGuard::block_on::{{closure}}::{{closure}}
[INFO] [stdout]              at /opt/rustwide/cargo-home/registry/src/index.crates.io-6f17d22bba15001f/tokio-1.40.0/src/runtime/scheduler/current_thread/mod.rs:696:25
[INFO] [stdout]   12: tokio::runtime::scheduler::current_thread::Context::enter
[INFO] [stdout]              at /opt/rustwide/cargo-home/registry/src/index.crates.io-6f17d22bba15001f/tokio-1.40.0/src/runtime/scheduler/current_thread/mod.rs:423:19
[INFO] [stdout]   13: tokio::runtime::scheduler::current_thread::CoreGuard::block_on::{{closure}}
[INFO] [stdout]              at /opt/rustwide/cargo-home/registry/src/index.crates.io-6f17d22bba15001f/tokio-1.40.0/src/runtime/scheduler/current_thread/mod.rs:695:36
[INFO] [stdout]   14: tokio::runtime::scheduler::current_thread::CoreGuard::enter::{{closure}}
[INFO] [stdout]              at /opt/rustwide/cargo-home/registry/src/index.crates.io-6f17d22bba15001f/tokio-1.40.0/src/runtime/scheduler/current_thread/mod.rs:774:68
[INFO] [stdout]   15: tokio::runtime::context::scoped::Scoped<T>::set
[INFO] [stdout]              at /opt/rustwide/cargo-home/registry/src/index.crates.io-6f17d22bba15001f/tokio-1.40.0/src/runtime/context/scoped.rs:40:9
[INFO] [stdout]   16: tokio::runtime::context::set_scheduler::{{closure}}
[INFO] [stdout]              at /opt/rustwide/cargo-home/registry/src/index.crates.io-6f17d22bba15001f/tokio-1.40.0/src/runtime/context.rs:180:26
[INFO] [stdout]   17: std::thread::local::LocalKey<T>::try_with
[INFO] [stdout]              at /rustc/df4ca44d3fbc9301ee17f30f4d474e6ae4b05252/library/std/src/thread/local.rs:283:12
[INFO] [stdout]   18: std::thread::local::LocalKey<T>::with
[INFO] [stdout]              at /rustc/df4ca44d3fbc9301ee17f30f4d474e6ae4b05252/library/std/src/thread/local.rs:260:9
[INFO] [stdout]   19: tokio::runtime::context::set_scheduler
[INFO] [stdout]              at /opt/rustwide/cargo-home/registry/src/index.crates.io-6f17d22bba15001f/tokio-1.40.0/src/runtime/context.rs:180:9
[INFO] [stdout]   20: tokio::runtime::scheduler::current_thread::CoreGuard::enter
[INFO] [stdout]              at /opt/rustwide/cargo-home/registry/src/index.crates.io-6f17d22bba15001f/tokio-1.40.0/src/runtime/scheduler/current_thread/mod.rs:774:27
[INFO] [stdout]   21: tokio::runtime::scheduler::current_thread::CoreGuard::block_on
[INFO] [stdout]              at /opt/rustwide/cargo-home/registry/src/index.crates.io-6f17d22bba15001f/tokio-1.40.0/src/runtime/scheduler/current_thread/mod.rs:683:19
[INFO] [stdout]   22: tokio::runtime::scheduler::current_thread::CurrentThread::block_on::{{closure}}
[INFO] [stdout]              at /opt/rustwide/cargo-home/registry/src/index.crates.io-6f17d22bba15001f/tokio-1.40.0/src/runtime/scheduler/current_thread/mod.rs:191:28
[INFO] [stdout]   23: tokio::runtime::context::runtime::enter_runtime
[INFO] [stdout]              at /opt/rustwide/cargo-home/registry/src/index.crates.io-6f17d22bba15001f/tokio-1.40.0/src/runtime/context/runtime.rs:65:16
[INFO] [stdout]   24: tokio::runtime::scheduler::current_thread::CurrentThread::block_on
[INFO] [stdout]              at /opt/rustwide/cargo-home/registry/src/index.crates.io-6f17d22bba15001f/tokio-1.40.0/src/runtime/scheduler/current_thread/mod.rs:179:9
[INFO] [stdout]   25: tokio::runtime::runtime::Runtime::block_on_inner
[INFO] [stdout]              at /opt/rustwide/cargo-home/registry/src/index.crates.io-6f17d22bba15001f/tokio-1.40.0/src/runtime/runtime.rs:361:47
[INFO] [stdout]   26: tokio::runtime::runtime::Runtime::block_on
[INFO] [stdout]              at /opt/rustwide/cargo-home/registry/src/index.crates.io-6f17d22bba15001f/tokio-1.40.0/src/runtime/runtime.rs:335:13
[INFO] [stdout]   27: mdb_server::cli::run::tests::state_info
[INFO] [stdout]              at ./src/cli/run.rs:107:9
[INFO] [stdout]   28: mdb_server::cli::run::tests::state_info::{{closure}}
[INFO] [stdout]              at ./src/cli/run.rs:91:26
[INFO] [stdout]   29: core::ops::function::FnOnce::call_once
[INFO] [stdout]              at /rustc/df4ca44d3fbc9301ee17f30f4d474e6ae4b05252/library/core/src/ops/function.rs:250:5
[INFO] [stdout]   30: core::ops::function::FnOnce::call_once
[INFO] [stdout]              at /rustc/df4ca44d3fbc9301ee17f30f4d474e6ae4b05252/library/core/src/ops/function.rs:250:5
[INFO] [stdout]   31: test::__rust_begin_short_backtrace
[INFO] [stdout]              at /rustc/df4ca44d3fbc9301ee17f30f4d474e6ae4b05252/library/test/src/lib.rs:621:18
[INFO] [stdout]   32: test::run_test_in_process::{{closure}}
[INFO] [stdout]              at /rustc/df4ca44d3fbc9301ee17f30f4d474e6ae4b05252/library/test/src/lib.rs:644:60
[INFO] [stdout]   33: <core::panic::unwind_safe::AssertUnwindSafe<F> as core::ops::function::FnOnce<()>>::call_once
[INFO] [stdout]              at /rustc/df4ca44d3fbc9301ee17f30f4d474e6ae4b05252/library/core/src/panic/unwind_safe.rs:272:9
[INFO] [stdout]   34: std::panicking::try::do_call
[INFO] [stdout]              at /rustc/df4ca44d3fbc9301ee17f30f4d474e6ae4b05252/library/std/src/panicking.rs:557:40
[INFO] [stdout]   35: std::panicking::try
[INFO] [stdout]              at /rustc/df4ca44d3fbc9301ee17f30f4d474e6ae4b05252/library/std/src/panicking.rs:520:19
[INFO] [stdout]   36: std::panic::catch_unwind
[INFO] [stdout]              at /rustc/df4ca44d3fbc9301ee17f30f4d474e6ae4b05252/library/std/src/panic.rs:358:14
[INFO] [stdout]   37: test::run_test_in_process
[INFO] [stdout]              at /rustc/df4ca44d3fbc9301ee17f30f4d474e6ae4b05252/library/test/src/lib.rs:644:27
[INFO] [stdout]   38: test::run_test::{{closure}}
[INFO] [stdout]              at /rustc/df4ca44d3fbc9301ee17f30f4d474e6ae4b05252/library/test/src/lib.rs:565:43
[INFO] [stdout]   39: test::run_test::{{closure}}
[INFO] [stdout]              at /rustc/df4ca44d3fbc9301ee17f30f4d474e6ae4b05252/library/test/src/lib.rs:595:41
[INFO] [stdout]   40: std::sys::backtrace::__rust_begin_short_backtrace
[INFO] [stdout]              at /rustc/df4ca44d3fbc9301ee17f30f4d474e6ae4b05252/library/std/src/sys/backtrace.rs:154:18
[INFO] [stdout]   41: std::thread::Builder::spawn_unchecked_::{{closure}}::{{closure}}
[INFO] [stdout]              at /rustc/df4ca44d3fbc9301ee17f30f4d474e6ae4b05252/library/std/src/thread/mod.rs:541:17
[INFO] [stdout]   42: <core::panic::unwind_safe::AssertUnwindSafe<F> as core::ops::function::FnOnce<()>>::call_once
[INFO] [stdout]              at /rustc/df4ca44d3fbc9301ee17f30f4d474e6ae4b05252/library/core/src/panic/unwind_safe.rs:272:9
[INFO] [stdout]   43: std::panicking::try::do_call
[INFO] [stdout]              at /rustc/df4ca44d3fbc9301ee17f30f4d474e6ae4b05252/library/std/src/panicking.rs:557:40
[INFO] [stdout]   44: std::panicking::try
[INFO] [stdout]              at /rustc/df4ca44d3fbc9301ee17f30f4d474e6ae4b05252/library/std/src/panicking.rs:520:19
[INFO] [stdout]   45: std::panic::catch_unwind
[INFO] [stdout]              at /rustc/df4ca44d3fbc9301ee17f30f4d474e6ae4b05252/library/std/src/panic.rs:358:14
[INFO] [stdout]   46: std::thread::Builder::spawn_unchecked_::{{closure}}
[INFO] [stdout]              at /rustc/df4ca44d3fbc9301ee17f30f4d474e6ae4b05252/library/std/src/thread/mod.rs:540:30
[INFO] [stdout]   47: core::ops::function::FnOnce::call_once{{vtable.shim}}
[INFO] [stdout]              at /rustc/df4ca44d3fbc9301ee17f30f4d474e6ae4b05252/library/core/src/ops/function.rs:250:5
[INFO] [stdout]   48: <alloc::boxed::Box<F,A> as core::ops::function::FnOnce<Args>>::call_once
[INFO] [stdout]              at /rustc/df4ca44d3fbc9301ee17f30f4d474e6ae4b05252/library/alloc/src/boxed.rs:2454:9
[INFO] [stdout]   49: <alloc::boxed::Box<F,A> as core::ops::function::FnOnce<Args>>::call_once
[INFO] [stdout]              at /rustc/df4ca44d3fbc9301ee17f30f4d474e6ae4b05252/library/alloc/src/boxed.rs:2454:9
[INFO] [stdout]   50: std::sys::pal::unix::thread::Thread::new::thread_start
[INFO] [stdout]              at /rustc/df4ca44d3fbc9301ee17f30f4d474e6ae4b05252/library/std/src/sys/pal/unix/thread.rs:105:17
[INFO] [stdout]   51: <unknown>
[INFO] [stdout]   52: clone
[INFO] [stdout] stack backtrace:
[INFO] [stdout]    0:     0x5601b8ca20ca - std::backtrace_rs::backtrace::libunwind::trace::h207520d6e9873551
[INFO] [stdout]                                at /rustc/df4ca44d3fbc9301ee17f30f4d474e6ae4b05252/library/std/src/../../backtrace/src/backtrace/libunwind.rs:116:5
[INFO] [stdout]    1:     0x5601b8ca20ca - std::backtrace_rs::backtrace::trace_unsynchronized::h2ed7433f370e3eca
[INFO] [stdout]                                at /rustc/df4ca44d3fbc9301ee17f30f4d474e6ae4b05252/library/std/src/../../backtrace/src/backtrace/mod.rs:66:5
[INFO] [stdout]    2:     0x5601b8ca20ca - std::sys::backtrace::_print_fmt::h916fac51166b18d7
[INFO] [stdout]                                at /rustc/df4ca44d3fbc9301ee17f30f4d474e6ae4b05252/library/std/src/sys/backtrace.rs:66:9
[INFO] [stdout]    3:     0x5601b8ca20ca - <std::sys::backtrace::BacktraceLock::print::DisplayBacktrace as core::fmt::Display>::fmt::ha0a4c9b8ce3802e6
[INFO] [stdout]                                at /rustc/df4ca44d3fbc9301ee17f30f4d474e6ae4b05252/library/std/src/sys/backtrace.rs:39:26
[INFO] [stdout]    4:     0x5601b8ccd013 - core::fmt::rt::Argument::fmt::h4cfc8587d52b3eb5
[INFO] [stdout]                                at /rustc/df4ca44d3fbc9301ee17f30f4d474e6ae4b05252/library/core/src/fmt/rt.rs:177:76
[INFO] [stdout]    5:     0x5601b8ccd013 - core::fmt::write::h522cc39e5b36ae9f
[INFO] [stdout]                                at /rustc/df4ca44d3fbc9301ee17f30f4d474e6ae4b05252/library/core/src/fmt/mod.rs:1190:21
[INFO] [stdout]    6:     0x5601b8c9dcc3 - std::io::Write::write_fmt::h7d3c26752da97734
[INFO] [stdout]                                at /rustc/df4ca44d3fbc9301ee17f30f4d474e6ae4b05252/library/std/src/io/mod.rs:1839:15
[INFO] [stdout]    7:     0x5601b8ca1f12 - std::sys::backtrace::BacktraceLock::print::h4b9e00b29e9c0942
[INFO] [stdout]                                at /rustc/df4ca44d3fbc9301ee17f30f4d474e6ae4b05252/library/std/src/sys/backtrace.rs:42:9
[INFO] [stdout]    8:     0x5601b8ca355a - std::panicking::default_hook::{{closure}}::hb59b88280d0324d9
[INFO] [stdout]                                at /rustc/df4ca44d3fbc9301ee17f30f4d474e6ae4b05252/library/std/src/panicking.rs:268:22
[INFO] [stdout]    9:     0x5601b8ca3364 - std::panicking::default_hook::he1dd496665be4a29
[INFO] [stdout]                                at /rustc/df4ca44d3fbc9301ee17f30f4d474e6ae4b05252/library/std/src/panicking.rs:292:9
[INFO] [stdout]   10:     0x5601b886b7e9 - <alloc::boxed::Box<F,A> as core::ops::function::Fn<Args>>::call::h4ff71de18744e1dc
[INFO] [stdout]                                at /rustc/df4ca44d3fbc9301ee17f30f4d474e6ae4b05252/library/alloc/src/boxed.rs:2468:9
[INFO] [stdout]   11:     0x5601b886b7e9 - test::test_main::{{closure}}::hcf7c055ce117aa81
[INFO] [stdout]                                at /rustc/df4ca44d3fbc9301ee17f30f4d474e6ae4b05252/library/test/src/lib.rs:133:21
[INFO] [stdout]   12:     0x5601b8ca3c58 - <alloc::boxed::Box<F,A> as core::ops::function::Fn<Args>>::call::h1d66c6bbd60c9692
[INFO] [stdout]                                at /rustc/df4ca44d3fbc9301ee17f30f4d474e6ae4b05252/library/alloc/src/boxed.rs:2468:9
[INFO] [stdout]   13:     0x5601b8ca3c58 - std::panicking::rust_panic_with_hook::h2ff17fe8f26dfcf8
[INFO] [stdout]                                at /rustc/df4ca44d3fbc9301ee17f30f4d474e6ae4b05252/library/std/src/panicking.rs:809:13
[INFO] [stdout]   14:     0x5601b8ca3a1a - std::panicking::begin_panic_handler::{{closure}}::h4fad77951c07e101
[INFO] [stdout]                                at /rustc/df4ca44d3fbc9301ee17f30f4d474e6ae4b05252/library/std/src/panicking.rs:674:13
[INFO] [stdout]   15:     0x5601b8ca25a9 - std::sys::backtrace::__rust_end_short_backtrace::hb1a25b3da5d0ea08
[INFO] [stdout]                                at /rustc/df4ca44d3fbc9301ee17f30f4d474e6ae4b05252/library/std/src/sys/backtrace.rs:170:18
[INFO] [stdout]   16:     0x5601b8ca36ac - rust_begin_unwind
[INFO] [stdout]                                at /rustc/df4ca44d3fbc9301ee17f30f4d474e6ae4b05252/library/std/src/panicking.rs:665:5
[INFO] [stdout]   17:     0x5601b8ccb730 - core::panicking::panic_fmt::ha9db07b529f9b256
[INFO] [stdout]                                at /rustc/df4ca44d3fbc9301ee17f30f4d474e6ae4b05252/library/core/src/panicking.rs:75:14
[INFO] [stdout]   18:     0x5601b8ccbc16 - core::result::unwrap_failed::h5e8218e4d4338b8a
[INFO] [stdout]                                at /rustc/df4ca44d3fbc9301ee17f30f4d474e6ae4b05252/library/core/src/result.rs:1698:5
[INFO] [stdout]   19:     0x5601b8824a8e - core::result::Result<T,E>::unwrap::h4eae57e51fde2a8d
[INFO] [stdout]                                at /rustc/df4ca44d3fbc9301ee17f30f4d474e6ae4b05252/library/core/src/result.rs:1103:23
[INFO] [stdout]   20:     0x5601b8824a8e - mdb_server::cli::run::tests::state_info::{{closure}}::h2ecc3a32ba3fac8c
[INFO] [stdout]                                at /opt/rustwide/workdir/src/cli/run.rs:92:21
[INFO] [stdout]   21:     0x5601b87d53a2 - <core::pin::Pin<P> as core::future::future::Future>::poll::hf24c6e9fe4eb36fa
[INFO] [stdout]                                at /rustc/df4ca44d3fbc9301ee17f30f4d474e6ae4b05252/library/core/src/future/future.rs:123:9
[INFO] [stdout]   22:     0x5601b87d525d - <core::pin::Pin<P> as core::future::future::Future>::poll::h191186553c425474
[INFO] [stdout]                                at /rustc/df4ca44d3fbc9301ee17f30f4d474e6ae4b05252/library/core/src/future/future.rs:123:9
[INFO] [stdout]   23:     0x5601b881bf5f - tokio::runtime::scheduler::current_thread::CoreGuard::block_on::{{closure}}::{{closure}}::{{closure}}::h6bae645d506cf2e9
[INFO] [stdout]                                at /opt/rustwide/cargo-home/registry/src/index.crates.io-6f17d22bba15001f/tokio-1.40.0/src/runtime/scheduler/current_thread/mod.rs:696:57
[INFO] [stdout]   24:     0x5601b881bcc5 - tokio::runtime::coop::with_budget::h8f99555d6fae638a
[INFO] [stdout]                                at /opt/rustwide/cargo-home/registry/src/index.crates.io-6f17d22bba15001f/tokio-1.40.0/src/runtime/coop.rs:107:5
[INFO] [stdout]   25:     0x5601b881bcc5 - tokio::runtime::coop::budget::h4c25803bffd25bd0
[INFO] [stdout]                                at /opt/rustwide/cargo-home/registry/src/index.crates.io-6f17d22bba15001f/tokio-1.40.0/src/runtime/coop.rs:73:5
[INFO] [stdout]   26:     0x5601b881bcc5 - tokio::runtime::scheduler::current_thread::CoreGuard::block_on::{{closure}}::{{closure}}::h92848c6355e50088
[INFO] [stdout]                                at /opt/rustwide/cargo-home/registry/src/index.crates.io-6f17d22bba15001f/tokio-1.40.0/src/runtime/scheduler/current_thread/mod.rs:696:25
[INFO] [stdout]   27:     0x5601b8819810 - tokio::runtime::scheduler::current_thread::Context::enter::h7281684b4d18f03f
[INFO] [stdout]                                at /opt/rustwide/cargo-home/registry/src/index.crates.io-6f17d22bba15001f/tokio-1.40.0/src/runtime/scheduler/current_thread/mod.rs:423:19
[INFO] [stdout]   28:     0x5601b881b52b - tokio::runtime::scheduler::current_thread::CoreGuard::block_on::{{closure}}::hcb7ca1e1d4c0ff88
[INFO] [stdout]                                at /opt/rustwide/cargo-home/registry/src/index.crates.io-6f17d22bba15001f/tokio-1.40.0/src/runtime/scheduler/current_thread/mod.rs:695:36
[INFO] [stdout]   29:     0x5601b881a9a4 - tokio::runtime::scheduler::current_thread::CoreGuard::enter::{{closure}}::h4d698d271bf2683f
[INFO] [stdout]                                at /opt/rustwide/cargo-home/registry/src/index.crates.io-6f17d22bba15001f/tokio-1.40.0/src/runtime/scheduler/current_thread/mod.rs:774:68
[INFO] [stdout]   30:     0x5601b87e33fb - tokio::runtime::context::scoped::Scoped<T>::set::hdf00d141cd1a5c49
[INFO] [stdout]                                at /opt/rustwide/cargo-home/registry/src/index.crates.io-6f17d22bba15001f/tokio-1.40.0/src/runtime/context/scoped.rs:40:9
[INFO] [stdout]   31:     0x5601b88177f9 - tokio::runtime::context::set_scheduler::{{closure}}::he4d50d440cdfc33b
[INFO] [stdout]                                at /opt/rustwide/cargo-home/registry/src/index.crates.io-6f17d22bba15001f/tokio-1.40.0/src/runtime/context.rs:180:26
[INFO] [stdout]   32:     0x5601b8802e9d - std::thread::local::LocalKey<T>::try_with::h49f4c0a2714e4210
[INFO] [stdout]                                at /rustc/df4ca44d3fbc9301ee17f30f4d474e6ae4b05252/library/std/src/thread/local.rs:283:12
[INFO] [stdout]   33:     0x5601b88025aa - std::thread::local::LocalKey<T>::with::he06cf8ba9982fdfc
[INFO] [stdout]                                at /rustc/df4ca44d3fbc9301ee17f30f4d474e6ae4b05252/library/std/src/thread/local.rs:260:9
[INFO] [stdout]   34:     0x5601b881772d - tokio::runtime::context::set_scheduler::h79484057564e8ab9
[INFO] [stdout]                                at /opt/rustwide/cargo-home/registry/src/index.crates.io-6f17d22bba15001f/tokio-1.40.0/src/runtime/context.rs:180:9
[INFO] [stdout]   35:     0x5601b881a750 - tokio::runtime::scheduler::current_thread::CoreGuard::enter::h3dc969766febb9b3
[INFO] [stdout]                                at /opt/rustwide/cargo-home/registry/src/index.crates.io-6f17d22bba15001f/tokio-1.40.0/src/runtime/scheduler/current_thread/mod.rs:774:27
[INFO] [stdout]   36:     0x5601b881aa43 - tokio::runtime::scheduler::current_thread::CoreGuard::block_on::ha32d44f773c1d5e3
[INFO] [stdout]                                at /opt/rustwide/cargo-home/registry/src/index.crates.io-6f17d22bba15001f/tokio-1.40.0/src/runtime/scheduler/current_thread/mod.rs:683:19
[INFO] [stdout]   37:     0x5601b881820f - tokio::runtime::scheduler::current_thread::CurrentThread::block_on::{{closure}}::h8165b714a87ec4f9
[INFO] [stdout]                                at /opt/rustwide/cargo-home/registry/src/index.crates.io-6f17d22bba15001f/tokio-1.40.0/src/runtime/scheduler/current_thread/mod.rs:191:28
[INFO] [stdout]   38:     0x5601b8822186 - tokio::runtime::context::runtime::enter_runtime::ha28b38eba1a0d60e
[INFO] [stdout]                                at /opt/rustwide/cargo-home/registry/src/index.crates.io-6f17d22bba15001f/tokio-1.40.0/src/runtime/context/runtime.rs:65:16
[INFO] [stdout]   39:     0x5601b8817fb1 - tokio::runtime::scheduler::current_thread::CurrentThread::block_on::hc39626e13ee05939
[INFO] [stdout]                                at /opt/rustwide/cargo-home/registry/src/index.crates.io-6f17d22bba15001f/tokio-1.40.0/src/runtime/scheduler/current_thread/mod.rs:179:9
[INFO] [stdout]   40:     0x5601b8801bfd - tokio::runtime::runtime::Runtime::block_on_inner::h104f180fc90cb84c
[INFO] [stdout]                                at /opt/rustwide/cargo-home/registry/src/index.crates.io-6f17d22bba15001f/tokio-1.40.0/src/runtime/runtime.rs:361:47
[INFO] [stdout]   41:     0x5601b8801e25 - tokio::runtime::runtime::Runtime::block_on::h36d55f0c67bd3d79
[INFO] [stdout]                                at /opt/rustwide/cargo-home/registry/src/index.crates.io-6f17d22bba15001f/tokio-1.40.0/src/runtime/runtime.rs:335:13
[INFO] [stdout]   42:     0x5601b88243cd - mdb_server::cli::run::tests::state_info::ha876d9ac21a80d69
[INFO] [stdout]                                at /opt/rustwide/workdir/src/cli/run.rs:107:9
[INFO] [stdout]   43:     0x5601b8824267 - mdb_server::cli::run::tests::state_info::{{closure}}::heaf0edb44635aabf
[INFO] [stdout]                                at /opt/rustwide/workdir/src/cli/run.rs:91:26
[INFO] [stdout]   44:     0x5601b87cb0e6 - core::ops::function::FnOnce::call_once::hd1a404e23b4d8924
[INFO] [stdout]                                at /rustc/df4ca44d3fbc9301ee17f30f4d474e6ae4b05252/library/core/src/ops/function.rs:250:5
[INFO] [stdout]   45:     0x5601b88700bb - core::ops::function::FnOnce::call_once::h22c3ba5715e93f05
[INFO] [stdout]                                at /rustc/df4ca44d3fbc9301ee17f30f4d474e6ae4b05252/library/core/src/ops/function.rs:250:5
[INFO] [stdout]   46:     0x5601b88700bb - test::__rust_begin_short_backtrace::h8e82d8113d0da17f
[INFO] [stdout]                                at /rustc/df4ca44d3fbc9301ee17f30f4d474e6ae4b05252/library/test/src/lib.rs:621:18
[INFO] [stdout]   47:     0x5601b886fa37 - test::run_test_in_process::{{closure}}::h33235f4f20b7b7c7
[INFO] [stdout]                                at /rustc/df4ca44d3fbc9301ee17f30f4d474e6ae4b05252/library/test/src/lib.rs:644:60
[INFO] [stdout]   48:     0x5601b886fa37 - <core::panic::unwind_safe::AssertUnwindSafe<F> as core::ops::function::FnOnce<()>>::call_once::hb5043206310c586f
[INFO] [stdout]                                at /rustc/df4ca44d3fbc9301ee17f30f4d474e6ae4b05252/library/core/src/panic/unwind_safe.rs:272:9
[INFO] [stdout]   49:     0x5601b886fa37 - std::panicking::try::do_call::h9ad4731a60ab23e2
[INFO] [stdout]                                at /rustc/df4ca44d3fbc9301ee17f30f4d474e6ae4b05252/library/std/src/panicking.rs:557:40
[INFO] [stdout]   50:     0x5601b886fa37 - std::panicking::try::h3824d23db772a716
[INFO] [stdout]                                at /rustc/df4ca44d3fbc9301ee17f30f4d474e6ae4b05252/library/std/src/panicking.rs:520:19
[INFO] [stdout]   51:     0x5601b886fa37 - std::panic::catch_unwind::h5afd514605fde46b
[INFO] [stdout]                                at /rustc/df4ca44d3fbc9301ee17f30f4d474e6ae4b05252/library/std/src/panic.rs:358:14
[INFO] [stdout]   52:     0x5601b886fa37 - test::run_test_in_process::h0d5cbfa7067d1720
[INFO] [stdout]                                at /rustc/df4ca44d3fbc9301ee17f30f4d474e6ae4b05252/library/test/src/lib.rs:644:27
[INFO] [stdout]   53:     0x5601b886fa37 - test::run_test::{{closure}}::h708eb8872708115d
[INFO] [stdout]                                at /rustc/df4ca44d3fbc9301ee17f30f4d474e6ae4b05252/library/test/src/lib.rs:565:43
[INFO] [stdout]   54:     0x5601b8833154 - test::run_test::{{closure}}::h392c51cee94713ab
[INFO] [stdout]                                at /rustc/df4ca44d3fbc9301ee17f30f4d474e6ae4b05252/library/test/src/lib.rs:595:41
[INFO] [stdout]   55:     0x5601b8833154 - std::sys::backtrace::__rust_begin_short_backtrace::h2f40290710935a8b
[INFO] [stdout]                                at /rustc/df4ca44d3fbc9301ee17f30f4d474e6ae4b05252/library/std/src/sys/backtrace.rs:154:18
[INFO] [stdout]   56:     0x5601b88368fe - std::thread::Builder::spawn_unchecked_::{{closure}}::{{closure}}::h3fd968d89053a903
[INFO] [stdout]                                at /rustc/df4ca44d3fbc9301ee17f30f4d474e6ae4b05252/library/std/src/thread/mod.rs:541:17
[INFO] [stdout]   57:     0x5601b88368fe - <core::panic::unwind_safe::AssertUnwindSafe<F> as core::ops::function::FnOnce<()>>::call_once::h743f637ba4229880
[INFO] [stdout]                                at /rustc/df4ca44d3fbc9301ee17f30f4d474e6ae4b05252/library/core/src/panic/unwind_safe.rs:272:9
[INFO] [stdout]   58:     0x5601b88368fe - std::panicking::try::do_call::h07440897322525a6
[INFO] [stdout]                                at /rustc/df4ca44d3fbc9301ee17f30f4d474e6ae4b05252/library/std/src/panicking.rs:557:40
[INFO] [stdout]   59:     0x5601b88368fe - std::panicking::try::he5a2e00188156637
[INFO] [stdout]                                at /rustc/df4ca44d3fbc9301ee17f30f4d474e6ae4b05252/library/std/src/panicking.rs:520:19
[INFO] [stdout]   60:     0x5601b88368fe - std::panic::catch_unwind::hbaf3cae49b3c6433
[INFO] [stdout]                                at /rustc/df4ca44d3fbc9301ee17f30f4d474e6ae4b05252/library/std/src/panic.rs:358:14
[INFO] [stdout]   61:     0x5601b88368fe - std::thread::Builder::spawn_unchecked_::{{closure}}::h8e141ea224820bce
[INFO] [stdout]                                at /rustc/df4ca44d3fbc9301ee17f30f4d474e6ae4b05252/library/std/src/thread/mod.rs:540:30
[INFO] [stdout]   62:     0x5601b88368fe - core::ops::function::FnOnce::call_once{{vtable.shim}}::h90d312fedd7b8ea8
[INFO] [stdout]                                at /rustc/df4ca44d3fbc9301ee17f30f4d474e6ae4b05252/library/core/src/ops/function.rs:250:5
[INFO] [stdout]   63:     0x5601b8ca7feb - <alloc::boxed::Box<F,A> as core::ops::function::FnOnce<Args>>::call_once::h69aa08ddb6adb8b6
[INFO] [stdout]                                at /rustc/df4ca44d3fbc9301ee17f30f4d474e6ae4b05252/library/alloc/src/boxed.rs:2454:9
[INFO] [stdout]   64:     0x5601b8ca7feb - <alloc::boxed::Box<F,A> as core::ops::function::FnOnce<Args>>::call_once::h5aa36efdb79c806f
[INFO] [stdout]                                at /rustc/df4ca44d3fbc9301ee17f30f4d474e6ae4b05252/library/alloc/src/boxed.rs:2454:9
[INFO] [stdout]   65:     0x5601b8ca7feb - std::sys::pal::unix::thread::Thread::new::thread_start::h6cd80a1b4be5158d
[INFO] [stdout]                                at /rustc/df4ca44d3fbc9301ee17f30f4d474e6ae4b05252/library/std/src/sys/pal/unix/thread.rs:105:17
[INFO] [stdout]   66:     0x7b61dcbbcac3 - <unknown>
[INFO] [stdout]   67:     0x7b61dcc4da04 - clone
[INFO] [stdout]   68:                0x0 - <unknown>
[INFO] [stdout] 
[INFO] [stdout] 
[INFO] [stdout] failures:
[INFO] [stdout]     cli::run::tests::state_info
[INFO] [stdout] 
[INFO] [stdout] test result: FAILED. 1 passed; 1 failed; 0 ignored; 0 measured; 0 filtered out; finished in 0.11s
[INFO] [stdout] 
[INFO] [stderr] error: test failed, to rerun pass `--bin mdb_server`
[INFO] running `Command { std: "docker" "inspect" "46169a0445556ab3e5f637fe29f35628e822041b25f2807018c186b76243319f", kill_on_drop: false }`
[INFO] running `Command { std: "docker" "rm" "-f" "46169a0445556ab3e5f637fe29f35628e822041b25f2807018c186b76243319f", kill_on_drop: false }`
[INFO] [stdout] 46169a0445556ab3e5f637fe29f35628e822041b25f2807018c186b76243319f
