[INFO] fetching crate mailinator-rs 0.1.2...
[INFO] testing mailinator-rs-0.1.2 against nightly-2024-10-28+rustflags=-Zrandomize-layout for randomize-layout
[INFO] extracting crate mailinator-rs 0.1.2 into /workspace/builds/worker-0-tc2/source
[INFO] validating manifest of crates.io crate mailinator-rs 0.1.2 on toolchain nightly-2024-10-28
[INFO] running `Command { std: CARGO_HOME="/workspace/cargo-home" RUSTUP_HOME="/workspace/rustup-home" "/workspace/cargo-home/bin/cargo" "+nightly-2024-10-28" "metadata" "--manifest-path" "Cargo.toml" "--no-deps", kill_on_drop: false }`
[INFO] started tweaking crates.io crate mailinator-rs 0.1.2
[INFO] finished tweaking crates.io crate mailinator-rs 0.1.2
[INFO] tweaked toml for crates.io crate mailinator-rs 0.1.2 written to /workspace/builds/worker-0-tc2/source/Cargo.toml
[INFO] running `Command { std: CARGO_HOME="/workspace/cargo-home" RUSTUP_HOME="/workspace/rustup-home" "/workspace/cargo-home/bin/cargo" "+nightly-2024-10-28" "generate-lockfile" "--manifest-path" "Cargo.toml", kill_on_drop: false }`
[INFO] [stderr]     Updating crates.io index
[INFO] [stderr]     Blocking waiting for file lock on package cache
[INFO] [stderr]      Locking 179 packages to latest compatible versions
[INFO] [stderr]       Adding derive_builder v0.12.0 (available: v0.20.2)
[INFO] [stderr]       Adding dotenv_config v0.1.9 (available: v0.2.1)
[INFO] [stderr]       Adding reqwest v0.11.27 (available: v0.12.9)
[INFO] [stderr]       Adding serde_qs v0.12.0 (available: v0.13.0)
[INFO] running `Command { std: CARGO_HOME="/workspace/cargo-home" RUSTUP_HOME="/workspace/rustup-home" "/workspace/cargo-home/bin/cargo" "+nightly-2024-10-28" "fetch" "--manifest-path" "Cargo.toml", kill_on_drop: false }`
[INFO] running `Command { std: "docker" "create" "-v" "/var/lib/crater-agent-workspace/builds/worker-0-tc2/target:/opt/rustwide/target:rw,Z" "-v" "/var/lib/crater-agent-workspace/builds/worker-0-tc2/source:/opt/rustwide/workdir:ro,Z" "-v" "/var/lib/crater-agent-workspace/cargo-home:/opt/rustwide/cargo-home:ro,Z" "-v" "/var/lib/crater-agent-workspace/rustup-home:/opt/rustwide/rustup-home:ro,Z" "-e" "SOURCE_DIR=/opt/rustwide/workdir" "-e" "CARGO_TARGET_DIR=/opt/rustwide/target" "-e" "CARGO_HOME=/opt/rustwide/cargo-home" "-e" "RUSTUP_HOME=/opt/rustwide/rustup-home" "-w" "/opt/rustwide/workdir" "-m" "1610612736" "--user" "0:0" "--network" "none" "ghcr.io/rust-lang/crates-build-env/linux@sha256:4a844ea9eb2546a2d2c7022eacef16ef2e8229c7fbb2c7d4d55a9ceca922f72d" "/opt/rustwide/cargo-home/bin/cargo" "+nightly-2024-10-28" "metadata" "--no-deps" "--format-version=1", kill_on_drop: false }`
[INFO] [stdout] 432b5f3d8410813b30e35514786f368e6c9d25a9543b45015200f302219b2be5
[INFO] running `Command { std: "docker" "start" "-a" "432b5f3d8410813b30e35514786f368e6c9d25a9543b45015200f302219b2be5", kill_on_drop: false }`
[INFO] running `Command { std: "docker" "inspect" "432b5f3d8410813b30e35514786f368e6c9d25a9543b45015200f302219b2be5", kill_on_drop: false }`
[INFO] running `Command { std: "docker" "rm" "-f" "432b5f3d8410813b30e35514786f368e6c9d25a9543b45015200f302219b2be5", kill_on_drop: false }`
[INFO] [stdout] 432b5f3d8410813b30e35514786f368e6c9d25a9543b45015200f302219b2be5
[INFO] running `Command { std: "docker" "create" "-v" "/var/lib/crater-agent-workspace/builds/worker-0-tc2/target:/opt/rustwide/target:rw,Z" "-v" "/var/lib/crater-agent-workspace/builds/worker-0-tc2/source:/opt/rustwide/workdir:ro,Z" "-v" "/var/lib/crater-agent-workspace/cargo-home:/opt/rustwide/cargo-home:ro,Z" "-v" "/var/lib/crater-agent-workspace/rustup-home:/opt/rustwide/rustup-home:ro,Z" "-e" "SOURCE_DIR=/opt/rustwide/workdir" "-e" "CARGO_TARGET_DIR=/opt/rustwide/target" "-e" "CARGO_INCREMENTAL=0" "-e" "RUST_BACKTRACE=full" "-e" "RUSTFLAGS=--cap-lints=forbid -Zrandomize-layout" "-e" "RUSTDOCFLAGS=--cap-lints=forbid" "-e" "CARGO_HOME=/opt/rustwide/cargo-home" "-e" "RUSTUP_HOME=/opt/rustwide/rustup-home" "-w" "/opt/rustwide/workdir" "-m" "1610612736" "--user" "0:0" "--network" "none" "ghcr.io/rust-lang/crates-build-env/linux@sha256:4a844ea9eb2546a2d2c7022eacef16ef2e8229c7fbb2c7d4d55a9ceca922f72d" "/opt/rustwide/cargo-home/bin/cargo" "+nightly-2024-10-28" "build" "--frozen" "--message-format=json", kill_on_drop: false }`
[INFO] [stdout] 1393ee236384430671329080afcb7cbc60d3d5d5de0d2e43d00159fb3ddf0e24
[INFO] running `Command { std: "docker" "start" "-a" "1393ee236384430671329080afcb7cbc60d3d5d5de0d2e43d00159fb3ddf0e24", kill_on_drop: false }`
[INFO] [stderr]    Compiling libc v0.2.161
[INFO] [stderr]    Compiling shlex v1.3.0
[INFO] [stderr]    Compiling fnv v1.0.7
[INFO] [stderr]    Compiling once_cell v1.20.2
[INFO] [stderr]    Compiling unicase v2.8.0
[INFO] [stderr]    Compiling futures-core v0.3.31
[INFO] [stderr]    Compiling futures-sink v0.3.31
[INFO] [stderr]    Compiling pkg-config v0.3.31
[INFO] [stderr]    Compiling vcpkg v0.2.15
[INFO] [stderr]    Compiling memchr v2.7.4
[INFO] [stderr]    Compiling itoa v1.0.11
[INFO] [stderr]    Compiling futures-io v0.3.31
[INFO] [stderr]    Compiling syn v1.0.109
[INFO] [stderr]    Compiling syn v2.0.86
[INFO] [stderr]    Compiling log v0.4.22
[INFO] [stderr]    Compiling untrusted v0.9.0
[INFO] [stderr]    Compiling spin v0.9.8
[INFO] [stderr]    Compiling futures-channel v0.3.31
[INFO] [stderr]    Compiling cc v1.1.31
[INFO] [stderr]    Compiling percent-encoding v2.3.1
[INFO] [stderr]    Compiling http v0.2.12
[INFO] [stderr]    Compiling tracing-core v0.1.32
[INFO] [stderr]    Compiling strsim v0.10.0
[INFO] [stderr]    Compiling foreign-types-shared v0.1.1
[INFO] [stderr]    Compiling ident_case v1.0.1
[INFO] [stderr]    Compiling equivalent v1.0.1
[INFO] [stderr]    Compiling httparse v1.9.5
[INFO] [stderr]    Compiling hashbrown v0.15.0
[INFO] [stderr]    Compiling mime v0.3.17
[INFO] [stderr]    Compiling openssl v0.10.68
[INFO] [stderr]    Compiling mime_guess v2.0.5
[INFO] [stderr]    Compiling foreign-types v0.3.2
[INFO] [stderr]    Compiling bitflags v2.6.0
[INFO] [stderr]    Compiling native-tls v0.2.12
[INFO] [stderr]    Compiling minimal-lexical v0.2.1
[INFO] [stderr]    Compiling libm v0.2.11
[INFO] [stderr]    Compiling try-lock v0.2.5
[INFO] [stderr]    Compiling tinyvec_macros v0.1.1
[INFO] [stderr]    Compiling rustls v0.21.12
[INFO] [stderr]    Compiling tinyvec v1.8.0
[INFO] [stderr]    Compiling want v0.3.1
[INFO] [stderr]    Compiling num-traits v0.2.19
[INFO] [stderr]    Compiling httpdate v1.0.3
[INFO] [stderr]    Compiling tower-service v0.3.3
[INFO] [stderr]    Compiling indexmap v2.6.0
[INFO] [stderr]    Compiling openssl-probe v0.1.5
[INFO] [stderr]    Compiling socket2 v0.5.7
[INFO] [stderr]    Compiling mio v1.0.2
[INFO] [stderr]    Compiling getrandom v0.2.15
[INFO] [stderr]    Compiling http-body v0.4.6
[INFO] [stderr]    Compiling form_urlencoded v1.2.1
[INFO] [stderr]    Compiling unicode-bidi v0.3.17
[INFO] [stderr]    Compiling nom v7.1.3
[INFO] [stderr]    Compiling serde_json v1.0.132
[INFO] [stderr]    Compiling ryu v1.0.18
[INFO] [stderr]    Compiling unicode-segmentation v1.12.0
[INFO] [stderr]    Compiling eyre v0.6.12
[INFO] [stderr]    Compiling tokio v1.41.0
[INFO] [stderr]    Compiling unicode-normalization v0.1.24
[INFO] [stderr]    Compiling humansize v2.1.3
[INFO] [stderr]    Compiling askama_escape v0.10.3
[INFO] [stderr]    Compiling rustls-pemfile v1.0.4
[INFO] [stderr]    Compiling encoding_rs v0.8.35
[INFO] [stderr]    Compiling convert_case v0.6.0
[INFO] [stderr]    Compiling ipnet v2.10.1
[INFO] [stderr]    Compiling iana-time-zone v0.1.61
[INFO] [stderr]    Compiling indenter v0.3.3
[INFO] [stderr]    Compiling webpki-roots v0.25.4
[INFO] [stderr]    Compiling sync_wrapper v0.1.2
[INFO] [stderr]    Compiling ring v0.17.8
[INFO] [stderr]    Compiling openssl-sys v0.9.104
[INFO] [stderr]    Compiling dotenvy v0.15.7
[INFO] [stderr]    Compiling idna v0.5.0
[INFO] [stderr]    Compiling url v2.5.2
[INFO] [stderr]    Compiling askama_parser v0.2.1
[INFO] [stderr]    Compiling darling_core v0.14.4
[INFO] [stderr]    Compiling serde_derive v1.0.214
[INFO] [stderr]    Compiling futures-macro v0.3.31
[INFO] [stderr]    Compiling tracing-attributes v0.1.27
[INFO] [stderr]    Compiling openssl-macros v0.1.1
[INFO] [stderr]    Compiling thiserror-impl v1.0.66
[INFO] [stderr]    Compiling async-trait v0.1.83
[INFO] [stderr]    Compiling futures-util v0.3.31
[INFO] [stderr]    Compiling darling_macro v0.14.4
[INFO] [stderr]    Compiling thiserror v1.0.66
[INFO] [stderr]    Compiling tracing v0.1.40
[INFO] [stderr]    Compiling darling v0.14.4
[INFO] [stderr]    Compiling derive_builder_core v0.12.0
[INFO] [stderr]    Compiling tokio-util v0.7.12
[INFO] [stderr]    Compiling rustls-webpki v0.101.7
[INFO] [stderr]    Compiling sct v0.7.1
[INFO] [stderr]    Compiling derive_builder_macro v0.12.0
[INFO] [stderr]    Compiling derive_builder v0.12.0
[INFO] [stderr]    Compiling serde v1.0.214
[INFO] [stderr]    Compiling h2 v0.3.26
[INFO] [stderr]    Compiling futures-executor v0.3.31
[INFO] [stderr]    Compiling tokio-native-tls v0.3.1
[INFO] [stderr]    Compiling futures v0.3.31
[INFO] [stderr]    Compiling tokio-rustls v0.24.1
[INFO] [stderr]    Compiling basic-toml v0.1.9
[INFO] [stderr]    Compiling serde_urlencoded v0.7.1
[INFO] [stderr]    Compiling chrono v0.4.38
[INFO] [stderr]    Compiling serde_qs v0.12.0
[INFO] [stderr]    Compiling askama_derive v0.12.5
[INFO] [stderr]    Compiling hyper v0.14.31
[INFO] [stderr]    Compiling askama v0.12.1
[INFO] [stderr]    Compiling dotenv_config v0.1.9
[INFO] [stderr]    Compiling hyper-tls v0.5.0
[INFO] [stderr]    Compiling hyper-rustls v0.24.2
[INFO] [stderr]    Compiling reqwest v0.11.27
[INFO] [stderr]    Compiling mailinator-rs v0.1.2 (/opt/rustwide/workdir)
[INFO] [stderr]     Finished `dev` profile [unoptimized + debuginfo] target(s) in 15.46s
[INFO] running `Command { std: "docker" "inspect" "1393ee236384430671329080afcb7cbc60d3d5d5de0d2e43d00159fb3ddf0e24", kill_on_drop: false }`
[INFO] running `Command { std: "docker" "rm" "-f" "1393ee236384430671329080afcb7cbc60d3d5d5de0d2e43d00159fb3ddf0e24", kill_on_drop: false }`
[INFO] [stdout] 1393ee236384430671329080afcb7cbc60d3d5d5de0d2e43d00159fb3ddf0e24
[INFO] running `Command { std: "docker" "create" "-v" "/var/lib/crater-agent-workspace/builds/worker-0-tc2/target:/opt/rustwide/target:rw,Z" "-v" "/var/lib/crater-agent-workspace/builds/worker-0-tc2/source:/opt/rustwide/workdir:ro,Z" "-v" "/var/lib/crater-agent-workspace/cargo-home:/opt/rustwide/cargo-home:ro,Z" "-v" "/var/lib/crater-agent-workspace/rustup-home:/opt/rustwide/rustup-home:ro,Z" "-e" "SOURCE_DIR=/opt/rustwide/workdir" "-e" "CARGO_TARGET_DIR=/opt/rustwide/target" "-e" "CARGO_INCREMENTAL=0" "-e" "RUST_BACKTRACE=full" "-e" "RUSTFLAGS=--cap-lints=forbid -Zrandomize-layout" "-e" "RUSTDOCFLAGS=--cap-lints=forbid" "-e" "CARGO_HOME=/opt/rustwide/cargo-home" "-e" "RUSTUP_HOME=/opt/rustwide/rustup-home" "-w" "/opt/rustwide/workdir" "-m" "1610612736" "--user" "0:0" "--network" "none" "ghcr.io/rust-lang/crates-build-env/linux@sha256:4a844ea9eb2546a2d2c7022eacef16ef2e8229c7fbb2c7d4d55a9ceca922f72d" "/opt/rustwide/cargo-home/bin/cargo" "+nightly-2024-10-28" "test" "--frozen" "--no-run" "--message-format=json", kill_on_drop: false }`
[INFO] [stdout] 63af4be94a2b8b8180fe77c562cffdcde2d5ce3e763d6b93933eb9f0b29a9fef
[INFO] running `Command { std: "docker" "start" "-a" "63af4be94a2b8b8180fe77c562cffdcde2d5ce3e763d6b93933eb9f0b29a9fef", kill_on_drop: false }`
[INFO] [stderr]    Compiling mailinator-rs v0.1.2 (/opt/rustwide/workdir)
[INFO] [stderr]     Finished `test` profile [unoptimized + debuginfo] target(s) in 1.12s
[INFO] running `Command { std: "docker" "inspect" "63af4be94a2b8b8180fe77c562cffdcde2d5ce3e763d6b93933eb9f0b29a9fef", kill_on_drop: false }`
[INFO] running `Command { std: "docker" "rm" "-f" "63af4be94a2b8b8180fe77c562cffdcde2d5ce3e763d6b93933eb9f0b29a9fef", kill_on_drop: false }`
[INFO] [stdout] 63af4be94a2b8b8180fe77c562cffdcde2d5ce3e763d6b93933eb9f0b29a9fef
[INFO] running `Command { std: "docker" "create" "-v" "/var/lib/crater-agent-workspace/builds/worker-0-tc2/target:/opt/rustwide/target:rw,Z" "-v" "/var/lib/crater-agent-workspace/builds/worker-0-tc2/source:/opt/rustwide/workdir:ro,Z" "-v" "/var/lib/crater-agent-workspace/cargo-home:/opt/rustwide/cargo-home:ro,Z" "-v" "/var/lib/crater-agent-workspace/rustup-home:/opt/rustwide/rustup-home:ro,Z" "-e" "SOURCE_DIR=/opt/rustwide/workdir" "-e" "CARGO_TARGET_DIR=/opt/rustwide/target" "-e" "CARGO_INCREMENTAL=0" "-e" "RUST_BACKTRACE=full" "-e" "RUSTFLAGS=--cap-lints=forbid -Zrandomize-layout" "-e" "RUSTDOCFLAGS=--cap-lints=forbid" "-e" "CARGO_HOME=/opt/rustwide/cargo-home" "-e" "RUSTUP_HOME=/opt/rustwide/rustup-home" "-w" "/opt/rustwide/workdir" "-m" "1610612736" "--user" "0:0" "--network" "none" "ghcr.io/rust-lang/crates-build-env/linux@sha256:4a844ea9eb2546a2d2c7022eacef16ef2e8229c7fbb2c7d4d55a9ceca922f72d" "/opt/rustwide/cargo-home/bin/cargo" "+nightly-2024-10-28" "test" "--frozen", kill_on_drop: false }`
[INFO] [stdout] 7f1d90b0d9fcbab867e3949eecbdfaa111b29a4fb3f88fd93b98591a7ef3fb9f
[INFO] running `Command { std: "docker" "start" "-a" "7f1d90b0d9fcbab867e3949eecbdfaa111b29a4fb3f88fd93b98591a7ef3fb9f", kill_on_drop: false }`
[INFO] [stderr]     Finished `test` profile [unoptimized + debuginfo] target(s) in 0.12s
[INFO] [stderr]      Running unittests src/lib.rs (/opt/rustwide/target/debug/deps/mailinator_rs-239afef3c77193c3)
[INFO] [stdout] 
[INFO] [stdout] running 0 tests
[INFO] [stdout] 
[INFO] [stdout] test result: ok. 0 passed; 0 failed; 0 ignored; 0 measured; 0 filtered out; finished in 0.00s
[INFO] [stdout] 
[INFO] [stderr]      Running tests/hello_test.rs (/opt/rustwide/target/debug/deps/hello_test-5e3a4d7e3a237d8b)
[INFO] [stdout] 
[INFO] [stdout] running 1 test
[INFO] [stdout] test hello ... ok
[INFO] [stdout] 
[INFO] [stdout] test result: ok. 1 passed; 0 failed; 0 ignored; 0 measured; 0 filtered out; finished in 0.00s
[INFO] [stdout] 
[INFO] [stderr]    Doc-tests mailinator_rs
[INFO] [stdout] 
[INFO] [stdout] running 10 tests
[INFO] [stdout] test src/api/message/mod.rs - api::message::ApiMessageEndpoints::delete_all_inbox_messages (line 419) ... FAILED
[INFO] [stdout] test src/api/message/mod.rs - api::message::ApiMessageEndpoints::fetch_list_of_attachments (line 286) ... FAILED
[INFO] [stdout] test src/api/message/mod.rs - api::message::ApiMessageEndpoints::fetch_attachment (line 353) ... FAILED
[INFO] [stdout] test src/api/message/mod.rs - api::message::ApiMessageEndpoints::fetch_message (line 223) ... FAILED
[INFO] [stdout] test src/api/message/mod.rs - api::message::ApiMessageEndpoints::fetch_sms_message (line 255) ... FAILED
[INFO] [stdout] test src/api/message/mod.rs - api::message::ApiMessageEndpoints::fetch_links (line 319) ... FAILED
[INFO] [stdout] test src/api/message/mod.rs - api::message::ApiMessageEndpoints::delete_message (line 450) ... FAILED
[INFO] [stdout] test src/api/message/mod.rs - api::message::ApiMessageEndpoints::fetch_inbox (line 183) ... FAILED
[INFO] [stdout] test src/api/message/mod.rs - api::message::ApiMessageEndpoints::delete_all_domain_messages (line 390) ... FAILED
[INFO] [stdout] test src/api/message/mod.rs - api::message::ApiMessageEndpoints::inject_message (line 487) ... FAILED
[INFO] [stdout] 
[INFO] [stdout] failures:
[INFO] [stdout] 
[INFO] [stdout] ---- src/api/message/mod.rs - api::message::ApiMessageEndpoints::delete_all_inbox_messages (line 419) stdout ----
[INFO] [stdout] error[E0432]: unresolved imports `mailinator_rs::prelude::MailinatorClient`, `mailinator_rs::prelude::MessageApi`
[INFO] [stdout]  --> src/api/message/mod.rs:421:67
[INFO] [stdout]   |
[INFO] [stdout] 4 | use mailinator_rs::prelude::{DeleteAllInboxMessageRequestBuilder, MailinatorClient, MessageApi};
[INFO] [stdout]   |                                                                   ^^^^^^^^^^^^^^^^  ^^^^^^^^^^ no `MessageApi` in `prelude`
[INFO] [stdout]   |                                                                   |
[INFO] [stdout]   |                                                                   no `MailinatorClient` in `prelude`
[INFO] [stdout] 
[INFO] [stdout] error[E0433]: failed to resolve: use of undeclared crate or module `tokio`
[INFO] [stdout]  --> src/api/message/mod.rs:423:3
[INFO] [stdout]   |
[INFO] [stdout] 6 | #[tokio::main]
[INFO] [stdout]   |   ^^^^^ use of undeclared crate or module `tokio`
[INFO] [stdout] 
[INFO] [stdout] error[E0752]: `main` function is not allowed to be `async`
[INFO] [stdout]  --> src/api/message/mod.rs:424:1
[INFO] [stdout]   |
[INFO] [stdout] 7 | async fn main() {
[INFO] [stdout]   | ^^^^^^^^^^^^^^^ `main` function is not allowed to be `async`
[INFO] [stdout] 
[INFO] [stdout] error: aborting due to 3 previous errors
[INFO] [stdout] 
[INFO] [stdout] Some errors have detailed explanations: E0432, E0433, E0752.
[INFO] [stdout] For more information about an error, try `rustc --explain E0432`.
[INFO] [stdout] Couldn't compile the test.
[INFO] [stdout] ---- src/api/message/mod.rs - api::message::ApiMessageEndpoints::fetch_list_of_attachments (line 286) stdout ----
[INFO] [stdout] error[E0432]: unresolved imports `mailinator_rs::prelude::MailinatorClient`, `mailinator_rs::prelude::MessageApi`
[INFO] [stdout]  --> src/api/message/mod.rs:288:67
[INFO] [stdout]   |
[INFO] [stdout] 4 | use mailinator_rs::prelude::{FetchListOfAttachmentRequestBuilder, MailinatorClient, MessageApi};
[INFO] [stdout]   |                                                                   ^^^^^^^^^^^^^^^^  ^^^^^^^^^^ no `MessageApi` in `prelude`
[INFO] [stdout]   |                                                                   |
[INFO] [stdout]   |                                                                   no `MailinatorClient` in `prelude`
[INFO] [stdout] 
[INFO] [stdout] error[E0433]: failed to resolve: use of undeclared crate or module `tokio`
[INFO] [stdout]  --> src/api/message/mod.rs:290:3
[INFO] [stdout]   |
[INFO] [stdout] 6 | #[tokio::main]
[INFO] [stdout]   |   ^^^^^ use of undeclared crate or module `tokio`
[INFO] [stdout] 
[INFO] [stdout] error[E0752]: `main` function is not allowed to be `async`
[INFO] [stdout]  --> src/api/message/mod.rs:291:1
[INFO] [stdout]   |
[INFO] [stdout] 7 | async fn main() {
[INFO] [stdout]   | ^^^^^^^^^^^^^^^ `main` function is not allowed to be `async`
[INFO] [stdout] 
[INFO] [stdout] error: aborting due to 3 previous errors
[INFO] [stdout] 
[INFO] [stdout] Some errors have detailed explanations: E0432, E0433, E0752.
[INFO] [stdout] For more information about an error, try `rustc --explain E0432`.
[INFO] [stdout] Couldn't compile the test.
[INFO] [stdout] ---- src/api/message/mod.rs - api::message::ApiMessageEndpoints::fetch_attachment (line 353) stdout ----
[INFO] [stdout] error[E0432]: unresolved imports `mailinator_rs::prelude::AttachmentLookupField`, `mailinator_rs::prelude::MailinatorClient`, `mailinator_rs::prelude::MessageApi`
[INFO] [stdout]  --> src/api/message/mod.rs:356:4
[INFO] [stdout]   |
[INFO] [stdout] 5 |    AttachmentLookupField, FetchAttachmentRequestBuilder, MailinatorClient, MessageApi,
[INFO] [stdout]   |    ^^^^^^^^^^^^^^^^^^^^^                                 ^^^^^^^^^^^^^^^^  ^^^^^^^^^^ no `MessageApi` in `prelude`
[INFO] [stdout]   |    |                                                     |
[INFO] [stdout]   |    |                                                     no `MailinatorClient` in `prelude`
[INFO] [stdout]   |    no `AttachmentLookupField` in `prelude`
[INFO] [stdout] 
[INFO] [stdout] error[E0433]: failed to resolve: use of undeclared crate or module `tokio`
[INFO] [stdout]  --> src/api/message/mod.rs:359:3
[INFO] [stdout]   |
[INFO] [stdout] 8 | #[tokio::main]
[INFO] [stdout]   |   ^^^^^ use of undeclared crate or module `tokio`
[INFO] [stdout] 
[INFO] [stdout] error[E0752]: `main` function is not allowed to be `async`
[INFO] [stdout]  --> src/api/message/mod.rs:360:1
[INFO] [stdout]   |
[INFO] [stdout] 9 | async fn main() {
[INFO] [stdout]   | ^^^^^^^^^^^^^^^ `main` function is not allowed to be `async`
[INFO] [stdout] 
[INFO] [stdout] error: aborting due to 3 previous errors
[INFO] [stdout] 
[INFO] [stdout] Some errors have detailed explanations: E0432, E0433, E0752.
[INFO] [stdout] For more information about an error, try `rustc --explain E0432`.
[INFO] [stdout] Couldn't compile the test.
[INFO] [stdout] ---- src/api/message/mod.rs - api::message::ApiMessageEndpoints::fetch_message (line 223) stdout ----
[INFO] [stdout] error[E0432]: unresolved imports `mailinator_rs::prelude::MailinatorClient`, `mailinator_rs::prelude::MessageApi`
[INFO] [stdout]  --> src/api/message/mod.rs:225:58
[INFO] [stdout]   |
[INFO] [stdout] 4 | use mailinator_rs::prelude::{FetchMessageRequestBuilder, MailinatorClient, MessageApi};
[INFO] [stdout]   |                                                          ^^^^^^^^^^^^^^^^  ^^^^^^^^^^ no `MessageApi` in `prelude`
[INFO] [stdout]   |                                                          |
[INFO] [stdout]   |                                                          no `MailinatorClient` in `prelude`
[INFO] [stdout] 
[INFO] [stdout] error[E0433]: failed to resolve: use of undeclared crate or module `tokio`
[INFO] [stdout]  --> src/api/message/mod.rs:227:3
[INFO] [stdout]   |
[INFO] [stdout] 6 | #[tokio::main]
[INFO] [stdout]   |   ^^^^^ use of undeclared crate or module `tokio`
[INFO] [stdout] 
[INFO] [stdout] error[E0752]: `main` function is not allowed to be `async`
[INFO] [stdout]  --> src/api/message/mod.rs:228:1
[INFO] [stdout]   |
[INFO] [stdout] 7 | async fn main() {
[INFO] [stdout]   | ^^^^^^^^^^^^^^^ `main` function is not allowed to be `async`
[INFO] [stdout] 
[INFO] [stdout] error: aborting due to 3 previous errors
[INFO] [stdout] 
[INFO] [stdout] Some errors have detailed explanations: E0432, E0433, E0752.
[INFO] [stdout] For more information about an error, try `rustc --explain E0432`.
[INFO] [stdout] Couldn't compile the test.
[INFO] [stdout] ---- src/api/message/mod.rs - api::message::ApiMessageEndpoints::fetch_sms_message (line 255) stdout ----
[INFO] [stdout] error[E0432]: unresolved imports `mailinator_rs::prelude::MailinatorClient`, `mailinator_rs::prelude::MessageApi`
[INFO] [stdout]  --> src/api/message/mod.rs:257:61
[INFO] [stdout]   |
[INFO] [stdout] 4 | use mailinator_rs::prelude::{FetchSmsMessageRequestBuilder, MailinatorClient, MessageApi};
[INFO] [stdout]   |                                                             ^^^^^^^^^^^^^^^^  ^^^^^^^^^^ no `MessageApi` in `prelude`
[INFO] [stdout]   |                                                             |
[INFO] [stdout]   |                                                             no `MailinatorClient` in `prelude`
[INFO] [stdout] 
[INFO] [stdout] error[E0433]: failed to resolve: use of undeclared crate or module `tokio`
[INFO] [stdout]  --> src/api/message/mod.rs:259:3
[INFO] [stdout]   |
[INFO] [stdout] 6 | #[tokio::main]
[INFO] [stdout]   |   ^^^^^ use of undeclared crate or module `tokio`
[INFO] [stdout] 
[INFO] [stdout] error[E0752]: `main` function is not allowed to be `async`
[INFO] [stdout]  --> src/api/message/mod.rs:260:1
[INFO] [stdout]   |
[INFO] [stdout] 7 | async fn main() {
[INFO] [stdout]   | ^^^^^^^^^^^^^^^ `main` function is not allowed to be `async`
[INFO] [stdout] 
[INFO] [stdout] error: aborting due to 3 previous errors
[INFO] [stdout] 
[INFO] [stdout] Some errors have detailed explanations: E0432, E0433, E0752.
[INFO] [stdout] For more information about an error, try `rustc --explain E0432`.
[INFO] [stdout] Couldn't compile the test.
[INFO] [stdout] ---- src/api/message/mod.rs - api::message::ApiMessageEndpoints::fetch_links (line 319) stdout ----
[INFO] [stdout] error[E0432]: unresolved imports `mailinator_rs::prelude::MailinatorClient`, `mailinator_rs::prelude::MessageApi`
[INFO] [stdout]  --> src/api/message/mod.rs:321:55
[INFO] [stdout]   |
[INFO] [stdout] 4 | use mailinator_rs::prelude::{FetchLinkRequestBuilder, MailinatorClient, MessageApi};
[INFO] [stdout]   |                                                       ^^^^^^^^^^^^^^^^  ^^^^^^^^^^ no `MessageApi` in `prelude`
[INFO] [stdout]   |                                                       |
[INFO] [stdout]   |                                                       no `MailinatorClient` in `prelude`
[INFO] [stdout] 
[INFO] [stdout] error[E0433]: failed to resolve: use of undeclared crate or module `tokio`
[INFO] [stdout]  --> src/api/message/mod.rs:323:3
[INFO] [stdout]   |
[INFO] [stdout] 6 | #[tokio::main]
[INFO] [stdout]   |   ^^^^^ use of undeclared crate or module `tokio`
[INFO] [stdout] 
[INFO] [stdout] error[E0752]: `main` function is not allowed to be `async`
[INFO] [stdout]  --> src/api/message/mod.rs:324:1
[INFO] [stdout]   |
[INFO] [stdout] 7 | async fn main() {
[INFO] [stdout]   | ^^^^^^^^^^^^^^^ `main` function is not allowed to be `async`
[INFO] [stdout] 
[INFO] [stdout] error: aborting due to 3 previous errors
[INFO] [stdout] 
[INFO] [stdout] Some errors have detailed explanations: E0432, E0433, E0752.
[INFO] [stdout] For more information about an error, try `rustc --explain E0432`.
[INFO] [stdout] Couldn't compile the test.
[INFO] [stdout] ---- src/api/message/mod.rs - api::message::ApiMessageEndpoints::delete_message (line 450) stdout ----
[INFO] [stdout] error[E0432]: unresolved imports `mailinator_rs::prelude::MailinatorClient`, `mailinator_rs::prelude::MessageApi`
[INFO] [stdout]  --> src/api/message/mod.rs:452:59
[INFO] [stdout]   |
[INFO] [stdout] 4 | use mailinator_rs::prelude::{DeleteMessageRequestBuilder, MailinatorClient, MessageApi};
[INFO] [stdout]   |                                                           ^^^^^^^^^^^^^^^^  ^^^^^^^^^^ no `MessageApi` in `prelude`
[INFO] [stdout]   |                                                           |
[INFO] [stdout]   |                                                           no `MailinatorClient` in `prelude`
[INFO] [stdout] 
[INFO] [stdout] error[E0433]: failed to resolve: use of undeclared crate or module `tokio`
[INFO] [stdout]  --> src/api/message/mod.rs:454:3
[INFO] [stdout]   |
[INFO] [stdout] 6 | #[tokio::main]
[INFO] [stdout]   |   ^^^^^ use of undeclared crate or module `tokio`
[INFO] [stdout] 
[INFO] [stdout] error[E0752]: `main` function is not allowed to be `async`
[INFO] [stdout]  --> src/api/message/mod.rs:455:1
[INFO] [stdout]   |
[INFO] [stdout] 7 | async fn main() {
[INFO] [stdout]   | ^^^^^^^^^^^^^^^ `main` function is not allowed to be `async`
[INFO] [stdout] 
[INFO] [stdout] error: aborting due to 3 previous errors
[INFO] [stdout] 
[INFO] [stdout] Some errors have detailed explanations: E0432, E0433, E0752.
[INFO] [stdout] For more information about an error, try `rustc --explain E0432`.
[INFO] [stdout] Couldn't compile the test.
[INFO] [stdout] ---- src/api/message/mod.rs - api::message::ApiMessageEndpoints::fetch_inbox (line 183) stdout ----
[INFO] [stdout] error[E0432]: unresolved imports `mailinator_rs::prelude::MailinatorClient`, `mailinator_rs::prelude::MessageApi`
[INFO] [stdout]  --> src/api/message/mod.rs:186:67
[INFO] [stdout]   |
[INFO] [stdout] 5 |    FetchInboxRequestBuilder, FetchInboxRequestQueryParamsBuilder, MailinatorClient, MessageApi,Sorting
[INFO] [stdout]   |                                                                   ^^^^^^^^^^^^^^^^  ^^^^^^^^^^ no `MessageApi` in `prelude`
[INFO] [stdout]   |                                                                   |
[INFO] [stdout]   |                                                                   no `MailinatorClient` in `prelude`
[INFO] [stdout] 
[INFO] [stdout] error[E0433]: failed to resolve: use of undeclared crate or module `tokio`
[INFO] [stdout]  --> src/api/message/mod.rs:190:3
[INFO] [stdout]   |
[INFO] [stdout] 9 | #[tokio::main]
[INFO] [stdout]   |   ^^^^^ use of undeclared crate or module `tokio`
[INFO] [stdout] 
[INFO] [stdout] error[E0752]: `main` function is not allowed to be `async`
[INFO] [stdout]   --> src/api/message/mod.rs:191:1
[INFO] [stdout]    |
[INFO] [stdout] 10 | async fn main() {
[INFO] [stdout]    | ^^^^^^^^^^^^^^^ `main` function is not allowed to be `async`
[INFO] [stdout] 
[INFO] [stdout] error: aborting due to 3 previous errors
[INFO] [stdout] 
[INFO] [stdout] Some errors have detailed explanations: E0432, E0433, E0752.
[INFO] [stdout] For more information about an error, try `rustc --explain E0432`.
[INFO] [stdout] Couldn't compile the test.
[INFO] [stdout] ---- src/api/message/mod.rs - api::message::ApiMessageEndpoints::delete_all_domain_messages (line 390) stdout ----
[INFO] [stdout] error[E0432]: unresolved imports `mailinator_rs::prelude::MailinatorClient`, `mailinator_rs::prelude::MessageApi`
[INFO] [stdout]  --> src/api/message/mod.rs:392:68
[INFO] [stdout]   |
[INFO] [stdout] 4 | use mailinator_rs::prelude::{DeleteAllDomainMessageRequestBuilder, MailinatorClient, MessageApi};
[INFO] [stdout]   |                                                                    ^^^^^^^^^^^^^^^^  ^^^^^^^^^^ no `MessageApi` in `prelude`
[INFO] [stdout]   |                                                                    |
[INFO] [stdout]   |                                                                    no `MailinatorClient` in `prelude`
[INFO] [stdout] 
[INFO] [stdout] error[E0433]: failed to resolve: use of undeclared crate or module `tokio`
[INFO] [stdout]  --> src/api/message/mod.rs:394:3
[INFO] [stdout]   |
[INFO] [stdout] 6 | #[tokio::main]
[INFO] [stdout]   |   ^^^^^ use of undeclared crate or module `tokio`
[INFO] [stdout] 
[INFO] [stdout] error[E0752]: `main` function is not allowed to be `async`
[INFO] [stdout]  --> src/api/message/mod.rs:395:1
[INFO] [stdout]   |
[INFO] [stdout] 7 | async fn main() {
[INFO] [stdout]   | ^^^^^^^^^^^^^^^ `main` function is not allowed to be `async`
[INFO] [stdout] 
[INFO] [stdout] error: aborting due to 3 previous errors
[INFO] [stdout] 
[INFO] [stdout] Some errors have detailed explanations: E0432, E0433, E0752.
[INFO] [stdout] For more information about an error, try `rustc --explain E0432`.
[INFO] [stdout] Couldn't compile the test.
[INFO] [stdout] ---- src/api/message/mod.rs - api::message::ApiMessageEndpoints::inject_message (line 487) stdout ----
[INFO] [stdout] error[E0432]: unresolved imports `mailinator_rs::prelude::MailinatorClient`, `mailinator_rs::prelude::MessageApi`, `mailinator_rs::prelude::NewEmailMessageBuilder`
[INFO] [stdout]  --> src/api/message/mod.rs:490:33
[INFO] [stdout]   |
[INFO] [stdout] 5 |    InjectMessageRequestBuilder, MailinatorClient, MessageApi, NewEmailMessageBuilder,
[INFO] [stdout]   |                                 ^^^^^^^^^^^^^^^^  ^^^^^^^^^^  ^^^^^^^^^^^^^^^^^^^^^^
[INFO] [stdout]   |                                 |                 |           |
[INFO] [stdout]   |                                 |                 |           no `NewEmailMessageBuilder` in `prelude`
[INFO] [stdout]   |                                 |                 |           help: a similar name exists in the module: `NewEmailBuilder`
[INFO] [stdout]   |                                 |                 no `MessageApi` in `prelude`
[INFO] [stdout]   |                                 no `MailinatorClient` in `prelude`
[INFO] [stdout] 
[INFO] [stdout] error[E0433]: failed to resolve: use of undeclared crate or module `tokio`
[INFO] [stdout]  --> src/api/message/mod.rs:493:3
[INFO] [stdout]   |
[INFO] [stdout] 8 | #[tokio::main]
[INFO] [stdout]   |   ^^^^^ use of undeclared crate or module `tokio`
[INFO] [stdout] 
[INFO] [stdout] error[E0752]: `main` function is not allowed to be `async`
[INFO] [stdout]  --> src/api/message/mod.rs:494:1
[INFO] [stdout]   |
[INFO] [stdout] 9 | async fn main() {
[INFO] [stdout]   | ^^^^^^^^^^^^^^^ `main` function is not allowed to be `async`
[INFO] [stdout] 
[INFO] [stdout] error: aborting due to 3 previous errors
[INFO] [stdout] 
[INFO] [stdout] Some errors have detailed explanations: E0432, E0433, E0752.
[INFO] [stdout] For more information about an error, try `rustc --explain E0432`.
[INFO] [stdout] Couldn't compile the test.
[INFO] [stdout] 
[INFO] [stdout] failures:
[INFO] [stdout]     src/api/message/mod.rs - api::message::ApiMessageEndpoints::delete_all_domain_messages (line 390)
[INFO] [stdout]     src/api/message/mod.rs - api::message::ApiMessageEndpoints::delete_all_inbox_messages (line 419)
[INFO] [stdout]     src/api/message/mod.rs - api::message::ApiMessageEndpoints::delete_message (line 450)
[INFO] [stdout]     src/api/message/mod.rs - api::message::ApiMessageEndpoints::fetch_attachment (line 353)
[INFO] [stdout]     src/api/message/mod.rs - api::message::ApiMessageEndpoints::fetch_inbox (line 183)
[INFO] [stdout]     src/api/message/mod.rs - api::message::ApiMessageEndpoints::fetch_links (line 319)
[INFO] [stdout]     src/api/message/mod.rs - api::message::ApiMessageEndpoints::fetch_list_of_attachments (line 286)
[INFO] [stdout]     src/api/message/mod.rs - api::message::ApiMessageEndpoints::fetch_message (line 223)
[INFO] [stdout]     src/api/message/mod.rs - api::message::ApiMessageEndpoints::fetch_sms_message (line 255)
[INFO] [stdout]     src/api/message/mod.rs - api::message::ApiMessageEndpoints::inject_message (line 487)
[INFO] [stdout] 
[INFO] [stdout] test result: FAILED. 0 passed; 10 failed; 0 ignored; 0 measured; 0 filtered out; finished in 0.10s
[INFO] [stdout] 
[INFO] [stderr] error: doctest failed, to rerun pass `--doc`
[INFO] running `Command { std: "docker" "inspect" "7f1d90b0d9fcbab867e3949eecbdfaa111b29a4fb3f88fd93b98591a7ef3fb9f", kill_on_drop: false }`
[INFO] running `Command { std: "docker" "rm" "-f" "7f1d90b0d9fcbab867e3949eecbdfaa111b29a4fb3f88fd93b98591a7ef3fb9f", kill_on_drop: false }`
[INFO] [stdout] 7f1d90b0d9fcbab867e3949eecbdfaa111b29a4fb3f88fd93b98591a7ef3fb9f
