[INFO] fetching crate macroscript 0.6.0...
[INFO] testing macroscript-0.6.0 against nightly-2024-10-28 for randomize-layout
[INFO] extracting crate macroscript 0.6.0 into /workspace/builds/worker-3-tc1/source
[INFO] validating manifest of crates.io crate macroscript 0.6.0 on toolchain nightly-2024-10-28
[INFO] running `Command { std: CARGO_HOME="/workspace/cargo-home" RUSTUP_HOME="/workspace/rustup-home" "/workspace/cargo-home/bin/cargo" "+nightly-2024-10-28" "metadata" "--manifest-path" "Cargo.toml" "--no-deps", kill_on_drop: false }`
[INFO] started tweaking crates.io crate macroscript 0.6.0
[INFO] finished tweaking crates.io crate macroscript 0.6.0
[INFO] tweaked toml for crates.io crate macroscript 0.6.0 written to /workspace/builds/worker-3-tc1/source/Cargo.toml
[INFO] running `Command { std: CARGO_HOME="/workspace/cargo-home" RUSTUP_HOME="/workspace/rustup-home" "/workspace/cargo-home/bin/cargo" "+nightly-2024-10-28" "generate-lockfile" "--manifest-path" "Cargo.toml", kill_on_drop: false }`
[INFO] [stderr]     Updating crates.io index
[INFO] [stderr]      Locking 33 packages to latest compatible versions
[INFO] running `Command { std: CARGO_HOME="/workspace/cargo-home" RUSTUP_HOME="/workspace/rustup-home" "/workspace/cargo-home/bin/cargo" "+nightly-2024-10-28" "fetch" "--manifest-path" "Cargo.toml", kill_on_drop: false }`
[INFO] running `Command { std: "docker" "create" "-v" "/var/lib/crater-agent-workspace/builds/worker-3-tc1/target:/opt/rustwide/target:rw,Z" "-v" "/var/lib/crater-agent-workspace/builds/worker-3-tc1/source:/opt/rustwide/workdir:ro,Z" "-v" "/var/lib/crater-agent-workspace/cargo-home:/opt/rustwide/cargo-home:ro,Z" "-v" "/var/lib/crater-agent-workspace/rustup-home:/opt/rustwide/rustup-home:ro,Z" "-e" "SOURCE_DIR=/opt/rustwide/workdir" "-e" "CARGO_TARGET_DIR=/opt/rustwide/target" "-e" "CARGO_HOME=/opt/rustwide/cargo-home" "-e" "RUSTUP_HOME=/opt/rustwide/rustup-home" "-w" "/opt/rustwide/workdir" "-m" "1610612736" "--user" "0:0" "--network" "none" "ghcr.io/rust-lang/crates-build-env/linux@sha256:4a844ea9eb2546a2d2c7022eacef16ef2e8229c7fbb2c7d4d55a9ceca922f72d" "/opt/rustwide/cargo-home/bin/cargo" "+nightly-2024-10-28" "metadata" "--no-deps" "--format-version=1", kill_on_drop: false }`
[INFO] [stdout] 8fc183626f8e2438596cd26e1760b4fbd7577d72999ffad500798331ef6d5f7a
[INFO] running `Command { std: "docker" "start" "-a" "8fc183626f8e2438596cd26e1760b4fbd7577d72999ffad500798331ef6d5f7a", kill_on_drop: false }`
[INFO] running `Command { std: "docker" "inspect" "8fc183626f8e2438596cd26e1760b4fbd7577d72999ffad500798331ef6d5f7a", kill_on_drop: false }`
[INFO] running `Command { std: "docker" "rm" "-f" "8fc183626f8e2438596cd26e1760b4fbd7577d72999ffad500798331ef6d5f7a", kill_on_drop: false }`
[INFO] [stdout] 8fc183626f8e2438596cd26e1760b4fbd7577d72999ffad500798331ef6d5f7a
[INFO] running `Command { std: "docker" "create" "-v" "/var/lib/crater-agent-workspace/builds/worker-3-tc1/target:/opt/rustwide/target:rw,Z" "-v" "/var/lib/crater-agent-workspace/builds/worker-3-tc1/source:/opt/rustwide/workdir:ro,Z" "-v" "/var/lib/crater-agent-workspace/cargo-home:/opt/rustwide/cargo-home:ro,Z" "-v" "/var/lib/crater-agent-workspace/rustup-home:/opt/rustwide/rustup-home:ro,Z" "-e" "SOURCE_DIR=/opt/rustwide/workdir" "-e" "CARGO_TARGET_DIR=/opt/rustwide/target" "-e" "CARGO_INCREMENTAL=0" "-e" "RUST_BACKTRACE=full" "-e" "RUSTFLAGS=--cap-lints=forbid" "-e" "RUSTDOCFLAGS=--cap-lints=forbid" "-e" "CARGO_HOME=/opt/rustwide/cargo-home" "-e" "RUSTUP_HOME=/opt/rustwide/rustup-home" "-w" "/opt/rustwide/workdir" "-m" "1610612736" "--user" "0:0" "--network" "none" "ghcr.io/rust-lang/crates-build-env/linux@sha256:4a844ea9eb2546a2d2c7022eacef16ef2e8229c7fbb2c7d4d55a9ceca922f72d" "/opt/rustwide/cargo-home/bin/cargo" "+nightly-2024-10-28" "build" "--frozen" "--message-format=json", kill_on_drop: false }`
[INFO] [stdout] e9b5bd200e77ad4e98587cf06e6a95a2c601b7b4f8f8edcecd9b10f82fb8d0d1
[INFO] running `Command { std: "docker" "start" "-a" "e9b5bd200e77ad4e98587cf06e6a95a2c601b7b4f8f8edcecd9b10f82fb8d0d1", kill_on_drop: false }`
[INFO] [stderr]    Compiling libc v0.2.161
[INFO] [stderr]    Compiling regex-syntax v0.8.5
[INFO] [stderr]    Compiling either v1.13.0
[INFO] [stderr]    Compiling seahash v4.1.0
[INFO] [stderr]    Compiling aho-corasick v1.1.3
[INFO] [stderr]    Compiling itertools v0.13.0
[INFO] [stderr]    Compiling getrandom v0.2.15
[INFO] [stderr]    Compiling rand_core v0.6.4
[INFO] [stderr]    Compiling rand_chacha v0.3.1
[INFO] [stderr]    Compiling rand_pcg v0.3.1
[INFO] [stderr]    Compiling rand v0.8.5
[INFO] [stderr]    Compiling regex-automata v0.4.8
[INFO] [stderr]    Compiling regex v1.11.1
[INFO] [stderr]    Compiling macroscript v0.6.0 (/opt/rustwide/workdir)
[INFO] [stdout] warning: the feature `lazy_cell` has been stable since 1.80.0 and no longer requires an attribute to enable
[INFO] [stdout]  --> src/lib.rs:4:35
[INFO] [stdout]   |
[INFO] [stdout] 4 | #![feature(byte_slice_trim_ascii, lazy_cell)]
[INFO] [stdout]   |                                   ^^^^^^^^^
[INFO] [stdout]   |
[INFO] [stdout]   = note: `#[warn(stable_features)]` on by default
[INFO] [stdout] 
[INFO] [stdout] 
[INFO] [stdout] warning: the feature `byte_slice_trim_ascii` has been stable since 1.80.0 and no longer requires an attribute to enable
[INFO] [stdout]  --> src/lib.rs:4:12
[INFO] [stdout]   |
[INFO] [stdout] 4 | #![feature(byte_slice_trim_ascii, lazy_cell)]
[INFO] [stdout]   |            ^^^^^^^^^^^^^^^^^^^^^
[INFO] [stdout] 
[INFO] [stdout] 
[INFO] [stderr]     Finished `dev` profile [unoptimized + debuginfo] target(s) in 3.59s
[INFO] running `Command { std: "docker" "inspect" "e9b5bd200e77ad4e98587cf06e6a95a2c601b7b4f8f8edcecd9b10f82fb8d0d1", kill_on_drop: false }`
[INFO] running `Command { std: "docker" "rm" "-f" "e9b5bd200e77ad4e98587cf06e6a95a2c601b7b4f8f8edcecd9b10f82fb8d0d1", kill_on_drop: false }`
[INFO] [stdout] e9b5bd200e77ad4e98587cf06e6a95a2c601b7b4f8f8edcecd9b10f82fb8d0d1
[INFO] running `Command { std: "docker" "create" "-v" "/var/lib/crater-agent-workspace/builds/worker-3-tc1/target:/opt/rustwide/target:rw,Z" "-v" "/var/lib/crater-agent-workspace/builds/worker-3-tc1/source:/opt/rustwide/workdir:ro,Z" "-v" "/var/lib/crater-agent-workspace/cargo-home:/opt/rustwide/cargo-home:ro,Z" "-v" "/var/lib/crater-agent-workspace/rustup-home:/opt/rustwide/rustup-home:ro,Z" "-e" "SOURCE_DIR=/opt/rustwide/workdir" "-e" "CARGO_TARGET_DIR=/opt/rustwide/target" "-e" "CARGO_INCREMENTAL=0" "-e" "RUST_BACKTRACE=full" "-e" "RUSTFLAGS=--cap-lints=forbid" "-e" "RUSTDOCFLAGS=--cap-lints=forbid" "-e" "CARGO_HOME=/opt/rustwide/cargo-home" "-e" "RUSTUP_HOME=/opt/rustwide/rustup-home" "-w" "/opt/rustwide/workdir" "-m" "1610612736" "--user" "0:0" "--network" "none" "ghcr.io/rust-lang/crates-build-env/linux@sha256:4a844ea9eb2546a2d2c7022eacef16ef2e8229c7fbb2c7d4d55a9ceca922f72d" "/opt/rustwide/cargo-home/bin/cargo" "+nightly-2024-10-28" "test" "--frozen" "--no-run" "--message-format=json", kill_on_drop: false }`
[INFO] [stdout] cc7a0502c12f01633a15ad9c9b4cbce4443464811d192060f94065163672cc8c
[INFO] running `Command { std: "docker" "start" "-a" "cc7a0502c12f01633a15ad9c9b4cbce4443464811d192060f94065163672cc8c", kill_on_drop: false }`
[INFO] [stderr]    Compiling macroscript v0.6.0 (/opt/rustwide/workdir)
[INFO] [stdout] warning: the feature `lazy_cell` has been stable since 1.80.0 and no longer requires an attribute to enable
[INFO] [stdout]  --> src/lib.rs:4:35
[INFO] [stdout]   |
[INFO] [stdout] 4 | #![feature(byte_slice_trim_ascii, lazy_cell)]
[INFO] [stdout]   |                                   ^^^^^^^^^
[INFO] [stdout]   |
[INFO] [stdout]   = note: `#[warn(stable_features)]` on by default
[INFO] [stdout] 
[INFO] [stdout] 
[INFO] [stdout] warning: the feature `byte_slice_trim_ascii` has been stable since 1.80.0 and no longer requires an attribute to enable
[INFO] [stdout]  --> src/lib.rs:4:12
[INFO] [stdout]   |
[INFO] [stdout] 4 | #![feature(byte_slice_trim_ascii, lazy_cell)]
[INFO] [stdout]   |            ^^^^^^^^^^^^^^^^^^^^^
[INFO] [stdout] 
[INFO] [stdout] 
[INFO] [stdout] warning: the feature `lazy_cell` has been stable since 1.80.0 and no longer requires an attribute to enable
[INFO] [stdout]  --> src/lib.rs:4:35
[INFO] [stdout]   |
[INFO] [stdout] 4 | #![feature(byte_slice_trim_ascii, lazy_cell)]
[INFO] [stdout]   |                                   ^^^^^^^^^
[INFO] [stdout]   |
[INFO] [stdout]   = note: `#[warn(stable_features)]` on by default
[INFO] [stdout] 
[INFO] [stdout] 
[INFO] [stdout] warning: the feature `byte_slice_trim_ascii` has been stable since 1.80.0 and no longer requires an attribute to enable
[INFO] [stdout]  --> src/lib.rs:4:12
[INFO] [stdout]   |
[INFO] [stdout] 4 | #![feature(byte_slice_trim_ascii, lazy_cell)]
[INFO] [stdout]   |            ^^^^^^^^^^^^^^^^^^^^^
[INFO] [stdout] 
[INFO] [stdout] 
[INFO] [stderr]     Finished `test` profile [unoptimized + debuginfo] target(s) in 0.43s
[INFO] running `Command { std: "docker" "inspect" "cc7a0502c12f01633a15ad9c9b4cbce4443464811d192060f94065163672cc8c", kill_on_drop: false }`
[INFO] running `Command { std: "docker" "rm" "-f" "cc7a0502c12f01633a15ad9c9b4cbce4443464811d192060f94065163672cc8c", kill_on_drop: false }`
[INFO] [stdout] cc7a0502c12f01633a15ad9c9b4cbce4443464811d192060f94065163672cc8c
[INFO] running `Command { std: "docker" "create" "-v" "/var/lib/crater-agent-workspace/builds/worker-3-tc1/target:/opt/rustwide/target:rw,Z" "-v" "/var/lib/crater-agent-workspace/builds/worker-3-tc1/source:/opt/rustwide/workdir:ro,Z" "-v" "/var/lib/crater-agent-workspace/cargo-home:/opt/rustwide/cargo-home:ro,Z" "-v" "/var/lib/crater-agent-workspace/rustup-home:/opt/rustwide/rustup-home:ro,Z" "-e" "SOURCE_DIR=/opt/rustwide/workdir" "-e" "CARGO_TARGET_DIR=/opt/rustwide/target" "-e" "CARGO_INCREMENTAL=0" "-e" "RUST_BACKTRACE=full" "-e" "RUSTFLAGS=--cap-lints=forbid" "-e" "RUSTDOCFLAGS=--cap-lints=forbid" "-e" "CARGO_HOME=/opt/rustwide/cargo-home" "-e" "RUSTUP_HOME=/opt/rustwide/rustup-home" "-w" "/opt/rustwide/workdir" "-m" "1610612736" "--user" "0:0" "--network" "none" "ghcr.io/rust-lang/crates-build-env/linux@sha256:4a844ea9eb2546a2d2c7022eacef16ef2e8229c7fbb2c7d4d55a9ceca922f72d" "/opt/rustwide/cargo-home/bin/cargo" "+nightly-2024-10-28" "test" "--frozen", kill_on_drop: false }`
[INFO] [stdout] 19e014471b344df62a4a22a28a2f95ef4d69328fee47e5dda0b3790487defc7e
[INFO] running `Command { std: "docker" "start" "-a" "19e014471b344df62a4a22a28a2f95ef4d69328fee47e5dda0b3790487defc7e", kill_on_drop: false }`
[INFO] [stderr] warning: the feature `lazy_cell` has been stable since 1.80.0 and no longer requires an attribute to enable
[INFO] [stderr]  --> src/lib.rs:4:35
[INFO] [stderr]   |
[INFO] [stderr] 4 | #![feature(byte_slice_trim_ascii, lazy_cell)]
[INFO] [stderr]   |                                   ^^^^^^^^^
[INFO] [stderr]   |
[INFO] [stderr]   = note: `#[warn(stable_features)]` on by default
[INFO] [stderr] 
[INFO] [stderr] warning: the feature `byte_slice_trim_ascii` has been stable since 1.80.0 and no longer requires an attribute to enable
[INFO] [stderr]  --> src/lib.rs:4:12
[INFO] [stderr]   |
[INFO] [stderr] 4 | #![feature(byte_slice_trim_ascii, lazy_cell)]
[INFO] [stderr]   |            ^^^^^^^^^^^^^^^^^^^^^
[INFO] [stderr] 
[INFO] [stderr] warning: `macroscript` (lib) generated 2 warnings
[INFO] [stderr] warning: `macroscript` (lib test) generated 2 warnings (2 duplicates)
[INFO] [stderr]     Finished `test` profile [unoptimized + debuginfo] target(s) in 0.02s
[INFO] [stderr]      Running unittests src/lib.rs (/opt/rustwide/target/debug/deps/macroscript-555529f558c33984)
[INFO] [stdout] 
[INFO] [stdout] running 1 test
[INFO] [stdout] test parsing::test::bracket_test ... ok
[INFO] [stdout] 
[INFO] [stdout] test result: ok. 1 passed; 0 failed; 0 ignored; 0 measured; 0 filtered out; finished in 0.00s
[INFO] [stdout] 
[INFO] [stderr]    Doc-tests macroscript
[INFO] [stdout] 
[INFO] [stdout] running 67 tests
[INFO] [stdout] test src/stdlib.rs - stdlib::DocumentationHelper (line 287) ... ok
[INFO] [stdout] test src/stdlib.rs - stdlib::DocumentationHelper (line 300) ... ok
[INFO] [stdout] test src/stdlib.rs - stdlib::DocumentationHelper (line 260) ... ok
[INFO] [stdout] test src/stdlib.rs - stdlib::DocumentationHelper (line 275) ... ok
[INFO] [stdout] test src/stdlib.rs - stdlib::DocumentationHelper (line 115) ... ok
[INFO] [stdout] test src/../README.md - (line 15) ... ok
[INFO] [stdout] test src/stdlib.rs - stdlib::DocumentationHelper (line 248) ... ok
[INFO] [stdout] test src/stdlib.rs - stdlib::DocumentationHelper (line 132) ... ok
[INFO] [stdout] test src/stdlib.rs - stdlib::DocumentationHelper (line 314) ... ok
[INFO] [stdout] test src/stdlib.rs - stdlib::DocumentationHelper (line 326) ... ok
[INFO] [stdout] test src/stdlib.rs - stdlib::DocumentationHelper (line 237) ... ok
[INFO] [stdout] test src/stdlib.rs - stdlib::DocumentationHelper (line 168) ... ok
[INFO] [stdout] test src/stdlib.rs - stdlib::DocumentationHelper (line 388) ... ok
[INFO] [stdout] test src/stdlib.rs - stdlib::DocumentationHelper (line 154) ... FAILED
[INFO] [stdout] test src/stdlib.rs - stdlib::DocumentationHelper (line 210) ... ok
[INFO] [stdout] test src/stdlib.rs - stdlib::DocumentationHelper (line 143) ... ok
[INFO] [stdout] test src/stdlib.rs - stdlib::DocumentationHelper (line 194) ... ok
[INFO] [stdout] test src/stdlib.rs - stdlib::DocumentationHelper (line 401) ... ok
[INFO] [stdout] test src/stdlib.rs - stdlib::DocumentationHelper (line 181) ... ok
[INFO] [stdout] test src/stdlib.rs - stdlib::DocumentationHelper (line 105) ... ok
[INFO] [stdout] test src/stdlib.rs - stdlib::DocumentationHelper (line 428) ... ok
[INFO] [stdout] test src/stdlib.rs - stdlib::DocumentationHelper (line 363) ... ok
[INFO] [stdout] test src/stdlib.rs - stdlib::DocumentationHelper (line 225) ... ok
[INFO] [stdout] test src/stdlib.rs - stdlib::DocumentationHelper (line 338) ... ok
[INFO] [stdout] test src/stdlib.rs - stdlib::DocumentationHelper (line 414) ... ok
[INFO] [stdout] test src/stdlib.rs - stdlib::DocumentationHelper (line 469) ... ok
[INFO] [stdout] test src/stdlib.rs - stdlib::DocumentationHelper (line 495) ... ok
[INFO] [stdout] test src/stdlib.rs - stdlib::DocumentationHelper (line 375) ... ok
[INFO] [stdout] test src/stdlib.rs - stdlib::DocumentationHelper (line 508) ... ok
[INFO] [stdout] test src/stdlib.rs - stdlib::DocumentationHelper (line 351) ... ok
[INFO] [stdout] test src/stdlib.rs - stdlib::DocumentationHelper (line 520) ... ok
[INFO] [stdout] test src/stdlib.rs - stdlib::DocumentationHelper (line 440) ... ok
[INFO] [stdout] test src/stdlib.rs - stdlib::DocumentationHelper (line 568) ... ok
[INFO] [stdout] test src/stdlib.rs - stdlib::DocumentationHelper (line 556) ... ok
[INFO] [stdout] test src/stdlib.rs - stdlib::DocumentationHelper (line 544) ... ok
[INFO] [stdout] test src/stdlib.rs - stdlib::DocumentationHelper (line 455) ... ok
[INFO] [stdout] test src/stdlib.rs - stdlib::DocumentationHelper (line 532) ... ok
[INFO] [stdout] test src/stdlib.rs - stdlib::DocumentationHelper (line 482) ... ok
[INFO] [stdout] test src/stdlib.rs - stdlib::DocumentationHelper (line 592) ... ok
[INFO] [stdout] test src/stdlib.rs - stdlib::DocumentationHelper (line 686) ... ok
[INFO] [stdout] test src/stdlib.rs - stdlib::DocumentationHelper (line 675) ... ok
[INFO] [stdout] test src/stdlib.rs - stdlib::DocumentationHelper (line 580) ... ok
[INFO] [stdout] test src/stdlib.rs - stdlib::DocumentationHelper (line 653) ... ok
[INFO] [stdout] test src/stdlib.rs - stdlib::DocumentationHelper (line 618) ... ok
[INFO] [stdout] test src/stdlib.rs - stdlib::DocumentationHelper (line 664) ... ok
[INFO] [stdout] test src/stdlib.rs - stdlib::DocumentationHelper (line 630) ... ok
[INFO] [stdout] test src/stdlib.rs - stdlib::DocumentationHelper (line 605) ... ok
[INFO] [stdout] test src/stdlib.rs - stdlib::DocumentationHelper (line 708) ... ok
[INFO] [stdout] test src/stdlib.rs - stdlib::DocumentationHelper (line 697) ... ok
[INFO] [stdout] test src/stdlib.rs - stdlib::DocumentationHelper (line 719) ... ok
[INFO] [stdout] test src/stdlib.rs - stdlib::DocumentationHelper (line 72) ... ok
[INFO] [stdout] test src/stdlib.rs - stdlib::DocumentationHelper (line 61) ... ok
[INFO] [stdout] test src/stdlib.rs - stdlib::DocumentationHelper (line 730) ... ok
[INFO] [stdout] test src/stdlib.rs - stdlib::DocumentationHelper (line 797) ... ok
[INFO] [stdout] test src/stdlib.rs - stdlib::DocumentationHelper (line 744) ... ok
[INFO] [stdout] test src/stdlib.rs - stdlib::DocumentationHelper (line 784) ... ok
[INFO] [stdout] test src/stdlib.rs - stdlib::DocumentationHelper (line 820) ... ok
[INFO] [stdout] test src/stdlib.rs - stdlib::DocumentationHelper (line 772) ... ok
[INFO] [stdout] test src/stdlib.rs - stdlib::DocumentationHelper (line 832) ... ok
[INFO] [stdout] test src/stdlib.rs - stdlib::DocumentationHelper (line 759) ... ok
[INFO] [stdout] test src/stdlib.rs - stdlib::DocumentationHelper (line 641) ... ok
[INFO] [stdout] test src/stdlib.rs - stdlib::DocumentationHelper (line 808) ... ok
[INFO] [stdout] test src/stdlib.rs - stdlib::DocumentationHelper (line 844) ... ok
[INFO] [stdout] test src/stdlib.rs - stdlib::DocumentationHelper (line 85) ... ok
[INFO] [stdout] test src/stdlib.rs - stdlib::DocumentationHelper (line 855) ... ok
[INFO] [stdout] test src/stdlib.rs - stdlib::DocumentationHelper (line 95) ... ok
[INFO] [stdout] test src/textmacro.rs - textmacro::TextMacro (line 25) ... ok
[INFO] [stdout] 
[INFO] [stdout] failures:
[INFO] [stdout] 
[INFO] [stdout] ---- src/stdlib.rs - stdlib::DocumentationHelper (line 154) stdout ----
[INFO] [stdout] Test executable failed (exit status: 101).
[INFO] [stdout] 
[INFO] [stdout] stderr:
[INFO] [stdout] thread 'main' panicked at src/test.rs:30:9:
[INFO] [stdout] assertion `left == right` failed: test case failed for [add] -> 0
[INFO] [stdout] "0" != "-0"
[INFO] [stdout]   left: "0"
[INFO] [stdout]  right: "-0"
[INFO] [stdout] stack backtrace:
[INFO] [stdout]    0:     0x604f1d788cca - std::backtrace_rs::backtrace::libunwind::trace::h207520d6e9873551
[INFO] [stdout]                                at /rustc/df4ca44d3fbc9301ee17f30f4d474e6ae4b05252/library/std/src/../../backtrace/src/backtrace/libunwind.rs:116:5
[INFO] [stdout]    1:     0x604f1d788cca - std::backtrace_rs::backtrace::trace_unsynchronized::h2ed7433f370e3eca
[INFO] [stdout]                                at /rustc/df4ca44d3fbc9301ee17f30f4d474e6ae4b05252/library/std/src/../../backtrace/src/backtrace/mod.rs:66:5
[INFO] [stdout]    2:     0x604f1d788cca - std::sys::backtrace::_print_fmt::h916fac51166b18d7
[INFO] [stdout]                                at /rustc/df4ca44d3fbc9301ee17f30f4d474e6ae4b05252/library/std/src/sys/backtrace.rs:66:9
[INFO] [stdout]    3:     0x604f1d788cca - <std::sys::backtrace::BacktraceLock::print::DisplayBacktrace as core::fmt::Display>::fmt::ha0a4c9b8ce3802e6
[INFO] [stdout]                                at /rustc/df4ca44d3fbc9301ee17f30f4d474e6ae4b05252/library/std/src/sys/backtrace.rs:39:26
[INFO] [stdout]    4:     0x604f1d7ac713 - core::fmt::rt::Argument::fmt::h4cfc8587d52b3eb5
[INFO] [stdout]                                at /rustc/df4ca44d3fbc9301ee17f30f4d474e6ae4b05252/library/core/src/fmt/rt.rs:177:76
[INFO] [stdout]    5:     0x604f1d7ac713 - core::fmt::write::h522cc39e5b36ae9f
[INFO] [stdout]                                at /rustc/df4ca44d3fbc9301ee17f30f4d474e6ae4b05252/library/core/src/fmt/mod.rs:1190:21
[INFO] [stdout]    6:     0x604f1d7865c3 - std::io::Write::write_fmt::hf1c1dcc8cc1287f0
[INFO] [stdout]                                at /rustc/df4ca44d3fbc9301ee17f30f4d474e6ae4b05252/library/std/src/io/mod.rs:1839:15
[INFO] [stdout]    7:     0x604f1d788b12 - std::sys::backtrace::BacktraceLock::print::h4b9e00b29e9c0942
[INFO] [stdout]                                at /rustc/df4ca44d3fbc9301ee17f30f4d474e6ae4b05252/library/std/src/sys/backtrace.rs:42:9
[INFO] [stdout]    8:     0x604f1d789adc - std::panicking::default_hook::{{closure}}::hb59b88280d0324d9
[INFO] [stdout]                                at /rustc/df4ca44d3fbc9301ee17f30f4d474e6ae4b05252/library/std/src/panicking.rs:268:22
[INFO] [stdout]    9:     0x604f1d789922 - std::panicking::default_hook::he1dd496665be4a29
[INFO] [stdout]                                at /rustc/df4ca44d3fbc9301ee17f30f4d474e6ae4b05252/library/std/src/panicking.rs:295:9
[INFO] [stdout]   10:     0x604f1d78a0d7 - std::panicking::rust_panic_with_hook::h2ff17fe8f26dfcf8
[INFO] [stdout]                                at /rustc/df4ca44d3fbc9301ee17f30f4d474e6ae4b05252/library/std/src/panicking.rs:801:13
[INFO] [stdout]   11:     0x604f1d789f6a - std::panicking::begin_panic_handler::{{closure}}::h4fad77951c07e101
[INFO] [stdout]                                at /rustc/df4ca44d3fbc9301ee17f30f4d474e6ae4b05252/library/std/src/panicking.rs:674:13
[INFO] [stdout]   12:     0x604f1d7891a9 - std::sys::backtrace::__rust_end_short_backtrace::hb1a25b3da5d0ea08
[INFO] [stdout]                                at /rustc/df4ca44d3fbc9301ee17f30f4d474e6ae4b05252/library/std/src/sys/backtrace.rs:170:18
[INFO] [stdout]   13:     0x604f1d789bfc - rust_begin_unwind
[INFO] [stdout]                                at /rustc/df4ca44d3fbc9301ee17f30f4d474e6ae4b05252/library/std/src/panicking.rs:665:5
[INFO] [stdout]   14:     0x604f1d7aadf0 - core::panicking::panic_fmt::ha9db07b529f9b256
[INFO] [stdout]                                at /rustc/df4ca44d3fbc9301ee17f30f4d474e6ae4b05252/library/core/src/panicking.rs:75:14
[INFO] [stdout]   15:     0x604f1d7ab1f4 - core::panicking::assert_failed_inner::h04f38944d74a80a8
[INFO] [stdout]   16:     0x604f1d472392 - core::panicking::assert_failed::h6e27bc597a631c7c
[INFO] [stdout]                                at /rustc/df4ca44d3fbc9301ee17f30f4d474e6ae4b05252/library/core/src/panicking.rs:377:5
[INFO] [stdout]   17:     0x604f1d4471e6 - macroscript::test::test_output::hc49c9f4e65718030
[INFO] [stdout]                                at /opt/rustwide/workdir/src/test.rs:30:3
[INFO] [stdout]   18:     0x604f1d43f1c6 - rust_out::main::h18ca330c01019807
[INFO] [stdout]   19:     0x604f1d43eea3 - core::ops::function::FnOnce::call_once::h88dc42cfa5c7a6da
[INFO] [stdout]   20:     0x604f1d43ee46 - std::sys::backtrace::__rust_begin_short_backtrace::h69591ead4a50534c
[INFO] [stdout]   21:     0x604f1d43ee29 - std::rt::lang_start::{{closure}}::hd6a70daba0aaa9ec
[INFO] [stdout]   22:     0x604f1d783ff7 - core::ops::function::impls::<impl core::ops::function::FnOnce<A> for &F>::call_once::hd87d66b906e0ccaf
[INFO] [stdout]                                at /rustc/df4ca44d3fbc9301ee17f30f4d474e6ae4b05252/library/core/src/ops/function.rs:284:13
[INFO] [stdout]   23:     0x604f1d783ff7 - std::panicking::try::do_call::hae3703de71fc9e3a
[INFO] [stdout]                                at /rustc/df4ca44d3fbc9301ee17f30f4d474e6ae4b05252/library/std/src/panicking.rs:557:40
[INFO] [stdout]   24:     0x604f1d783ff7 - std::panicking::try::h1178330e9a2b2645
[INFO] [stdout]                                at /rustc/df4ca44d3fbc9301ee17f30f4d474e6ae4b05252/library/std/src/panicking.rs:520:19
[INFO] [stdout]   25:     0x604f1d783ff7 - std::panic::catch_unwind::h0acf49d2305d32ad
[INFO] [stdout]                                at /rustc/df4ca44d3fbc9301ee17f30f4d474e6ae4b05252/library/std/src/panic.rs:358:14
[INFO] [stdout]   26:     0x604f1d783ff7 - std::rt::lang_start_internal::{{closure}}::h2d95182d798177be
[INFO] [stdout]                                at /rustc/df4ca44d3fbc9301ee17f30f4d474e6ae4b05252/library/std/src/rt.rs:174:48
[INFO] [stdout]   27:     0x604f1d783ff7 - std::panicking::try::do_call::hb506f5bfe11fd30c
[INFO] [stdout]                                at /rustc/df4ca44d3fbc9301ee17f30f4d474e6ae4b05252/library/std/src/panicking.rs:557:40
[INFO] [stdout]   28:     0x604f1d783ff7 - std::panicking::try::h54d825c46bd0fa95
[INFO] [stdout]                                at /rustc/df4ca44d3fbc9301ee17f30f4d474e6ae4b05252/library/std/src/panicking.rs:520:19
[INFO] [stdout]   29:     0x604f1d783ff7 - std::panic::catch_unwind::hffbb0ad20c4e9fac
[INFO] [stdout]                                at /rustc/df4ca44d3fbc9301ee17f30f4d474e6ae4b05252/library/std/src/panic.rs:358:14
[INFO] [stdout]   30:     0x604f1d783ff7 - std::rt::lang_start_internal::h52c291ef1962c925
[INFO] [stdout]                                at /rustc/df4ca44d3fbc9301ee17f30f4d474e6ae4b05252/library/std/src/rt.rs:174:20
[INFO] [stdout]   31:     0x604f1d43ee07 - std::rt::lang_start::h354d47664dc0f7b3
[INFO] [stdout]   32:     0x604f1d43f1e5 - main
[INFO] [stdout]   33:     0x72c0fce37d90 - <unknown>
[INFO] [stdout]   34:     0x72c0fce37e40 - __libc_start_main
[INFO] [stdout]   35:     0x604f1d43ed15 - _start
[INFO] [stdout]   36:                0x0 - <unknown>
[INFO] [stdout] 
[INFO] [stdout] 
[INFO] [stdout] 
[INFO] [stdout] failures:
[INFO] [stdout]     src/stdlib.rs - stdlib::DocumentationHelper (line 154)
[INFO] [stdout] 
[INFO] [stdout] test result: FAILED. 66 passed; 1 failed; 0 ignored; 0 measured; 0 filtered out; finished in 3.53s
[INFO] [stdout] 
[INFO] [stderr] error: doctest failed, to rerun pass `--doc`
[INFO] running `Command { std: "docker" "inspect" "19e014471b344df62a4a22a28a2f95ef4d69328fee47e5dda0b3790487defc7e", kill_on_drop: false }`
[INFO] running `Command { std: "docker" "rm" "-f" "19e014471b344df62a4a22a28a2f95ef4d69328fee47e5dda0b3790487defc7e", kill_on_drop: false }`
[INFO] [stdout] 19e014471b344df62a4a22a28a2f95ef4d69328fee47e5dda0b3790487defc7e
