[INFO] fetching crate macroquad-virtual-joystick 0.2.0...
[INFO] testing macroquad-virtual-joystick-0.2.0 against nightly-2024-10-28 for randomize-layout
[INFO] extracting crate macroquad-virtual-joystick 0.2.0 into /workspace/builds/worker-1-tc1/source
[INFO] validating manifest of crates.io crate macroquad-virtual-joystick 0.2.0 on toolchain nightly-2024-10-28
[INFO] running `Command { std: CARGO_HOME="/workspace/cargo-home" RUSTUP_HOME="/workspace/rustup-home" "/workspace/cargo-home/bin/cargo" "+nightly-2024-10-28" "metadata" "--manifest-path" "Cargo.toml" "--no-deps", kill_on_drop: false }`
[INFO] started tweaking crates.io crate macroquad-virtual-joystick 0.2.0
[INFO] finished tweaking crates.io crate macroquad-virtual-joystick 0.2.0
[INFO] tweaked toml for crates.io crate macroquad-virtual-joystick 0.2.0 written to /workspace/builds/worker-1-tc1/source/Cargo.toml
[INFO] crate crates.io crate macroquad-virtual-joystick 0.2.0 already has a lockfile, it will not be regenerated
[INFO] running `Command { std: CARGO_HOME="/workspace/cargo-home" RUSTUP_HOME="/workspace/rustup-home" "/workspace/cargo-home/bin/cargo" "+nightly-2024-10-28" "fetch" "--manifest-path" "Cargo.toml", kill_on_drop: false }`
[INFO] [stderr]     Updating crates.io index
[INFO] [stderr]  Downloading crates ...
[INFO] [stderr]   Downloaded miniquad v0.3.0-alpha.30
[INFO] [stderr]   Downloaded quad-rand v0.2.1
[INFO] [stderr]   Downloaded redox_syscall v0.2.7
[INFO] [stderr]   Downloaded sapp-windows v0.2.16
[INFO] [stderr]   Downloaded hound v3.4.0
[INFO] [stderr]   Downloaded macroquad_macro v0.1.2
[INFO] [stderr]   Downloaded sapp-wasm v0.1.24
[INFO] [stderr]   Downloaded sapp-darwin v0.1.6
[INFO] [stderr]   Downloaded sapp-ios v0.1.2
[INFO] [stderr]   Downloaded sapp-dummy v0.1.5
[INFO] [stderr]   Downloaded glam v0.14.0
[INFO] [stderr]   Downloaded fontdue v0.4.0
[INFO] [stderr]   Downloaded ttf-parser v0.8.3
[INFO] [stderr]   Downloaded sapp-android v0.1.5
[INFO] [stderr]   Downloaded sapp-linux v0.1.12
[INFO] [stderr]   Downloaded regex v1.5.2
[INFO] [stderr]   Downloaded regex-syntax v0.6.24
[INFO] [stderr]   Downloaded macroquad v0.3.1
[INFO] running `Command { std: "docker" "create" "-v" "/var/lib/crater-agent-workspace/builds/worker-1-tc1/target:/opt/rustwide/target:rw,Z" "-v" "/var/lib/crater-agent-workspace/builds/worker-1-tc1/source:/opt/rustwide/workdir:ro,Z" "-v" "/var/lib/crater-agent-workspace/cargo-home:/opt/rustwide/cargo-home:ro,Z" "-v" "/var/lib/crater-agent-workspace/rustup-home:/opt/rustwide/rustup-home:ro,Z" "-e" "SOURCE_DIR=/opt/rustwide/workdir" "-e" "CARGO_TARGET_DIR=/opt/rustwide/target" "-e" "CARGO_HOME=/opt/rustwide/cargo-home" "-e" "RUSTUP_HOME=/opt/rustwide/rustup-home" "-w" "/opt/rustwide/workdir" "-m" "1610612736" "--user" "0:0" "--network" "none" "ghcr.io/rust-lang/crates-build-env/linux@sha256:4a844ea9eb2546a2d2c7022eacef16ef2e8229c7fbb2c7d4d55a9ceca922f72d" "/opt/rustwide/cargo-home/bin/cargo" "+nightly-2024-10-28" "metadata" "--no-deps" "--format-version=1", kill_on_drop: false }`
[INFO] [stdout] 40bb5ef2e0113a40d8825e77210a17aef85b1d6bbb9b0dc3c189f69b50fc813b
[INFO] running `Command { std: "docker" "start" "-a" "40bb5ef2e0113a40d8825e77210a17aef85b1d6bbb9b0dc3c189f69b50fc813b", kill_on_drop: false }`
[INFO] running `Command { std: "docker" "inspect" "40bb5ef2e0113a40d8825e77210a17aef85b1d6bbb9b0dc3c189f69b50fc813b", kill_on_drop: false }`
[INFO] running `Command { std: "docker" "rm" "-f" "40bb5ef2e0113a40d8825e77210a17aef85b1d6bbb9b0dc3c189f69b50fc813b", kill_on_drop: false }`
[INFO] [stdout] 40bb5ef2e0113a40d8825e77210a17aef85b1d6bbb9b0dc3c189f69b50fc813b
[INFO] running `Command { std: "docker" "create" "-v" "/var/lib/crater-agent-workspace/builds/worker-1-tc1/target:/opt/rustwide/target:rw,Z" "-v" "/var/lib/crater-agent-workspace/builds/worker-1-tc1/source:/opt/rustwide/workdir:ro,Z" "-v" "/var/lib/crater-agent-workspace/cargo-home:/opt/rustwide/cargo-home:ro,Z" "-v" "/var/lib/crater-agent-workspace/rustup-home:/opt/rustwide/rustup-home:ro,Z" "-e" "SOURCE_DIR=/opt/rustwide/workdir" "-e" "CARGO_TARGET_DIR=/opt/rustwide/target" "-e" "CARGO_INCREMENTAL=0" "-e" "RUST_BACKTRACE=full" "-e" "RUSTFLAGS=--cap-lints=forbid" "-e" "RUSTDOCFLAGS=--cap-lints=forbid" "-e" "CARGO_HOME=/opt/rustwide/cargo-home" "-e" "RUSTUP_HOME=/opt/rustwide/rustup-home" "-w" "/opt/rustwide/workdir" "-m" "1610612736" "--user" "0:0" "--network" "none" "ghcr.io/rust-lang/crates-build-env/linux@sha256:4a844ea9eb2546a2d2c7022eacef16ef2e8229c7fbb2c7d4d55a9ceca922f72d" "/opt/rustwide/cargo-home/bin/cargo" "+nightly-2024-10-28" "build" "--frozen" "--message-format=json", kill_on_drop: false }`
[INFO] [stdout] c6520d89716dec5cfebdec6cad268a66e59837f01e5eb696b4e4217ad9decdec
[INFO] running `Command { std: "docker" "start" "-a" "c6520d89716dec5cfebdec6cad268a66e59837f01e5eb696b4e4217ad9decdec", kill_on_drop: false }`
[INFO] [stderr]    Compiling libc v0.2.94
[INFO] [stderr]    Compiling proc-macro2 v1.0.26
[INFO] [stderr]    Compiling bitflags v1.2.1
[INFO] [stderr]    Compiling num-traits v0.2.14
[INFO] [stderr]    Compiling byteorder v1.4.3
[INFO] [stderr]    Compiling pkg-config v0.3.19
[INFO] [stderr]    Compiling syn v1.0.71
[INFO] [stderr]    Compiling num-integer v0.1.44
[INFO] [stderr]    Compiling smallvec v1.6.1
[INFO] [stderr]    Compiling adler32 v1.2.0
[INFO] [stderr]    Compiling crc32fast v1.2.1
[INFO] [stderr]    Compiling num-rational v0.3.2
[INFO] [stderr]    Compiling hashbrown v0.8.2
[INFO] [stderr]    Compiling instant v0.1.9
[INFO] [stderr]    Compiling lock_api v0.4.4
[INFO] [stderr]    Compiling num-iter v0.1.42
[INFO] [stderr]    Compiling tinyvec_macros v0.1.0
[INFO] [stderr]    Compiling cpal v0.13.3
[INFO] [stderr]    Compiling sapp-linux v0.1.12
[INFO] [stderr]    Compiling tinyvec v1.2.0
[INFO] [stderr]    Compiling miniz_oxide v0.3.7
[INFO] [stderr]    Compiling ahash v0.3.8
[INFO] [stderr]    Compiling color_quant v1.1.0
[INFO] [stderr]    Compiling ogg v0.8.0
[INFO] [stderr]    Compiling deflate v0.8.6
[INFO] [stderr]    Compiling ttf-parser v0.8.3
[INFO] [stderr]    Compiling bytemuck v1.5.1
[INFO] [stderr]    Compiling hound v3.4.0
[INFO] [stderr]    Compiling glam v0.14.0
[INFO] [stderr]    Compiling bumpalo v3.6.1
[INFO] [stderr]    Compiling macroquad_macro v0.1.2
[INFO] [stderr]    Compiling quad-rand v0.2.1
[INFO] [stderr]    Compiling alsa-sys v0.3.1
[INFO] [stderr]    Compiling png v0.16.8
[INFO] [stderr]    Compiling quote v1.0.9
[INFO] [stderr]    Compiling lewton v0.10.2
[INFO] [stderr]    Compiling fontdue v0.4.0
[INFO] [stderr]    Compiling nix v0.20.0
[INFO] [stderr]    Compiling parking_lot_core v0.8.3
[INFO] [stderr]    Compiling parking_lot v0.11.1
[INFO] [stderr]    Compiling image v0.23.14
[INFO] [stderr]    Compiling miniquad v0.3.0-alpha.30
[INFO] [stderr]    Compiling alsa v0.5.0
[INFO] [stderr]    Compiling thiserror-impl v1.0.24
[INFO] [stderr]    Compiling thiserror v1.0.24
[INFO] [stderr]    Compiling rodio v0.13.1
[INFO] [stderr]    Compiling macroquad v0.3.1
[INFO] [stderr]    Compiling macroquad-virtual-joystick v0.2.0 (/opt/rustwide/workdir)
[INFO] [stderr]     Finished `dev` profile [unoptimized + debuginfo] target(s) in 8.60s
[INFO] running `Command { std: "docker" "inspect" "c6520d89716dec5cfebdec6cad268a66e59837f01e5eb696b4e4217ad9decdec", kill_on_drop: false }`
[INFO] running `Command { std: "docker" "rm" "-f" "c6520d89716dec5cfebdec6cad268a66e59837f01e5eb696b4e4217ad9decdec", kill_on_drop: false }`
[INFO] [stdout] c6520d89716dec5cfebdec6cad268a66e59837f01e5eb696b4e4217ad9decdec
[INFO] running `Command { std: "docker" "create" "-v" "/var/lib/crater-agent-workspace/builds/worker-1-tc1/target:/opt/rustwide/target:rw,Z" "-v" "/var/lib/crater-agent-workspace/builds/worker-1-tc1/source:/opt/rustwide/workdir:ro,Z" "-v" "/var/lib/crater-agent-workspace/cargo-home:/opt/rustwide/cargo-home:ro,Z" "-v" "/var/lib/crater-agent-workspace/rustup-home:/opt/rustwide/rustup-home:ro,Z" "-e" "SOURCE_DIR=/opt/rustwide/workdir" "-e" "CARGO_TARGET_DIR=/opt/rustwide/target" "-e" "CARGO_INCREMENTAL=0" "-e" "RUST_BACKTRACE=full" "-e" "RUSTFLAGS=--cap-lints=forbid" "-e" "RUSTDOCFLAGS=--cap-lints=forbid" "-e" "CARGO_HOME=/opt/rustwide/cargo-home" "-e" "RUSTUP_HOME=/opt/rustwide/rustup-home" "-w" "/opt/rustwide/workdir" "-m" "1610612736" "--user" "0:0" "--network" "none" "ghcr.io/rust-lang/crates-build-env/linux@sha256:4a844ea9eb2546a2d2c7022eacef16ef2e8229c7fbb2c7d4d55a9ceca922f72d" "/opt/rustwide/cargo-home/bin/cargo" "+nightly-2024-10-28" "test" "--frozen" "--no-run" "--message-format=json", kill_on_drop: false }`
[INFO] [stdout] a7d7c9467f0d8fbd47d1de6ccfde666a8002acd535321d2b0a6d65daae2749d8
[INFO] running `Command { std: "docker" "start" "-a" "a7d7c9467f0d8fbd47d1de6ccfde666a8002acd535321d2b0a6d65daae2749d8", kill_on_drop: false }`
[INFO] [stderr]    Compiling macroquad-virtual-joystick v0.2.0 (/opt/rustwide/workdir)
[INFO] [stderr]     Finished `test` profile [unoptimized + debuginfo] target(s) in 0.27s
[INFO] running `Command { std: "docker" "inspect" "a7d7c9467f0d8fbd47d1de6ccfde666a8002acd535321d2b0a6d65daae2749d8", kill_on_drop: false }`
[INFO] running `Command { std: "docker" "rm" "-f" "a7d7c9467f0d8fbd47d1de6ccfde666a8002acd535321d2b0a6d65daae2749d8", kill_on_drop: false }`
[INFO] [stdout] a7d7c9467f0d8fbd47d1de6ccfde666a8002acd535321d2b0a6d65daae2749d8
[INFO] running `Command { std: "docker" "create" "-v" "/var/lib/crater-agent-workspace/builds/worker-1-tc1/target:/opt/rustwide/target:rw,Z" "-v" "/var/lib/crater-agent-workspace/builds/worker-1-tc1/source:/opt/rustwide/workdir:ro,Z" "-v" "/var/lib/crater-agent-workspace/cargo-home:/opt/rustwide/cargo-home:ro,Z" "-v" "/var/lib/crater-agent-workspace/rustup-home:/opt/rustwide/rustup-home:ro,Z" "-e" "SOURCE_DIR=/opt/rustwide/workdir" "-e" "CARGO_TARGET_DIR=/opt/rustwide/target" "-e" "CARGO_INCREMENTAL=0" "-e" "RUST_BACKTRACE=full" "-e" "RUSTFLAGS=--cap-lints=forbid" "-e" "RUSTDOCFLAGS=--cap-lints=forbid" "-e" "CARGO_HOME=/opt/rustwide/cargo-home" "-e" "RUSTUP_HOME=/opt/rustwide/rustup-home" "-w" "/opt/rustwide/workdir" "-m" "1610612736" "--user" "0:0" "--network" "none" "ghcr.io/rust-lang/crates-build-env/linux@sha256:4a844ea9eb2546a2d2c7022eacef16ef2e8229c7fbb2c7d4d55a9ceca922f72d" "/opt/rustwide/cargo-home/bin/cargo" "+nightly-2024-10-28" "test" "--frozen", kill_on_drop: false }`
[INFO] [stdout] 1e5289245b7fee1317faa00703aca1527d93b6e24d8b390f221154ef384993a6
[INFO] running `Command { std: "docker" "start" "-a" "1e5289245b7fee1317faa00703aca1527d93b6e24d8b390f221154ef384993a6", kill_on_drop: false }`
[INFO] [stderr]     Finished `test` profile [unoptimized + debuginfo] target(s) in 0.05s
[INFO] [stderr]      Running unittests src/lib.rs (/opt/rustwide/target/debug/deps/macroquad_virtual_joystick-6f38d1ee874db746)
[INFO] [stdout] 
[INFO] [stdout] running 0 tests
[INFO] [stdout] 
[INFO] [stdout] test result: ok. 0 passed; 0 failed; 0 ignored; 0 measured; 0 filtered out; finished in 0.00s
[INFO] [stdout] 
[INFO] [stderr]    Doc-tests macroquad_virtual_joystick
[INFO] [stdout] 
[INFO] [stdout] running 6 tests
[INFO] [stdout] test src/lib.rs - Joystick (line 41) - compile ... ok
[INFO] [stdout] test src/lib.rs - Joystick::new (line 69) ... ok
[INFO] [stdout] test src/lib.rs - JoystickDirection::from_degrees (line 322) ... ok
[INFO] [stdout] test src/lib.rs - JoystickDirection::to_local (line 357) ... ok
[INFO] [stdout] test src/lib.rs - Joystick::from_custom_elements (line 111) ... FAILED
[INFO] [stdout] test src/lib.rs - (line 6) ... FAILED
[INFO] [stdout] 
[INFO] [stdout] failures:
[INFO] [stdout] 
[INFO] [stdout] ---- src/lib.rs - Joystick::from_custom_elements (line 111) stdout ----
[INFO] [stdout] Test executable failed (signal: 11 (SIGSEGV) (core dumped)).
[INFO] [stdout] 
[INFO] [stdout] stdout:
[INFO] [stdout] XOpenDisplay() failed!
[INFO] [stdout] 
[INFO] [stdout] 
[INFO] [stdout] 
[INFO] [stdout] ---- src/lib.rs - (line 6) stdout ----
[INFO] [stdout] Test executable failed (signal: 11 (SIGSEGV) (core dumped)).
[INFO] [stdout] 
[INFO] [stdout] stdout:
[INFO] [stdout] XOpenDisplay() failed!
[INFO] [stdout] 
[INFO] [stdout] 
[INFO] [stdout] 
[INFO] [stdout] 
[INFO] [stdout] failures:
[INFO] [stdout]     src/lib.rs - (line 6)
[INFO] [stdout]     src/lib.rs - Joystick::from_custom_elements (line 111)
[INFO] [stdout] 
[INFO] [stdout] test result: FAILED. 4 passed; 2 failed; 0 ignored; 0 measured; 0 filtered out; finished in 0.36s
[INFO] [stdout] 
[INFO] [stderr] error: doctest failed, to rerun pass `--doc`
[INFO] running `Command { std: "docker" "inspect" "1e5289245b7fee1317faa00703aca1527d93b6e24d8b390f221154ef384993a6", kill_on_drop: false }`
[INFO] running `Command { std: "docker" "rm" "-f" "1e5289245b7fee1317faa00703aca1527d93b6e24d8b390f221154ef384993a6", kill_on_drop: false }`
[INFO] [stdout] 1e5289245b7fee1317faa00703aca1527d93b6e24d8b390f221154ef384993a6
