[INFO] fetching crate macro_state_macros 0.2.1...
[INFO] testing macro_state_macros-0.2.1 against nightly-2024-10-28 for randomize-layout
[INFO] extracting crate macro_state_macros 0.2.1 into /workspace/builds/worker-2-tc1/source
[INFO] validating manifest of crates.io crate macro_state_macros 0.2.1 on toolchain nightly-2024-10-28
[INFO] running `Command { std: CARGO_HOME="/workspace/cargo-home" RUSTUP_HOME="/workspace/rustup-home" "/workspace/cargo-home/bin/cargo" "+nightly-2024-10-28" "metadata" "--manifest-path" "Cargo.toml" "--no-deps", kill_on_drop: false }`
[INFO] started tweaking crates.io crate macro_state_macros 0.2.1
[INFO] finished tweaking crates.io crate macro_state_macros 0.2.1
[INFO] tweaked toml for crates.io crate macro_state_macros 0.2.1 written to /workspace/builds/worker-2-tc1/source/Cargo.toml
[INFO] running `Command { std: CARGO_HOME="/workspace/cargo-home" RUSTUP_HOME="/workspace/rustup-home" "/workspace/cargo-home/bin/cargo" "+nightly-2024-10-28" "generate-lockfile" "--manifest-path" "Cargo.toml", kill_on_drop: false }`
[INFO] [stderr]     Updating crates.io index
[INFO] [stderr]      Locking 6 packages to latest compatible versions
[INFO] [stderr]       Adding derive-syn-parse v0.1.5 (available: v0.2.0)
[INFO] [stderr]       Adding syn v1.0.109 (available: v2.0.86)
[INFO] running `Command { std: CARGO_HOME="/workspace/cargo-home" RUSTUP_HOME="/workspace/rustup-home" "/workspace/cargo-home/bin/cargo" "+nightly-2024-10-28" "fetch" "--manifest-path" "Cargo.toml", kill_on_drop: false }`
[INFO] running `Command { std: "docker" "create" "-v" "/var/lib/crater-agent-workspace/builds/worker-2-tc1/target:/opt/rustwide/target:rw,Z" "-v" "/var/lib/crater-agent-workspace/builds/worker-2-tc1/source:/opt/rustwide/workdir:ro,Z" "-v" "/var/lib/crater-agent-workspace/cargo-home:/opt/rustwide/cargo-home:ro,Z" "-v" "/var/lib/crater-agent-workspace/rustup-home:/opt/rustwide/rustup-home:ro,Z" "-e" "SOURCE_DIR=/opt/rustwide/workdir" "-e" "CARGO_TARGET_DIR=/opt/rustwide/target" "-e" "CARGO_HOME=/opt/rustwide/cargo-home" "-e" "RUSTUP_HOME=/opt/rustwide/rustup-home" "-w" "/opt/rustwide/workdir" "-m" "1610612736" "--user" "0:0" "--network" "none" "ghcr.io/rust-lang/crates-build-env/linux@sha256:4a844ea9eb2546a2d2c7022eacef16ef2e8229c7fbb2c7d4d55a9ceca922f72d" "/opt/rustwide/cargo-home/bin/cargo" "+nightly-2024-10-28" "metadata" "--no-deps" "--format-version=1", kill_on_drop: false }`
[INFO] [stdout] 3b7d49eaa2207fc3212c6d92a3f23d69d51f31640f7dfb4c9d9f677f6a8f9c1b
[INFO] running `Command { std: "docker" "start" "-a" "3b7d49eaa2207fc3212c6d92a3f23d69d51f31640f7dfb4c9d9f677f6a8f9c1b", kill_on_drop: false }`
[INFO] running `Command { std: "docker" "inspect" "3b7d49eaa2207fc3212c6d92a3f23d69d51f31640f7dfb4c9d9f677f6a8f9c1b", kill_on_drop: false }`
[INFO] running `Command { std: "docker" "rm" "-f" "3b7d49eaa2207fc3212c6d92a3f23d69d51f31640f7dfb4c9d9f677f6a8f9c1b", kill_on_drop: false }`
[INFO] [stdout] 3b7d49eaa2207fc3212c6d92a3f23d69d51f31640f7dfb4c9d9f677f6a8f9c1b
[INFO] running `Command { std: "docker" "create" "-v" "/var/lib/crater-agent-workspace/builds/worker-2-tc1/target:/opt/rustwide/target:rw,Z" "-v" "/var/lib/crater-agent-workspace/builds/worker-2-tc1/source:/opt/rustwide/workdir:ro,Z" "-v" "/var/lib/crater-agent-workspace/cargo-home:/opt/rustwide/cargo-home:ro,Z" "-v" "/var/lib/crater-agent-workspace/rustup-home:/opt/rustwide/rustup-home:ro,Z" "-e" "SOURCE_DIR=/opt/rustwide/workdir" "-e" "CARGO_TARGET_DIR=/opt/rustwide/target" "-e" "CARGO_INCREMENTAL=0" "-e" "RUST_BACKTRACE=full" "-e" "RUSTFLAGS=--cap-lints=forbid" "-e" "RUSTDOCFLAGS=--cap-lints=forbid" "-e" "CARGO_HOME=/opt/rustwide/cargo-home" "-e" "RUSTUP_HOME=/opt/rustwide/rustup-home" "-w" "/opt/rustwide/workdir" "-m" "1610612736" "--user" "0:0" "--network" "none" "ghcr.io/rust-lang/crates-build-env/linux@sha256:4a844ea9eb2546a2d2c7022eacef16ef2e8229c7fbb2c7d4d55a9ceca922f72d" "/opt/rustwide/cargo-home/bin/cargo" "+nightly-2024-10-28" "build" "--frozen" "--message-format=json", kill_on_drop: false }`
[INFO] [stdout] 2b0543a940c7ba1093e0facff8e84007ee3b0cf0e5cf9db3e9bc310f277cad60
[INFO] running `Command { std: "docker" "start" "-a" "2b0543a940c7ba1093e0facff8e84007ee3b0cf0e5cf9db3e9bc310f277cad60", kill_on_drop: false }`
[INFO] [stderr]    Compiling proc-macro2 v1.0.89
[INFO] [stderr]    Compiling unicode-ident v1.0.13
[INFO] [stderr]    Compiling syn v1.0.109
[INFO] [stderr]    Compiling macro_state_macros v0.2.1 (/opt/rustwide/workdir)
[INFO] [stderr]    Compiling lazy_static v1.5.0
[INFO] [stderr]    Compiling quote v1.0.37
[INFO] [stderr]    Compiling derive-syn-parse v0.1.5
[INFO] [stderr]     Finished `dev` profile [unoptimized + debuginfo] target(s) in 2.09s
[INFO] running `Command { std: "docker" "inspect" "2b0543a940c7ba1093e0facff8e84007ee3b0cf0e5cf9db3e9bc310f277cad60", kill_on_drop: false }`
[INFO] running `Command { std: "docker" "rm" "-f" "2b0543a940c7ba1093e0facff8e84007ee3b0cf0e5cf9db3e9bc310f277cad60", kill_on_drop: false }`
[INFO] [stdout] 2b0543a940c7ba1093e0facff8e84007ee3b0cf0e5cf9db3e9bc310f277cad60
[INFO] running `Command { std: "docker" "create" "-v" "/var/lib/crater-agent-workspace/builds/worker-2-tc1/target:/opt/rustwide/target:rw,Z" "-v" "/var/lib/crater-agent-workspace/builds/worker-2-tc1/source:/opt/rustwide/workdir:ro,Z" "-v" "/var/lib/crater-agent-workspace/cargo-home:/opt/rustwide/cargo-home:ro,Z" "-v" "/var/lib/crater-agent-workspace/rustup-home:/opt/rustwide/rustup-home:ro,Z" "-e" "SOURCE_DIR=/opt/rustwide/workdir" "-e" "CARGO_TARGET_DIR=/opt/rustwide/target" "-e" "CARGO_INCREMENTAL=0" "-e" "RUST_BACKTRACE=full" "-e" "RUSTFLAGS=--cap-lints=forbid" "-e" "RUSTDOCFLAGS=--cap-lints=forbid" "-e" "CARGO_HOME=/opt/rustwide/cargo-home" "-e" "RUSTUP_HOME=/opt/rustwide/rustup-home" "-w" "/opt/rustwide/workdir" "-m" "1610612736" "--user" "0:0" "--network" "none" "ghcr.io/rust-lang/crates-build-env/linux@sha256:4a844ea9eb2546a2d2c7022eacef16ef2e8229c7fbb2c7d4d55a9ceca922f72d" "/opt/rustwide/cargo-home/bin/cargo" "+nightly-2024-10-28" "test" "--frozen" "--no-run" "--message-format=json", kill_on_drop: false }`
[INFO] [stdout] 61bb89c432f32666847ee235254009e493f22af7bf725b1177d54197bbd12dd9
[INFO] running `Command { std: "docker" "start" "-a" "61bb89c432f32666847ee235254009e493f22af7bf725b1177d54197bbd12dd9", kill_on_drop: false }`
[INFO] [stderr]    Compiling macro_state_macros v0.2.1 (/opt/rustwide/workdir)
[INFO] [stderr]     Finished `test` profile [unoptimized + debuginfo] target(s) in 0.18s
[INFO] running `Command { std: "docker" "inspect" "61bb89c432f32666847ee235254009e493f22af7bf725b1177d54197bbd12dd9", kill_on_drop: false }`
[INFO] running `Command { std: "docker" "rm" "-f" "61bb89c432f32666847ee235254009e493f22af7bf725b1177d54197bbd12dd9", kill_on_drop: false }`
[INFO] [stdout] 61bb89c432f32666847ee235254009e493f22af7bf725b1177d54197bbd12dd9
[INFO] running `Command { std: "docker" "create" "-v" "/var/lib/crater-agent-workspace/builds/worker-2-tc1/target:/opt/rustwide/target:rw,Z" "-v" "/var/lib/crater-agent-workspace/builds/worker-2-tc1/source:/opt/rustwide/workdir:ro,Z" "-v" "/var/lib/crater-agent-workspace/cargo-home:/opt/rustwide/cargo-home:ro,Z" "-v" "/var/lib/crater-agent-workspace/rustup-home:/opt/rustwide/rustup-home:ro,Z" "-e" "SOURCE_DIR=/opt/rustwide/workdir" "-e" "CARGO_TARGET_DIR=/opt/rustwide/target" "-e" "CARGO_INCREMENTAL=0" "-e" "RUST_BACKTRACE=full" "-e" "RUSTFLAGS=--cap-lints=forbid" "-e" "RUSTDOCFLAGS=--cap-lints=forbid" "-e" "CARGO_HOME=/opt/rustwide/cargo-home" "-e" "RUSTUP_HOME=/opt/rustwide/rustup-home" "-w" "/opt/rustwide/workdir" "-m" "1610612736" "--user" "0:0" "--network" "none" "ghcr.io/rust-lang/crates-build-env/linux@sha256:4a844ea9eb2546a2d2c7022eacef16ef2e8229c7fbb2c7d4d55a9ceca922f72d" "/opt/rustwide/cargo-home/bin/cargo" "+nightly-2024-10-28" "test" "--frozen", kill_on_drop: false }`
[INFO] [stdout] 0584532cda72d1de60066b91e82dec89e272d9de06fa9ab451602d952420d4db
[INFO] running `Command { std: "docker" "start" "-a" "0584532cda72d1de60066b91e82dec89e272d9de06fa9ab451602d952420d4db", kill_on_drop: false }`
[INFO] [stderr]     Finished `test` profile [unoptimized + debuginfo] target(s) in 0.01s
[INFO] [stderr]      Running unittests src/macros.rs (/opt/rustwide/target/debug/deps/macro_state_macros-dab1047dcd558e44)
[INFO] [stdout] 
[INFO] [stdout] running 0 tests
[INFO] [stdout] 
[INFO] [stdout] test result: ok. 0 passed; 0 failed; 0 ignored; 0 measured; 0 filtered out; finished in 0.00s
[INFO] [stdout] 
[INFO] [stderr]    Doc-tests macro_state_macros
[INFO] [stdout] 
[INFO] [stdout] running 8 tests
[INFO] [stdout] test src/macros.rs - read_state (line 129) ... FAILED
[INFO] [stdout] test src/macros.rs - init_state (line 234) ... FAILED
[INFO] [stdout] test src/macros.rs - read_state_vec (line 161) ... FAILED
[INFO] [stdout] test src/macros.rs - write_state (line 62) ... FAILED
[INFO] [stdout] test src/macros.rs - append_state (line 93) ... FAILED
[INFO] [stdout] test src/macros.rs - clear_state (line 214) ... FAILED
[INFO] [stdout] test src/macros.rs - has_state (line 193) ... FAILED
[INFO] [stdout] test src/macros.rs - read_state_vec (line 153) ... ok
[INFO] [stdout] 
[INFO] [stdout] failures:
[INFO] [stdout] 
[INFO] [stdout] ---- src/macros.rs - read_state (line 129) stdout ----
[INFO] [stdout] error: cannot find macro `read_state` in this scope
[INFO] [stdout]  --> src/macros.rs:130:1
[INFO] [stdout]   |
[INFO] [stdout] 3 | read_state!("my key"); // => "something"
[INFO] [stdout]   | ^^^^^^^^^^
[INFO] [stdout]   |
[INFO] [stdout] help: consider importing this macro
[INFO] [stdout]   |
[INFO] [stdout] 2 + use macro_state_macros::read_state;
[INFO] [stdout]   |
[INFO] [stdout] 
[INFO] [stdout] error: aborting due to 1 previous error
[INFO] [stdout] 
[INFO] [stdout] Couldn't compile the test.
[INFO] [stdout] ---- src/macros.rs - init_state (line 234) stdout ----
[INFO] [stdout] error: cannot find macro `init_state` in this scope
[INFO] [stdout]  --> src/macros.rs:237:1
[INFO] [stdout]   |
[INFO] [stdout] 5 | init_state!("other key", "B"); // => "B"
[INFO] [stdout]   | ^^^^^^^^^^
[INFO] [stdout]   |
[INFO] [stdout] help: consider importing this macro
[INFO] [stdout]   |
[INFO] [stdout] 2 + use macro_state_macros::init_state;
[INFO] [stdout]   |
[INFO] [stdout] 
[INFO] [stdout] error: cannot find macro `init_state` in this scope
[INFO] [stdout]  --> src/macros.rs:236:1
[INFO] [stdout]   |
[INFO] [stdout] 4 | init_state!("my key", "B"); // => "A"
[INFO] [stdout]   | ^^^^^^^^^^
[INFO] [stdout]   |
[INFO] [stdout] help: consider importing this macro
[INFO] [stdout]   |
[INFO] [stdout] 2 + use macro_state_macros::init_state;
[INFO] [stdout]   |
[INFO] [stdout] 
[INFO] [stdout] error: cannot find macro `write_state` in this scope
[INFO] [stdout]  --> src/macros.rs:235:1
[INFO] [stdout]   |
[INFO] [stdout] 3 | write_state!("my key", "A");
[INFO] [stdout]   | ^^^^^^^^^^^
[INFO] [stdout]   |
[INFO] [stdout] help: consider importing this macro
[INFO] [stdout]   |
[INFO] [stdout] 2 + use macro_state_macros::write_state;
[INFO] [stdout]   |
[INFO] [stdout] 
[INFO] [stdout] error: aborting due to 3 previous errors
[INFO] [stdout] 
[INFO] [stdout] Couldn't compile the test.
[INFO] [stdout] ---- src/macros.rs - read_state_vec (line 161) stdout ----
[INFO] [stdout] error: cannot find macro `append_state` in this scope
[INFO] [stdout]  --> src/macros.rs:162:1
[INFO] [stdout]   |
[INFO] [stdout] 3 | append_state!("my_key", "first item");
[INFO] [stdout]   | ^^^^^^^^^^^^
[INFO] [stdout]   |
[INFO] [stdout] help: consider importing this macro
[INFO] [stdout]   |
[INFO] [stdout] 2 + use macro_state_macros::append_state;
[INFO] [stdout]   |
[INFO] [stdout] 
[INFO] [stdout] error: cannot find macro `append_state` in this scope
[INFO] [stdout]  --> src/macros.rs:163:1
[INFO] [stdout]   |
[INFO] [stdout] 4 | append_state!("my_key", "2nd item");
[INFO] [stdout]   | ^^^^^^^^^^^^
[INFO] [stdout]   |
[INFO] [stdout] help: consider importing this macro
[INFO] [stdout]   |
[INFO] [stdout] 2 + use macro_state_macros::append_state;
[INFO] [stdout]   |
[INFO] [stdout] 
[INFO] [stdout] error: cannot find macro `read_state_vec` in this scope
[INFO] [stdout]  --> src/macros.rs:164:12
[INFO] [stdout]   |
[INFO] [stdout] 5 | assert_eq!(read_state_vec!("my_key"), vec!["first item", "2nd item"]);
[INFO] [stdout]   |            ^^^^^^^^^^^^^^
[INFO] [stdout]   |
[INFO] [stdout] help: consider importing this macro
[INFO] [stdout]   |
[INFO] [stdout] 2 + use macro_state_macros::read_state_vec;
[INFO] [stdout]   |
[INFO] [stdout] 
[INFO] [stdout] error: aborting due to 3 previous errors
[INFO] [stdout] 
[INFO] [stdout] Couldn't compile the test.
[INFO] [stdout] ---- src/macros.rs - write_state (line 62) stdout ----
[INFO] [stdout] error: cannot find macro `write_state` in this scope
[INFO] [stdout]  --> src/macros.rs:63:1
[INFO] [stdout]   |
[INFO] [stdout] 3 | write_state!("my key", "some value");
[INFO] [stdout]   | ^^^^^^^^^^^
[INFO] [stdout]   |
[INFO] [stdout] help: consider importing this macro
[INFO] [stdout]   |
[INFO] [stdout] 2 + use macro_state_macros::write_state;
[INFO] [stdout]   |
[INFO] [stdout] 
[INFO] [stdout] error: cannot find macro `read_state` in this scope
[INFO] [stdout]  --> src/macros.rs:64:12
[INFO] [stdout]   |
[INFO] [stdout] 4 | assert_eq!(read_state!("my key"), "some value");
[INFO] [stdout]   |            ^^^^^^^^^^
[INFO] [stdout]   |
[INFO] [stdout] help: consider importing this macro
[INFO] [stdout]   |
[INFO] [stdout] 2 + use macro_state_macros::read_state;
[INFO] [stdout]   |
[INFO] [stdout] 
[INFO] [stdout] error: aborting due to 2 previous errors
[INFO] [stdout] 
[INFO] [stdout] Couldn't compile the test.
[INFO] [stdout] ---- src/macros.rs - append_state (line 93) stdout ----
[INFO] [stdout] error: cannot find macro `append_state` in this scope
[INFO] [stdout]  --> src/macros.rs:94:1
[INFO] [stdout]   |
[INFO] [stdout] 3 | append_state!("my_key", "apples");
[INFO] [stdout]   | ^^^^^^^^^^^^
[INFO] [stdout]   |
[INFO] [stdout] help: consider importing this macro
[INFO] [stdout]   |
[INFO] [stdout] 2 + use macro_state_macros::append_state;
[INFO] [stdout]   |
[INFO] [stdout] 
[INFO] [stdout] error: cannot find macro `append_state` in this scope
[INFO] [stdout]  --> src/macros.rs:95:1
[INFO] [stdout]   |
[INFO] [stdout] 4 | append_state!("my_key", "pears");
[INFO] [stdout]   | ^^^^^^^^^^^^
[INFO] [stdout]   |
[INFO] [stdout] help: consider importing this macro
[INFO] [stdout]   |
[INFO] [stdout] 2 + use macro_state_macros::append_state;
[INFO] [stdout]   |
[INFO] [stdout] 
[INFO] [stdout] error: cannot find macro `append_state` in this scope
[INFO] [stdout]  --> src/macros.rs:96:1
[INFO] [stdout]   |
[INFO] [stdout] 5 | append_state!("my_key", "oh my!");
[INFO] [stdout]   | ^^^^^^^^^^^^
[INFO] [stdout]   |
[INFO] [stdout] help: consider importing this macro
[INFO] [stdout]   |
[INFO] [stdout] 2 + use macro_state_macros::append_state;
[INFO] [stdout]   |
[INFO] [stdout] 
[INFO] [stdout] error: cannot find macro `read_state` in this scope
[INFO] [stdout]  --> src/macros.rs:97:12
[INFO] [stdout]   |
[INFO] [stdout] 6 | assert_eq!(read_state!("my_key"), "apples\npears\noh my!\n");
[INFO] [stdout]   |            ^^^^^^^^^^
[INFO] [stdout]   |
[INFO] [stdout] help: consider importing this macro
[INFO] [stdout]   |
[INFO] [stdout] 2 + use macro_state_macros::read_state;
[INFO] [stdout]   |
[INFO] [stdout] 
[INFO] [stdout] error: aborting due to 4 previous errors
[INFO] [stdout] 
[INFO] [stdout] Couldn't compile the test.
[INFO] [stdout] ---- src/macros.rs - clear_state (line 214) stdout ----
[INFO] [stdout] error: cannot find macro `has_state` in this scope
[INFO] [stdout]  --> src/macros.rs:218:1
[INFO] [stdout]   |
[INFO] [stdout] 6 | has_state!("my key"); // => false
[INFO] [stdout]   | ^^^^^^^^^
[INFO] [stdout]   |
[INFO] [stdout] help: consider importing this macro
[INFO] [stdout]   |
[INFO] [stdout] 2 + use macro_state_macros::has_state;
[INFO] [stdout]   |
[INFO] [stdout] 
[INFO] [stdout] error: cannot find macro `clear_state` in this scope
[INFO] [stdout]  --> src/macros.rs:217:1
[INFO] [stdout]   |
[INFO] [stdout] 5 | clear_state!("my key");
[INFO] [stdout]   | ^^^^^^^^^^^
[INFO] [stdout]   |
[INFO] [stdout] help: consider importing this macro
[INFO] [stdout]   |
[INFO] [stdout] 2 + use macro_state_macros::clear_state;
[INFO] [stdout]   |
[INFO] [stdout] 
[INFO] [stdout] error: cannot find macro `read_state` in this scope
[INFO] [stdout]  --> src/macros.rs:216:1
[INFO] [stdout]   |
[INFO] [stdout] 4 | read_state!("my key"); // => "test"
[INFO] [stdout]   | ^^^^^^^^^^
[INFO] [stdout]   |
[INFO] [stdout] help: consider importing this macro
[INFO] [stdout]   |
[INFO] [stdout] 2 + use macro_state_macros::read_state;
[INFO] [stdout]   |
[INFO] [stdout] 
[INFO] [stdout] error: cannot find macro `write_state` in this scope
[INFO] [stdout]  --> src/macros.rs:215:1
[INFO] [stdout]   |
[INFO] [stdout] 3 | write_state!("my key", "test");
[INFO] [stdout]   | ^^^^^^^^^^^
[INFO] [stdout]   |
[INFO] [stdout] help: consider importing this macro
[INFO] [stdout]   |
[INFO] [stdout] 2 + use macro_state_macros::write_state;
[INFO] [stdout]   |
[INFO] [stdout] 
[INFO] [stdout] error: aborting due to 4 previous errors
[INFO] [stdout] 
[INFO] [stdout] Couldn't compile the test.
[INFO] [stdout] ---- src/macros.rs - has_state (line 193) stdout ----
[INFO] [stdout] error: expected `;`, found `assert_eq`
[INFO] [stdout]  --> src/macros.rs:194:30
[INFO] [stdout]   |
[INFO] [stdout] 3 | write_state!("my key", "hey")
[INFO] [stdout]   |                              ^ help: add `;` here
[INFO] [stdout] 4 | assert_eq!(has_state!("my key"), true);
[INFO] [stdout]   | --------- unexpected token
[INFO] [stdout] 
[INFO] [stdout] error: cannot find macro `has_state` in this scope
[INFO] [stdout]  --> src/macros.rs:196:12
[INFO] [stdout]   |
[INFO] [stdout] 5 | assert_eq!(has_state!("unknown key"), false);
[INFO] [stdout]   |            ^^^^^^^^^
[INFO] [stdout]   |
[INFO] [stdout] help: consider importing this macro
[INFO] [stdout]   |
[INFO] [stdout] 2 + use macro_state_macros::has_state;
[INFO] [stdout]   |
[INFO] [stdout] 
[INFO] [stdout] error: cannot find macro `has_state` in this scope
[INFO] [stdout]  --> src/macros.rs:195:12
[INFO] [stdout]   |
[INFO] [stdout] 4 | assert_eq!(has_state!("my key"), true);
[INFO] [stdout]   |            ^^^^^^^^^
[INFO] [stdout]   |
[INFO] [stdout] help: consider importing this macro
[INFO] [stdout]   |
[INFO] [stdout] 2 + use macro_state_macros::has_state;
[INFO] [stdout]   |
[INFO] [stdout] 
[INFO] [stdout] error: aborting due to 3 previous errors
[INFO] [stdout] 
[INFO] [stdout] Couldn't compile the test.
[INFO] [stdout] 
[INFO] [stdout] failures:
[INFO] [stdout]     src/macros.rs - append_state (line 93)
[INFO] [stdout]     src/macros.rs - clear_state (line 214)
[INFO] [stdout]     src/macros.rs - has_state (line 193)
[INFO] [stdout]     src/macros.rs - init_state (line 234)
[INFO] [stdout]     src/macros.rs - read_state (line 129)
[INFO] [stdout]     src/macros.rs - read_state_vec (line 161)
[INFO] [stdout]     src/macros.rs - write_state (line 62)
[INFO] [stdout] 
[INFO] [stdout] test result: FAILED. 1 passed; 7 failed; 0 ignored; 0 measured; 0 filtered out; finished in 0.08s
[INFO] [stdout] 
[INFO] [stderr] error: doctest failed, to rerun pass `--doc`
[INFO] running `Command { std: "docker" "inspect" "0584532cda72d1de60066b91e82dec89e272d9de06fa9ab451602d952420d4db", kill_on_drop: false }`
[INFO] running `Command { std: "docker" "rm" "-f" "0584532cda72d1de60066b91e82dec89e272d9de06fa9ab451602d952420d4db", kill_on_drop: false }`
[INFO] [stdout] 0584532cda72d1de60066b91e82dec89e272d9de06fa9ab451602d952420d4db
