[INFO] fetching crate macro_error 0.1.3...
[INFO] testing macro_error-0.1.3 against nightly-2024-10-28 for randomize-layout
[INFO] extracting crate macro_error 0.1.3 into /workspace/builds/worker-0-tc1/source
[INFO] validating manifest of crates.io crate macro_error 0.1.3 on toolchain nightly-2024-10-28
[INFO] running `Command { std: CARGO_HOME="/workspace/cargo-home" RUSTUP_HOME="/workspace/rustup-home" "/workspace/cargo-home/bin/cargo" "+nightly-2024-10-28" "metadata" "--manifest-path" "Cargo.toml" "--no-deps", kill_on_drop: false }`
[INFO] started tweaking crates.io crate macro_error 0.1.3
[INFO] finished tweaking crates.io crate macro_error 0.1.3
[INFO] tweaked toml for crates.io crate macro_error 0.1.3 written to /workspace/builds/worker-0-tc1/source/Cargo.toml
[INFO] running `Command { std: CARGO_HOME="/workspace/cargo-home" RUSTUP_HOME="/workspace/rustup-home" "/workspace/cargo-home/bin/cargo" "+nightly-2024-10-28" "generate-lockfile" "--manifest-path" "Cargo.toml", kill_on_drop: false }`
[INFO] [stderr]     Updating crates.io index
[INFO] [stderr]      Locking 11 packages to latest compatible versions
[INFO] running `Command { std: CARGO_HOME="/workspace/cargo-home" RUSTUP_HOME="/workspace/rustup-home" "/workspace/cargo-home/bin/cargo" "+nightly-2024-10-28" "fetch" "--manifest-path" "Cargo.toml", kill_on_drop: false }`
[INFO] running `Command { std: "docker" "create" "-v" "/var/lib/crater-agent-workspace/builds/worker-0-tc1/target:/opt/rustwide/target:rw,Z" "-v" "/var/lib/crater-agent-workspace/builds/worker-0-tc1/source:/opt/rustwide/workdir:ro,Z" "-v" "/var/lib/crater-agent-workspace/cargo-home:/opt/rustwide/cargo-home:ro,Z" "-v" "/var/lib/crater-agent-workspace/rustup-home:/opt/rustwide/rustup-home:ro,Z" "-e" "SOURCE_DIR=/opt/rustwide/workdir" "-e" "CARGO_TARGET_DIR=/opt/rustwide/target" "-e" "CARGO_HOME=/opt/rustwide/cargo-home" "-e" "RUSTUP_HOME=/opt/rustwide/rustup-home" "-w" "/opt/rustwide/workdir" "-m" "1610612736" "--user" "0:0" "--network" "none" "ghcr.io/rust-lang/crates-build-env/linux@sha256:4a844ea9eb2546a2d2c7022eacef16ef2e8229c7fbb2c7d4d55a9ceca922f72d" "/opt/rustwide/cargo-home/bin/cargo" "+nightly-2024-10-28" "metadata" "--no-deps" "--format-version=1", kill_on_drop: false }`
[INFO] [stdout] 77dfff70d7c9862c3114b54c0702970910a4b7f58c0241a3c51419e83bcbc237
[INFO] running `Command { std: "docker" "start" "-a" "77dfff70d7c9862c3114b54c0702970910a4b7f58c0241a3c51419e83bcbc237", kill_on_drop: false }`
[INFO] running `Command { std: "docker" "inspect" "77dfff70d7c9862c3114b54c0702970910a4b7f58c0241a3c51419e83bcbc237", kill_on_drop: false }`
[INFO] running `Command { std: "docker" "rm" "-f" "77dfff70d7c9862c3114b54c0702970910a4b7f58c0241a3c51419e83bcbc237", kill_on_drop: false }`
[INFO] [stdout] 77dfff70d7c9862c3114b54c0702970910a4b7f58c0241a3c51419e83bcbc237
[INFO] running `Command { std: "docker" "create" "-v" "/var/lib/crater-agent-workspace/builds/worker-0-tc1/target:/opt/rustwide/target:rw,Z" "-v" "/var/lib/crater-agent-workspace/builds/worker-0-tc1/source:/opt/rustwide/workdir:ro,Z" "-v" "/var/lib/crater-agent-workspace/cargo-home:/opt/rustwide/cargo-home:ro,Z" "-v" "/var/lib/crater-agent-workspace/rustup-home:/opt/rustwide/rustup-home:ro,Z" "-e" "SOURCE_DIR=/opt/rustwide/workdir" "-e" "CARGO_TARGET_DIR=/opt/rustwide/target" "-e" "CARGO_INCREMENTAL=0" "-e" "RUST_BACKTRACE=full" "-e" "RUSTFLAGS=--cap-lints=forbid" "-e" "RUSTDOCFLAGS=--cap-lints=forbid" "-e" "CARGO_HOME=/opt/rustwide/cargo-home" "-e" "RUSTUP_HOME=/opt/rustwide/rustup-home" "-w" "/opt/rustwide/workdir" "-m" "1610612736" "--user" "0:0" "--network" "none" "ghcr.io/rust-lang/crates-build-env/linux@sha256:4a844ea9eb2546a2d2c7022eacef16ef2e8229c7fbb2c7d4d55a9ceca922f72d" "/opt/rustwide/cargo-home/bin/cargo" "+nightly-2024-10-28" "build" "--frozen" "--message-format=json", kill_on_drop: false }`
[INFO] [stdout] 1c85ff1f6c55cbfc47d94437494d793ddbcc18f3a202a538fc5c73873d7b0c6c
[INFO] running `Command { std: "docker" "start" "-a" "1c85ff1f6c55cbfc47d94437494d793ddbcc18f3a202a538fc5c73873d7b0c6c", kill_on_drop: false }`
[INFO] [stderr]    Compiling lazy_static v1.5.0
[INFO] [stderr]    Compiling colored v2.1.0
[INFO] [stderr]    Compiling macro_error v0.1.3 (/opt/rustwide/workdir)
[INFO] [stderr]     Finished `dev` profile [unoptimized + debuginfo] target(s) in 0.21s
[INFO] running `Command { std: "docker" "inspect" "1c85ff1f6c55cbfc47d94437494d793ddbcc18f3a202a538fc5c73873d7b0c6c", kill_on_drop: false }`
[INFO] running `Command { std: "docker" "rm" "-f" "1c85ff1f6c55cbfc47d94437494d793ddbcc18f3a202a538fc5c73873d7b0c6c", kill_on_drop: false }`
[INFO] [stdout] 1c85ff1f6c55cbfc47d94437494d793ddbcc18f3a202a538fc5c73873d7b0c6c
[INFO] running `Command { std: "docker" "create" "-v" "/var/lib/crater-agent-workspace/builds/worker-0-tc1/target:/opt/rustwide/target:rw,Z" "-v" "/var/lib/crater-agent-workspace/builds/worker-0-tc1/source:/opt/rustwide/workdir:ro,Z" "-v" "/var/lib/crater-agent-workspace/cargo-home:/opt/rustwide/cargo-home:ro,Z" "-v" "/var/lib/crater-agent-workspace/rustup-home:/opt/rustwide/rustup-home:ro,Z" "-e" "SOURCE_DIR=/opt/rustwide/workdir" "-e" "CARGO_TARGET_DIR=/opt/rustwide/target" "-e" "CARGO_INCREMENTAL=0" "-e" "RUST_BACKTRACE=full" "-e" "RUSTFLAGS=--cap-lints=forbid" "-e" "RUSTDOCFLAGS=--cap-lints=forbid" "-e" "CARGO_HOME=/opt/rustwide/cargo-home" "-e" "RUSTUP_HOME=/opt/rustwide/rustup-home" "-w" "/opt/rustwide/workdir" "-m" "1610612736" "--user" "0:0" "--network" "none" "ghcr.io/rust-lang/crates-build-env/linux@sha256:4a844ea9eb2546a2d2c7022eacef16ef2e8229c7fbb2c7d4d55a9ceca922f72d" "/opt/rustwide/cargo-home/bin/cargo" "+nightly-2024-10-28" "test" "--frozen" "--no-run" "--message-format=json", kill_on_drop: false }`
[INFO] [stdout] 074fe77188e6c799063d1859149afc09df19fb410488d9edf9c67c028ceff8b9
[INFO] running `Command { std: "docker" "start" "-a" "074fe77188e6c799063d1859149afc09df19fb410488d9edf9c67c028ceff8b9", kill_on_drop: false }`
[INFO] [stderr]    Compiling macro_error v0.1.3 (/opt/rustwide/workdir)
[INFO] [stderr]     Finished `test` profile [unoptimized + debuginfo] target(s) in 0.09s
[INFO] running `Command { std: "docker" "inspect" "074fe77188e6c799063d1859149afc09df19fb410488d9edf9c67c028ceff8b9", kill_on_drop: false }`
[INFO] running `Command { std: "docker" "rm" "-f" "074fe77188e6c799063d1859149afc09df19fb410488d9edf9c67c028ceff8b9", kill_on_drop: false }`
[INFO] [stdout] 074fe77188e6c799063d1859149afc09df19fb410488d9edf9c67c028ceff8b9
[INFO] running `Command { std: "docker" "create" "-v" "/var/lib/crater-agent-workspace/builds/worker-0-tc1/target:/opt/rustwide/target:rw,Z" "-v" "/var/lib/crater-agent-workspace/builds/worker-0-tc1/source:/opt/rustwide/workdir:ro,Z" "-v" "/var/lib/crater-agent-workspace/cargo-home:/opt/rustwide/cargo-home:ro,Z" "-v" "/var/lib/crater-agent-workspace/rustup-home:/opt/rustwide/rustup-home:ro,Z" "-e" "SOURCE_DIR=/opt/rustwide/workdir" "-e" "CARGO_TARGET_DIR=/opt/rustwide/target" "-e" "CARGO_INCREMENTAL=0" "-e" "RUST_BACKTRACE=full" "-e" "RUSTFLAGS=--cap-lints=forbid" "-e" "RUSTDOCFLAGS=--cap-lints=forbid" "-e" "CARGO_HOME=/opt/rustwide/cargo-home" "-e" "RUSTUP_HOME=/opt/rustwide/rustup-home" "-w" "/opt/rustwide/workdir" "-m" "1610612736" "--user" "0:0" "--network" "none" "ghcr.io/rust-lang/crates-build-env/linux@sha256:4a844ea9eb2546a2d2c7022eacef16ef2e8229c7fbb2c7d4d55a9ceca922f72d" "/opt/rustwide/cargo-home/bin/cargo" "+nightly-2024-10-28" "test" "--frozen", kill_on_drop: false }`
[INFO] [stdout] a53e5e03c98e73501e74777bd28089fba071df5baff28c7d0c0da2eff926062a
[INFO] running `Command { std: "docker" "start" "-a" "a53e5e03c98e73501e74777bd28089fba071df5baff28c7d0c0da2eff926062a", kill_on_drop: false }`
[INFO] [stderr]     Finished `test` profile [unoptimized + debuginfo] target(s) in 0.01s
[INFO] [stderr]      Running unittests src/lib.rs (/opt/rustwide/target/debug/deps/macro_error-0cbacdbcf1fa9186)
[INFO] [stdout] 
[INFO] [stdout] running 0 tests
[INFO] [stdout] 
[INFO] [stdout] test result: ok. 0 passed; 0 failed; 0 ignored; 0 measured; 0 filtered out; finished in 0.00s
[INFO] [stdout] 
[INFO] [stderr]    Doc-tests macro_error
[INFO] [stdout] 
[INFO] [stdout] running 2 tests
[INFO] [stdout] test src/lib.rs - print_warn (line 36) ... FAILED
[INFO] [stdout] test src/lib.rs - print_error (line 9) ... FAILED
[INFO] [stdout] 
[INFO] [stdout] failures:
[INFO] [stdout] 
[INFO] [stdout] ---- src/lib.rs - print_warn (line 36) stdout ----
[INFO] [stdout] error[E0432]: unresolved import `macro_error::prelude`
[INFO] [stdout]  --> src/lib.rs:38:18
[INFO] [stdout]   |
[INFO] [stdout] 4 | use macro_error::prelude::*;
[INFO] [stdout]   |                  ^^^^^^^ could not find `prelude` in `macro_error`
[INFO] [stdout] 
[INFO] [stdout] error: cannot find macro `print_warn` in this scope
[INFO] [stdout]   --> src/lib.rs:46:13
[INFO] [stdout]    |
[INFO] [stdout] 12 |         Err(v) => print_warn!(v)
[INFO] [stdout]    |                   ^^^^^^^^^^
[INFO] [stdout]    |
[INFO] [stdout] help: consider importing this macro
[INFO] [stdout]    |
[INFO] [stdout] 4  + use macro_error::print_warn;
[INFO] [stdout]    |
[INFO] [stdout] 
[INFO] [stdout] error: aborting due to 2 previous errors
[INFO] [stdout] 
[INFO] [stdout] For more information about this error, try `rustc --explain E0432`.
[INFO] [stdout] Couldn't compile the test.
[INFO] [stdout] ---- src/lib.rs - print_error (line 9) stdout ----
[INFO] [stdout] error[E0432]: unresolved import `macro_error::prelude`
[INFO] [stdout]  --> src/lib.rs:11:18
[INFO] [stdout]   |
[INFO] [stdout] 4 | use macro_error::prelude::*;
[INFO] [stdout]   |                  ^^^^^^^ could not find `prelude` in `macro_error`
[INFO] [stdout] 
[INFO] [stdout] error: cannot find macro `print_error` in this scope
[INFO] [stdout]   --> src/lib.rs:19:13
[INFO] [stdout]    |
[INFO] [stdout] 12 |         Err(v) => print_error!(v)
[INFO] [stdout]    |                   ^^^^^^^^^^^
[INFO] [stdout]    |
[INFO] [stdout] help: consider importing this macro
[INFO] [stdout]    |
[INFO] [stdout] 4  + use macro_error::print_error;
[INFO] [stdout]    |
[INFO] [stdout] 
[INFO] [stdout] error: aborting due to 2 previous errors
[INFO] [stdout] 
[INFO] [stdout] For more information about this error, try `rustc --explain E0432`.
[INFO] [stdout] Couldn't compile the test.
[INFO] [stdout] 
[INFO] [stdout] failures:
[INFO] [stdout]     src/lib.rs - print_error (line 9)
[INFO] [stdout]     src/lib.rs - print_warn (line 36)
[INFO] [stdout] 
[INFO] [stdout] test result: FAILED. 0 passed; 2 failed; 0 ignored; 0 measured; 0 filtered out; finished in 0.04s
[INFO] [stdout] 
[INFO] [stderr] error: doctest failed, to rerun pass `--doc`
[INFO] running `Command { std: "docker" "inspect" "a53e5e03c98e73501e74777bd28089fba071df5baff28c7d0c0da2eff926062a", kill_on_drop: false }`
[INFO] running `Command { std: "docker" "rm" "-f" "a53e5e03c98e73501e74777bd28089fba071df5baff28c7d0c0da2eff926062a", kill_on_drop: false }`
[INFO] [stdout] a53e5e03c98e73501e74777bd28089fba071df5baff28c7d0c0da2eff926062a
