[INFO] fetching crate macos-config-check 0.0.1-alpha.1...
[INFO] testing macos-config-check-0.0.1-alpha.1 against nightly-2024-10-28+rustflags=-Zrandomize-layout for randomize-layout
[INFO] extracting crate macos-config-check 0.0.1-alpha.1 into /workspace/builds/worker-5-tc2/source
[INFO] validating manifest of crates.io crate macos-config-check 0.0.1-alpha.1 on toolchain nightly-2024-10-28
[INFO] running `Command { std: CARGO_HOME="/workspace/cargo-home" RUSTUP_HOME="/workspace/rustup-home" "/workspace/cargo-home/bin/cargo" "+nightly-2024-10-28" "metadata" "--manifest-path" "Cargo.toml" "--no-deps", kill_on_drop: false }`
[INFO] started tweaking crates.io crate macos-config-check 0.0.1-alpha.1
[INFO] finished tweaking crates.io crate macos-config-check 0.0.1-alpha.1
[INFO] tweaked toml for crates.io crate macos-config-check 0.0.1-alpha.1 written to /workspace/builds/worker-5-tc2/source/Cargo.toml
[INFO] crate crates.io crate macos-config-check 0.0.1-alpha.1 already has a lockfile, it will not be regenerated
[INFO] running `Command { std: CARGO_HOME="/workspace/cargo-home" RUSTUP_HOME="/workspace/rustup-home" "/workspace/cargo-home/bin/cargo" "+nightly-2024-10-28" "fetch" "--manifest-path" "Cargo.toml", kill_on_drop: false }`
[INFO] running `Command { std: "docker" "create" "-v" "/var/lib/crater-agent-workspace/builds/worker-5-tc2/target:/opt/rustwide/target:rw,Z" "-v" "/var/lib/crater-agent-workspace/builds/worker-5-tc2/source:/opt/rustwide/workdir:ro,Z" "-v" "/var/lib/crater-agent-workspace/cargo-home:/opt/rustwide/cargo-home:ro,Z" "-v" "/var/lib/crater-agent-workspace/rustup-home:/opt/rustwide/rustup-home:ro,Z" "-e" "SOURCE_DIR=/opt/rustwide/workdir" "-e" "CARGO_TARGET_DIR=/opt/rustwide/target" "-e" "CARGO_HOME=/opt/rustwide/cargo-home" "-e" "RUSTUP_HOME=/opt/rustwide/rustup-home" "-w" "/opt/rustwide/workdir" "-m" "1610612736" "--user" "0:0" "--network" "none" "ghcr.io/rust-lang/crates-build-env/linux@sha256:4a844ea9eb2546a2d2c7022eacef16ef2e8229c7fbb2c7d4d55a9ceca922f72d" "/opt/rustwide/cargo-home/bin/cargo" "+nightly-2024-10-28" "metadata" "--no-deps" "--format-version=1", kill_on_drop: false }`
[INFO] [stdout] a67c930a5e2fce66d963a444f24089a02319b4d50c85ba28dcf7e24041d9cd53
[INFO] running `Command { std: "docker" "start" "-a" "a67c930a5e2fce66d963a444f24089a02319b4d50c85ba28dcf7e24041d9cd53", kill_on_drop: false }`
[INFO] running `Command { std: "docker" "inspect" "a67c930a5e2fce66d963a444f24089a02319b4d50c85ba28dcf7e24041d9cd53", kill_on_drop: false }`
[INFO] running `Command { std: "docker" "rm" "-f" "a67c930a5e2fce66d963a444f24089a02319b4d50c85ba28dcf7e24041d9cd53", kill_on_drop: false }`
[INFO] [stdout] a67c930a5e2fce66d963a444f24089a02319b4d50c85ba28dcf7e24041d9cd53
[INFO] running `Command { std: "docker" "create" "-v" "/var/lib/crater-agent-workspace/builds/worker-5-tc2/target:/opt/rustwide/target:rw,Z" "-v" "/var/lib/crater-agent-workspace/builds/worker-5-tc2/source:/opt/rustwide/workdir:ro,Z" "-v" "/var/lib/crater-agent-workspace/cargo-home:/opt/rustwide/cargo-home:ro,Z" "-v" "/var/lib/crater-agent-workspace/rustup-home:/opt/rustwide/rustup-home:ro,Z" "-e" "SOURCE_DIR=/opt/rustwide/workdir" "-e" "CARGO_TARGET_DIR=/opt/rustwide/target" "-e" "CARGO_INCREMENTAL=0" "-e" "RUST_BACKTRACE=full" "-e" "RUSTFLAGS=--cap-lints=forbid -Zrandomize-layout" "-e" "RUSTDOCFLAGS=--cap-lints=forbid" "-e" "CARGO_HOME=/opt/rustwide/cargo-home" "-e" "RUSTUP_HOME=/opt/rustwide/rustup-home" "-w" "/opt/rustwide/workdir" "-m" "1610612736" "--user" "0:0" "--network" "none" "ghcr.io/rust-lang/crates-build-env/linux@sha256:4a844ea9eb2546a2d2c7022eacef16ef2e8229c7fbb2c7d4d55a9ceca922f72d" "/opt/rustwide/cargo-home/bin/cargo" "+nightly-2024-10-28" "build" "--frozen" "--message-format=json", kill_on_drop: false }`
[INFO] [stdout] bf47ed1ade8fb646f2b736e3d3d4dfdcebf1cfef29e3942a27d5aac89f520189
[INFO] running `Command { std: "docker" "start" "-a" "bf47ed1ade8fb646f2b736e3d3d4dfdcebf1cfef29e3942a27d5aac89f520189", kill_on_drop: false }`
[INFO] [stderr]    Compiling libc v0.2.81
[INFO] [stderr]    Compiling proc-macro2 v1.0.24
[INFO] [stderr]    Compiling unicode-xid v0.2.1
[INFO] [stderr]    Compiling syn v1.0.56
[INFO] [stderr]    Compiling autocfg v1.0.1
[INFO] [stderr]    Compiling cfg-if v0.1.10
[INFO] [stderr]    Compiling getrandom v0.1.15
[INFO] [stderr]    Compiling version_check v0.9.2
[INFO] [stderr]    Compiling ppv-lite86 v0.2.10
[INFO] [stderr]    Compiling proc-macro-hack v0.5.19
[INFO] [stderr]    Compiling log v0.4.11
[INFO] [stderr]    Compiling siphasher v0.3.3
[INFO] [stderr]    Compiling memchr v2.3.4
[INFO] [stderr]    Compiling proc-macro-error-attr v1.0.4
[INFO] [stderr]    Compiling num-traits v0.2.14
[INFO] [stderr]    Compiling num-integer v0.1.44
[INFO] [stderr]    Compiling proc-macro-error v1.0.4
[INFO] [stderr]    Compiling lazy_static v1.4.0
[INFO] [stderr]    Compiling serde_derive v1.0.118
[INFO] [stderr]    Compiling phf_shared v0.8.0
[INFO] [stderr]    Compiling indexmap v1.6.1
[INFO] [stderr]    Compiling unicode-segmentation v1.7.1
[INFO] [stderr]    Compiling bitflags v1.2.1
[INFO] [stderr]    Compiling serde v1.0.118
[INFO] [stderr]    Compiling quote v1.0.8
[INFO] [stderr]    Compiling atty v0.2.14
[INFO] [stderr]    Compiling time v0.1.44
[INFO] [stderr]    Compiling rand_core v0.5.1
[INFO] [stderr]    Compiling heck v0.3.2
[INFO] [stderr]    Compiling rand_chacha v0.2.2
[INFO] [stderr]    Compiling rand_pcg v0.2.1
[INFO] [stderr]    Compiling hashbrown v0.9.1
[INFO] [stderr]    Compiling rand v0.7.3
[INFO] [stderr]    Compiling unicode-width v0.1.8
[INFO] [stderr]    Compiling anyhow v1.0.37
[INFO] [stderr]    Compiling termcolor v1.1.2
[INFO] [stderr]    Compiling aho-corasick v0.7.15
[INFO] [stderr]    Compiling textwrap v0.12.1
[INFO] [stderr]    Compiling chrono v0.4.19
[INFO] [stderr]    Compiling thread_local v1.0.1
[INFO] [stderr]    Compiling regex-syntax v0.6.21
[INFO] [stderr]    Compiling strsim v0.10.0
[INFO] [stderr]    Compiling os_str_bytes v2.4.0
[INFO] [stderr]    Compiling colored v2.0.0
[INFO] [stderr]    Compiling phf_generator v0.8.0
[INFO] [stderr]    Compiling urlencoding v1.1.1
[INFO] [stderr]    Compiling open v1.4.0
[INFO] [stderr]    Compiling simplelog v0.9.0
[INFO] [stderr]    Compiling regex v1.4.2
[INFO] [stderr]    Compiling thiserror-impl v1.0.23
[INFO] [stderr]    Compiling phf_macros v0.8.0
[INFO] [stderr]    Compiling clap_derive v3.0.0-beta.2
[INFO] [stderr]    Compiling phf v0.8.0
[INFO] [stderr]    Compiling thiserror v1.0.23
[INFO] [stderr]    Compiling which v4.0.2
[INFO] [stderr]    Compiling clap v3.0.0-beta.2
[INFO] [stderr]    Compiling os_info v3.0.1
[INFO] [stderr]    Compiling macos-config-check v0.0.1-alpha.1 (/opt/rustwide/workdir)
[INFO] [stdout] warning: unexpected `cfg` condition value: `http`
[INFO] [stdout]  --> src/cmd/bug_report.rs:9:7
[INFO] [stdout]   |
[INFO] [stdout] 9 | #[cfg(feature = "http")]
[INFO] [stdout]   |       ^^^^^^^^^^^^^^^^ help: remove the condition
[INFO] [stdout]   |
[INFO] [stdout]   = note: no expected values for `feature`
[INFO] [stdout]   = help: consider adding `http` as a feature in `Cargo.toml`
[INFO] [stdout]   = note: see <https://doc.rust-lang.org/nightly/rustc/check-cfg/cargo-specifics.html> for more information about checking conditional configuration
[INFO] [stdout]   = note: `#[warn(unexpected_cfgs)]` on by default
[INFO] [stdout] 
[INFO] [stdout] 
[INFO] [stdout] warning: unexpected `cfg` condition value: `http`
[INFO] [stdout]   --> src/cmd/bug_report.rs:51:7
[INFO] [stdout]    |
[INFO] [stdout] 51 | #[cfg(feature = "http")]
[INFO] [stdout]    |       ^^^^^^^^^^^^^^^^ help: remove the condition
[INFO] [stdout]    |
[INFO] [stdout]    = note: no expected values for `feature`
[INFO] [stdout]    = help: consider adding `http` as a feature in `Cargo.toml`
[INFO] [stdout]    = note: see <https://doc.rust-lang.org/nightly/rustc/check-cfg/cargo-specifics.html> for more information about checking conditional configuration
[INFO] [stdout] 
[INFO] [stdout] 
[INFO] [stdout] warning: unexpected `cfg` condition value: `http`
[INFO] [stdout]   --> src/cmd/bug_report.rs:61:11
[INFO] [stdout]    |
[INFO] [stdout] 61 | #[cfg(not(feature = "http"))]
[INFO] [stdout]    |           ^^^^^^^^^^^^^^^^ help: remove the condition
[INFO] [stdout]    |
[INFO] [stdout]    = note: no expected values for `feature`
[INFO] [stdout]    = help: consider adding `http` as a feature in `Cargo.toml`
[INFO] [stdout]    = note: see <https://doc.rust-lang.org/nightly/rustc/check-cfg/cargo-specifics.html> for more information about checking conditional configuration
[INFO] [stdout] 
[INFO] [stdout] 
[INFO] [stdout] warning: fields `reference` and `confidence` are never read
[INFO] [stdout]  --> src/checks/model.rs:6:7
[INFO] [stdout]   |
[INFO] [stdout] 2 | pub struct TestConfig<'a> {
[INFO] [stdout]   |            ---------- fields in this struct
[INFO] [stdout] ...
[INFO] [stdout] 6 |   pub reference: &'a str,
[INFO] [stdout]   |       ^^^^^^^^^
[INFO] [stdout] 7 |   /// indicates subjective estimation of negative side-effects. valid values: "required", "recommended", "experimental". (REQUIRED FIELD)
[INFO] [stdout] 8 |   pub confidence: Confidence,
[INFO] [stdout]   |       ^^^^^^^^^^
[INFO] [stdout]   |
[INFO] [stdout]   = note: `TestConfig` has derived impls for the traits `Debug` and `Clone`, but these are intentionally ignored during dead code analysis
[INFO] [stdout]   = note: `#[warn(dead_code)]` on by default
[INFO] [stdout] 
[INFO] [stdout] 
[INFO] [stdout] warning: fields `command_fail` and `case_sensitive` are never read
[INFO] [stdout]   --> src/checks/model.rs:39:7
[INFO] [stdout]    |
[INFO] [stdout] 30 | pub struct Test<'a> {
[INFO] [stdout]    |            ---- fields in this struct
[INFO] [stdout] ...
[INFO] [stdout] 39 |   pub command_fail: &'a str,
[INFO] [stdout]    |       ^^^^^^^^^^^^
[INFO] [stdout] 40 |   /// is "true" or "false" depending on whether the `command_pass` and/or `command_fail` values are case-sensitive. (REQUIRED FIELD)
[INFO] [stdout] 41 |   pub case_sensitive: bool,
[INFO] [stdout]    |       ^^^^^^^^^^^^^^
[INFO] [stdout]    |
[INFO] [stdout]    = note: `Test` has derived impls for the traits `Debug` and `Clone`, but these are intentionally ignored during dead code analysis
[INFO] [stdout] 
[INFO] [stdout] 
[INFO] [stdout] warning: fields `sudo_command` and `sudo_command_args` are never read
[INFO] [stdout]   --> src/checks/model.rs:50:7
[INFO] [stdout]    |
[INFO] [stdout] 45 | pub struct Fix<'a> {
[INFO] [stdout]    |            --- fields in this struct
[INFO] [stdout] ...
[INFO] [stdout] 50 |   pub sudo_command: &'a str,
[INFO] [stdout]    |       ^^^^^^^^^^^^
[INFO] [stdout] 51 |   pub sudo_command_args: &'a [&'a str],
[INFO] [stdout]    |       ^^^^^^^^^^^^^^^^^
[INFO] [stdout]    |
[INFO] [stdout]    = note: `Fix` has derived impls for the traits `Debug` and `Clone`, but these are intentionally ignored during dead code analysis
[INFO] [stdout] 
[INFO] [stdout] 
[INFO] [stderr]     Finished `dev` profile [unoptimized + debuginfo] target(s) in 7.40s
[INFO] running `Command { std: "docker" "inspect" "bf47ed1ade8fb646f2b736e3d3d4dfdcebf1cfef29e3942a27d5aac89f520189", kill_on_drop: false }`
[INFO] running `Command { std: "docker" "rm" "-f" "bf47ed1ade8fb646f2b736e3d3d4dfdcebf1cfef29e3942a27d5aac89f520189", kill_on_drop: false }`
[INFO] [stdout] bf47ed1ade8fb646f2b736e3d3d4dfdcebf1cfef29e3942a27d5aac89f520189
[INFO] running `Command { std: "docker" "create" "-v" "/var/lib/crater-agent-workspace/builds/worker-5-tc2/target:/opt/rustwide/target:rw,Z" "-v" "/var/lib/crater-agent-workspace/builds/worker-5-tc2/source:/opt/rustwide/workdir:ro,Z" "-v" "/var/lib/crater-agent-workspace/cargo-home:/opt/rustwide/cargo-home:ro,Z" "-v" "/var/lib/crater-agent-workspace/rustup-home:/opt/rustwide/rustup-home:ro,Z" "-e" "SOURCE_DIR=/opt/rustwide/workdir" "-e" "CARGO_TARGET_DIR=/opt/rustwide/target" "-e" "CARGO_INCREMENTAL=0" "-e" "RUST_BACKTRACE=full" "-e" "RUSTFLAGS=--cap-lints=forbid -Zrandomize-layout" "-e" "RUSTDOCFLAGS=--cap-lints=forbid" "-e" "CARGO_HOME=/opt/rustwide/cargo-home" "-e" "RUSTUP_HOME=/opt/rustwide/rustup-home" "-w" "/opt/rustwide/workdir" "-m" "1610612736" "--user" "0:0" "--network" "none" "ghcr.io/rust-lang/crates-build-env/linux@sha256:4a844ea9eb2546a2d2c7022eacef16ef2e8229c7fbb2c7d4d55a9ceca922f72d" "/opt/rustwide/cargo-home/bin/cargo" "+nightly-2024-10-28" "test" "--frozen" "--no-run" "--message-format=json", kill_on_drop: false }`
[INFO] [stdout] 3a33fe4fa93854224e11c0c62736fe3f1c2d341ba47de4623e81b5dd435593ee
[INFO] running `Command { std: "docker" "start" "-a" "3a33fe4fa93854224e11c0c62736fe3f1c2d341ba47de4623e81b5dd435593ee", kill_on_drop: false }`
[INFO] [stderr]    Compiling predicates-core v1.0.1
[INFO] [stderr]    Compiling doc-comment v0.3.3
[INFO] [stderr]    Compiling float-cmp v0.8.0
[INFO] [stderr]    Compiling difference v2.0.0
[INFO] [stderr]    Compiling normalize-line-endings v0.3.0
[INFO] [stderr]    Compiling treeline v0.1.0
[INFO] [stderr]    Compiling wait-timeout v0.2.0
[INFO] [stdout] warning: unexpected `cfg` condition value: `http`
[INFO] [stdout]  --> src/cmd/bug_report.rs:9:7
[INFO] [stdout]   |
[INFO] [stdout] 9 | #[cfg(feature = "http")]
[INFO] [stdout]   |       ^^^^^^^^^^^^^^^^ help: remove the condition
[INFO] [stdout]   |
[INFO] [stdout]   = note: no expected values for `feature`
[INFO] [stdout]   = help: consider adding `http` as a feature in `Cargo.toml`
[INFO] [stdout]   = note: see <https://doc.rust-lang.org/nightly/rustc/check-cfg/cargo-specifics.html> for more information about checking conditional configuration
[INFO] [stdout]   = note: `#[warn(unexpected_cfgs)]` on by default
[INFO] [stdout] 
[INFO] [stdout] 
[INFO] [stdout] warning: unexpected `cfg` condition value: `http`
[INFO] [stdout]   --> src/cmd/bug_report.rs:51:7
[INFO] [stdout]    |
[INFO] [stdout] 51 | #[cfg(feature = "http")]
[INFO] [stdout]    |       ^^^^^^^^^^^^^^^^ help: remove the condition
[INFO] [stdout]    |
[INFO] [stdout]    = note: no expected values for `feature`
[INFO] [stdout]    = help: consider adding `http` as a feature in `Cargo.toml`
[INFO] [stdout]    = note: see <https://doc.rust-lang.org/nightly/rustc/check-cfg/cargo-specifics.html> for more information about checking conditional configuration
[INFO] [stdout] 
[INFO] [stdout] 
[INFO] [stdout] warning: unexpected `cfg` condition value: `http`
[INFO] [stdout]   --> src/cmd/bug_report.rs:61:11
[INFO] [stdout]    |
[INFO] [stdout] 61 | #[cfg(not(feature = "http"))]
[INFO] [stdout]    |           ^^^^^^^^^^^^^^^^ help: remove the condition
[INFO] [stdout]    |
[INFO] [stdout]    = note: no expected values for `feature`
[INFO] [stdout]    = help: consider adding `http` as a feature in `Cargo.toml`
[INFO] [stdout]    = note: see <https://doc.rust-lang.org/nightly/rustc/check-cfg/cargo-specifics.html> for more information about checking conditional configuration
[INFO] [stdout] 
[INFO] [stdout] 
[INFO] [stdout] warning: fields `reference` and `confidence` are never read
[INFO] [stdout]  --> src/checks/model.rs:6:7
[INFO] [stdout]   |
[INFO] [stdout] 2 | pub struct TestConfig<'a> {
[INFO] [stdout]   |            ---------- fields in this struct
[INFO] [stdout] ...
[INFO] [stdout] 6 |   pub reference: &'a str,
[INFO] [stdout]   |       ^^^^^^^^^
[INFO] [stdout] 7 |   /// indicates subjective estimation of negative side-effects. valid values: "required", "recommended", "experimental". (REQUIRED FIELD)
[INFO] [stdout] 8 |   pub confidence: Confidence,
[INFO] [stdout]   |       ^^^^^^^^^^
[INFO] [stdout]   |
[INFO] [stdout]   = note: `TestConfig` has derived impls for the traits `Debug` and `Clone`, but these are intentionally ignored during dead code analysis
[INFO] [stdout]   = note: `#[warn(dead_code)]` on by default
[INFO] [stdout] 
[INFO] [stdout] 
[INFO] [stdout] warning: fields `command_fail` and `case_sensitive` are never read
[INFO] [stdout]   --> src/checks/model.rs:39:7
[INFO] [stdout]    |
[INFO] [stdout] 30 | pub struct Test<'a> {
[INFO] [stdout]    |            ---- fields in this struct
[INFO] [stdout] ...
[INFO] [stdout] 39 |   pub command_fail: &'a str,
[INFO] [stdout]    |       ^^^^^^^^^^^^
[INFO] [stdout] 40 |   /// is "true" or "false" depending on whether the `command_pass` and/or `command_fail` values are case-sensitive. (REQUIRED FIELD)
[INFO] [stdout] 41 |   pub case_sensitive: bool,
[INFO] [stdout]    |       ^^^^^^^^^^^^^^
[INFO] [stdout]    |
[INFO] [stdout]    = note: `Test` has derived impls for the traits `Debug` and `Clone`, but these are intentionally ignored during dead code analysis
[INFO] [stdout] 
[INFO] [stdout] 
[INFO] [stdout] warning: fields `sudo_command` and `sudo_command_args` are never read
[INFO] [stdout]   --> src/checks/model.rs:50:7
[INFO] [stdout]    |
[INFO] [stdout] 45 | pub struct Fix<'a> {
[INFO] [stdout]    |            --- fields in this struct
[INFO] [stdout] ...
[INFO] [stdout] 50 |   pub sudo_command: &'a str,
[INFO] [stdout]    |       ^^^^^^^^^^^^
[INFO] [stdout] 51 |   pub sudo_command_args: &'a [&'a str],
[INFO] [stdout]    |       ^^^^^^^^^^^^^^^^^
[INFO] [stdout]    |
[INFO] [stdout]    = note: `Fix` has derived impls for the traits `Debug` and `Clone`, but these are intentionally ignored during dead code analysis
[INFO] [stdout] 
[INFO] [stdout] 
[INFO] [stderr]    Compiling predicates-tree v1.0.1
[INFO] [stderr]    Compiling predicates v1.0.6
[INFO] [stderr]    Compiling assert_cmd v1.0.2
[INFO] [stderr]    Compiling macos-config-check v0.0.1-alpha.1 (/opt/rustwide/workdir)
[INFO] [stdout] warning: unexpected `cfg` condition value: `http`
[INFO] [stdout]  --> src/cmd/bug_report.rs:9:7
[INFO] [stdout]   |
[INFO] [stdout] 9 | #[cfg(feature = "http")]
[INFO] [stdout]   |       ^^^^^^^^^^^^^^^^ help: remove the condition
[INFO] [stdout]   |
[INFO] [stdout]   = note: no expected values for `feature`
[INFO] [stdout]   = help: consider adding `http` as a feature in `Cargo.toml`
[INFO] [stdout]   = note: see <https://doc.rust-lang.org/nightly/rustc/check-cfg/cargo-specifics.html> for more information about checking conditional configuration
[INFO] [stdout]   = note: `#[warn(unexpected_cfgs)]` on by default
[INFO] [stdout] 
[INFO] [stdout] 
[INFO] [stdout] warning: unexpected `cfg` condition value: `http`
[INFO] [stdout]   --> src/cmd/bug_report.rs:51:7
[INFO] [stdout]    |
[INFO] [stdout] 51 | #[cfg(feature = "http")]
[INFO] [stdout]    |       ^^^^^^^^^^^^^^^^ help: remove the condition
[INFO] [stdout]    |
[INFO] [stdout]    = note: no expected values for `feature`
[INFO] [stdout]    = help: consider adding `http` as a feature in `Cargo.toml`
[INFO] [stdout]    = note: see <https://doc.rust-lang.org/nightly/rustc/check-cfg/cargo-specifics.html> for more information about checking conditional configuration
[INFO] [stdout] 
[INFO] [stdout] 
[INFO] [stdout] warning: unexpected `cfg` condition value: `http`
[INFO] [stdout]   --> src/cmd/bug_report.rs:61:11
[INFO] [stdout]    |
[INFO] [stdout] 61 | #[cfg(not(feature = "http"))]
[INFO] [stdout]    |           ^^^^^^^^^^^^^^^^ help: remove the condition
[INFO] [stdout]    |
[INFO] [stdout]    = note: no expected values for `feature`
[INFO] [stdout]    = help: consider adding `http` as a feature in `Cargo.toml`
[INFO] [stdout]    = note: see <https://doc.rust-lang.org/nightly/rustc/check-cfg/cargo-specifics.html> for more information about checking conditional configuration
[INFO] [stdout] 
[INFO] [stdout] 
[INFO] [stdout] warning: fields `reference` and `confidence` are never read
[INFO] [stdout]  --> src/checks/model.rs:6:7
[INFO] [stdout]   |
[INFO] [stdout] 2 | pub struct TestConfig<'a> {
[INFO] [stdout]   |            ---------- fields in this struct
[INFO] [stdout] ...
[INFO] [stdout] 6 |   pub reference: &'a str,
[INFO] [stdout]   |       ^^^^^^^^^
[INFO] [stdout] 7 |   /// indicates subjective estimation of negative side-effects. valid values: "required", "recommended", "experimental". (REQUIRED FIELD)
[INFO] [stdout] 8 |   pub confidence: Confidence,
[INFO] [stdout]   |       ^^^^^^^^^^
[INFO] [stdout]   |
[INFO] [stdout]   = note: `TestConfig` has derived impls for the traits `Debug` and `Clone`, but these are intentionally ignored during dead code analysis
[INFO] [stdout]   = note: `#[warn(dead_code)]` on by default
[INFO] [stdout] 
[INFO] [stdout] 
[INFO] [stdout] warning: fields `command_fail` and `case_sensitive` are never read
[INFO] [stdout]   --> src/checks/model.rs:39:7
[INFO] [stdout]    |
[INFO] [stdout] 30 | pub struct Test<'a> {
[INFO] [stdout]    |            ---- fields in this struct
[INFO] [stdout] ...
[INFO] [stdout] 39 |   pub command_fail: &'a str,
[INFO] [stdout]    |       ^^^^^^^^^^^^
[INFO] [stdout] 40 |   /// is "true" or "false" depending on whether the `command_pass` and/or `command_fail` values are case-sensitive. (REQUIRED FIELD)
[INFO] [stdout] 41 |   pub case_sensitive: bool,
[INFO] [stdout]    |       ^^^^^^^^^^^^^^
[INFO] [stdout]    |
[INFO] [stdout]    = note: `Test` has derived impls for the traits `Debug` and `Clone`, but these are intentionally ignored during dead code analysis
[INFO] [stdout] 
[INFO] [stdout] 
[INFO] [stdout] warning: fields `sudo_command` and `sudo_command_args` are never read
[INFO] [stdout]   --> src/checks/model.rs:50:7
[INFO] [stdout]    |
[INFO] [stdout] 45 | pub struct Fix<'a> {
[INFO] [stdout]    |            --- fields in this struct
[INFO] [stdout] ...
[INFO] [stdout] 50 |   pub sudo_command: &'a str,
[INFO] [stdout]    |       ^^^^^^^^^^^^
[INFO] [stdout] 51 |   pub sudo_command_args: &'a [&'a str],
[INFO] [stdout]    |       ^^^^^^^^^^^^^^^^^
[INFO] [stdout]    |
[INFO] [stdout]    = note: `Fix` has derived impls for the traits `Debug` and `Clone`, but these are intentionally ignored during dead code analysis
[INFO] [stdout] 
[INFO] [stdout] 
[INFO] [stderr]     Finished `test` profile [unoptimized + debuginfo] target(s) in 0.80s
[INFO] running `Command { std: "docker" "inspect" "3a33fe4fa93854224e11c0c62736fe3f1c2d341ba47de4623e81b5dd435593ee", kill_on_drop: false }`
[INFO] running `Command { std: "docker" "rm" "-f" "3a33fe4fa93854224e11c0c62736fe3f1c2d341ba47de4623e81b5dd435593ee", kill_on_drop: false }`
[INFO] [stdout] 3a33fe4fa93854224e11c0c62736fe3f1c2d341ba47de4623e81b5dd435593ee
[INFO] running `Command { std: "docker" "create" "-v" "/var/lib/crater-agent-workspace/builds/worker-5-tc2/target:/opt/rustwide/target:rw,Z" "-v" "/var/lib/crater-agent-workspace/builds/worker-5-tc2/source:/opt/rustwide/workdir:ro,Z" "-v" "/var/lib/crater-agent-workspace/cargo-home:/opt/rustwide/cargo-home:ro,Z" "-v" "/var/lib/crater-agent-workspace/rustup-home:/opt/rustwide/rustup-home:ro,Z" "-e" "SOURCE_DIR=/opt/rustwide/workdir" "-e" "CARGO_TARGET_DIR=/opt/rustwide/target" "-e" "CARGO_INCREMENTAL=0" "-e" "RUST_BACKTRACE=full" "-e" "RUSTFLAGS=--cap-lints=forbid -Zrandomize-layout" "-e" "RUSTDOCFLAGS=--cap-lints=forbid" "-e" "CARGO_HOME=/opt/rustwide/cargo-home" "-e" "RUSTUP_HOME=/opt/rustwide/rustup-home" "-w" "/opt/rustwide/workdir" "-m" "1610612736" "--user" "0:0" "--network" "none" "ghcr.io/rust-lang/crates-build-env/linux@sha256:4a844ea9eb2546a2d2c7022eacef16ef2e8229c7fbb2c7d4d55a9ceca922f72d" "/opt/rustwide/cargo-home/bin/cargo" "+nightly-2024-10-28" "test" "--frozen", kill_on_drop: false }`
[INFO] [stdout] 8c986306f58f68364114402f2058794528cb00d6f855af2225ea92e084dce592
[INFO] running `Command { std: "docker" "start" "-a" "8c986306f58f68364114402f2058794528cb00d6f855af2225ea92e084dce592", kill_on_drop: false }`
[INFO] [stderr] warning: unexpected `cfg` condition value: `http`
[INFO] [stderr]  --> src/cmd/bug_report.rs:9:7
[INFO] [stderr]   |
[INFO] [stderr] 9 | #[cfg(feature = "http")]
[INFO] [stderr]   |       ^^^^^^^^^^^^^^^^ help: remove the condition
[INFO] [stderr]   |
[INFO] [stderr]   = note: no expected values for `feature`
[INFO] [stderr]   = help: consider adding `http` as a feature in `Cargo.toml`
[INFO] [stderr]   = note: see <https://doc.rust-lang.org/nightly/rustc/check-cfg/cargo-specifics.html> for more information about checking conditional configuration
[INFO] [stderr]   = note: `#[warn(unexpected_cfgs)]` on by default
[INFO] [stderr] 
[INFO] [stderr] warning: unexpected `cfg` condition value: `http`
[INFO] [stderr]   --> src/cmd/bug_report.rs:51:7
[INFO] [stderr]    |
[INFO] [stderr] 51 | #[cfg(feature = "http")]
[INFO] [stderr]    |       ^^^^^^^^^^^^^^^^ help: remove the condition
[INFO] [stderr]    |
[INFO] [stderr]    = note: no expected values for `feature`
[INFO] [stderr]    = help: consider adding `http` as a feature in `Cargo.toml`
[INFO] [stderr]    = note: see <https://doc.rust-lang.org/nightly/rustc/check-cfg/cargo-specifics.html> for more information about checking conditional configuration
[INFO] [stderr] 
[INFO] [stderr] warning: unexpected `cfg` condition value: `http`
[INFO] [stderr]   --> src/cmd/bug_report.rs:61:11
[INFO] [stderr]    |
[INFO] [stderr] 61 | #[cfg(not(feature = "http"))]
[INFO] [stderr]    |           ^^^^^^^^^^^^^^^^ help: remove the condition
[INFO] [stderr]    |
[INFO] [stderr]    = note: no expected values for `feature`
[INFO] [stderr]    = help: consider adding `http` as a feature in `Cargo.toml`
[INFO] [stderr]    = note: see <https://doc.rust-lang.org/nightly/rustc/check-cfg/cargo-specifics.html> for more information about checking conditional configuration
[INFO] [stderr] 
[INFO] [stderr] warning: fields `reference` and `confidence` are never read
[INFO] [stderr]  --> src/checks/model.rs:6:7
[INFO] [stderr]   |
[INFO] [stderr] 2 | pub struct TestConfig<'a> {
[INFO] [stderr]   |            ---------- fields in this struct
[INFO] [stderr] ...
[INFO] [stderr] 6 |   pub reference: &'a str,
[INFO] [stderr]   |       ^^^^^^^^^
[INFO] [stderr] 7 |   /// indicates subjective estimation of negative side-effects. valid values: "required", "recommended", "experimental". (REQUIRED FIELD)
[INFO] [stderr] 8 |   pub confidence: Confidence,
[INFO] [stderr]   |       ^^^^^^^^^^
[INFO] [stderr]   |
[INFO] [stderr]   = note: `TestConfig` has derived impls for the traits `Debug` and `Clone`, but these are intentionally ignored during dead code analysis
[INFO] [stderr]   = note: `#[warn(dead_code)]` on by default
[INFO] [stderr] 
[INFO] [stderr] warning: fields `command_fail` and `case_sensitive` are never read
[INFO] [stderr]   --> src/checks/model.rs:39:7
[INFO] [stderr]    |
[INFO] [stderr] 30 | pub struct Test<'a> {
[INFO] [stderr]    |            ---- fields in this struct
[INFO] [stderr] ...
[INFO] [stderr] 39 |   pub command_fail: &'a str,
[INFO] [stderr]    |       ^^^^^^^^^^^^
[INFO] [stderr] 40 |   /// is "true" or "false" depending on whether the `command_pass` and/or `command_fail` values are case-sensitive. (REQUIRED FIELD)
[INFO] [stderr] 41 |   pub case_sensitive: bool,
[INFO] [stderr]    |       ^^^^^^^^^^^^^^
[INFO] [stderr]    |
[INFO] [stderr]    = note: `Test` has derived impls for the traits `Debug` and `Clone`, but these are intentionally ignored during dead code analysis
[INFO] [stderr] 
[INFO] [stderr] warning: fields `sudo_command` and `sudo_command_args` are never read
[INFO] [stderr]   --> src/checks/model.rs:50:7
[INFO] [stderr]    |
[INFO] [stderr] 45 | pub struct Fix<'a> {
[INFO] [stderr]    |            --- fields in this struct
[INFO] [stderr] ...
[INFO] [stderr] 50 |   pub sudo_command: &'a str,
[INFO] [stderr]    |       ^^^^^^^^^^^^
[INFO] [stderr] 51 |   pub sudo_command_args: &'a [&'a str],
[INFO] [stderr]    |       ^^^^^^^^^^^^^^^^^
[INFO] [stderr]    |
[INFO] [stderr]    = note: `Fix` has derived impls for the traits `Debug` and `Clone`, but these are intentionally ignored during dead code analysis
[INFO] [stderr] 
[INFO] [stderr] warning: `macos-config-check` (bin "macos-config-check") generated 6 warnings
[INFO] [stderr] warning: `macos-config-check` (bin "macos-config-check" test) generated 6 warnings (6 duplicates)
[INFO] [stderr]     Finished `test` profile [unoptimized + debuginfo] target(s) in 0.04s
[INFO] [stderr]      Running unittests src/main.rs (/opt/rustwide/target/debug/deps/macos_config_check-a2e28fea38784927)
[INFO] [stdout] 
[INFO] [stdout] running 8 tests
[INFO] [stdout] test utils::tests::exec_mocked_command ... ok
[INFO] [stdout] test cmd::bug_report::tests::test_get_shell_info ... ok
[INFO] [stdout] test cmd::bug_report::tests::test_make_github_link ... ok
[INFO] [stdout] test utils::tests::exec_no_output ... ok
[INFO] [stdout] test utils::tests::exec_with_non_zero_exit_code ... ok
[INFO] [stdout] test utils::tests::exec_with_output_stderr ... ok
[INFO] [stdout] test utils::tests::exec_with_output_stdout ... ok
[INFO] [stdout] test utils::tests::exec_with_output_both ... ok
[INFO] [stdout] 
[INFO] [stdout] test result: ok. 8 passed; 0 failed; 0 ignored; 0 measured; 0 filtered out; finished in 0.00s
[INFO] [stdout] 
[INFO] [stderr]      Running tests/acceptance.rs (/opt/rustwide/target/debug/deps/acceptance-3421d474292f6903)
[INFO] [stdout] 
[INFO] [stdout] running 3 tests
[INFO] [stdout] test start_with_args ... ok
[INFO] [stdout] test start_no_args ... ok
[INFO] [stdout] test version_no_args ... FAILED
[INFO] [stdout] 
[INFO] [stdout] failures:
[INFO] [stdout] 
[INFO] [stdout] ---- version_no_args stdout ----
[INFO] [stdout] thread 'version_no_args' panicked at /opt/rustwide/cargo-home/registry/src/index.crates.io-6f17d22bba15001f/assert_cmd-1.0.2/src/assert.rs:348:17:
[INFO] [stdout] Unexpected stdout, failed var - original <= 0
[INFO] [stdout] ├── original: macos-config-check 0.0.1-alpha.0
[INFO] [stdout] 
[INFO] [stdout] ├── actual distance: 2
[INFO] [stdout] ├── diff: [91mmacos-config-check 0.0.1-alpha.0
[INFO] [stdout] [0m
[INFO] [stdout] [92mmacos-config-check 0.0.1-alpha.1
[INFO] [stdout] [0m
[INFO] [stdout] 
[INFO] [stdout] └── var as str: macos-config-check 0.0.1-alpha.1
[INFO] [stdout] 
[INFO] [stdout] 
[INFO] [stdout] command=`"/opt/rustwide/target/debug/macos-config-check" "-V"`
[INFO] [stdout] code=0
[INFO] [stdout] stdout=```macos-config-check 0.0.1-alpha.1
[INFO] [stdout] ```
[INFO] [stdout] stderr=``````
[INFO] [stdout] 
[INFO] [stdout] stack backtrace:
[INFO] [stdout]    0:     0x600ea7b25e8a - std::backtrace_rs::backtrace::libunwind::trace::h207520d6e9873551
[INFO] [stdout]                                at /rustc/df4ca44d3fbc9301ee17f30f4d474e6ae4b05252/library/std/src/../../backtrace/src/backtrace/libunwind.rs:116:5
[INFO] [stdout]    1:     0x600ea7b25e8a - std::backtrace_rs::backtrace::trace_unsynchronized::h2ed7433f370e3eca
[INFO] [stdout]                                at /rustc/df4ca44d3fbc9301ee17f30f4d474e6ae4b05252/library/std/src/../../backtrace/src/backtrace/mod.rs:66:5
[INFO] [stdout]    2:     0x600ea7b25e8a - std::sys::backtrace::_print_fmt::h916fac51166b18d7
[INFO] [stdout]                                at /rustc/df4ca44d3fbc9301ee17f30f4d474e6ae4b05252/library/std/src/sys/backtrace.rs:66:9
[INFO] [stdout]    3:     0x600ea7b25e8a - <std::sys::backtrace::BacktraceLock::print::DisplayBacktrace as core::fmt::Display>::fmt::ha0a4c9b8ce3802e6
[INFO] [stdout]                                at /rustc/df4ca44d3fbc9301ee17f30f4d474e6ae4b05252/library/std/src/sys/backtrace.rs:39:26
[INFO] [stdout]    4:     0x600ea7b4d453 - core::fmt::rt::Argument::fmt::h4cfc8587d52b3eb5
[INFO] [stdout]                                at /rustc/df4ca44d3fbc9301ee17f30f4d474e6ae4b05252/library/core/src/fmt/rt.rs:177:76
[INFO] [stdout]    5:     0x600ea7b4d453 - core::fmt::write::h522cc39e5b36ae9f
[INFO] [stdout]                                at /rustc/df4ca44d3fbc9301ee17f30f4d474e6ae4b05252/library/core/src/fmt/mod.rs:1190:21
[INFO] [stdout]    6:     0x600ea7b22443 - std::io::Write::write_fmt::h7d3c26752da97734
[INFO] [stdout]                                at /rustc/df4ca44d3fbc9301ee17f30f4d474e6ae4b05252/library/std/src/io/mod.rs:1839:15
[INFO] [stdout]    7:     0x600ea7b25cd2 - std::sys::backtrace::BacktraceLock::print::h4b9e00b29e9c0942
[INFO] [stdout]                                at /rustc/df4ca44d3fbc9301ee17f30f4d474e6ae4b05252/library/std/src/sys/backtrace.rs:42:9
[INFO] [stdout]    8:     0x600ea7b2739a - std::panicking::default_hook::{{closure}}::hb59b88280d0324d9
[INFO] [stdout]                                at /rustc/df4ca44d3fbc9301ee17f30f4d474e6ae4b05252/library/std/src/panicking.rs:268:22
[INFO] [stdout]    9:     0x600ea7b271a4 - std::panicking::default_hook::he1dd496665be4a29
[INFO] [stdout]                                at /rustc/df4ca44d3fbc9301ee17f30f4d474e6ae4b05252/library/std/src/panicking.rs:292:9
[INFO] [stdout]   10:     0x600ea7abb629 - <alloc::boxed::Box<F,A> as core::ops::function::Fn<Args>>::call::h4ff71de18744e1dc
[INFO] [stdout]                                at /rustc/df4ca44d3fbc9301ee17f30f4d474e6ae4b05252/library/alloc/src/boxed.rs:2468:9
[INFO] [stdout]   11:     0x600ea7abb629 - test::test_main::{{closure}}::hcf7c055ce117aa81
[INFO] [stdout]                                at /rustc/df4ca44d3fbc9301ee17f30f4d474e6ae4b05252/library/test/src/lib.rs:133:21
[INFO] [stdout]   12:     0x600ea7b27a98 - <alloc::boxed::Box<F,A> as core::ops::function::Fn<Args>>::call::h1d66c6bbd60c9692
[INFO] [stdout]                                at /rustc/df4ca44d3fbc9301ee17f30f4d474e6ae4b05252/library/alloc/src/boxed.rs:2468:9
[INFO] [stdout]   13:     0x600ea7b27a98 - std::panicking::rust_panic_with_hook::h2ff17fe8f26dfcf8
[INFO] [stdout]                                at /rustc/df4ca44d3fbc9301ee17f30f4d474e6ae4b05252/library/std/src/panicking.rs:809:13
[INFO] [stdout]   14:     0x600ea7b2785a - std::panicking::begin_panic_handler::{{closure}}::h4fad77951c07e101
[INFO] [stdout]                                at /rustc/df4ca44d3fbc9301ee17f30f4d474e6ae4b05252/library/std/src/panicking.rs:674:13
[INFO] [stdout]   15:     0x600ea7b26369 - std::sys::backtrace::__rust_end_short_backtrace::hb1a25b3da5d0ea08
[INFO] [stdout]                                at /rustc/df4ca44d3fbc9301ee17f30f4d474e6ae4b05252/library/std/src/sys/backtrace.rs:170:18
[INFO] [stdout]   16:     0x600ea7b274ec - rust_begin_unwind
[INFO] [stdout]                                at /rustc/df4ca44d3fbc9301ee17f30f4d474e6ae4b05252/library/std/src/panicking.rs:665:5
[INFO] [stdout]   17:     0x600ea7b4bb00 - core::panicking::panic_fmt::ha9db07b529f9b256
[INFO] [stdout]                                at /rustc/df4ca44d3fbc9301ee17f30f4d474e6ae4b05252/library/core/src/panicking.rs:75:14
[INFO] [stdout]   18:     0x600ea7acffee - assert_cmd::assert::Assert::stdout_impl::hfa221a4858aa1f80
[INFO] [stdout]                                at /opt/rustwide/cargo-home/registry/src/index.crates.io-6f17d22bba15001f/assert_cmd-1.0.2/src/assert.rs:348:17
[INFO] [stdout]   19:     0x600ea7a7d6fb - assert_cmd::assert::Assert::stdout::h2c3cfb0abde50e15
[INFO] [stdout]                                at /opt/rustwide/cargo-home/registry/src/index.crates.io-6f17d22bba15001f/assert_cmd-1.0.2/src/assert.rs:341:9
[INFO] [stdout]   20:     0x600ea7a81668 - acceptance::version_no_args::h767001a0bf588289
[INFO] [stdout]                                at /opt/rustwide/workdir/tests/acceptance.rs:77:3
[INFO] [stdout]   21:     0x600ea7a81457 - acceptance::version_no_args::{{closure}}::h65a8a52d7947b97e
[INFO] [stdout]                                at /opt/rustwide/workdir/tests/acceptance.rs:70:21
[INFO] [stdout]   22:     0x600ea7a7df56 - core::ops::function::FnOnce::call_once::h711a5945eee35e80
[INFO] [stdout]                                at /rustc/df4ca44d3fbc9301ee17f30f4d474e6ae4b05252/library/core/src/ops/function.rs:250:5
[INFO] [stdout]   23:     0x600ea7abfefb - core::ops::function::FnOnce::call_once::h22c3ba5715e93f05
[INFO] [stdout]                                at /rustc/df4ca44d3fbc9301ee17f30f4d474e6ae4b05252/library/core/src/ops/function.rs:250:5
[INFO] [stdout]   24:     0x600ea7abfefb - test::__rust_begin_short_backtrace::h8e82d8113d0da17f
[INFO] [stdout]                                at /rustc/df4ca44d3fbc9301ee17f30f4d474e6ae4b05252/library/test/src/lib.rs:621:18
[INFO] [stdout]   25:     0x600ea7abf877 - test::run_test_in_process::{{closure}}::h33235f4f20b7b7c7
[INFO] [stdout]                                at /rustc/df4ca44d3fbc9301ee17f30f4d474e6ae4b05252/library/test/src/lib.rs:644:60
[INFO] [stdout]   26:     0x600ea7abf877 - <core::panic::unwind_safe::AssertUnwindSafe<F> as core::ops::function::FnOnce<()>>::call_once::hb5043206310c586f
[INFO] [stdout]                                at /rustc/df4ca44d3fbc9301ee17f30f4d474e6ae4b05252/library/core/src/panic/unwind_safe.rs:272:9
[INFO] [stdout]   27:     0x600ea7abf877 - std::panicking::try::do_call::h9ad4731a60ab23e2
[INFO] [stdout]                                at /rustc/df4ca44d3fbc9301ee17f30f4d474e6ae4b05252/library/std/src/panicking.rs:557:40
[INFO] [stdout]   28:     0x600ea7abf877 - std::panicking::try::h3824d23db772a716
[INFO] [stdout]                                at /rustc/df4ca44d3fbc9301ee17f30f4d474e6ae4b05252/library/std/src/panicking.rs:520:19
[INFO] [stdout]   29:     0x600ea7abf877 - std::panic::catch_unwind::h5afd514605fde46b
[INFO] [stdout]                                at /rustc/df4ca44d3fbc9301ee17f30f4d474e6ae4b05252/library/std/src/panic.rs:358:14
[INFO] [stdout]   30:     0x600ea7abf877 - test::run_test_in_process::h0d5cbfa7067d1720
[INFO] [stdout]                                at /rustc/df4ca44d3fbc9301ee17f30f4d474e6ae4b05252/library/test/src/lib.rs:644:27
[INFO] [stdout]   31:     0x600ea7abf877 - test::run_test::{{closure}}::h708eb8872708115d
[INFO] [stdout]                                at /rustc/df4ca44d3fbc9301ee17f30f4d474e6ae4b05252/library/test/src/lib.rs:565:43
[INFO] [stdout]   32:     0x600ea7a82f94 - test::run_test::{{closure}}::h392c51cee94713ab
[INFO] [stdout]                                at /rustc/df4ca44d3fbc9301ee17f30f4d474e6ae4b05252/library/test/src/lib.rs:595:41
[INFO] [stdout]   33:     0x600ea7a82f94 - std::sys::backtrace::__rust_begin_short_backtrace::h2f40290710935a8b
[INFO] [stdout]                                at /rustc/df4ca44d3fbc9301ee17f30f4d474e6ae4b05252/library/std/src/sys/backtrace.rs:154:18
[INFO] [stdout]   34:     0x600ea7a8673e - std::thread::Builder::spawn_unchecked_::{{closure}}::{{closure}}::h3fd968d89053a903
[INFO] [stdout]                                at /rustc/df4ca44d3fbc9301ee17f30f4d474e6ae4b05252/library/std/src/thread/mod.rs:541:17
[INFO] [stdout]   35:     0x600ea7a8673e - <core::panic::unwind_safe::AssertUnwindSafe<F> as core::ops::function::FnOnce<()>>::call_once::h743f637ba4229880
[INFO] [stdout]                                at /rustc/df4ca44d3fbc9301ee17f30f4d474e6ae4b05252/library/core/src/panic/unwind_safe.rs:272:9
[INFO] [stdout]   36:     0x600ea7a8673e - std::panicking::try::do_call::h07440897322525a6
[INFO] [stdout]                                at /rustc/df4ca44d3fbc9301ee17f30f4d474e6ae4b05252/library/std/src/panicking.rs:557:40
[INFO] [stdout]   37:     0x600ea7a8673e - std::panicking::try::he5a2e00188156637
[INFO] [stdout]                                at /rustc/df4ca44d3fbc9301ee17f30f4d474e6ae4b05252/library/std/src/panicking.rs:520:19
[INFO] [stdout]   38:     0x600ea7a8673e - std::panic::catch_unwind::hbaf3cae49b3c6433
[INFO] [stdout]                                at /rustc/df4ca44d3fbc9301ee17f30f4d474e6ae4b05252/library/std/src/panic.rs:358:14
[INFO] [stdout]   39:     0x600ea7a8673e - std::thread::Builder::spawn_unchecked_::{{closure}}::h8e141ea224820bce
[INFO] [stdout]                                at /rustc/df4ca44d3fbc9301ee17f30f4d474e6ae4b05252/library/std/src/thread/mod.rs:540:30
[INFO] [stdout]   40:     0x600ea7a8673e - core::ops::function::FnOnce::call_once{{vtable.shim}}::h90d312fedd7b8ea8
[INFO] [stdout]                                at /rustc/df4ca44d3fbc9301ee17f30f4d474e6ae4b05252/library/core/src/ops/function.rs:250:5
[INFO] [stdout]   41:     0x600ea7b2c3eb - <alloc::boxed::Box<F,A> as core::ops::function::FnOnce<Args>>::call_once::h69aa08ddb6adb8b6
[INFO] [stdout]                                at /rustc/df4ca44d3fbc9301ee17f30f4d474e6ae4b05252/library/alloc/src/boxed.rs:2454:9
[INFO] [stdout]   42:     0x600ea7b2c3eb - <alloc::boxed::Box<F,A> as core::ops::function::FnOnce<Args>>::call_once::h5aa36efdb79c806f
[INFO] [stdout]                                at /rustc/df4ca44d3fbc9301ee17f30f4d474e6ae4b05252/library/alloc/src/boxed.rs:2454:9
[INFO] [stdout]   43:     0x600ea7b2c3eb - std::sys::pal::unix::thread::Thread::new::thread_start::h6cd80a1b4be5158d
[INFO] [stdout]                                at /rustc/df4ca44d3fbc9301ee17f30f4d474e6ae4b05252/library/std/src/sys/pal/unix/thread.rs:105:17
[INFO] [stdout]   44:     0x718bcd61bac3 - <unknown>
[INFO] [stdout]   45:     0x718bcd6aca04 - clone
[INFO] [stdout]   46:                0x0 - <unknown>
[INFO] [stdout] 
[INFO] [stdout] 
[INFO] [stdout] failures:
[INFO] [stdout]     version_no_args
[INFO] [stdout] 
[INFO] [stdout] test result: FAILED. 2 passed; 1 failed; 0 ignored; 0 measured; 0 filtered out; finished in 0.02s
[INFO] [stdout] 
[INFO] [stderr] error: test failed, to rerun pass `--test acceptance`
[INFO] running `Command { std: "docker" "inspect" "8c986306f58f68364114402f2058794528cb00d6f855af2225ea92e084dce592", kill_on_drop: false }`
[INFO] running `Command { std: "docker" "rm" "-f" "8c986306f58f68364114402f2058794528cb00d6f855af2225ea92e084dce592", kill_on_drop: false }`
[INFO] [stdout] 8c986306f58f68364114402f2058794528cb00d6f855af2225ea92e084dce592
