[INFO] fetching crate macaque 0.1.0...
[INFO] testing macaque-0.1.0 against nightly-2024-10-28 for randomize-layout
[INFO] extracting crate macaque 0.1.0 into /workspace/builds/worker-2-tc1/source
[INFO] validating manifest of crates.io crate macaque 0.1.0 on toolchain nightly-2024-10-28
[INFO] running `Command { std: CARGO_HOME="/workspace/cargo-home" RUSTUP_HOME="/workspace/rustup-home" "/workspace/cargo-home/bin/cargo" "+nightly-2024-10-28" "metadata" "--manifest-path" "Cargo.toml" "--no-deps", kill_on_drop: false }`
[INFO] started tweaking crates.io crate macaque 0.1.0
[INFO] finished tweaking crates.io crate macaque 0.1.0
[INFO] tweaked toml for crates.io crate macaque 0.1.0 written to /workspace/builds/worker-2-tc1/source/Cargo.toml
[INFO] running `Command { std: CARGO_HOME="/workspace/cargo-home" RUSTUP_HOME="/workspace/rustup-home" "/workspace/cargo-home/bin/cargo" "+nightly-2024-10-28" "generate-lockfile" "--manifest-path" "Cargo.toml", kill_on_drop: false }`
[INFO] running `Command { std: CARGO_HOME="/workspace/cargo-home" RUSTUP_HOME="/workspace/rustup-home" "/workspace/cargo-home/bin/cargo" "+nightly-2024-10-28" "fetch" "--manifest-path" "Cargo.toml", kill_on_drop: false }`
[INFO] running `Command { std: "docker" "create" "-v" "/var/lib/crater-agent-workspace/builds/worker-2-tc1/target:/opt/rustwide/target:rw,Z" "-v" "/var/lib/crater-agent-workspace/builds/worker-2-tc1/source:/opt/rustwide/workdir:ro,Z" "-v" "/var/lib/crater-agent-workspace/cargo-home:/opt/rustwide/cargo-home:ro,Z" "-v" "/var/lib/crater-agent-workspace/rustup-home:/opt/rustwide/rustup-home:ro,Z" "-e" "SOURCE_DIR=/opt/rustwide/workdir" "-e" "CARGO_TARGET_DIR=/opt/rustwide/target" "-e" "CARGO_HOME=/opt/rustwide/cargo-home" "-e" "RUSTUP_HOME=/opt/rustwide/rustup-home" "-w" "/opt/rustwide/workdir" "-m" "1610612736" "--user" "0:0" "--network" "none" "ghcr.io/rust-lang/crates-build-env/linux@sha256:4a844ea9eb2546a2d2c7022eacef16ef2e8229c7fbb2c7d4d55a9ceca922f72d" "/opt/rustwide/cargo-home/bin/cargo" "+nightly-2024-10-28" "metadata" "--no-deps" "--format-version=1", kill_on_drop: false }`
[INFO] [stdout] 342ef4b62ca794058be307bdcef0ffeab732c2977c7a2df06479f843f0e09596
[INFO] running `Command { std: "docker" "start" "-a" "342ef4b62ca794058be307bdcef0ffeab732c2977c7a2df06479f843f0e09596", kill_on_drop: false }`
[INFO] running `Command { std: "docker" "inspect" "342ef4b62ca794058be307bdcef0ffeab732c2977c7a2df06479f843f0e09596", kill_on_drop: false }`
[INFO] running `Command { std: "docker" "rm" "-f" "342ef4b62ca794058be307bdcef0ffeab732c2977c7a2df06479f843f0e09596", kill_on_drop: false }`
[INFO] [stdout] 342ef4b62ca794058be307bdcef0ffeab732c2977c7a2df06479f843f0e09596
[INFO] running `Command { std: "docker" "create" "-v" "/var/lib/crater-agent-workspace/builds/worker-2-tc1/target:/opt/rustwide/target:rw,Z" "-v" "/var/lib/crater-agent-workspace/builds/worker-2-tc1/source:/opt/rustwide/workdir:ro,Z" "-v" "/var/lib/crater-agent-workspace/cargo-home:/opt/rustwide/cargo-home:ro,Z" "-v" "/var/lib/crater-agent-workspace/rustup-home:/opt/rustwide/rustup-home:ro,Z" "-e" "SOURCE_DIR=/opt/rustwide/workdir" "-e" "CARGO_TARGET_DIR=/opt/rustwide/target" "-e" "CARGO_INCREMENTAL=0" "-e" "RUST_BACKTRACE=full" "-e" "RUSTFLAGS=--cap-lints=forbid" "-e" "RUSTDOCFLAGS=--cap-lints=forbid" "-e" "CARGO_HOME=/opt/rustwide/cargo-home" "-e" "RUSTUP_HOME=/opt/rustwide/rustup-home" "-w" "/opt/rustwide/workdir" "-m" "1610612736" "--user" "0:0" "--network" "none" "ghcr.io/rust-lang/crates-build-env/linux@sha256:4a844ea9eb2546a2d2c7022eacef16ef2e8229c7fbb2c7d4d55a9ceca922f72d" "/opt/rustwide/cargo-home/bin/cargo" "+nightly-2024-10-28" "build" "--frozen" "--message-format=json", kill_on_drop: false }`
[INFO] [stdout] beb747a79ecb88100ecb89cba7ad8e87004b7edf5f11e7bcee6a24203b082071
[INFO] running `Command { std: "docker" "start" "-a" "beb747a79ecb88100ecb89cba7ad8e87004b7edf5f11e7bcee6a24203b082071", kill_on_drop: false }`
[INFO] [stderr]    Compiling macaque v0.1.0 (/opt/rustwide/workdir)
[INFO] [stderr]     Finished `dev` profile [unoptimized + debuginfo] target(s) in 0.07s
[INFO] running `Command { std: "docker" "inspect" "beb747a79ecb88100ecb89cba7ad8e87004b7edf5f11e7bcee6a24203b082071", kill_on_drop: false }`
[INFO] running `Command { std: "docker" "rm" "-f" "beb747a79ecb88100ecb89cba7ad8e87004b7edf5f11e7bcee6a24203b082071", kill_on_drop: false }`
[INFO] [stdout] beb747a79ecb88100ecb89cba7ad8e87004b7edf5f11e7bcee6a24203b082071
[INFO] running `Command { std: "docker" "create" "-v" "/var/lib/crater-agent-workspace/builds/worker-2-tc1/target:/opt/rustwide/target:rw,Z" "-v" "/var/lib/crater-agent-workspace/builds/worker-2-tc1/source:/opt/rustwide/workdir:ro,Z" "-v" "/var/lib/crater-agent-workspace/cargo-home:/opt/rustwide/cargo-home:ro,Z" "-v" "/var/lib/crater-agent-workspace/rustup-home:/opt/rustwide/rustup-home:ro,Z" "-e" "SOURCE_DIR=/opt/rustwide/workdir" "-e" "CARGO_TARGET_DIR=/opt/rustwide/target" "-e" "CARGO_INCREMENTAL=0" "-e" "RUST_BACKTRACE=full" "-e" "RUSTFLAGS=--cap-lints=forbid" "-e" "RUSTDOCFLAGS=--cap-lints=forbid" "-e" "CARGO_HOME=/opt/rustwide/cargo-home" "-e" "RUSTUP_HOME=/opt/rustwide/rustup-home" "-w" "/opt/rustwide/workdir" "-m" "1610612736" "--user" "0:0" "--network" "none" "ghcr.io/rust-lang/crates-build-env/linux@sha256:4a844ea9eb2546a2d2c7022eacef16ef2e8229c7fbb2c7d4d55a9ceca922f72d" "/opt/rustwide/cargo-home/bin/cargo" "+nightly-2024-10-28" "test" "--frozen" "--no-run" "--message-format=json", kill_on_drop: false }`
[INFO] [stdout] 458d7c0d9381f291dd23d49a483335c5fa08133886872ac3187701090415c2d1
[INFO] running `Command { std: "docker" "start" "-a" "458d7c0d9381f291dd23d49a483335c5fa08133886872ac3187701090415c2d1", kill_on_drop: false }`
[INFO] [stderr]    Compiling macaque v0.1.0 (/opt/rustwide/workdir)
[INFO] [stderr]     Finished `test` profile [unoptimized + debuginfo] target(s) in 0.10s
[INFO] running `Command { std: "docker" "inspect" "458d7c0d9381f291dd23d49a483335c5fa08133886872ac3187701090415c2d1", kill_on_drop: false }`
[INFO] running `Command { std: "docker" "rm" "-f" "458d7c0d9381f291dd23d49a483335c5fa08133886872ac3187701090415c2d1", kill_on_drop: false }`
[INFO] [stdout] 458d7c0d9381f291dd23d49a483335c5fa08133886872ac3187701090415c2d1
[INFO] running `Command { std: "docker" "create" "-v" "/var/lib/crater-agent-workspace/builds/worker-2-tc1/target:/opt/rustwide/target:rw,Z" "-v" "/var/lib/crater-agent-workspace/builds/worker-2-tc1/source:/opt/rustwide/workdir:ro,Z" "-v" "/var/lib/crater-agent-workspace/cargo-home:/opt/rustwide/cargo-home:ro,Z" "-v" "/var/lib/crater-agent-workspace/rustup-home:/opt/rustwide/rustup-home:ro,Z" "-e" "SOURCE_DIR=/opt/rustwide/workdir" "-e" "CARGO_TARGET_DIR=/opt/rustwide/target" "-e" "CARGO_INCREMENTAL=0" "-e" "RUST_BACKTRACE=full" "-e" "RUSTFLAGS=--cap-lints=forbid" "-e" "RUSTDOCFLAGS=--cap-lints=forbid" "-e" "CARGO_HOME=/opt/rustwide/cargo-home" "-e" "RUSTUP_HOME=/opt/rustwide/rustup-home" "-w" "/opt/rustwide/workdir" "-m" "1610612736" "--user" "0:0" "--network" "none" "ghcr.io/rust-lang/crates-build-env/linux@sha256:4a844ea9eb2546a2d2c7022eacef16ef2e8229c7fbb2c7d4d55a9ceca922f72d" "/opt/rustwide/cargo-home/bin/cargo" "+nightly-2024-10-28" "test" "--frozen", kill_on_drop: false }`
[INFO] [stdout] 5be4950b0833533a81bde30948f0b94264580e72a1b069a9fc71cc6f10b3e569
[INFO] running `Command { std: "docker" "start" "-a" "5be4950b0833533a81bde30948f0b94264580e72a1b069a9fc71cc6f10b3e569", kill_on_drop: false }`
[INFO] [stderr]     Finished `test` profile [unoptimized + debuginfo] target(s) in 0.00s
[INFO] [stderr]      Running unittests src/lib.rs (/opt/rustwide/target/debug/deps/macaque-8d08cf13d76541cd)
[INFO] [stdout] 
[INFO] [stdout] running 1 test
[INFO] [stdout] test tests::it_works ... ok
[INFO] [stdout] 
[INFO] [stdout] test result: ok. 1 passed; 0 failed; 0 ignored; 0 measured; 0 filtered out; finished in 0.00s
[INFO] [stdout] 
[INFO] [stderr]    Doc-tests macaque
[INFO] [stdout] 
[INFO] [stdout] running 1 test
[INFO] [stdout] test src/drivers/serial/uart.rs - drivers::serial::uart (line 5) ... FAILED
[INFO] [stdout] 
[INFO] [stdout] failures:
[INFO] [stdout] 
[INFO] [stdout] ---- src/drivers/serial/uart.rs - drivers::serial::uart (line 5) stdout ----
[INFO] [stdout] error[E0433]: failed to resolve: use of undeclared crate or module `lazy_static`
[INFO] [stdout]  --> src/drivers/serial/uart.rs:6:1
[INFO] [stdout]   |
[INFO] [stdout] 3 | lazy_static::lazy_static! {
[INFO] [stdout]   | ^^^^^^^^^^^ use of undeclared crate or module `lazy_static`
[INFO] [stdout] 
[INFO] [stdout] error: aborting due to 1 previous error
[INFO] [stdout] 
[INFO] [stdout] For more information about this error, try `rustc --explain E0433`.
[INFO] [stdout] Couldn't compile the test.
[INFO] [stdout] 
[INFO] [stdout] failures:
[INFO] [stdout]     src/drivers/serial/uart.rs - drivers::serial::uart (line 5)
[INFO] [stdout] 
[INFO] [stdout] test result: FAILED. 0 passed; 1 failed; 0 ignored; 0 measured; 0 filtered out; finished in 0.02s
[INFO] [stdout] 
[INFO] [stderr] error: doctest failed, to rerun pass `--doc`
[INFO] running `Command { std: "docker" "inspect" "5be4950b0833533a81bde30948f0b94264580e72a1b069a9fc71cc6f10b3e569", kill_on_drop: false }`
[INFO] running `Command { std: "docker" "rm" "-f" "5be4950b0833533a81bde30948f0b94264580e72a1b069a9fc71cc6f10b3e569", kill_on_drop: false }`
[INFO] [stdout] 5be4950b0833533a81bde30948f0b94264580e72a1b069a9fc71cc6f10b3e569
