[INFO] fetching crate lyanne 0.6.2...
[INFO] testing lyanne-0.6.2 against nightly-2024-10-28 for randomize-layout
[INFO] extracting crate lyanne 0.6.2 into /workspace/builds/worker-1-tc1/source
[INFO] validating manifest of crates.io crate lyanne 0.6.2 on toolchain nightly-2024-10-28
[INFO] running `Command { std: CARGO_HOME="/workspace/cargo-home" RUSTUP_HOME="/workspace/rustup-home" "/workspace/cargo-home/bin/cargo" "+nightly-2024-10-28" "metadata" "--manifest-path" "Cargo.toml" "--no-deps", kill_on_drop: false }`
[INFO] started tweaking crates.io crate lyanne 0.6.2
[INFO] finished tweaking crates.io crate lyanne 0.6.2
[INFO] tweaked toml for crates.io crate lyanne 0.6.2 written to /workspace/builds/worker-1-tc1/source/Cargo.toml
[INFO] running `Command { std: CARGO_HOME="/workspace/cargo-home" RUSTUP_HOME="/workspace/rustup-home" "/workspace/cargo-home/bin/cargo" "+nightly-2024-10-28" "generate-lockfile" "--manifest-path" "Cargo.toml", kill_on_drop: false }`
[INFO] [stderr]     Updating crates.io index
[INFO] [stderr]      Locking 199 packages to latest compatible versions
[INFO] running `Command { std: CARGO_HOME="/workspace/cargo-home" RUSTUP_HOME="/workspace/rustup-home" "/workspace/cargo-home/bin/cargo" "+nightly-2024-10-28" "fetch" "--manifest-path" "Cargo.toml", kill_on_drop: false }`
[INFO] [stderr]  Downloading crates ...
[INFO] [stderr]   Downloaded lyanne-derive v0.2.0
[INFO] running `Command { std: "docker" "create" "-v" "/var/lib/crater-agent-workspace/builds/worker-1-tc1/target:/opt/rustwide/target:rw,Z" "-v" "/var/lib/crater-agent-workspace/builds/worker-1-tc1/source:/opt/rustwide/workdir:ro,Z" "-v" "/var/lib/crater-agent-workspace/cargo-home:/opt/rustwide/cargo-home:ro,Z" "-v" "/var/lib/crater-agent-workspace/rustup-home:/opt/rustwide/rustup-home:ro,Z" "-e" "SOURCE_DIR=/opt/rustwide/workdir" "-e" "CARGO_TARGET_DIR=/opt/rustwide/target" "-e" "CARGO_HOME=/opt/rustwide/cargo-home" "-e" "RUSTUP_HOME=/opt/rustwide/rustup-home" "-w" "/opt/rustwide/workdir" "-m" "1610612736" "--user" "0:0" "--network" "none" "ghcr.io/rust-lang/crates-build-env/linux@sha256:4a844ea9eb2546a2d2c7022eacef16ef2e8229c7fbb2c7d4d55a9ceca922f72d" "/opt/rustwide/cargo-home/bin/cargo" "+nightly-2024-10-28" "metadata" "--no-deps" "--format-version=1", kill_on_drop: false }`
[INFO] [stdout] af9f6f6b4f83168b5796f94b452cdf28e83589e5c68ca3ea920c63fc8994e9cb
[INFO] running `Command { std: "docker" "start" "-a" "af9f6f6b4f83168b5796f94b452cdf28e83589e5c68ca3ea920c63fc8994e9cb", kill_on_drop: false }`
[INFO] running `Command { std: "docker" "inspect" "af9f6f6b4f83168b5796f94b452cdf28e83589e5c68ca3ea920c63fc8994e9cb", kill_on_drop: false }`
[INFO] running `Command { std: "docker" "rm" "-f" "af9f6f6b4f83168b5796f94b452cdf28e83589e5c68ca3ea920c63fc8994e9cb", kill_on_drop: false }`
[INFO] [stdout] af9f6f6b4f83168b5796f94b452cdf28e83589e5c68ca3ea920c63fc8994e9cb
[INFO] running `Command { std: "docker" "create" "-v" "/var/lib/crater-agent-workspace/builds/worker-1-tc1/target:/opt/rustwide/target:rw,Z" "-v" "/var/lib/crater-agent-workspace/builds/worker-1-tc1/source:/opt/rustwide/workdir:ro,Z" "-v" "/var/lib/crater-agent-workspace/cargo-home:/opt/rustwide/cargo-home:ro,Z" "-v" "/var/lib/crater-agent-workspace/rustup-home:/opt/rustwide/rustup-home:ro,Z" "-e" "SOURCE_DIR=/opt/rustwide/workdir" "-e" "CARGO_TARGET_DIR=/opt/rustwide/target" "-e" "CARGO_INCREMENTAL=0" "-e" "RUST_BACKTRACE=full" "-e" "RUSTFLAGS=--cap-lints=forbid" "-e" "RUSTDOCFLAGS=--cap-lints=forbid" "-e" "CARGO_HOME=/opt/rustwide/cargo-home" "-e" "RUSTUP_HOME=/opt/rustwide/rustup-home" "-w" "/opt/rustwide/workdir" "-m" "1610612736" "--user" "0:0" "--network" "none" "ghcr.io/rust-lang/crates-build-env/linux@sha256:4a844ea9eb2546a2d2c7022eacef16ef2e8229c7fbb2c7d4d55a9ceca922f72d" "/opt/rustwide/cargo-home/bin/cargo" "+nightly-2024-10-28" "build" "--frozen" "--message-format=json", kill_on_drop: false }`
[INFO] [stdout] e7f267b27c47db29b4967e29f7660135f498a7c2ce290aa548c4bed80416e4b4
[INFO] running `Command { std: "docker" "start" "-a" "e7f267b27c47db29b4967e29f7660135f498a7c2ce290aa548c4bed80416e4b4", kill_on_drop: false }`
[INFO] [stderr]    Compiling libc v0.2.161
[INFO] [stderr]    Compiling semver v1.0.23
[INFO] [stderr]    Compiling crossbeam-utils v0.8.20
[INFO] [stderr]    Compiling autocfg v1.4.0
[INFO] [stderr]    Compiling byteorder v1.5.0
[INFO] [stderr]    Compiling parking_lot_core v0.9.10
[INFO] [stderr]    Compiling pin-project-lite v0.2.15
[INFO] [stderr]    Compiling parking v2.2.1
[INFO] [stderr]    Compiling subtle v2.6.1
[INFO] [stderr]    Compiling smallvec v1.13.2
[INFO] [stderr]    Compiling cpufeatures v0.2.14
[INFO] [stderr]    Compiling scopeguard v1.2.0
[INFO] [stderr]    Compiling futures-core v0.3.31
[INFO] [stderr]    Compiling hashbrown v0.14.5
[INFO] [stderr]    Compiling once_cell v1.20.2
[INFO] [stderr]    Compiling syn v2.0.86
[INFO] [stderr]    Compiling lock_api v0.4.12
[INFO] [stderr]    Compiling rustc_version v0.4.1
[INFO] [stderr]    Compiling concurrent-queue v2.5.0
[INFO] [stderr]    Compiling curve25519-dalek v4.1.3
[INFO] [stderr]    Compiling event-listener v5.3.1
[INFO] [stderr]    Compiling getrandom v0.2.15
[INFO] [stderr]    Compiling event-listener-strategy v0.5.2
[INFO] [stderr]    Compiling rand_core v0.6.4
[INFO] [stderr]    Compiling async-channel v2.3.1
[INFO] [stderr]    Compiling dashmap v6.1.0
[INFO] [stderr]    Compiling zerocopy-derive v0.7.35
[INFO] [stderr]    Compiling zeroize_derive v1.4.2
[INFO] [stderr]    Compiling curve25519-dalek-derive v0.1.1
[INFO] [stderr]    Compiling zeroize v1.8.1
[INFO] [stderr]    Compiling zerocopy v0.7.35
[INFO] [stderr]    Compiling ppv-lite86 v0.2.20
[INFO] [stderr]    Compiling x25519-dalek v2.0.1
[INFO] [stderr]    Compiling rand_chacha v0.3.1
[INFO] [stderr]    Compiling rand v0.8.5
[INFO] [stderr]    Compiling lyanne v0.6.2 (/opt/rustwide/workdir)
[INFO] [stderr]     Finished `dev` profile [unoptimized + debuginfo] target(s) in 6.43s
[INFO] running `Command { std: "docker" "inspect" "e7f267b27c47db29b4967e29f7660135f498a7c2ce290aa548c4bed80416e4b4", kill_on_drop: false }`
[INFO] running `Command { std: "docker" "rm" "-f" "e7f267b27c47db29b4967e29f7660135f498a7c2ce290aa548c4bed80416e4b4", kill_on_drop: false }`
[INFO] [stdout] e7f267b27c47db29b4967e29f7660135f498a7c2ce290aa548c4bed80416e4b4
[INFO] running `Command { std: "docker" "create" "-v" "/var/lib/crater-agent-workspace/builds/worker-1-tc1/target:/opt/rustwide/target:rw,Z" "-v" "/var/lib/crater-agent-workspace/builds/worker-1-tc1/source:/opt/rustwide/workdir:ro,Z" "-v" "/var/lib/crater-agent-workspace/cargo-home:/opt/rustwide/cargo-home:ro,Z" "-v" "/var/lib/crater-agent-workspace/rustup-home:/opt/rustwide/rustup-home:ro,Z" "-e" "SOURCE_DIR=/opt/rustwide/workdir" "-e" "CARGO_TARGET_DIR=/opt/rustwide/target" "-e" "CARGO_INCREMENTAL=0" "-e" "RUST_BACKTRACE=full" "-e" "RUSTFLAGS=--cap-lints=forbid" "-e" "RUSTDOCFLAGS=--cap-lints=forbid" "-e" "CARGO_HOME=/opt/rustwide/cargo-home" "-e" "RUSTUP_HOME=/opt/rustwide/rustup-home" "-w" "/opt/rustwide/workdir" "-m" "1610612736" "--user" "0:0" "--network" "none" "ghcr.io/rust-lang/crates-build-env/linux@sha256:4a844ea9eb2546a2d2c7022eacef16ef2e8229c7fbb2c7d4d55a9ceca922f72d" "/opt/rustwide/cargo-home/bin/cargo" "+nightly-2024-10-28" "test" "--frozen" "--no-run" "--message-format=json", kill_on_drop: false }`
[INFO] [stdout] a1f97012e1f826d720e644308a3d43bd4ed2291a4e04c7427ce02de0240d97bb
[INFO] running `Command { std: "docker" "start" "-a" "a1f97012e1f826d720e644308a3d43bd4ed2291a4e04c7427ce02de0240d97bb", kill_on_drop: false }`
[INFO] [stderr]    Compiling lyanne v0.6.2 (/opt/rustwide/workdir)
[INFO] [stderr]     Finished `test` profile [unoptimized + debuginfo] target(s) in 0.25s
[INFO] running `Command { std: "docker" "inspect" "a1f97012e1f826d720e644308a3d43bd4ed2291a4e04c7427ce02de0240d97bb", kill_on_drop: false }`
[INFO] running `Command { std: "docker" "rm" "-f" "a1f97012e1f826d720e644308a3d43bd4ed2291a4e04c7427ce02de0240d97bb", kill_on_drop: false }`
[INFO] [stdout] a1f97012e1f826d720e644308a3d43bd4ed2291a4e04c7427ce02de0240d97bb
[INFO] running `Command { std: "docker" "create" "-v" "/var/lib/crater-agent-workspace/builds/worker-1-tc1/target:/opt/rustwide/target:rw,Z" "-v" "/var/lib/crater-agent-workspace/builds/worker-1-tc1/source:/opt/rustwide/workdir:ro,Z" "-v" "/var/lib/crater-agent-workspace/cargo-home:/opt/rustwide/cargo-home:ro,Z" "-v" "/var/lib/crater-agent-workspace/rustup-home:/opt/rustwide/rustup-home:ro,Z" "-e" "SOURCE_DIR=/opt/rustwide/workdir" "-e" "CARGO_TARGET_DIR=/opt/rustwide/target" "-e" "CARGO_INCREMENTAL=0" "-e" "RUST_BACKTRACE=full" "-e" "RUSTFLAGS=--cap-lints=forbid" "-e" "RUSTDOCFLAGS=--cap-lints=forbid" "-e" "CARGO_HOME=/opt/rustwide/cargo-home" "-e" "RUSTUP_HOME=/opt/rustwide/rustup-home" "-w" "/opt/rustwide/workdir" "-m" "1610612736" "--user" "0:0" "--network" "none" "ghcr.io/rust-lang/crates-build-env/linux@sha256:4a844ea9eb2546a2d2c7022eacef16ef2e8229c7fbb2c7d4d55a9ceca922f72d" "/opt/rustwide/cargo-home/bin/cargo" "+nightly-2024-10-28" "test" "--frozen", kill_on_drop: false }`
[INFO] [stdout] 5a6c956dc1238e91d776de8b86128987fc1c3d480fd735d2e5e6cdaebee91cf5
[INFO] running `Command { std: "docker" "start" "-a" "5a6c956dc1238e91d776de8b86128987fc1c3d480fd735d2e5e6cdaebee91cf5", kill_on_drop: false }`
[INFO] [stderr]     Finished `test` profile [unoptimized + debuginfo] target(s) in 0.06s
[INFO] [stderr]      Running unittests src/lib.rs (/opt/rustwide/target/debug/deps/lyanne-48a3823c03abc1ec)
[INFO] [stdout] 
[INFO] [stdout] running 1 test
[INFO] [stdout] test internal::utils::tests::test_push_replaces_oldest_duration ... ok
[INFO] [stdout] 
[INFO] [stdout] test result: ok. 1 passed; 0 failed; 0 ignored; 0 measured; 0 filtered out; finished in 0.00s
[INFO] [stdout] 
[INFO] [stderr]    Doc-tests lyanne
[INFO] [stdout] 
[INFO] [stdout] running 7 tests
[INFO] [stdout] test src/packets.rs - packets::add_essential_packets (line 34) - compile ... ok
[INFO] [stdout] test src/packets.rs - packets::PacketRegistry::empty (line 188) - compile ... ok
[INFO] [stdout] test src/packets.rs - packets::Packet::deserialize_packet (line 93) - compile ... ok
[INFO] [stdout] test src/packets.rs - packets::Packet::serialize_packet (line 67) - compile ... ok
[INFO] [stdout] test src/lib.rs - (line 50) - compile ... FAILED
[INFO] [stdout] test src/packets.rs - packets::PacketRegistry (line 146) - compile ... FAILED
[INFO] [stdout] test src/packets.rs - packets::PacketRegistry::add (line 213) - compile ... FAILED
[INFO] [stdout] 
[INFO] [stdout] failures:
[INFO] [stdout] 
[INFO] [stdout] ---- src/lib.rs - (line 50) stdout ----
[INFO] [stdout] error[E0432]: unresolved import `serde`
[INFO] [stdout]  --> src/lib.rs:53:5
[INFO] [stdout]   |
[INFO] [stdout] 6 | use serde::{Deserialize, Serialize};
[INFO] [stdout]   |     ^^^^^ use of undeclared crate or module `serde`
[INFO] [stdout] 
[INFO] [stdout] error: cannot find derive macro `Packet` in this scope
[INFO] [stdout]   --> src/lib.rs:60:10
[INFO] [stdout]    |
[INFO] [stdout] 13 | #[derive(Packet, Deserialize, Serialize, Debug)]
[INFO] [stdout]    |          ^^^^^^
[INFO] [stdout]    |
[INFO] [stdout] note: `Packet` is imported here, but it is only a trait, without a derive macro
[INFO] [stdout]   --> src/lib.rs:52:5
[INFO] [stdout]    |
[INFO] [stdout] 5  | use lyanne::packets::Packet;
[INFO] [stdout]    |     ^^^^^^^^^^^^^^^^^^^^^^^
[INFO] [stdout] 
[INFO] [stdout] error: cannot find derive macro `Packet` in this scope
[INFO] [stdout]  --> src/lib.rs:55:10
[INFO] [stdout]   |
[INFO] [stdout] 8 | #[derive(Packet, Deserialize, Serialize, Debug)]
[INFO] [stdout]   |          ^^^^^^
[INFO] [stdout]   |
[INFO] [stdout] note: `Packet` is imported here, but it is only a trait, without a derive macro
[INFO] [stdout]  --> src/lib.rs:52:5
[INFO] [stdout]   |
[INFO] [stdout] 5 | use lyanne::packets::Packet;
[INFO] [stdout]   |     ^^^^^^^^^^^^^^^^^^^^^^^
[INFO] [stdout] 
[INFO] [stdout] error: aborting due to 3 previous errors
[INFO] [stdout] 
[INFO] [stdout] For more information about this error, try `rustc --explain E0432`.
[INFO] [stdout] Couldn't compile the test.
[INFO] [stdout] ---- src/packets.rs - packets::PacketRegistry (line 146) stdout ----
[INFO] [stdout] error[E0432]: unresolved import `serde`
[INFO] [stdout]  --> src/packets.rs:149:5
[INFO] [stdout]   |
[INFO] [stdout] 6 | use serde::{Deserialize, Serialize};
[INFO] [stdout]   |     ^^^^^ use of undeclared crate or module `serde`
[INFO] [stdout] 
[INFO] [stdout] error: cannot find derive macro `Packet` in this scope
[INFO] [stdout]   --> src/packets.rs:156:10
[INFO] [stdout]    |
[INFO] [stdout] 13 | #[derive(Packet, Deserialize, Serialize, Debug)]
[INFO] [stdout]    |          ^^^^^^
[INFO] [stdout]    |
[INFO] [stdout] note: `Packet` is imported here, but it is only a trait, without a derive macro
[INFO] [stdout]   --> src/packets.rs:148:23
[INFO] [stdout]    |
[INFO] [stdout] 5  | use lyanne::packets::{Packet, PacketRegistry};
[INFO] [stdout]    |                       ^^^^^^
[INFO] [stdout] 
[INFO] [stdout] error: cannot find derive macro `Packet` in this scope
[INFO] [stdout]  --> src/packets.rs:152:10
[INFO] [stdout]   |
[INFO] [stdout] 9 | #[derive(Packet, Deserialize, Serialize, Debug)]
[INFO] [stdout]   |          ^^^^^^
[INFO] [stdout]   |
[INFO] [stdout] note: `Packet` is imported here, but it is only a trait, without a derive macro
[INFO] [stdout]  --> src/packets.rs:148:23
[INFO] [stdout]   |
[INFO] [stdout] 5 | use lyanne::packets::{Packet, PacketRegistry};
[INFO] [stdout]   |                       ^^^^^^
[INFO] [stdout] 
[INFO] [stdout] error[E0277]: the trait bound `HelloPacket: Packet` is not satisfied
[INFO] [stdout]    --> src/packets.rs:165:23
[INFO] [stdout]     |
[INFO] [stdout] 22  | packet_registry.add::<HelloPacket>();
[INFO] [stdout]     |                 ---   ^^^^^^^^^^^ the trait `Packet` is not implemented for `HelloPacket`
[INFO] [stdout]     |                 |
[INFO] [stdout]     |                 required by a bound introduced by this call
[INFO] [stdout]     |
[INFO] [stdout]     = help: the following other types implement trait `Packet`:
[INFO] [stdout]               ClientTickEndPacket
[INFO] [stdout]               EmptyPacket
[INFO] [stdout]               ServerTickEndPacket
[INFO] [stdout] note: required by a bound in `PacketRegistry::add`
[INFO] [stdout]    --> /opt/rustwide/workdir/src/packets.rs:225:19
[INFO] [stdout]     |
[INFO] [stdout] 225 |     pub fn add<P: Packet>(&mut self) -> PacketId {
[INFO] [stdout]     |                   ^^^^^^ required by this bound in `PacketRegistry::add`
[INFO] [stdout] 
[INFO] [stdout] error[E0277]: the trait bound `MessagePacket: Packet` is not satisfied
[INFO] [stdout]    --> src/packets.rs:166:23
[INFO] [stdout]     |
[INFO] [stdout] 23  | packet_registry.add::<MessagePacket>();
[INFO] [stdout]     |                 ---   ^^^^^^^^^^^^^ the trait `Packet` is not implemented for `MessagePacket`
[INFO] [stdout]     |                 |
[INFO] [stdout]     |                 required by a bound introduced by this call
[INFO] [stdout]     |
[INFO] [stdout]     = help: the following other types implement trait `Packet`:
[INFO] [stdout]               ClientTickEndPacket
[INFO] [stdout]               EmptyPacket
[INFO] [stdout]               ServerTickEndPacket
[INFO] [stdout] note: required by a bound in `PacketRegistry::add`
[INFO] [stdout]    --> /opt/rustwide/workdir/src/packets.rs:225:19
[INFO] [stdout]     |
[INFO] [stdout] 225 |     pub fn add<P: Packet>(&mut self) -> PacketId {
[INFO] [stdout]     |                   ^^^^^^ required by this bound in `PacketRegistry::add`
[INFO] [stdout] 
[INFO] [stdout] error: aborting due to 5 previous errors
[INFO] [stdout] 
[INFO] [stdout] Some errors have detailed explanations: E0277, E0432.
[INFO] [stdout] For more information about an error, try `rustc --explain E0277`.
[INFO] [stdout] Couldn't compile the test.
[INFO] [stdout] ---- src/packets.rs - packets::PacketRegistry::add (line 213) stdout ----
[INFO] [stdout] error[E0432]: unresolved import `serde`
[INFO] [stdout]  --> src/packets.rs:216:5
[INFO] [stdout]   |
[INFO] [stdout] 6 | use serde::{Deserialize, Serialize};
[INFO] [stdout]   |     ^^^^^ use of undeclared crate or module `serde`
[INFO] [stdout] 
[INFO] [stdout] error: cannot find derive macro `Packet` in this scope
[INFO] [stdout]  --> src/packets.rs:218:10
[INFO] [stdout]   |
[INFO] [stdout] 8 | #[derive(Packet, Deserialize, Serialize, Debug)]
[INFO] [stdout]   |          ^^^^^^
[INFO] [stdout]   |
[INFO] [stdout] note: `Packet` is imported here, but it is only a trait, without a derive macro
[INFO] [stdout]  --> src/packets.rs:215:23
[INFO] [stdout]   |
[INFO] [stdout] 5 | use lyanne::packets::{Packet, PacketRegistry};
[INFO] [stdout]   |                       ^^^^^^
[INFO] [stdout] 
[INFO] [stdout] error[E0277]: the trait bound `HelloPacket: Packet` is not satisfied
[INFO] [stdout]    --> src/packets.rs:224:23
[INFO] [stdout]     |
[INFO] [stdout] 14  | packet_registry.add::<HelloPacket>();
[INFO] [stdout]     |                 ---   ^^^^^^^^^^^ the trait `Packet` is not implemented for `HelloPacket`
[INFO] [stdout]     |                 |
[INFO] [stdout]     |                 required by a bound introduced by this call
[INFO] [stdout]     |
[INFO] [stdout]     = help: the following other types implement trait `Packet`:
[INFO] [stdout]               ClientTickEndPacket
[INFO] [stdout]               EmptyPacket
[INFO] [stdout]               ServerTickEndPacket
[INFO] [stdout] note: required by a bound in `PacketRegistry::add`
[INFO] [stdout]    --> /opt/rustwide/workdir/src/packets.rs:225:19
[INFO] [stdout]     |
[INFO] [stdout] 225 |     pub fn add<P: Packet>(&mut self) -> PacketId {
[INFO] [stdout]     |                   ^^^^^^ required by this bound in `PacketRegistry::add`
[INFO] [stdout] 
[INFO] [stdout] error: aborting due to 3 previous errors
[INFO] [stdout] 
[INFO] [stdout] Some errors have detailed explanations: E0277, E0432.
[INFO] [stdout] For more information about an error, try `rustc --explain E0277`.
[INFO] [stdout] Couldn't compile the test.
[INFO] [stdout] 
[INFO] [stdout] failures:
[INFO] [stdout]     src/lib.rs - (line 50)
[INFO] [stdout]     src/packets.rs - packets::PacketRegistry (line 146)
[INFO] [stdout]     src/packets.rs - packets::PacketRegistry::add (line 213)
[INFO] [stdout] 
[INFO] [stdout] test result: FAILED. 4 passed; 3 failed; 0 ignored; 0 measured; 0 filtered out; finished in 0.06s
[INFO] [stdout] 
[INFO] [stderr] error: doctest failed, to rerun pass `--doc`
[INFO] running `Command { std: "docker" "inspect" "5a6c956dc1238e91d776de8b86128987fc1c3d480fd735d2e5e6cdaebee91cf5", kill_on_drop: false }`
[INFO] running `Command { std: "docker" "rm" "-f" "5a6c956dc1238e91d776de8b86128987fc1c3d480fd735d2e5e6cdaebee91cf5", kill_on_drop: false }`
[INFO] [stdout] 5a6c956dc1238e91d776de8b86128987fc1c3d480fd735d2e5e6cdaebee91cf5
