[INFO] fetching crate lush 0.1.8...
[INFO] testing lush-0.1.8 against nightly-2024-10-28 for randomize-layout
[INFO] extracting crate lush 0.1.8 into /workspace/builds/worker-2-tc1/source
[INFO] validating manifest of crates.io crate lush 0.1.8 on toolchain nightly-2024-10-28
[INFO] running `Command { std: CARGO_HOME="/workspace/cargo-home" RUSTUP_HOME="/workspace/rustup-home" "/workspace/cargo-home/bin/cargo" "+nightly-2024-10-28" "metadata" "--manifest-path" "Cargo.toml" "--no-deps", kill_on_drop: false }`
[INFO] started tweaking crates.io crate lush 0.1.8
[INFO] finished tweaking crates.io crate lush 0.1.8
[INFO] tweaked toml for crates.io crate lush 0.1.8 written to /workspace/builds/worker-2-tc1/source/Cargo.toml
[INFO] crate crates.io crate lush 0.1.8 already has a lockfile, it will not be regenerated
[INFO] running `Command { std: CARGO_HOME="/workspace/cargo-home" RUSTUP_HOME="/workspace/rustup-home" "/workspace/cargo-home/bin/cargo" "+nightly-2024-10-28" "fetch" "--manifest-path" "Cargo.toml", kill_on_drop: false }`
[INFO] [stderr]     Updating crates.io index
[INFO] [stderr]  Downloading crates ...
[INFO] [stderr]   Downloaded mlua-sys v0.6.1
[INFO] [stderr]   Downloaded which v6.0.1
[INFO] [stderr]   Downloaded cc v1.0.102
[INFO] [stderr]   Downloaded lua-src v546.0.2
[INFO] [stderr]   Downloaded luajit-src v210.5.8+5790d25
[INFO] running `Command { std: "docker" "create" "-v" "/var/lib/crater-agent-workspace/builds/worker-2-tc1/target:/opt/rustwide/target:rw,Z" "-v" "/var/lib/crater-agent-workspace/builds/worker-2-tc1/source:/opt/rustwide/workdir:ro,Z" "-v" "/var/lib/crater-agent-workspace/cargo-home:/opt/rustwide/cargo-home:ro,Z" "-v" "/var/lib/crater-agent-workspace/rustup-home:/opt/rustwide/rustup-home:ro,Z" "-e" "SOURCE_DIR=/opt/rustwide/workdir" "-e" "CARGO_TARGET_DIR=/opt/rustwide/target" "-e" "CARGO_HOME=/opt/rustwide/cargo-home" "-e" "RUSTUP_HOME=/opt/rustwide/rustup-home" "-w" "/opt/rustwide/workdir" "-m" "1610612736" "--user" "0:0" "--network" "none" "ghcr.io/rust-lang/crates-build-env/linux@sha256:4a844ea9eb2546a2d2c7022eacef16ef2e8229c7fbb2c7d4d55a9ceca922f72d" "/opt/rustwide/cargo-home/bin/cargo" "+nightly-2024-10-28" "metadata" "--no-deps" "--format-version=1", kill_on_drop: false }`
[INFO] [stdout] 4eef6233e8f62949b25268b07c419db9c94b15f8e64dea622b27280165b7917c
[INFO] running `Command { std: "docker" "start" "-a" "4eef6233e8f62949b25268b07c419db9c94b15f8e64dea622b27280165b7917c", kill_on_drop: false }`
[INFO] running `Command { std: "docker" "inspect" "4eef6233e8f62949b25268b07c419db9c94b15f8e64dea622b27280165b7917c", kill_on_drop: false }`
[INFO] running `Command { std: "docker" "rm" "-f" "4eef6233e8f62949b25268b07c419db9c94b15f8e64dea622b27280165b7917c", kill_on_drop: false }`
[INFO] [stdout] 4eef6233e8f62949b25268b07c419db9c94b15f8e64dea622b27280165b7917c
[INFO] running `Command { std: "docker" "create" "-v" "/var/lib/crater-agent-workspace/builds/worker-2-tc1/target:/opt/rustwide/target:rw,Z" "-v" "/var/lib/crater-agent-workspace/builds/worker-2-tc1/source:/opt/rustwide/workdir:ro,Z" "-v" "/var/lib/crater-agent-workspace/cargo-home:/opt/rustwide/cargo-home:ro,Z" "-v" "/var/lib/crater-agent-workspace/rustup-home:/opt/rustwide/rustup-home:ro,Z" "-e" "SOURCE_DIR=/opt/rustwide/workdir" "-e" "CARGO_TARGET_DIR=/opt/rustwide/target" "-e" "CARGO_INCREMENTAL=0" "-e" "RUST_BACKTRACE=full" "-e" "RUSTFLAGS=--cap-lints=forbid" "-e" "RUSTDOCFLAGS=--cap-lints=forbid" "-e" "CARGO_HOME=/opt/rustwide/cargo-home" "-e" "RUSTUP_HOME=/opt/rustwide/rustup-home" "-w" "/opt/rustwide/workdir" "-m" "1610612736" "--user" "0:0" "--network" "none" "ghcr.io/rust-lang/crates-build-env/linux@sha256:4a844ea9eb2546a2d2c7022eacef16ef2e8229c7fbb2c7d4d55a9ceca922f72d" "/opt/rustwide/cargo-home/bin/cargo" "+nightly-2024-10-28" "build" "--frozen" "--message-format=json", kill_on_drop: false }`
[INFO] [stdout] ec271ea1834f2733ab96e22d9650848e49b842de352e27be0d1c3963e4e3be92
[INFO] running `Command { std: "docker" "start" "-a" "ec271ea1834f2733ab96e22d9650848e49b842de352e27be0d1c3963e4e3be92", kill_on_drop: false }`
[INFO] [stderr]    Compiling libc v0.2.155
[INFO] [stderr]    Compiling once_cell v1.19.0
[INFO] [stderr]    Compiling pkg-config v0.3.30
[INFO] [stderr]    Compiling cfg-if v1.0.0
[INFO] [stderr]    Compiling typenum v1.17.0
[INFO] [stderr]    Compiling version_check v0.9.4
[INFO] [stderr]    Compiling proc-macro2 v1.0.86
[INFO] [stderr]    Compiling unicode-ident v1.0.12
[INFO] [stderr]    Compiling rustix v0.38.34
[INFO] [stderr]    Compiling linux-raw-sys v0.4.14
[INFO] [stderr]    Compiling crossbeam-utils v0.8.20
[INFO] [stderr]    Compiling generic-array v0.14.7
[INFO] [stderr]    Compiling memchr v2.7.4
[INFO] [stderr]    Compiling bitflags v2.6.0
[INFO] [stderr]    Compiling either v1.13.0
[INFO] [stderr]    Compiling home v0.5.9
[INFO] [stderr]    Compiling subtle v2.6.1
[INFO] [stderr]    Compiling quote v1.0.37
[INFO] [stderr]    Compiling rayon-core v1.12.1
[INFO] [stderr]    Compiling syn v2.0.76
[INFO] [stderr]    Compiling zstd-safe v7.1.0
[INFO] [stderr]    Compiling jobserver v0.1.31
[INFO] [stderr]    Compiling getrandom v0.2.15
[INFO] [stderr]    Compiling utf8parse v0.2.2
[INFO] [stderr]    Compiling crossbeam-epoch v0.9.18
[INFO] [stderr]    Compiling cc v1.0.102
[INFO] [stderr]    Compiling autocfg v1.3.0
[INFO] [stderr]    Compiling rand_core v0.6.4
[INFO] [stderr]    Compiling crossbeam-deque v0.8.5
[INFO] [stderr]    Compiling anstyle-parse v0.2.5
[INFO] [stderr]    Compiling crc32fast v1.4.2
[INFO] [stderr]    Compiling crc-catalog v2.4.0
[INFO] [stderr]    Compiling powerfmt v0.2.0
[INFO] [stderr]    Compiling colorchoice v1.0.2
[INFO] [stderr]    Compiling num-traits v0.2.19
[INFO] [stderr]    Compiling crypto-common v0.1.6
[INFO] [stderr]    Compiling block-buffer v0.10.4
[INFO] [stderr]    Compiling inout v0.1.3
[INFO] [stderr]    Compiling anstyle v1.0.8
[INFO] [stderr]    Compiling digest v0.10.7
[INFO] [stderr]    Compiling cpufeatures v0.2.12
[INFO] [stderr]    Compiling ppv-lite86 v0.2.17
[INFO] [stderr]    Compiling thiserror v1.0.63
[INFO] [stderr]    Compiling is_terminal_polyfill v1.70.1
[INFO] [stderr]    Compiling adler v1.0.2
[INFO] [stderr]    Compiling anstyle-query v1.1.1
[INFO] [stderr]    Compiling miniz_oxide v0.7.4
[INFO] [stderr]    Compiling anstream v0.6.15
[INFO] [stderr]    Compiling hmac v0.12.1
[INFO] [stderr]    Compiling lua-src v546.0.2
[INFO] [stderr]    Compiling cipher v0.4.4
[INFO] [stderr]    Compiling rand_chacha v0.3.1
[INFO] [stderr]    Compiling deranged v0.3.11
[INFO] [stderr]    Compiling crc v3.2.1
[INFO] [stderr]    Compiling which v6.0.1
[INFO] [stderr]    Compiling aho-corasick v1.1.3
[INFO] [stderr]    Compiling luajit-src v210.5.8+5790d25
[INFO] [stderr]    Compiling strsim v0.11.1
[INFO] [stderr]    Compiling zstd-sys v2.0.11+zstd.1.5.6
[INFO] [stderr]    Compiling bzip2-sys v0.1.11+1.0.8
[INFO] [stderr]    Compiling mlua-sys v0.6.1
[INFO] [stderr]    Compiling regex-syntax v0.8.5
[INFO] [stderr]    Compiling num-conv v0.1.0
[INFO] [stderr]    Compiling equivalent v1.0.1
[INFO] [stderr]    Compiling log v0.4.22
[INFO] [stderr]    Compiling hashbrown v0.14.5
[INFO] [stderr]    Compiling clap_lex v0.7.2
[INFO] [stderr]    Compiling heck v0.5.0
[INFO] [stderr]    Compiling anyhow v1.0.89
[INFO] [stderr]    Compiling simd-adler32 v0.3.7
[INFO] [stderr]    Compiling lockfree-object-pool v0.1.6
[INFO] [stderr]    Compiling byteorder v1.5.0
[INFO] [stderr]    Compiling zip v2.2.0
[INFO] [stderr]    Compiling time-core v0.1.2
[INFO] [stderr]    Compiling bumpalo v3.16.0
[INFO] [stderr]    Compiling time v0.3.36
[INFO] [stderr]    Compiling lzma-rs v0.3.0
[INFO] [stderr]    Compiling zopfli v0.8.1
[INFO] [stderr]    Compiling rayon v1.10.0
[INFO] [stderr]    Compiling regex-automata v0.4.8
[INFO] [stderr]    Compiling bzip2 v0.4.4
[INFO] [stderr]    Compiling indexmap v2.2.6
[INFO] [stderr]    Compiling clap_builder v4.5.19
[INFO] [stderr]    Compiling zeroize_derive v1.4.2
[INFO] [stderr]    Compiling thiserror-impl v1.0.63
[INFO] [stderr]    Compiling clap_derive v4.5.18
[INFO] [stderr]    Compiling zeroize v1.8.1
[INFO] [stderr]    Compiling displaydoc v0.2.5
[INFO] [stderr]    Compiling flate2 v1.0.30
[INFO] [stderr]    Compiling rand v0.8.5
[INFO] [stderr]    Compiling aes v0.8.4
[INFO] [stderr]    Compiling pbkdf2 v0.12.2
[INFO] [stderr]    Compiling sha1 v0.10.6
[INFO] [stderr]    Compiling bstr v1.9.1
[INFO] [stderr]    Compiling rustc-hash v2.0.0
[INFO] [stderr]    Compiling constant_time_eq v0.3.0
[INFO] [stderr]    Compiling lazy_static v1.5.0
[INFO] [stderr]    Compiling deflate64 v0.1.9
[INFO] [stderr]    Compiling colored v2.1.0
[INFO] [stderr]    Compiling clap v4.5.19
[INFO] [stderr]    Compiling regex v1.11.0
[INFO] [stderr]    Compiling sysinfo v0.32.0
[INFO] [stderr]    Compiling whoami v1.5.2
[INFO] [stderr]    Compiling zstd v0.13.2
[INFO] [stderr]    Compiling mlua v0.9.9
[INFO] [stderr]    Compiling lush v0.1.8 (/opt/rustwide/workdir)
[INFO] [stderr]     Finished `dev` profile [unoptimized + debuginfo] target(s) in 1m 15s
[INFO] running `Command { std: "docker" "inspect" "ec271ea1834f2733ab96e22d9650848e49b842de352e27be0d1c3963e4e3be92", kill_on_drop: false }`
[INFO] running `Command { std: "docker" "rm" "-f" "ec271ea1834f2733ab96e22d9650848e49b842de352e27be0d1c3963e4e3be92", kill_on_drop: false }`
[INFO] [stdout] ec271ea1834f2733ab96e22d9650848e49b842de352e27be0d1c3963e4e3be92
[INFO] running `Command { std: "docker" "create" "-v" "/var/lib/crater-agent-workspace/builds/worker-2-tc1/target:/opt/rustwide/target:rw,Z" "-v" "/var/lib/crater-agent-workspace/builds/worker-2-tc1/source:/opt/rustwide/workdir:ro,Z" "-v" "/var/lib/crater-agent-workspace/cargo-home:/opt/rustwide/cargo-home:ro,Z" "-v" "/var/lib/crater-agent-workspace/rustup-home:/opt/rustwide/rustup-home:ro,Z" "-e" "SOURCE_DIR=/opt/rustwide/workdir" "-e" "CARGO_TARGET_DIR=/opt/rustwide/target" "-e" "CARGO_INCREMENTAL=0" "-e" "RUST_BACKTRACE=full" "-e" "RUSTFLAGS=--cap-lints=forbid" "-e" "RUSTDOCFLAGS=--cap-lints=forbid" "-e" "CARGO_HOME=/opt/rustwide/cargo-home" "-e" "RUSTUP_HOME=/opt/rustwide/rustup-home" "-w" "/opt/rustwide/workdir" "-m" "1610612736" "--user" "0:0" "--network" "none" "ghcr.io/rust-lang/crates-build-env/linux@sha256:4a844ea9eb2546a2d2c7022eacef16ef2e8229c7fbb2c7d4d55a9ceca922f72d" "/opt/rustwide/cargo-home/bin/cargo" "+nightly-2024-10-28" "test" "--frozen" "--no-run" "--message-format=json", kill_on_drop: false }`
[INFO] [stdout] 4605aad8b8a4a1f4c8f50ccf85550ccbf81f00ed3dbf77f1743ed7cde8c3fe8a
[INFO] running `Command { std: "docker" "start" "-a" "4605aad8b8a4a1f4c8f50ccf85550ccbf81f00ed3dbf77f1743ed7cde8c3fe8a", kill_on_drop: false }`
[INFO] [stderr]    Compiling lush v0.1.8 (/opt/rustwide/workdir)
[INFO] [stderr]     Finished `test` profile [unoptimized + debuginfo] target(s) in 3.12s
[INFO] running `Command { std: "docker" "inspect" "4605aad8b8a4a1f4c8f50ccf85550ccbf81f00ed3dbf77f1743ed7cde8c3fe8a", kill_on_drop: false }`
[INFO] running `Command { std: "docker" "rm" "-f" "4605aad8b8a4a1f4c8f50ccf85550ccbf81f00ed3dbf77f1743ed7cde8c3fe8a", kill_on_drop: false }`
[INFO] [stdout] 4605aad8b8a4a1f4c8f50ccf85550ccbf81f00ed3dbf77f1743ed7cde8c3fe8a
[INFO] running `Command { std: "docker" "create" "-v" "/var/lib/crater-agent-workspace/builds/worker-2-tc1/target:/opt/rustwide/target:rw,Z" "-v" "/var/lib/crater-agent-workspace/builds/worker-2-tc1/source:/opt/rustwide/workdir:ro,Z" "-v" "/var/lib/crater-agent-workspace/cargo-home:/opt/rustwide/cargo-home:ro,Z" "-v" "/var/lib/crater-agent-workspace/rustup-home:/opt/rustwide/rustup-home:ro,Z" "-e" "SOURCE_DIR=/opt/rustwide/workdir" "-e" "CARGO_TARGET_DIR=/opt/rustwide/target" "-e" "CARGO_INCREMENTAL=0" "-e" "RUST_BACKTRACE=full" "-e" "RUSTFLAGS=--cap-lints=forbid" "-e" "RUSTDOCFLAGS=--cap-lints=forbid" "-e" "CARGO_HOME=/opt/rustwide/cargo-home" "-e" "RUSTUP_HOME=/opt/rustwide/rustup-home" "-w" "/opt/rustwide/workdir" "-m" "1610612736" "--user" "0:0" "--network" "none" "ghcr.io/rust-lang/crates-build-env/linux@sha256:4a844ea9eb2546a2d2c7022eacef16ef2e8229c7fbb2c7d4d55a9ceca922f72d" "/opt/rustwide/cargo-home/bin/cargo" "+nightly-2024-10-28" "test" "--frozen", kill_on_drop: false }`
[INFO] [stdout] 622014ddb0c94bf68a6fe26052891269289257f478802b6919d4b87e7eaed422
[INFO] running `Command { std: "docker" "start" "-a" "622014ddb0c94bf68a6fe26052891269289257f478802b6919d4b87e7eaed422", kill_on_drop: false }`
[INFO] [stderr]     Finished `test` profile [unoptimized + debuginfo] target(s) in 0.12s
[INFO] [stderr]      Running unittests src/main.rs (/opt/rustwide/target/debug/deps/lush-e80f3b5bae3866e6)
[INFO] [stdout] 
[INFO] [stdout] running 9 tests
[INFO] [stdout] using thing
[INFO] [stdout] thing closed
[INFO] [stdout] test setup::tests::invalid_function ... pwd: /opt/rustwide/workdir
[INFO] [stdout] ok
[INFO] [stdout] test string_utils::tests::test_remove_shebang_with_no_shebang ... ok
[INFO] [stdout] test string_utils::tests::test_remove_shebang_with_shebang ... ok
[INFO] [stdout] test string_utils::tests::test_remove_shebang_with_shebang_and_blank_lines ... ok
[INFO] [stdout] test string_utils::tests::test_remove_shebang_with_blank_lines_no_shebang ... ok
[INFO] [stdout] name: linux
[INFO] [stdout] test os::tests::proc_list_test ... ok
[INFO] [stdout] Cargo.lock
[INFO] [stdout] Cargo.toml
[INFO] [stdout] Cargo.toml.orig
[INFO] [stdout] Changelog
[INFO] [stdout] README.md
[INFO] [stdout] doc
[INFO] [stdout] scripts
[INFO] [stdout] src
[INFO] [stdout] test setup::tests::run_builtin_os ... ok
[INFO] [stdout] test tests::run_test_file ... ok
[INFO] [stdout] test setup::tests::run_test_script ... FAILED
[INFO] [stdout] 
[INFO] [stdout] failures:
[INFO] [stdout] 
[INFO] [stdout] ---- setup::tests::run_test_script stdout ----
[INFO] [stdout] thread 'setup::tests::run_test_script' panicked at src/files.rs:82:37:
[INFO] [stdout] called `Result::unwrap()` on an `Err` value: Os { code: 2, kind: NotFound, message: "No such file or directory" }
[INFO] [stdout] stack backtrace:
[INFO] [stdout]    0:     0x5bfa7f5bc20a - std::backtrace_rs::backtrace::libunwind::trace::h207520d6e9873551
[INFO] [stdout]                                at /rustc/df4ca44d3fbc9301ee17f30f4d474e6ae4b05252/library/std/src/../../backtrace/src/backtrace/libunwind.rs:116:5
[INFO] [stdout]    1:     0x5bfa7f5bc20a - std::backtrace_rs::backtrace::trace_unsynchronized::h2ed7433f370e3eca
[INFO] [stdout]                                at /rustc/df4ca44d3fbc9301ee17f30f4d474e6ae4b05252/library/std/src/../../backtrace/src/backtrace/mod.rs:66:5
[INFO] [stdout]    2:     0x5bfa7f5bc20a - std::sys::backtrace::_print_fmt::h916fac51166b18d7
[INFO] [stdout]                                at /rustc/df4ca44d3fbc9301ee17f30f4d474e6ae4b05252/library/std/src/sys/backtrace.rs:66:9
[INFO] [stdout]    3:     0x5bfa7f5bc20a - <std::sys::backtrace::BacktraceLock::print::DisplayBacktrace as core::fmt::Display>::fmt::ha0a4c9b8ce3802e6
[INFO] [stdout]                                at /rustc/df4ca44d3fbc9301ee17f30f4d474e6ae4b05252/library/std/src/sys/backtrace.rs:39:26
[INFO] [stdout]    4:     0x5bfa7f5e6643 - core::fmt::rt::Argument::fmt::h4cfc8587d52b3eb5
[INFO] [stdout]                                at /rustc/df4ca44d3fbc9301ee17f30f4d474e6ae4b05252/library/core/src/fmt/rt.rs:177:76
[INFO] [stdout]    5:     0x5bfa7f5e6643 - core::fmt::write::h522cc39e5b36ae9f
[INFO] [stdout]                                at /rustc/df4ca44d3fbc9301ee17f30f4d474e6ae4b05252/library/core/src/fmt/mod.rs:1190:21
[INFO] [stdout]    6:     0x5bfa7f5b88f3 - std::io::Write::write_fmt::h7d3c26752da97734
[INFO] [stdout]                                at /rustc/df4ca44d3fbc9301ee17f30f4d474e6ae4b05252/library/std/src/io/mod.rs:1839:15
[INFO] [stdout]    7:     0x5bfa7f5bc052 - std::sys::backtrace::BacktraceLock::print::h4b9e00b29e9c0942
[INFO] [stdout]                                at /rustc/df4ca44d3fbc9301ee17f30f4d474e6ae4b05252/library/std/src/sys/backtrace.rs:42:9
[INFO] [stdout]    8:     0x5bfa7f5bd69a - std::panicking::default_hook::{{closure}}::hb59b88280d0324d9
[INFO] [stdout]                                at /rustc/df4ca44d3fbc9301ee17f30f4d474e6ae4b05252/library/std/src/panicking.rs:268:22
[INFO] [stdout]    9:     0x5bfa7f5bd4a4 - std::panicking::default_hook::he1dd496665be4a29
[INFO] [stdout]                                at /rustc/df4ca44d3fbc9301ee17f30f4d474e6ae4b05252/library/std/src/panicking.rs:292:9
[INFO] [stdout]   10:     0x5bfa7ef7a389 - <alloc::boxed::Box<F,A> as core::ops::function::Fn<Args>>::call::h4ff71de18744e1dc
[INFO] [stdout]                                at /rustc/df4ca44d3fbc9301ee17f30f4d474e6ae4b05252/library/alloc/src/boxed.rs:2468:9
[INFO] [stdout]   11:     0x5bfa7ef7a389 - test::test_main::{{closure}}::hcf7c055ce117aa81
[INFO] [stdout]                                at /rustc/df4ca44d3fbc9301ee17f30f4d474e6ae4b05252/library/test/src/lib.rs:133:21
[INFO] [stdout]   12:     0x5bfa7f5bdd98 - <alloc::boxed::Box<F,A> as core::ops::function::Fn<Args>>::call::h1d66c6bbd60c9692
[INFO] [stdout]                                at /rustc/df4ca44d3fbc9301ee17f30f4d474e6ae4b05252/library/alloc/src/boxed.rs:2468:9
[INFO] [stdout]   13:     0x5bfa7f5bdd98 - std::panicking::rust_panic_with_hook::h2ff17fe8f26dfcf8
[INFO] [stdout]                                at /rustc/df4ca44d3fbc9301ee17f30f4d474e6ae4b05252/library/std/src/panicking.rs:809:13
[INFO] [stdout]   14:     0x5bfa7f5bdb5a - std::panicking::begin_panic_handler::{{closure}}::h4fad77951c07e101
[INFO] [stdout]                                at /rustc/df4ca44d3fbc9301ee17f30f4d474e6ae4b05252/library/std/src/panicking.rs:674:13
[INFO] [stdout]   15:     0x5bfa7f5bc6e9 - std::sys::backtrace::__rust_end_short_backtrace::hb1a25b3da5d0ea08
[INFO] [stdout]                                at /rustc/df4ca44d3fbc9301ee17f30f4d474e6ae4b05252/library/std/src/sys/backtrace.rs:170:18
[INFO] [stdout]   16:     0x5bfa7f5bd7ec - rust_begin_unwind
[INFO] [stdout]                                at /rustc/df4ca44d3fbc9301ee17f30f4d474e6ae4b05252/library/std/src/panicking.rs:665:5
[INFO] [stdout]   17:     0x5bfa7f5e4c70 - core::panicking::panic_fmt::ha9db07b529f9b256
[INFO] [stdout]                                at /rustc/df4ca44d3fbc9301ee17f30f4d474e6ae4b05252/library/core/src/panicking.rs:75:14
[INFO] [stdout]   18:     0x5bfa7f5e50f6 - core::result::unwrap_failed::h5e8218e4d4338b8a
[INFO] [stdout]                                at /rustc/df4ca44d3fbc9301ee17f30f4d474e6ae4b05252/library/core/src/result.rs:1698:5
[INFO] [stdout]   19:     0x5bfa7eeee5b5 - core::result::Result<T,E>::unwrap::hc8bdf41f8e6ab4c3
[INFO] [stdout]                                at /rustc/df4ca44d3fbc9301ee17f30f4d474e6ae4b05252/library/core/src/result.rs:1103:23
[INFO] [stdout]   20:     0x5bfa7eeee5b5 - lush::files::zip_list::h4f230282fc98d0db
[INFO] [stdout]                                at /opt/rustwide/workdir/src/files.rs:82:18
[INFO] [stdout]   21:     0x5bfa7eeeea97 - lush::files::zip_list::h4f230282fc98d0db
[INFO] [stdout]                                at /opt/rustwide/workdir/src/files.rs:101:17
[INFO] [stdout]   22:     0x5bfa7eeee258 - lush::files::zip_deflate_int::h3b1a2a1f721cdee5
[INFO] [stdout]                                at /opt/rustwide/workdir/src/files.rs:60:5
[INFO] [stdout]   23:     0x5bfa7eeedebd - lush::files::zip_deflate::h88918222c592c04c
[INFO] [stdout]                                at /opt/rustwide/workdir/src/files.rs:37:5
[INFO] [stdout]   24:     0x5bfa7eee66ea - core::ops::function::Fn::call::h3b6c0d5fc3ae2378
[INFO] [stdout]                                at /rustc/df4ca44d3fbc9301ee17f30f4d474e6ae4b05252/library/core/src/ops/function.rs:79:5
[INFO] [stdout]   25:     0x5bfa7ef0917c - mlua::lua::Lua::create_function::{{closure}}::hb259408e614d3387
[INFO] [stdout]                                at /opt/rustwide/cargo-home/registry/src/index.crates.io-6f17d22bba15001f/mlua-0.9.9/src/lua.rs:1549:13
[INFO] [stdout]   26:     0x5bfa7f514972 - mlua::lua::Lua::create_callback::call_callback::{{closure}}::hee4ace69450b755e
[INFO] [stdout]                                at /opt/rustwide/cargo-home/registry/src/index.crates.io-6f17d22bba15001f/mlua-0.9.9/src/lua.rs:2931:17
[INFO] [stdout]   27:     0x5bfa7f5161b6 - mlua::lua::callback_error_ext::{{closure}}::hcbd9f25464f567d0
[INFO] [stdout]                                at /opt/rustwide/cargo-home/registry/src/index.crates.io-6f17d22bba15001f/mlua-0.9.9/src/lua.rs:3449:44
[INFO] [stdout]   28:     0x5bfa7f5355b9 - <core::panic::unwind_safe::AssertUnwindSafe<F> as core::ops::function::FnOnce<()>>::call_once::heb725e704f897923
[INFO] [stdout]                                at /rustc/df4ca44d3fbc9301ee17f30f4d474e6ae4b05252/library/core/src/panic/unwind_safe.rs:272:9
[INFO] [stdout]   29:     0x5bfa7f51eb3e - std::panicking::try::do_call::hf98eb858a85bb2ed
[INFO] [stdout]                                at /rustc/df4ca44d3fbc9301ee17f30f4d474e6ae4b05252/library/std/src/panicking.rs:557:40
[INFO] [stdout]   30:     0x5bfa7f51c03b - __rust_try
[INFO] [stdout]   31:     0x5bfa7f519770 - std::panicking::try::h2c26e7177fbaa947
[INFO] [stdout]                                at /rustc/df4ca44d3fbc9301ee17f30f4d474e6ae4b05252/library/std/src/panicking.rs:520:19
[INFO] [stdout]   32:     0x5bfa7f519770 - std::panic::catch_unwind::h328cfbd44ccc1162
[INFO] [stdout]                                at /rustc/df4ca44d3fbc9301ee17f30f4d474e6ae4b05252/library/std/src/panic.rs:358:14
[INFO] [stdout]   33:     0x5bfa7f5157bb - mlua::lua::callback_error_ext::hef8d10f5fa5cd13e
[INFO] [stdout]                                at /opt/rustwide/cargo-home/registry/src/index.crates.io-6f17d22bba15001f/mlua-0.9.9/src/lua.rs:3449:11
[INFO] [stdout]   34:     0x5bfa7f5148a6 - mlua::lua::Lua::create_callback::call_callback::h46f93244e7d7b740
[INFO] [stdout]                                at /opt/rustwide/cargo-home/registry/src/index.crates.io-6f17d22bba15001f/mlua-0.9.9/src/lua.rs:2921:13
[INFO] [stdout]   35:     0x5bfa7f54721b - precallC
[INFO] [stdout]                                at /opt/rustwide/cargo-home/registry/src/index.crates.io-6f17d22bba15001f/lua-src-546.0.2/lua-5.4.6/ldo.c:529:8
[INFO] [stdout]   36:     0x5bfa7f54721b - luaD_precall
[INFO] [stdout]                                at /opt/rustwide/cargo-home/registry/src/index.crates.io-6f17d22bba15001f/lua-src-546.0.2/lua-5.4.6/ldo.c:592:7
[INFO] [stdout]   37:     0x5bfa7f564c6b - luaV_execute
[INFO] [stdout]                                at /opt/rustwide/cargo-home/registry/src/index.crates.io-6f17d22bba15001f/lua-src-546.0.2/lua-5.4.6/lvm.c:1684:22
[INFO] [stdout]   38:     0x5bfa7f5476c2 - ccall
[INFO] [stdout]                                at /opt/rustwide/cargo-home/registry/src/index.crates.io-6f17d22bba15001f/lua-src-546.0.2/lua-5.4.6/ldo.c:637:5
[INFO] [stdout]   39:     0x5bfa7f5476c2 - luaD_callnoyield
[INFO] [stdout]                                at /opt/rustwide/cargo-home/registry/src/index.crates.io-6f17d22bba15001f/lua-src-546.0.2/lua-5.4.6/ldo.c:655:3
[INFO] [stdout]   40:     0x5bfa7f546465 - luaD_rawrunprotected
[INFO] [stdout]                                at /opt/rustwide/cargo-home/registry/src/index.crates.io-6f17d22bba15001f/lua-src-546.0.2/lua-5.4.6/ldo.c:144:3
[INFO] [stdout]   41:     0x5bfa7f547b96 - luaD_pcall
[INFO] [stdout]                                at /opt/rustwide/cargo-home/registry/src/index.crates.io-6f17d22bba15001f/lua-src-546.0.2/lua-5.4.6/ldo.c:953:12
[INFO] [stdout]   42:     0x5bfa7f53ec92 - lua_pcallk
[INFO] [stdout]                                at /opt/rustwide/cargo-home/registry/src/index.crates.io-6f17d22bba15001f/lua-src-546.0.2/lua-5.4.6/lapi.c:1064:14
[INFO] [stdout]   43:     0x5bfa7f534950 - mlua_sys::lua54::lua::lua_pcall::h1d58d22761e4b672
[INFO] [stdout]                                at /opt/rustwide/cargo-home/registry/src/index.crates.io-6f17d22bba15001f/mlua-sys-0.6.1/src/lua54/lua.rs:284:5
[INFO] [stdout]   44:     0x5bfa7f534950 - mlua::function::Function::call::h30e69ad1c736cdc3
[INFO] [stdout]                                at /opt/rustwide/cargo-home/registry/src/index.crates.io-6f17d22bba15001f/mlua-0.9.9/src/function.rs:139:23
[INFO] [stdout]   45:     0x5bfa7f51b758 - mlua::chunk::Chunk::call::hf330e37da325a00e
[INFO] [stdout]                                at /opt/rustwide/cargo-home/registry/src/index.crates.io-6f17d22bba15001f/mlua-0.9.9/src/chunk.rs:406:9
[INFO] [stdout]   46:     0x5bfa7f51b62c - mlua::chunk::Chunk::exec::he923aef158237758
[INFO] [stdout]                                at /opt/rustwide/cargo-home/registry/src/index.crates.io-6f17d22bba15001f/mlua-0.9.9/src/chunk.rs:344:9
[INFO] [stdout]   47:     0x5bfa7ef2e80b - lush::setup::run_script::hb322f1d682d937bf
[INFO] [stdout]                                at /opt/rustwide/workdir/src/setup.rs:61:5
[INFO] [stdout]   48:     0x5bfa7ef15edd - lush::setup::tests::run_test_script::h4ef2c38ff98b76aa
[INFO] [stdout]                                at /opt/rustwide/workdir/src/setup.rs:73:9
[INFO] [stdout]   49:     0x5bfa7ef15ea7 - lush::setup::tests::run_test_script::{{closure}}::h5c1d927acfe6b6ee
[INFO] [stdout]                                at /opt/rustwide/workdir/src/setup.rs:72:25
[INFO] [stdout]   50:     0x5bfa7eee7526 - core::ops::function::FnOnce::call_once::h18e3ac8dee888caa
[INFO] [stdout]                                at /rustc/df4ca44d3fbc9301ee17f30f4d474e6ae4b05252/library/core/src/ops/function.rs:250:5
[INFO] [stdout]   51:     0x5bfa7ef7ec5b - core::ops::function::FnOnce::call_once::h22c3ba5715e93f05
[INFO] [stdout]                                at /rustc/df4ca44d3fbc9301ee17f30f4d474e6ae4b05252/library/core/src/ops/function.rs:250:5
[INFO] [stdout]   52:     0x5bfa7ef7ec5b - test::__rust_begin_short_backtrace::h8e82d8113d0da17f
[INFO] [stdout]                                at /rustc/df4ca44d3fbc9301ee17f30f4d474e6ae4b05252/library/test/src/lib.rs:621:18
[INFO] [stdout]   53:     0x5bfa7ef7e5d7 - test::run_test_in_process::{{closure}}::h33235f4f20b7b7c7
[INFO] [stdout]                                at /rustc/df4ca44d3fbc9301ee17f30f4d474e6ae4b05252/library/test/src/lib.rs:644:60
[INFO] [stdout]   54:     0x5bfa7ef7e5d7 - <core::panic::unwind_safe::AssertUnwindSafe<F> as core::ops::function::FnOnce<()>>::call_once::hb5043206310c586f
[INFO] [stdout]                                at /rustc/df4ca44d3fbc9301ee17f30f4d474e6ae4b05252/library/core/src/panic/unwind_safe.rs:272:9
[INFO] [stdout]   55:     0x5bfa7ef7e5d7 - std::panicking::try::do_call::h9ad4731a60ab23e2
[INFO] [stdout]                                at /rustc/df4ca44d3fbc9301ee17f30f4d474e6ae4b05252/library/std/src/panicking.rs:557:40
[INFO] [stdout]   56:     0x5bfa7ef7e5d7 - std::panicking::try::h3824d23db772a716
[INFO] [stdout]                                at /rustc/df4ca44d3fbc9301ee17f30f4d474e6ae4b05252/library/std/src/panicking.rs:520:19
[INFO] [stdout]   57:     0x5bfa7ef7e5d7 - std::panic::catch_unwind::h5afd514605fde46b
[INFO] [stdout]                                at /rustc/df4ca44d3fbc9301ee17f30f4d474e6ae4b05252/library/std/src/panic.rs:358:14
[INFO] [stdout]   58:     0x5bfa7ef7e5d7 - test::run_test_in_process::h0d5cbfa7067d1720
[INFO] [stdout]                                at /rustc/df4ca44d3fbc9301ee17f30f4d474e6ae4b05252/library/test/src/lib.rs:644:27
[INFO] [stdout]   59:     0x5bfa7ef7e5d7 - test::run_test::{{closure}}::h708eb8872708115d
[INFO] [stdout]                                at /rustc/df4ca44d3fbc9301ee17f30f4d474e6ae4b05252/library/test/src/lib.rs:565:43
[INFO] [stdout]   60:     0x5bfa7ef41cf4 - test::run_test::{{closure}}::h392c51cee94713ab
[INFO] [stdout]                                at /rustc/df4ca44d3fbc9301ee17f30f4d474e6ae4b05252/library/test/src/lib.rs:595:41
[INFO] [stdout]   61:     0x5bfa7ef41cf4 - std::sys::backtrace::__rust_begin_short_backtrace::h2f40290710935a8b
[INFO] [stdout]                                at /rustc/df4ca44d3fbc9301ee17f30f4d474e6ae4b05252/library/std/src/sys/backtrace.rs:154:18
[INFO] [stdout]   62:     0x5bfa7ef4549e - std::thread::Builder::spawn_unchecked_::{{closure}}::{{closure}}::h3fd968d89053a903
[INFO] [stdout]                                at /rustc/df4ca44d3fbc9301ee17f30f4d474e6ae4b05252/library/std/src/thread/mod.rs:541:17
[INFO] [stdout]   63:     0x5bfa7ef4549e - <core::panic::unwind_safe::AssertUnwindSafe<F> as core::ops::function::FnOnce<()>>::call_once::h743f637ba4229880
[INFO] [stdout]                                at /rustc/df4ca44d3fbc9301ee17f30f4d474e6ae4b05252/library/core/src/panic/unwind_safe.rs:272:9
[INFO] [stdout]   64:     0x5bfa7ef4549e - std::panicking::try::do_call::h07440897322525a6
[INFO] [stdout]                                at /rustc/df4ca44d3fbc9301ee17f30f4d474e6ae4b05252/library/std/src/panicking.rs:557:40
[INFO] [stdout]   65:     0x5bfa7ef4549e - std::panicking::try::he5a2e00188156637
[INFO] [stdout]                                at /rustc/df4ca44d3fbc9301ee17f30f4d474e6ae4b05252/library/std/src/panicking.rs:520:19
[INFO] [stdout]   66:     0x5bfa7ef4549e - std::panic::catch_unwind::hbaf3cae49b3c6433
[INFO] [stdout]                                at /rustc/df4ca44d3fbc9301ee17f30f4d474e6ae4b05252/library/std/src/panic.rs:358:14
[INFO] [stdout]   67:     0x5bfa7ef4549e - std::thread::Builder::spawn_unchecked_::{{closure}}::h8e141ea224820bce
[INFO] [stdout]                                at /rustc/df4ca44d3fbc9301ee17f30f4d474e6ae4b05252/library/std/src/thread/mod.rs:540:30
[INFO] [stdout]   68:     0x5bfa7ef4549e - core::ops::function::FnOnce::call_once{{vtable.shim}}::h90d312fedd7b8ea8
[INFO] [stdout]                                at /rustc/df4ca44d3fbc9301ee17f30f4d474e6ae4b05252/library/core/src/ops/function.rs:250:5
[INFO] [stdout]   69:     0x5bfa7f5c3a9b - <alloc::boxed::Box<F,A> as core::ops::function::FnOnce<Args>>::call_once::h69aa08ddb6adb8b6
[INFO] [stdout]                                at /rustc/df4ca44d3fbc9301ee17f30f4d474e6ae4b05252/library/alloc/src/boxed.rs:2454:9
[INFO] [stdout]   70:     0x5bfa7f5c3a9b - <alloc::boxed::Box<F,A> as core::ops::function::FnOnce<Args>>::call_once::h5aa36efdb79c806f
[INFO] [stdout]                                at /rustc/df4ca44d3fbc9301ee17f30f4d474e6ae4b05252/library/alloc/src/boxed.rs:2454:9
[INFO] [stdout]   71:     0x5bfa7f5c3a9b - std::sys::pal::unix::thread::Thread::new::thread_start::h6cd80a1b4be5158d
[INFO] [stdout]                                at /rustc/df4ca44d3fbc9301ee17f30f4d474e6ae4b05252/library/std/src/sys/pal/unix/thread.rs:105:17
[INFO] [stdout]   72:     0x78b9a2aa4ac3 - <unknown>
[INFO] [stdout]   73:     0x78b9a2b35a04 - clone
[INFO] [stdout]   74:                0x0 - <unknown>
[INFO] [stdout] 
[INFO] [stdout] 
[INFO] [stdout] failures:
[INFO] [stdout]     setup::tests::run_test_script
[INFO] [stdout] 
[INFO] [stdout] test result: FAILED. 8 passed; 1 failed; 0 ignored; 0 measured; 0 filtered out; finished in 0.15s
[INFO] [stdout] 
[INFO] [stderr] error: test failed, to rerun pass `--bin lush`
[INFO] running `Command { std: "docker" "inspect" "622014ddb0c94bf68a6fe26052891269289257f478802b6919d4b87e7eaed422", kill_on_drop: false }`
[INFO] running `Command { std: "docker" "rm" "-f" "622014ddb0c94bf68a6fe26052891269289257f478802b6919d4b87e7eaed422", kill_on_drop: false }`
[INFO] [stdout] 622014ddb0c94bf68a6fe26052891269289257f478802b6919d4b87e7eaed422
