[INFO] fetching crate luna-orm 0.3.6...
[INFO] testing luna-orm-0.3.6 against nightly-2024-10-28+rustflags=-Zrandomize-layout for randomize-layout
[INFO] extracting crate luna-orm 0.3.6 into /workspace/builds/worker-6-tc2/source
[INFO] validating manifest of crates.io crate luna-orm 0.3.6 on toolchain nightly-2024-10-28
[INFO] running `Command { std: CARGO_HOME="/workspace/cargo-home" RUSTUP_HOME="/workspace/rustup-home" "/workspace/cargo-home/bin/cargo" "+nightly-2024-10-28" "metadata" "--manifest-path" "Cargo.toml" "--no-deps", kill_on_drop: false }`
[INFO] started tweaking crates.io crate luna-orm 0.3.6
[INFO] finished tweaking crates.io crate luna-orm 0.3.6
[INFO] tweaked toml for crates.io crate luna-orm 0.3.6 written to /workspace/builds/worker-6-tc2/source/Cargo.toml
[INFO] running `Command { std: CARGO_HOME="/workspace/cargo-home" RUSTUP_HOME="/workspace/rustup-home" "/workspace/cargo-home/bin/cargo" "+nightly-2024-10-28" "generate-lockfile" "--manifest-path" "Cargo.toml", kill_on_drop: false }`
[INFO] [stderr]     Updating crates.io index
[INFO] [stderr]      Locking 232 packages to latest compatible versions
[INFO] [stderr]       Adding sqlx v0.7.4 (available: v0.8.2)
[INFO] running `Command { std: CARGO_HOME="/workspace/cargo-home" RUSTUP_HOME="/workspace/rustup-home" "/workspace/cargo-home/bin/cargo" "+nightly-2024-10-28" "fetch" "--manifest-path" "Cargo.toml", kill_on_drop: false }`
[INFO] running `Command { std: "docker" "create" "-v" "/var/lib/crater-agent-workspace/builds/worker-6-tc2/target:/opt/rustwide/target:rw,Z" "-v" "/var/lib/crater-agent-workspace/builds/worker-6-tc2/source:/opt/rustwide/workdir:ro,Z" "-v" "/var/lib/crater-agent-workspace/cargo-home:/opt/rustwide/cargo-home:ro,Z" "-v" "/var/lib/crater-agent-workspace/rustup-home:/opt/rustwide/rustup-home:ro,Z" "-e" "SOURCE_DIR=/opt/rustwide/workdir" "-e" "CARGO_TARGET_DIR=/opt/rustwide/target" "-e" "CARGO_HOME=/opt/rustwide/cargo-home" "-e" "RUSTUP_HOME=/opt/rustwide/rustup-home" "-w" "/opt/rustwide/workdir" "-m" "1610612736" "--user" "0:0" "--network" "none" "ghcr.io/rust-lang/crates-build-env/linux@sha256:4a844ea9eb2546a2d2c7022eacef16ef2e8229c7fbb2c7d4d55a9ceca922f72d" "/opt/rustwide/cargo-home/bin/cargo" "+nightly-2024-10-28" "metadata" "--no-deps" "--format-version=1", kill_on_drop: false }`
[INFO] [stdout] 3bf95b757fd507596038638351f5c6771afa3c55d68734372b60222714913795
[INFO] running `Command { std: "docker" "start" "-a" "3bf95b757fd507596038638351f5c6771afa3c55d68734372b60222714913795", kill_on_drop: false }`
[INFO] running `Command { std: "docker" "inspect" "3bf95b757fd507596038638351f5c6771afa3c55d68734372b60222714913795", kill_on_drop: false }`
[INFO] running `Command { std: "docker" "rm" "-f" "3bf95b757fd507596038638351f5c6771afa3c55d68734372b60222714913795", kill_on_drop: false }`
[INFO] [stdout] 3bf95b757fd507596038638351f5c6771afa3c55d68734372b60222714913795
[INFO] running `Command { std: "docker" "create" "-v" "/var/lib/crater-agent-workspace/builds/worker-6-tc2/target:/opt/rustwide/target:rw,Z" "-v" "/var/lib/crater-agent-workspace/builds/worker-6-tc2/source:/opt/rustwide/workdir:ro,Z" "-v" "/var/lib/crater-agent-workspace/cargo-home:/opt/rustwide/cargo-home:ro,Z" "-v" "/var/lib/crater-agent-workspace/rustup-home:/opt/rustwide/rustup-home:ro,Z" "-e" "SOURCE_DIR=/opt/rustwide/workdir" "-e" "CARGO_TARGET_DIR=/opt/rustwide/target" "-e" "CARGO_INCREMENTAL=0" "-e" "RUST_BACKTRACE=full" "-e" "RUSTFLAGS=--cap-lints=forbid -Zrandomize-layout" "-e" "RUSTDOCFLAGS=--cap-lints=forbid" "-e" "CARGO_HOME=/opt/rustwide/cargo-home" "-e" "RUSTUP_HOME=/opt/rustwide/rustup-home" "-w" "/opt/rustwide/workdir" "-m" "1610612736" "--user" "0:0" "--network" "none" "ghcr.io/rust-lang/crates-build-env/linux@sha256:4a844ea9eb2546a2d2c7022eacef16ef2e8229c7fbb2c7d4d55a9ceca922f72d" "/opt/rustwide/cargo-home/bin/cargo" "+nightly-2024-10-28" "build" "--frozen" "--message-format=json", kill_on_drop: false }`
[INFO] [stdout] 5ad5239b9f6d649f168b0aa614db8d7db245005b80b2340a6b41dbc5dadb5ef6
[INFO] running `Command { std: "docker" "start" "-a" "5ad5239b9f6d649f168b0aa614db8d7db245005b80b2340a6b41dbc5dadb5ef6", kill_on_drop: false }`
[INFO] [stderr]    Compiling typenum v1.17.0
[INFO] [stderr]    Compiling generic-array v0.14.7
[INFO] [stderr]    Compiling const-oid v0.9.6
[INFO] [stderr]    Compiling serde v1.0.214
[INFO] [stderr]    Compiling byteorder v1.5.0
[INFO] [stderr]    Compiling subtle v2.6.1
[INFO] [stderr]    Compiling libm v0.2.11
[INFO] [stderr]    Compiling num-traits v0.2.19
[INFO] [stderr]    Compiling futures-core v0.3.31
[INFO] [stderr]    Compiling ahash v0.8.11
[INFO] [stderr]    Compiling syn v2.0.86
[INFO] [stderr]    Compiling parking_lot_core v0.9.10
[INFO] [stderr]    Compiling futures-sink v0.3.31
[INFO] [stderr]    Compiling getrandom v0.2.15
[INFO] [stderr]    Compiling unicode-normalization v0.1.24
[INFO] [stderr]    Compiling cpufeatures v0.2.14
[INFO] [stderr]    Compiling crossbeam-utils v0.8.20
[INFO] [stderr]    Compiling unicode-bidi v0.3.17
[INFO] [stderr]    Compiling futures-io v0.3.31
[INFO] [stderr]    Compiling allocator-api2 v0.2.18
[INFO] [stderr]    Compiling zeroize v1.8.1
[INFO] [stderr]    Compiling minimal-lexical v0.2.1
[INFO] [stderr]    Compiling serde_json v1.0.132
[INFO] [stderr]    Compiling base64ct v1.6.0
[INFO] [stderr]    Compiling futures-util v0.3.31
[INFO] [stderr]    Compiling rand_core v0.6.4
[INFO] [stderr]    Compiling thiserror v1.0.66
[INFO] [stderr]    Compiling crc-catalog v2.4.0
[INFO] [stderr]    Compiling unicode_categories v0.1.1
[INFO] [stderr]    Compiling futures-channel v0.3.31
[INFO] [stderr]    Compiling crc v3.2.1
[INFO] [stderr]    Compiling hex v0.4.3
[INFO] [stderr]    Compiling pem-rfc7468 v0.7.0
[INFO] [stderr]    Compiling nom v7.1.3
[INFO] [stderr]    Compiling parking_lot v0.12.3
[INFO] [stderr]    Compiling event-listener v2.5.3
[INFO] [stderr]    Compiling num-bigint-dig v0.8.4
[INFO] [stderr]    Compiling libsqlite3-sys v0.27.0
[INFO] [stderr]    Compiling lazy_static v1.5.0
[INFO] [stderr]    Compiling idna v0.5.0
[INFO] [stderr]    Compiling der v0.7.9
[INFO] [stderr]    Compiling rustix v0.38.38
[INFO] [stderr]    Compiling futures-intrusive v0.5.0
[INFO] [stderr]    Compiling unicode-properties v0.1.3
[INFO] [stderr]    Compiling crossbeam-queue v0.3.11
[INFO] [stderr]    Compiling flume v0.11.1
[INFO] [stderr]    Compiling stringprep v0.1.5
[INFO] [stderr]    Compiling syn v1.0.109
[INFO] [stderr]    Compiling base64 v0.21.7
[INFO] [stderr]    Compiling urlencoding v2.1.3
[INFO] [stderr]    Compiling whoami v1.5.2
[INFO] [stderr]    Compiling dotenvy v0.15.7
[INFO] [stderr]    Compiling linux-raw-sys v0.4.14
[INFO] [stderr]    Compiling ident_case v1.0.1
[INFO] [stderr]    Compiling url v2.5.2
[INFO] [stderr]    Compiling fnv v1.0.7
[INFO] [stderr]    Compiling fastrand v2.1.1
[INFO] [stderr]    Compiling unicode-segmentation v1.12.0
[INFO] [stderr]    Compiling strsim v0.11.1
[INFO] [stderr]    Compiling typeid v1.0.2
[INFO] [stderr]    Compiling inventory v0.3.15
[INFO] [stderr]    Compiling atoi v2.0.0
[INFO] [stderr]    Compiling num-integer v0.1.46
[INFO] [stderr]    Compiling path-dedot v3.1.1
[INFO] [stderr]    Compiling case v1.0.0
[INFO] [stderr]    Compiling heck v0.4.1
[INFO] [stderr]    Compiling path-absolutize v3.1.1
[INFO] [stderr]    Compiling spki v0.7.3
[INFO] [stderr]    Compiling crypto-common v0.1.6
[INFO] [stderr]    Compiling block-buffer v0.10.4
[INFO] [stderr]    Compiling pkcs8 v0.10.2
[INFO] [stderr]    Compiling num-iter v0.1.45
[INFO] [stderr]    Compiling digest v0.10.7
[INFO] [stderr]    Compiling pkcs1 v0.7.5
[INFO] [stderr]    Compiling sha2 v0.10.8
[INFO] [stderr]    Compiling hmac v0.12.1
[INFO] [stderr]    Compiling signature v2.2.0
[INFO] [stderr]    Compiling sha1 v0.10.6
[INFO] [stderr]    Compiling md-5 v0.10.6
[INFO] [stderr]    Compiling hkdf v0.12.4
[INFO] [stderr]    Compiling sqlformat v0.2.6
[INFO] [stderr]    Compiling futures-executor v0.3.31
[INFO] [stderr]    Compiling darling_core v0.20.10
[INFO] [stderr]    Compiling serde_derive v1.0.214
[INFO] [stderr]    Compiling zerocopy-derive v0.7.35
[INFO] [stderr]    Compiling tracing-attributes v0.1.27
[INFO] [stderr]    Compiling thiserror-impl v1.0.66
[INFO] [stderr]    Compiling typetag-impl v0.2.18
[INFO] [stderr]    Compiling zerocopy v0.7.35
[INFO] [stderr]    Compiling tracing v0.1.40
[INFO] [stderr]    Compiling ppv-lite86 v0.2.20
[INFO] [stderr]    Compiling darling_macro v0.20.10
[INFO] [stderr]    Compiling hashbrown v0.14.5
[INFO] [stderr]    Compiling rand_chacha v0.3.1
[INFO] [stderr]    Compiling darling v0.20.10
[INFO] [stderr]    Compiling serde_with_macros v3.11.0
[INFO] [stderr]    Compiling rand v0.8.5
[INFO] [stderr]    Compiling hashlink v0.8.4
[INFO] [stderr]    Compiling rsa v0.9.6
[INFO] [stderr]    Compiling either v1.13.0
[INFO] [stderr]    Compiling bitflags v2.6.0
[INFO] [stderr]    Compiling erased-serde v0.4.5
[INFO] [stderr]    Compiling serde_with v3.11.0
[INFO] [stderr]    Compiling typetag v0.2.18
[INFO] [stderr]    Compiling sqlx-core v0.7.4
[INFO] [stderr]    Compiling tempfile v3.13.0
[INFO] [stderr]    Compiling sqlx-sqlite v0.7.4
[INFO] [stderr]    Compiling sqlx-mysql v0.7.4
[INFO] [stderr]    Compiling sqlx-macros-core v0.7.4
[INFO] [stderr]    Compiling sqlx-macros v0.7.4
[INFO] [stderr]    Compiling sqlx v0.7.4
[INFO] [stderr]    Compiling luna-orm-trait v0.3.6
[INFO] [stderr]    Compiling luna-orm-macro v0.3.6
[INFO] [stderr]    Compiling luna-orm v0.3.6 (/opt/rustwide/workdir)
[INFO] [stdout] warning: unused import: `instrument`
[INFO] [stdout]  --> src/command_executor.rs:9:22
[INFO] [stdout]   |
[INFO] [stdout] 9 | use tracing::{debug, instrument};
[INFO] [stdout]   |                      ^^^^^^^^^^
[INFO] [stdout]   |
[INFO] [stdout]   = note: `#[warn(unused_imports)]` on by default
[INFO] [stdout] 
[INFO] [stdout] 
[INFO] [stdout] warning: unused import: `sqlx::any::AnyPoolOptions`
[INFO] [stdout]  --> src/database/sqlite.rs:8:5
[INFO] [stdout]   |
[INFO] [stdout] 8 | use sqlx::any::AnyPoolOptions;
[INFO] [stdout]   |     ^^^^^^^^^^^^^^^^^^^^^^^^^
[INFO] [stdout] 
[INFO] [stdout] 
[INFO] [stdout] warning: unused import: `luna_orm_trait::SelectedEntity`
[INFO] [stdout]   --> src/database/sqlite.rs:21:5
[INFO] [stdout]    |
[INFO] [stdout] 21 | use luna_orm_trait::SelectedEntity;
[INFO] [stdout]    |     ^^^^^^^^^^^^^^^^^^^^^^^^^^^^^^
[INFO] [stdout] 
[INFO] [stdout] 
[INFO] [stdout] warning: unused import: `sqlx::any::AnyArguments`
[INFO] [stdout]   --> src/database/sqlite.rs:22:5
[INFO] [stdout]    |
[INFO] [stdout] 22 | use sqlx::any::AnyArguments;
[INFO] [stdout]    |     ^^^^^^^^^^^^^^^^^^^^^^^
[INFO] [stdout] 
[INFO] [stdout] 
[INFO] [stdout] warning: unused import: `sqlx::any::AnyRow`
[INFO] [stdout]   --> src/database/sqlite.rs:23:5
[INFO] [stdout]    |
[INFO] [stdout] 23 | use sqlx::any::AnyRow;
[INFO] [stdout]    |     ^^^^^^^^^^^^^^^^^
[INFO] [stdout] 
[INFO] [stdout] 
[INFO] [stdout] warning: unused import: `luna_orm_trait::SqlxError`
[INFO] [stdout]  --> src/mapper.rs:2:5
[INFO] [stdout]   |
[INFO] [stdout] 2 | use luna_orm_trait::SqlxError;
[INFO] [stdout]   |     ^^^^^^^^^^^^^^^^^^^^^^^^^
[INFO] [stdout] 
[INFO] [stdout] 
[INFO] [stdout] warning: unused imports: `Entity`, `Location`, `Mutation`, `PageInfo`, `PagedList`, `Primary`, `SelectedEntity`, and `Selection`
[INFO] [stdout]  --> src/mapper.rs:4:5
[INFO] [stdout]   |
[INFO] [stdout] 4 |     Entity, Location, Mutation, PageInfo, PagedList, Primary, SelectedEntity, Selection,
[INFO] [stdout]   |     ^^^^^^  ^^^^^^^^  ^^^^^^^^  ^^^^^^^^  ^^^^^^^^^  ^^^^^^^  ^^^^^^^^^^^^^^  ^^^^^^^^^
[INFO] [stdout] 
[INFO] [stdout] 
[INFO] [stdout] warning: unused import: `sqlx::Any`
[INFO] [stdout]  --> src/mapper.rs:6:5
[INFO] [stdout]   |
[INFO] [stdout] 6 | use sqlx::Any;
[INFO] [stdout]   |     ^^^^^^^^^
[INFO] [stdout] 
[INFO] [stdout] 
[INFO] [stdout] warning: unused import: `sqlx::any::AnyRow`
[INFO] [stdout]  --> src/mapper.rs:8:5
[INFO] [stdout]   |
[INFO] [stdout] 8 | use sqlx::any::AnyRow;
[INFO] [stdout]   |     ^^^^^^^^^^^^^^^^^
[INFO] [stdout] 
[INFO] [stdout] 
[INFO] [stdout] warning: unused import: `sqlx::Executor`
[INFO] [stdout]  --> src/mapper.rs:9:5
[INFO] [stdout]   |
[INFO] [stdout] 9 | use sqlx::Executor;
[INFO] [stdout]   |     ^^^^^^^^^^^^^^
[INFO] [stdout] 
[INFO] [stdout] 
[INFO] [stdout] warning: unused import: `Entity`
[INFO] [stdout]   --> src/transaction.rs:13:5
[INFO] [stdout]    |
[INFO] [stdout] 13 |     Entity, Location, Mutation, Primary, SelectedEntity, Selection, WriteCommand,
[INFO] [stdout]    |     ^^^^^^
[INFO] [stdout] 
[INFO] [stdout] 
[INFO] [stdout] warning: unused import: `Location`
[INFO] [stdout]   --> src/transaction.rs:13:13
[INFO] [stdout]    |
[INFO] [stdout] 13 |     Entity, Location, Mutation, Primary, SelectedEntity, Selection, WriteCommand,
[INFO] [stdout]    |             ^^^^^^^^
[INFO] [stdout] 
[INFO] [stdout] 
[INFO] [stdout] warning: unused import: `Mutation`
[INFO] [stdout]   --> src/transaction.rs:13:23
[INFO] [stdout]    |
[INFO] [stdout] 13 |     Entity, Location, Mutation, Primary, SelectedEntity, Selection, WriteCommand,
[INFO] [stdout]    |                       ^^^^^^^^
[INFO] [stdout] 
[INFO] [stdout] 
[INFO] [stdout] warning: unused variable: `order_by`
[INFO] [stdout]    --> src/sql_generator.rs:261:9
[INFO] [stdout]     |
[INFO] [stdout] 261 |         order_by: Option<&dyn OrderBy>,
[INFO] [stdout]     |         ^^^^^^^^ help: if this is intentional, prefix it with an underscore: `_order_by`
[INFO] [stdout]     |
[INFO] [stdout]     = note: `#[warn(unused_variables)]` on by default
[INFO] [stdout] 
[INFO] [stdout] 
[INFO] [stdout] warning: unused variable: `page`
[INFO] [stdout]    --> src/sql_generator.rs:263:9
[INFO] [stdout]     |
[INFO] [stdout] 263 |         page: &Pagination,
[INFO] [stdout]     |         ^^^^ help: if this is intentional, prefix it with an underscore: `_page`
[INFO] [stdout] 
[INFO] [stdout] 
[INFO] [stderr]     Finished `dev` profile [unoptimized + debuginfo] target(s) in 14.66s
[INFO] running `Command { std: "docker" "inspect" "5ad5239b9f6d649f168b0aa614db8d7db245005b80b2340a6b41dbc5dadb5ef6", kill_on_drop: false }`
[INFO] running `Command { std: "docker" "rm" "-f" "5ad5239b9f6d649f168b0aa614db8d7db245005b80b2340a6b41dbc5dadb5ef6", kill_on_drop: false }`
[INFO] [stdout] 5ad5239b9f6d649f168b0aa614db8d7db245005b80b2340a6b41dbc5dadb5ef6
[INFO] running `Command { std: "docker" "create" "-v" "/var/lib/crater-agent-workspace/builds/worker-6-tc2/target:/opt/rustwide/target:rw,Z" "-v" "/var/lib/crater-agent-workspace/builds/worker-6-tc2/source:/opt/rustwide/workdir:ro,Z" "-v" "/var/lib/crater-agent-workspace/cargo-home:/opt/rustwide/cargo-home:ro,Z" "-v" "/var/lib/crater-agent-workspace/rustup-home:/opt/rustwide/rustup-home:ro,Z" "-e" "SOURCE_DIR=/opt/rustwide/workdir" "-e" "CARGO_TARGET_DIR=/opt/rustwide/target" "-e" "CARGO_INCREMENTAL=0" "-e" "RUST_BACKTRACE=full" "-e" "RUSTFLAGS=--cap-lints=forbid -Zrandomize-layout" "-e" "RUSTDOCFLAGS=--cap-lints=forbid" "-e" "CARGO_HOME=/opt/rustwide/cargo-home" "-e" "RUSTUP_HOME=/opt/rustwide/rustup-home" "-w" "/opt/rustwide/workdir" "-m" "1610612736" "--user" "0:0" "--network" "none" "ghcr.io/rust-lang/crates-build-env/linux@sha256:4a844ea9eb2546a2d2c7022eacef16ef2e8229c7fbb2c7d4d55a9ceca922f72d" "/opt/rustwide/cargo-home/bin/cargo" "+nightly-2024-10-28" "test" "--frozen" "--no-run" "--message-format=json", kill_on_drop: false }`
[INFO] [stdout] 7e4251af846321d18bea9adc93c4c0cfe92ba57a8c20ccd7ecc168ada1b0cebd
[INFO] running `Command { std: "docker" "start" "-a" "7e4251af846321d18bea9adc93c4c0cfe92ba57a8c20ccd7ecc168ada1b0cebd", kill_on_drop: false }`
[INFO] [stderr]    Compiling futures-util v0.3.31
[INFO] [stderr]    Compiling futures-intrusive v0.5.0
[INFO] [stderr]    Compiling futures-channel v0.3.31
[INFO] [stderr]    Compiling tokio v1.41.0
[INFO] [stderr]    Compiling tracing-core v0.1.32
[INFO] [stderr]    Compiling log v0.4.22
[INFO] [stderr]    Compiling flume v0.11.1
[INFO] [stderr]    Compiling tokio-macros v2.4.0
[INFO] [stderr]    Compiling signal-hook-registry v1.4.2
[INFO] [stderr]    Compiling regex-syntax v0.6.29
[INFO] [stderr]    Compiling regex-syntax v0.8.5
[INFO] [stderr]    Compiling sharded-slab v0.1.7
[INFO] [stderr]    Compiling thread_local v1.1.8
[INFO] [stderr]    Compiling tracing-test-macro v0.2.5
[INFO] [stderr]    Compiling unsafe-libyaml v0.2.11
[INFO] [stderr]    Compiling tracing v0.1.40
[INFO] [stderr]    Compiling tracing-log v0.2.0
[INFO] [stderr]    Compiling serde_yaml v0.9.34+deprecated
[INFO] [stderr]    Compiling regex-automata v0.4.8
[INFO] [stderr]    Compiling regex-automata v0.1.10
[INFO] [stderr]    Compiling matchers v0.1.0
[INFO] [stderr]    Compiling futures-executor v0.3.31
[INFO] [stderr]    Compiling regex v1.11.1
[INFO] [stderr]    Compiling tracing-subscriber v0.3.18
[INFO] [stderr]    Compiling tokio-stream v0.1.16
[INFO] [stderr]    Compiling sqlx-core v0.7.4
[INFO] [stderr]    Compiling tracing-test v0.2.5
[INFO] [stderr]    Compiling sqlx-mysql v0.7.4
[INFO] [stderr]    Compiling sqlx-sqlite v0.7.4
[INFO] [stderr]    Compiling sqlx-macros-core v0.7.4
[INFO] [stderr]    Compiling sqlx-macros v0.7.4
[INFO] [stderr]    Compiling sqlx v0.7.4
[INFO] [stderr]    Compiling luna-orm-trait v0.3.6
[INFO] [stderr]    Compiling luna-orm-macro v0.3.6
[INFO] [stderr]    Compiling luna-orm v0.3.6 (/opt/rustwide/workdir)
[INFO] [stdout] warning: unused import: `instrument`
[INFO] [stdout]  --> src/command_executor.rs:9:22
[INFO] [stdout]   |
[INFO] [stdout] 9 | use tracing::{debug, instrument};
[INFO] [stdout]   |                      ^^^^^^^^^^
[INFO] [stdout]   |
[INFO] [stdout]   = note: `#[warn(unused_imports)]` on by default
[INFO] [stdout] 
[INFO] [stdout] 
[INFO] [stdout] warning: unused import: `sqlx::any::AnyPoolOptions`
[INFO] [stdout]  --> src/database/sqlite.rs:8:5
[INFO] [stdout]   |
[INFO] [stdout] 8 | use sqlx::any::AnyPoolOptions;
[INFO] [stdout]   |     ^^^^^^^^^^^^^^^^^^^^^^^^^
[INFO] [stdout] 
[INFO] [stdout] 
[INFO] [stdout] warning: unused import: `luna_orm_trait::SelectedEntity`
[INFO] [stdout]   --> src/database/sqlite.rs:21:5
[INFO] [stdout]    |
[INFO] [stdout] 21 | use luna_orm_trait::SelectedEntity;
[INFO] [stdout]    |     ^^^^^^^^^^^^^^^^^^^^^^^^^^^^^^
[INFO] [stdout] 
[INFO] [stdout] 
[INFO] [stdout] warning: unused import: `sqlx::any::AnyArguments`
[INFO] [stdout]   --> src/database/sqlite.rs:22:5
[INFO] [stdout]    |
[INFO] [stdout] 22 | use sqlx::any::AnyArguments;
[INFO] [stdout]    |     ^^^^^^^^^^^^^^^^^^^^^^^
[INFO] [stdout] 
[INFO] [stdout] 
[INFO] [stdout] warning: unused import: `sqlx::any::AnyRow`
[INFO] [stdout]   --> src/database/sqlite.rs:23:5
[INFO] [stdout]    |
[INFO] [stdout] 23 | use sqlx::any::AnyRow;
[INFO] [stdout]    |     ^^^^^^^^^^^^^^^^^
[INFO] [stdout] 
[INFO] [stdout] 
[INFO] [stdout] warning: unused import: `luna_orm_trait::SqlxError`
[INFO] [stdout]  --> src/mapper.rs:2:5
[INFO] [stdout]   |
[INFO] [stdout] 2 | use luna_orm_trait::SqlxError;
[INFO] [stdout]   |     ^^^^^^^^^^^^^^^^^^^^^^^^^
[INFO] [stdout] 
[INFO] [stdout] 
[INFO] [stdout] warning: unused imports: `Entity`, `Location`, `Mutation`, `PageInfo`, `PagedList`, `Primary`, `SelectedEntity`, and `Selection`
[INFO] [stdout]  --> src/mapper.rs:4:5
[INFO] [stdout]   |
[INFO] [stdout] 4 |     Entity, Location, Mutation, PageInfo, PagedList, Primary, SelectedEntity, Selection,
[INFO] [stdout]   |     ^^^^^^  ^^^^^^^^  ^^^^^^^^  ^^^^^^^^  ^^^^^^^^^  ^^^^^^^  ^^^^^^^^^^^^^^  ^^^^^^^^^
[INFO] [stdout] 
[INFO] [stdout] 
[INFO] [stdout] warning: unused import: `sqlx::Any`
[INFO] [stdout]  --> src/mapper.rs:6:5
[INFO] [stdout]   |
[INFO] [stdout] 6 | use sqlx::Any;
[INFO] [stdout]   |     ^^^^^^^^^
[INFO] [stdout] 
[INFO] [stdout] 
[INFO] [stdout] warning: unused import: `sqlx::any::AnyRow`
[INFO] [stdout]  --> src/mapper.rs:8:5
[INFO] [stdout]   |
[INFO] [stdout] 8 | use sqlx::any::AnyRow;
[INFO] [stdout]   |     ^^^^^^^^^^^^^^^^^
[INFO] [stdout] 
[INFO] [stdout] 
[INFO] [stdout] warning: unused import: `sqlx::Executor`
[INFO] [stdout]  --> src/mapper.rs:9:5
[INFO] [stdout]   |
[INFO] [stdout] 9 | use sqlx::Executor;
[INFO] [stdout]   |     ^^^^^^^^^^^^^^
[INFO] [stdout] 
[INFO] [stdout] 
[INFO] [stdout] warning: unused import: `Entity`
[INFO] [stdout]   --> src/transaction.rs:13:5
[INFO] [stdout]    |
[INFO] [stdout] 13 |     Entity, Location, Mutation, Primary, SelectedEntity, Selection, WriteCommand,
[INFO] [stdout]    |     ^^^^^^
[INFO] [stdout] 
[INFO] [stdout] 
[INFO] [stdout] warning: unused import: `instrument`
[INFO] [stdout]  --> src/command_executor.rs:9:22
[INFO] [stdout]   |
[INFO] [stdout] 9 | use tracing::{debug, instrument};
[INFO] [stdout]   |                      ^^^^^^^^^^
[INFO] [stdout]   |
[INFO] [stdout]   = note: `#[warn(unused_imports)]` on by default
[INFO] [stdout] 
[INFO] [stdout] 
[INFO] [stdout] warning: unused import: `sqlx::any::AnyPoolOptions`
[INFO] [stdout]  --> src/database/sqlite.rs:8:5
[INFO] [stdout]   |
[INFO] [stdout] 8 | use sqlx::any::AnyPoolOptions;
[INFO] [stdout]   |     ^^^^^^^^^^^^^^^^^^^^^^^^^
[INFO] [stdout] 
[INFO] [stdout] 
[INFO] [stdout] warning: unused import: `luna_orm_trait::SelectedEntity`
[INFO] [stdout]   --> src/database/sqlite.rs:21:5
[INFO] [stdout]    |
[INFO] [stdout] 21 | use luna_orm_trait::SelectedEntity;
[INFO] [stdout]    |     ^^^^^^^^^^^^^^^^^^^^^^^^^^^^^^
[INFO] [stdout] 
[INFO] [stdout] 
[INFO] [stdout] warning: unused import: `sqlx::any::AnyArguments`
[INFO] [stdout]   --> src/database/sqlite.rs:22:5
[INFO] [stdout]    |
[INFO] [stdout] 22 | use sqlx::any::AnyArguments;
[INFO] [stdout]    |     ^^^^^^^^^^^^^^^^^^^^^^^
[INFO] [stdout] 
[INFO] [stdout] 
[INFO] [stdout] warning: unused import: `sqlx::any::AnyRow`
[INFO] [stdout]   --> src/database/sqlite.rs:23:5
[INFO] [stdout]    |
[INFO] [stdout] 23 | use sqlx::any::AnyRow;
[INFO] [stdout]    |     ^^^^^^^^^^^^^^^^^
[INFO] [stdout] 
[INFO] [stdout] 
[INFO] [stdout] warning: unused import: `luna_orm_trait::SqlxError`
[INFO] [stdout]  --> src/mapper.rs:2:5
[INFO] [stdout]   |
[INFO] [stdout] 2 | use luna_orm_trait::SqlxError;
[INFO] [stdout]   |     ^^^^^^^^^^^^^^^^^^^^^^^^^
[INFO] [stdout] 
[INFO] [stdout] 
[INFO] [stdout] warning: unused imports: `Entity`, `Location`, `Mutation`, `PageInfo`, `PagedList`, `Primary`, `SelectedEntity`, and `Selection`
[INFO] [stdout]  --> src/mapper.rs:4:5
[INFO] [stdout]   |
[INFO] [stdout] 4 |     Entity, Location, Mutation, PageInfo, PagedList, Primary, SelectedEntity, Selection,
[INFO] [stdout]   |     ^^^^^^  ^^^^^^^^  ^^^^^^^^  ^^^^^^^^  ^^^^^^^^^  ^^^^^^^  ^^^^^^^^^^^^^^  ^^^^^^^^^
[INFO] [stdout] 
[INFO] [stdout] 
[INFO] [stdout] warning: unused import: `sqlx::Any`
[INFO] [stdout]  --> src/mapper.rs:6:5
[INFO] [stdout]   |
[INFO] [stdout] 6 | use sqlx::Any;
[INFO] [stdout]   |     ^^^^^^^^^
[INFO] [stdout] 
[INFO] [stdout] 
[INFO] [stdout] warning: unused import: `sqlx::any::AnyRow`
[INFO] [stdout]  --> src/mapper.rs:8:5
[INFO] [stdout]   |
[INFO] [stdout] 8 | use sqlx::any::AnyRow;
[INFO] [stdout]   |     ^^^^^^^^^^^^^^^^^
[INFO] [stdout] 
[INFO] [stdout] 
[INFO] [stdout] warning: unused import: `sqlx::Executor`
[INFO] [stdout]  --> src/mapper.rs:9:5
[INFO] [stdout]   |
[INFO] [stdout] 9 | use sqlx::Executor;
[INFO] [stdout]   |     ^^^^^^^^^^^^^^
[INFO] [stdout] 
[INFO] [stdout] 
[INFO] [stdout] warning: unused import: `Entity`
[INFO] [stdout]   --> src/transaction.rs:13:5
[INFO] [stdout]    |
[INFO] [stdout] 13 |     Entity, Location, Mutation, Primary, SelectedEntity, Selection, WriteCommand,
[INFO] [stdout]    |     ^^^^^^
[INFO] [stdout] 
[INFO] [stdout] 
[INFO] [stdout] warning: unused import: `Location`
[INFO] [stdout]   --> src/transaction.rs:13:13
[INFO] [stdout]    |
[INFO] [stdout] 13 |     Entity, Location, Mutation, Primary, SelectedEntity, Selection, WriteCommand,
[INFO] [stdout]    |             ^^^^^^^^
[INFO] [stdout] 
[INFO] [stdout] 
[INFO] [stdout] warning: unused import: `Mutation`
[INFO] [stdout]   --> src/transaction.rs:13:23
[INFO] [stdout]    |
[INFO] [stdout] 13 |     Entity, Location, Mutation, Primary, SelectedEntity, Selection, WriteCommand,
[INFO] [stdout]    |                       ^^^^^^^^
[INFO] [stdout] 
[INFO] [stdout] 
[INFO] [stdout] warning: unused import: `Location`
[INFO] [stdout]   --> src/transaction.rs:13:13
[INFO] [stdout]    |
[INFO] [stdout] 13 |     Entity, Location, Mutation, Primary, SelectedEntity, Selection, WriteCommand,
[INFO] [stdout]    |             ^^^^^^^^
[INFO] [stdout] 
[INFO] [stdout] 
[INFO] [stdout] warning: unused import: `Mutation`
[INFO] [stdout]   --> src/transaction.rs:13:23
[INFO] [stdout]    |
[INFO] [stdout] 13 |     Entity, Location, Mutation, Primary, SelectedEntity, Selection, WriteCommand,
[INFO] [stdout]    |                       ^^^^^^^^
[INFO] [stdout] 
[INFO] [stdout] 
[INFO] [stdout] warning: unused variable: `order_by`
[INFO] [stdout]    --> src/sql_generator.rs:261:9
[INFO] [stdout]     |
[INFO] [stdout] 261 |         order_by: Option<&dyn OrderBy>,
[INFO] [stdout]     |         ^^^^^^^^ help: if this is intentional, prefix it with an underscore: `_order_by`
[INFO] [stdout]     |
[INFO] [stdout]     = note: `#[warn(unused_variables)]` on by default
[INFO] [stdout] 
[INFO] [stdout] 
[INFO] [stdout] warning: unused variable: `page`
[INFO] [stdout]    --> src/sql_generator.rs:263:9
[INFO] [stdout]     |
[INFO] [stdout] 263 |         page: &Pagination,
[INFO] [stdout]     |         ^^^^ help: if this is intentional, prefix it with an underscore: `_page`
[INFO] [stdout] 
[INFO] [stdout] 
[INFO] [stdout] warning: unused variable: `order_by`
[INFO] [stdout]    --> src/sql_generator.rs:261:9
[INFO] [stdout]     |
[INFO] [stdout] 261 |         order_by: Option<&dyn OrderBy>,
[INFO] [stdout]     |         ^^^^^^^^ help: if this is intentional, prefix it with an underscore: `_order_by`
[INFO] [stdout]     |
[INFO] [stdout]     = note: `#[warn(unused_variables)]` on by default
[INFO] [stdout] 
[INFO] [stdout] 
[INFO] [stdout] warning: unused variable: `page`
[INFO] [stdout]    --> src/sql_generator.rs:263:9
[INFO] [stdout]     |
[INFO] [stdout] 263 |         page: &Pagination,
[INFO] [stdout]     |         ^^^^ help: if this is intentional, prefix it with an underscore: `_page`
[INFO] [stdout] 
[INFO] [stdout] 
[INFO] [stdout] warning: unused import: `setup_database::*`
[INFO] [stdout]  --> tests/common/mod.rs:7:9
[INFO] [stdout]   |
[INFO] [stdout] 7 | pub use setup_database::*;
[INFO] [stdout]   |         ^^^^^^^^^^^^^^^^^
[INFO] [stdout]   |
[INFO] [stdout]   = note: `#[warn(unused_imports)]` on by default
[INFO] [stdout] 
[INFO] [stdout] 
[INFO] [stdout] warning: unused import: `tracing::debug`
[INFO] [stdout]  --> tests/create.rs:9:5
[INFO] [stdout]   |
[INFO] [stdout] 9 | use tracing::debug;
[INFO] [stdout]   |     ^^^^^^^^^^^^^^
[INFO] [stdout]   |
[INFO] [stdout]   = note: `#[warn(unused_imports)]` on by default
[INFO] [stdout] 
[INFO] [stdout] 
[INFO] [stdout] warning: unused import: `logger::setup_logger`
[INFO] [stdout]  --> tests/common/mod.rs:6:9
[INFO] [stdout]   |
[INFO] [stdout] 6 | pub use logger::setup_logger;
[INFO] [stdout]   |         ^^^^^^^^^^^^^^^^^^^^
[INFO] [stdout]   |
[INFO] [stdout]   = note: `#[warn(unused_imports)]` on by default
[INFO] [stdout] 
[INFO] [stdout] 
[INFO] [stdout] warning: unused import: `setup_database::*`
[INFO] [stdout]  --> tests/common/mod.rs:7:9
[INFO] [stdout]   |
[INFO] [stdout] 7 | pub use setup_database::*;
[INFO] [stdout]   |         ^^^^^^^^^^^^^^^^^
[INFO] [stdout] 
[INFO] [stdout] 
[INFO] [stdout] warning: unused import: `logger::setup_logger`
[INFO] [stdout]  --> tests/common/mod.rs:6:9
[INFO] [stdout]   |
[INFO] [stdout] 6 | pub use logger::setup_logger;
[INFO] [stdout]   |         ^^^^^^^^^^^^^^^^^^^^
[INFO] [stdout]   |
[INFO] [stdout]   = note: `#[warn(unused_imports)]` on by default
[INFO] [stdout] 
[INFO] [stdout] 
[INFO] [stdout] warning: unused import: `setup_database::*`
[INFO] [stdout]  --> tests/common/mod.rs:7:9
[INFO] [stdout]   |
[INFO] [stdout] 7 | pub use setup_database::*;
[INFO] [stdout]   |         ^^^^^^^^^^^^^^^^^
[INFO] [stdout] 
[INFO] [stdout] 
[INFO] [stdout] warning: unused import: `tracing::debug`
[INFO] [stdout]  --> tests/insert.rs:9:5
[INFO] [stdout]   |
[INFO] [stdout] 9 | use tracing::debug;
[INFO] [stdout]   |     ^^^^^^^^^^^^^^
[INFO] [stdout]   |
[INFO] [stdout]   = note: `#[warn(unused_imports)]` on by default
[INFO] [stdout] 
[INFO] [stdout] 
[INFO] [stdout] warning: unused import: `sqlx::sqlx_macros`
[INFO] [stdout]   --> tests/location.rs:12:5
[INFO] [stdout]    |
[INFO] [stdout] 12 | use sqlx::sqlx_macros;
[INFO] [stdout]    |     ^^^^^^^^^^^^^^^^^
[INFO] [stdout]    |
[INFO] [stdout]    = note: `#[warn(unused_imports)]` on by default
[INFO] [stdout] 
[INFO] [stdout] 
[INFO] [stdout] warning: unused import: `luna_orm::LunaOrmResult`
[INFO] [stdout]  --> tests/joined_test.rs:2:5
[INFO] [stdout]   |
[INFO] [stdout] 2 | use luna_orm::LunaOrmResult;
[INFO] [stdout]   |     ^^^^^^^^^^^^^^^^^^^^^^^
[INFO] [stdout]   |
[INFO] [stdout]   = note: `#[warn(unused_imports)]` on by default
[INFO] [stdout] 
[INFO] [stdout] 
[INFO] [stdout] warning: unused variable: `timer`
[INFO] [stdout]  --> tests/timer.rs:8:9
[INFO] [stdout]   |
[INFO] [stdout] 8 |     let timer = Timer::new("hello");
[INFO] [stdout]   |         ^^^^^ help: if this is intentional, prefix it with an underscore: `_timer`
[INFO] [stdout]   |
[INFO] [stdout]   = note: `#[warn(unused_variables)]` on by default
[INFO] [stdout] 
[INFO] [stdout] 
[INFO] [stdout] warning: unused variable: `timer`
[INFO] [stdout]   --> tests/timer.rs:14:9
[INFO] [stdout]    |
[INFO] [stdout] 14 |     let timer = Timer::new("hello".to_string());
[INFO] [stdout]    |         ^^^^^ help: if this is intentional, prefix it with an underscore: `_timer`
[INFO] [stdout] 
[INFO] [stdout] 
[INFO] [stdout] warning: unused import: `logger::setup_logger`
[INFO] [stdout]  --> tests/common/mod.rs:6:9
[INFO] [stdout]   |
[INFO] [stdout] 6 | pub use logger::setup_logger;
[INFO] [stdout]   |         ^^^^^^^^^^^^^^^^^^^^
[INFO] [stdout]   |
[INFO] [stdout]   = note: `#[warn(unused_imports)]` on by default
[INFO] [stdout] 
[INFO] [stdout] 
[INFO] [stdout] warning: unused import: `setup_database::*`
[INFO] [stdout]  --> tests/common/mod.rs:7:9
[INFO] [stdout]   |
[INFO] [stdout] 7 | pub use setup_database::*;
[INFO] [stdout]   |         ^^^^^^^^^^^^^^^^^
[INFO] [stdout] 
[INFO] [stdout] 
[INFO] [stdout] warning: static `GLOBAL_TEST_MUTEX` is never used
[INFO] [stdout]  --> tests/common/mutex.rs:5:8
[INFO] [stdout]   |
[INFO] [stdout] 5 | static GLOBAL_TEST_MUTEX: OnceLock<Arc<Mutex<()>>> = OnceLock::new();
[INFO] [stdout]   |        ^^^^^^^^^^^^^^^^^
[INFO] [stdout]   |
[INFO] [stdout]   = note: `#[warn(dead_code)]` on by default
[INFO] [stdout] 
[INFO] [stdout] 
[INFO] [stdout] warning: function `get_test_mutex` is never used
[INFO] [stdout]  --> tests/common/mutex.rs:7:8
[INFO] [stdout]   |
[INFO] [stdout] 7 | pub fn get_test_mutex() -> &'static Arc<Mutex<()>> {
[INFO] [stdout]   |        ^^^^^^^^^^^^^^
[INFO] [stdout] 
[INFO] [stdout] 
[INFO] [stdout] warning: function `setup_database` is never used
[INFO] [stdout]  --> tests/common/setup_database.rs:4:14
[INFO] [stdout]   |
[INFO] [stdout] 4 | pub async fn setup_database() -> LunaOrmResult<DB<SqliteDatabase>> {
[INFO] [stdout]   |              ^^^^^^^^^^^^^^
[INFO] [stdout] 
[INFO] [stdout] 
[INFO] [stdout] warning: function `create_table` is never used
[INFO] [stdout]   --> tests/common/setup_database.rs:17:14
[INFO] [stdout]    |
[INFO] [stdout] 17 | pub async fn create_table<T>(
[INFO] [stdout]    |              ^^^^^^^^^^^^
[INFO] [stdout] 
[INFO] [stdout] 
[INFO] [stdout] warning: static variable `logger_setup` should have an upper case name
[INFO] [stdout]  --> tests/common/logger.rs:3:8
[INFO] [stdout]   |
[INFO] [stdout] 3 | static logger_setup: OnceLock<bool> = OnceLock::new();
[INFO] [stdout]   |        ^^^^^^^^^^^^ help: convert the identifier to upper case: `LOGGER_SETUP`
[INFO] [stdout]   |
[INFO] [stdout]   = note: `#[warn(non_upper_case_globals)]` on by default
[INFO] [stdout] 
[INFO] [stdout] 
[INFO] [stdout] warning: field `pool` is never read
[INFO] [stdout]   --> tests/mapper_test.rs:45:5
[INFO] [stdout]    |
[INFO] [stdout] 44 | pub struct HelloMapperImpl {
[INFO] [stdout]    |            --------------- field in this struct
[INFO] [stdout] 45 |     pool: AnyPool,
[INFO] [stdout]    |     ^^^^
[INFO] [stdout]    |
[INFO] [stdout]    = note: `#[warn(dead_code)]` on by default
[INFO] [stdout] 
[INFO] [stdout] 
[INFO] [stdout] warning: unused variable: `test_lock`
[INFO] [stdout]   --> tests/create.rs:24:9
[INFO] [stdout]    |
[INFO] [stdout] 24 |     let test_lock = test_mutex.lock();
[INFO] [stdout]    |         ^^^^^^^^^ help: if this is intentional, prefix it with an underscore: `_test_lock`
[INFO] [stdout]    |
[INFO] [stdout]    = note: `#[warn(unused_variables)]` on by default
[INFO] [stdout] 
[INFO] [stdout] 
[INFO] [stdout] warning: unused variable: `result`
[INFO] [stdout]   --> tests/create.rs:36:9
[INFO] [stdout]    |
[INFO] [stdout] 36 |     let result = db.create(&mut entity).await?;
[INFO] [stdout]    |         ^^^^^^ help: if this is intentional, prefix it with an underscore: `_result`
[INFO] [stdout] 
[INFO] [stdout] 
[INFO] [stdout] warning: unused variable: `entities`
[INFO] [stdout]   --> tests/create.rs:46:9
[INFO] [stdout]    |
[INFO] [stdout] 46 |     let entities: Vec<UserSelectedEntity> = trx.search_all(&selection).await?;
[INFO] [stdout]    |         ^^^^^^^^ help: if this is intentional, prefix it with an underscore: `_entities`
[INFO] [stdout] 
[INFO] [stdout] 
[INFO] [stdout] warning: unused variable: `test_lock`
[INFO] [stdout]   --> tests/insert.rs:24:9
[INFO] [stdout]    |
[INFO] [stdout] 24 |     let test_lock = test_mutex.lock();
[INFO] [stdout]    |         ^^^^^^^^^ help: if this is intentional, prefix it with an underscore: `_test_lock`
[INFO] [stdout]    |
[INFO] [stdout]    = note: `#[warn(unused_variables)]` on by default
[INFO] [stdout] 
[INFO] [stdout] 
[INFO] [stdout] warning: unused variable: `test_lock`
[INFO] [stdout]    --> tests/database_test.rs:162:9
[INFO] [stdout]     |
[INFO] [stdout] 162 |     let test_lock = test_mutex.lock();
[INFO] [stdout]     |         ^^^^^^^^^ help: if this is intentional, prefix it with an underscore: `_test_lock`
[INFO] [stdout]     |
[INFO] [stdout]     = note: `#[warn(unused_variables)]` on by default
[INFO] [stdout] 
[INFO] [stdout] 
[INFO] [stdout] warning: static variable `logger_setup` should have an upper case name
[INFO] [stdout]  --> tests/common/logger.rs:3:8
[INFO] [stdout]   |
[INFO] [stdout] 3 | static logger_setup: OnceLock<bool> = OnceLock::new();
[INFO] [stdout]   |        ^^^^^^^^^^^^ help: convert the identifier to upper case: `LOGGER_SETUP`
[INFO] [stdout]   |
[INFO] [stdout]   = note: `#[warn(non_upper_case_globals)]` on by default
[INFO] [stdout] 
[INFO] [stdout] 
[INFO] [stdout] warning: static variable `logger_setup` should have an upper case name
[INFO] [stdout]  --> tests/common/logger.rs:3:8
[INFO] [stdout]   |
[INFO] [stdout] 3 | static logger_setup: OnceLock<bool> = OnceLock::new();
[INFO] [stdout]   |        ^^^^^^^^^^^^ help: convert the identifier to upper case: `LOGGER_SETUP`
[INFO] [stdout]   |
[INFO] [stdout]   = note: `#[warn(non_upper_case_globals)]` on by default
[INFO] [stdout] 
[INFO] [stdout] 
[INFO] [stdout] warning: variable does not need to be mutable
[INFO] [stdout]    --> tests/database_test.rs:164:9
[INFO] [stdout]     |
[INFO] [stdout] 164 |     let mut db: SqliteDatabase = SqliteDatabase::build(config).await.unwrap();
[INFO] [stdout]     |         ----^^
[INFO] [stdout]     |         |
[INFO] [stdout]     |         help: remove this `mut`
[INFO] [stdout]     |
[INFO] [stdout]     = note: `#[warn(unused_mut)]` on by default
[INFO] [stdout] 
[INFO] [stdout] 
[INFO] [stdout] warning: unused variable: `test_lock`
[INFO] [stdout]   --> tests/transaction_test.rs:68:9
[INFO] [stdout]    |
[INFO] [stdout] 68 |     let test_lock = test_mutex.lock();
[INFO] [stdout]    |         ^^^^^^^^^ help: if this is intentional, prefix it with an underscore: `_test_lock`
[INFO] [stdout]    |
[INFO] [stdout]    = note: `#[warn(unused_variables)]` on by default
[INFO] [stdout] 
[INFO] [stdout] 
[INFO] [stdout] warning: static `logger_setup` is never used
[INFO] [stdout]  --> tests/common/logger.rs:3:8
[INFO] [stdout]   |
[INFO] [stdout] 3 | static logger_setup: OnceLock<bool> = OnceLock::new();
[INFO] [stdout]   |        ^^^^^^^^^^^^
[INFO] [stdout]   |
[INFO] [stdout]   = note: `#[warn(dead_code)]` on by default
[INFO] [stdout] 
[INFO] [stdout] 
[INFO] [stdout] warning: function `setup_logger` is never used
[INFO] [stdout]  --> tests/common/logger.rs:5:8
[INFO] [stdout]   |
[INFO] [stdout] 5 | pub fn setup_logger() {
[INFO] [stdout]   |        ^^^^^^^^^^^^
[INFO] [stdout] 
[INFO] [stdout] 
[INFO] [stdout] warning: function `setup_database` is never used
[INFO] [stdout]  --> tests/common/setup_database.rs:4:14
[INFO] [stdout]   |
[INFO] [stdout] 4 | pub async fn setup_database() -> LunaOrmResult<DB<SqliteDatabase>> {
[INFO] [stdout]   |              ^^^^^^^^^^^^^^
[INFO] [stdout] 
[INFO] [stdout] 
[INFO] [stdout] warning: function `create_table` is never used
[INFO] [stdout]   --> tests/common/setup_database.rs:17:14
[INFO] [stdout]    |
[INFO] [stdout] 17 | pub async fn create_table<T>(
[INFO] [stdout]    |              ^^^^^^^^^^^^
[INFO] [stdout] 
[INFO] [stdout] 
[INFO] [stdout] warning: static variable `logger_setup` should have an upper case name
[INFO] [stdout]  --> tests/common/logger.rs:3:8
[INFO] [stdout]   |
[INFO] [stdout] 3 | static logger_setup: OnceLock<bool> = OnceLock::new();
[INFO] [stdout]   |        ^^^^^^^^^^^^ help: convert the identifier to upper case: `LOGGER_SETUP`
[INFO] [stdout]   |
[INFO] [stdout]   = note: `#[warn(non_upper_case_globals)]` on by default
[INFO] [stdout] 
[INFO] [stdout] 
[INFO] [stdout] warning: static `logger_setup` is never used
[INFO] [stdout]  --> tests/common/logger.rs:3:8
[INFO] [stdout]   |
[INFO] [stdout] 3 | static logger_setup: OnceLock<bool> = OnceLock::new();
[INFO] [stdout]   |        ^^^^^^^^^^^^
[INFO] [stdout]   |
[INFO] [stdout]   = note: `#[warn(dead_code)]` on by default
[INFO] [stdout] 
[INFO] [stdout] 
[INFO] [stdout] warning: function `setup_logger` is never used
[INFO] [stdout]  --> tests/common/logger.rs:5:8
[INFO] [stdout]   |
[INFO] [stdout] 5 | pub fn setup_logger() {
[INFO] [stdout]   |        ^^^^^^^^^^^^
[INFO] [stdout] 
[INFO] [stdout] 
[INFO] [stdout] warning: function `setup_database` is never used
[INFO] [stdout]  --> tests/common/setup_database.rs:4:14
[INFO] [stdout]   |
[INFO] [stdout] 4 | pub async fn setup_database() -> LunaOrmResult<DB<SqliteDatabase>> {
[INFO] [stdout]   |              ^^^^^^^^^^^^^^
[INFO] [stdout] 
[INFO] [stdout] 
[INFO] [stdout] warning: function `create_table` is never used
[INFO] [stdout]   --> tests/common/setup_database.rs:17:14
[INFO] [stdout]    |
[INFO] [stdout] 17 | pub async fn create_table<T>(
[INFO] [stdout]    |              ^^^^^^^^^^^^
[INFO] [stdout] 
[INFO] [stdout] 
[INFO] [stdout] warning: static variable `logger_setup` should have an upper case name
[INFO] [stdout]  --> tests/common/logger.rs:3:8
[INFO] [stdout]   |
[INFO] [stdout] 3 | static logger_setup: OnceLock<bool> = OnceLock::new();
[INFO] [stdout]   |        ^^^^^^^^^^^^ help: convert the identifier to upper case: `LOGGER_SETUP`
[INFO] [stdout]   |
[INFO] [stdout]   = note: `#[warn(non_upper_case_globals)]` on by default
[INFO] [stdout] 
[INFO] [stdout] 
[INFO] [stdout] warning: unused variable: `test_lock`
[INFO] [stdout]    --> tests/schema_test.rs:178:9
[INFO] [stdout]     |
[INFO] [stdout] 178 |     let test_lock = test_mutex.lock();
[INFO] [stdout]     |         ^^^^^^^^^ help: if this is intentional, prefix it with an underscore: `_test_lock`
[INFO] [stdout]     |
[INFO] [stdout]     = note: `#[warn(unused_variables)]` on by default
[INFO] [stdout] 
[INFO] [stdout] 
[INFO] [stdout] warning: variable does not need to be mutable
[INFO] [stdout]    --> tests/schema_test.rs:183:9
[INFO] [stdout]     |
[INFO] [stdout] 183 |     let mut db: SqliteDatabase = SqliteDatabase::build(config).await.unwrap();
[INFO] [stdout]     |         ----^^
[INFO] [stdout]     |         |
[INFO] [stdout]     |         help: remove this `mut`
[INFO] [stdout]     |
[INFO] [stdout]     = note: `#[warn(unused_mut)]` on by default
[INFO] [stdout] 
[INFO] [stdout] 
[INFO] [stdout] warning: static `logger_setup` is never used
[INFO] [stdout]  --> tests/common/logger.rs:3:8
[INFO] [stdout]   |
[INFO] [stdout] 3 | static logger_setup: OnceLock<bool> = OnceLock::new();
[INFO] [stdout]   |        ^^^^^^^^^^^^
[INFO] [stdout]   |
[INFO] [stdout]   = note: `#[warn(dead_code)]` on by default
[INFO] [stdout] 
[INFO] [stdout] 
[INFO] [stdout] warning: function `setup_logger` is never used
[INFO] [stdout]  --> tests/common/logger.rs:5:8
[INFO] [stdout]   |
[INFO] [stdout] 5 | pub fn setup_logger() {
[INFO] [stdout]   |        ^^^^^^^^^^^^
[INFO] [stdout] 
[INFO] [stdout] 
[INFO] [stdout] warning: function `setup_database` is never used
[INFO] [stdout]  --> tests/common/setup_database.rs:4:14
[INFO] [stdout]   |
[INFO] [stdout] 4 | pub async fn setup_database() -> LunaOrmResult<DB<SqliteDatabase>> {
[INFO] [stdout]   |              ^^^^^^^^^^^^^^
[INFO] [stdout] 
[INFO] [stdout] 
[INFO] [stdout] warning: function `create_table` is never used
[INFO] [stdout]   --> tests/common/setup_database.rs:17:14
[INFO] [stdout]    |
[INFO] [stdout] 17 | pub async fn create_table<T>(
[INFO] [stdout]    |              ^^^^^^^^^^^^
[INFO] [stdout] 
[INFO] [stdout] 
[INFO] [stdout] warning: static variable `logger_setup` should have an upper case name
[INFO] [stdout]  --> tests/common/logger.rs:3:8
[INFO] [stdout]   |
[INFO] [stdout] 3 | static logger_setup: OnceLock<bool> = OnceLock::new();
[INFO] [stdout]   |        ^^^^^^^^^^^^ help: convert the identifier to upper case: `LOGGER_SETUP`
[INFO] [stdout]   |
[INFO] [stdout]   = note: `#[warn(non_upper_case_globals)]` on by default
[INFO] [stdout] 
[INFO] [stdout] 
[INFO] [stderr]     Finished `test` profile [unoptimized + debuginfo] target(s) in 13.84s
[INFO] running `Command { std: "docker" "inspect" "7e4251af846321d18bea9adc93c4c0cfe92ba57a8c20ccd7ecc168ada1b0cebd", kill_on_drop: false }`
[INFO] running `Command { std: "docker" "rm" "-f" "7e4251af846321d18bea9adc93c4c0cfe92ba57a8c20ccd7ecc168ada1b0cebd", kill_on_drop: false }`
[INFO] [stdout] 7e4251af846321d18bea9adc93c4c0cfe92ba57a8c20ccd7ecc168ada1b0cebd
[INFO] running `Command { std: "docker" "create" "-v" "/var/lib/crater-agent-workspace/builds/worker-6-tc2/target:/opt/rustwide/target:rw,Z" "-v" "/var/lib/crater-agent-workspace/builds/worker-6-tc2/source:/opt/rustwide/workdir:ro,Z" "-v" "/var/lib/crater-agent-workspace/cargo-home:/opt/rustwide/cargo-home:ro,Z" "-v" "/var/lib/crater-agent-workspace/rustup-home:/opt/rustwide/rustup-home:ro,Z" "-e" "SOURCE_DIR=/opt/rustwide/workdir" "-e" "CARGO_TARGET_DIR=/opt/rustwide/target" "-e" "CARGO_INCREMENTAL=0" "-e" "RUST_BACKTRACE=full" "-e" "RUSTFLAGS=--cap-lints=forbid -Zrandomize-layout" "-e" "RUSTDOCFLAGS=--cap-lints=forbid" "-e" "CARGO_HOME=/opt/rustwide/cargo-home" "-e" "RUSTUP_HOME=/opt/rustwide/rustup-home" "-w" "/opt/rustwide/workdir" "-m" "1610612736" "--user" "0:0" "--network" "none" "ghcr.io/rust-lang/crates-build-env/linux@sha256:4a844ea9eb2546a2d2c7022eacef16ef2e8229c7fbb2c7d4d55a9ceca922f72d" "/opt/rustwide/cargo-home/bin/cargo" "+nightly-2024-10-28" "test" "--frozen", kill_on_drop: false }`
[INFO] [stdout] e2e3d81e6eb7342c8045768cfd9479b133ce0c0834e556cd59adcf4d71fb4de0
[INFO] running `Command { std: "docker" "start" "-a" "e2e3d81e6eb7342c8045768cfd9479b133ce0c0834e556cd59adcf4d71fb4de0", kill_on_drop: false }`
[INFO] [stderr] warning: unused import: `instrument`
[INFO] [stderr]  --> src/command_executor.rs:9:22
[INFO] [stderr]   |
[INFO] [stderr] 9 | use tracing::{debug, instrument};
[INFO] [stderr]   |                      ^^^^^^^^^^
[INFO] [stderr]   |
[INFO] [stderr]   = note: `#[warn(unused_imports)]` on by default
[INFO] [stderr] 
[INFO] [stderr] warning: unused import: `sqlx::any::AnyPoolOptions`
[INFO] [stderr]  --> src/database/sqlite.rs:8:5
[INFO] [stderr]   |
[INFO] [stderr] 8 | use sqlx::any::AnyPoolOptions;
[INFO] [stderr]   |     ^^^^^^^^^^^^^^^^^^^^^^^^^
[INFO] [stderr] 
[INFO] [stderr] warning: unused import: `luna_orm_trait::SelectedEntity`
[INFO] [stderr]   --> src/database/sqlite.rs:21:5
[INFO] [stderr]    |
[INFO] [stderr] 21 | use luna_orm_trait::SelectedEntity;
[INFO] [stderr]    |     ^^^^^^^^^^^^^^^^^^^^^^^^^^^^^^
[INFO] [stderr] 
[INFO] [stderr] warning: unused import: `sqlx::any::AnyArguments`
[INFO] [stderr]   --> src/database/sqlite.rs:22:5
[INFO] [stderr]    |
[INFO] [stderr] 22 | use sqlx::any::AnyArguments;
[INFO] [stderr]    |     ^^^^^^^^^^^^^^^^^^^^^^^
[INFO] [stderr] 
[INFO] [stderr] warning: unused import: `sqlx::any::AnyRow`
[INFO] [stderr]   --> src/database/sqlite.rs:23:5
[INFO] [stderr]    |
[INFO] [stderr] 23 | use sqlx::any::AnyRow;
[INFO] [stderr]    |     ^^^^^^^^^^^^^^^^^
[INFO] [stderr] 
[INFO] [stderr] warning: unused import: `luna_orm_trait::SqlxError`
[INFO] [stderr]  --> src/mapper.rs:2:5
[INFO] [stderr]   |
[INFO] [stderr] 2 | use luna_orm_trait::SqlxError;
[INFO] [stderr]   |     ^^^^^^^^^^^^^^^^^^^^^^^^^
[INFO] [stderr] 
[INFO] [stderr] warning: unused imports: `Entity`, `Location`, `Mutation`, `PageInfo`, `PagedList`, `Primary`, `SelectedEntity`, and `Selection`
[INFO] [stderr]  --> src/mapper.rs:4:5
[INFO] [stderr]   |
[INFO] [stderr] 4 |     Entity, Location, Mutation, PageInfo, PagedList, Primary, SelectedEntity, Selection,
[INFO] [stderr]   |     ^^^^^^  ^^^^^^^^  ^^^^^^^^  ^^^^^^^^  ^^^^^^^^^  ^^^^^^^  ^^^^^^^^^^^^^^  ^^^^^^^^^
[INFO] [stderr] 
[INFO] [stderr] warning: unused import: `sqlx::Any`
[INFO] [stderr]  --> src/mapper.rs:6:5
[INFO] [stderr]   |
[INFO] [stderr] 6 | use sqlx::Any;
[INFO] [stderr]   |     ^^^^^^^^^
[INFO] [stderr] 
[INFO] [stderr] warning: unused import: `sqlx::any::AnyRow`
[INFO] [stderr]  --> src/mapper.rs:8:5
[INFO] [stderr]   |
[INFO] [stderr] 8 | use sqlx::any::AnyRow;
[INFO] [stderr]   |     ^^^^^^^^^^^^^^^^^
[INFO] [stderr] 
[INFO] [stderr] warning: unused import: `sqlx::Executor`
[INFO] [stderr]  --> src/mapper.rs:9:5
[INFO] [stderr]   |
[INFO] [stderr] 9 | use sqlx::Executor;
[INFO] [stderr]   |     ^^^^^^^^^^^^^^
[INFO] [stderr] 
[INFO] [stderr] warning: unused import: `Entity`
[INFO] [stderr]   --> src/transaction.rs:13:5
[INFO] [stderr]    |
[INFO] [stderr] 13 |     Entity, Location, Mutation, Primary, SelectedEntity, Selection, WriteCommand,
[INFO] [stderr]    |     ^^^^^^
[INFO] [stderr] 
[INFO] [stderr] warning: unused import: `Location`
[INFO] [stderr]   --> src/transaction.rs:13:13
[INFO] [stderr]    |
[INFO] [stderr] 13 |     Entity, Location, Mutation, Primary, SelectedEntity, Selection, WriteCommand,
[INFO] [stderr]    |             ^^^^^^^^
[INFO] [stderr] 
[INFO] [stderr] warning: unused import: `Mutation`
[INFO] [stderr]   --> src/transaction.rs:13:23
[INFO] [stderr]    |
[INFO] [stderr] 13 |     Entity, Location, Mutation, Primary, SelectedEntity, Selection, WriteCommand,
[INFO] [stderr]    |                       ^^^^^^^^
[INFO] [stderr] 
[INFO] [stderr] warning: unused variable: `order_by`
[INFO] [stderr]    --> src/sql_generator.rs:261:9
[INFO] [stderr]     |
[INFO] [stderr] 261 |         order_by: Option<&dyn OrderBy>,
[INFO] [stderr]     |         ^^^^^^^^ help: if this is intentional, prefix it with an underscore: `_order_by`
[INFO] [stderr]     |
[INFO] [stderr]     = note: `#[warn(unused_variables)]` on by default
[INFO] [stderr] 
[INFO] [stderr] warning: unused variable: `page`
[INFO] [stderr]    --> src/sql_generator.rs:263:9
[INFO] [stderr]     |
[INFO] [stderr] 263 |         page: &Pagination,
[INFO] [stderr]     |         ^^^^ help: if this is intentional, prefix it with an underscore: `_page`
[INFO] [stderr] 
[INFO] [stderr] warning: `luna-orm` (lib) generated 15 warnings (run `cargo fix --lib -p luna-orm` to apply 11 suggestions)
[INFO] [stderr] warning: `luna-orm` (lib test) generated 15 warnings (15 duplicates)
[INFO] [stderr] warning: unused import: `logger::setup_logger`
[INFO] [stderr]  --> tests/common/mod.rs:6:9
[INFO] [stderr]   |
[INFO] [stderr] 6 | pub use logger::setup_logger;
[INFO] [stderr]   |         ^^^^^^^^^^^^^^^^^^^^
[INFO] [stderr]   |
[INFO] [stderr]   = note: `#[warn(unused_imports)]` on by default
[INFO] [stderr] 
[INFO] [stderr] warning: unused import: `setup_database::*`
[INFO] [stderr]  --> tests/common/mod.rs:7:9
[INFO] [stderr]   |
[INFO] [stderr] 7 | pub use setup_database::*;
[INFO] [stderr]   |         ^^^^^^^^^^^^^^^^^
[INFO] [stderr] 
[INFO] [stderr] warning: unused variable: `test_lock`
[INFO] [stderr]    --> tests/database_test.rs:162:9
[INFO] [stderr]     |
[INFO] [stderr] 162 |     let test_lock = test_mutex.lock();
[INFO] [stderr]     |         ^^^^^^^^^ help: if this is intentional, prefix it with an underscore: `_test_lock`
[INFO] [stderr]     |
[INFO] [stderr]     = note: `#[warn(unused_variables)]` on by default
[INFO] [stderr] 
[INFO] [stderr] warning: variable does not need to be mutable
[INFO] [stderr]    --> tests/database_test.rs:164:9
[INFO] [stderr]     |
[INFO] [stderr] 164 |     let mut db: SqliteDatabase = SqliteDatabase::build(config).await.unwrap();
[INFO] [stderr]     |         ----^^
[INFO] [stderr]     |         |
[INFO] [stderr]     |         help: remove this `mut`
[INFO] [stderr]     |
[INFO] [stderr]     = note: `#[warn(unused_mut)]` on by default
[INFO] [stderr] 
[INFO] [stderr] warning: static `logger_setup` is never used
[INFO] [stderr]  --> tests/common/logger.rs:3:8
[INFO] [stderr]   |
[INFO] [stderr] 3 | static logger_setup: OnceLock<bool> = OnceLock::new();
[INFO] [stderr]   |        ^^^^^^^^^^^^
[INFO] [stderr]   |
[INFO] [stderr]   = note: `#[warn(dead_code)]` on by default
[INFO] [stderr] 
[INFO] [stderr] warning: function `setup_logger` is never used
[INFO] [stderr]  --> tests/common/logger.rs:5:8
[INFO] [stderr]   |
[INFO] [stderr] 5 | pub fn setup_logger() {
[INFO] [stderr]   |        ^^^^^^^^^^^^
[INFO] [stderr] 
[INFO] [stderr] warning: function `setup_database` is never used
[INFO] [stderr]  --> tests/common/setup_database.rs:4:14
[INFO] [stderr]   |
[INFO] [stderr] 4 | pub async fn setup_database() -> LunaOrmResult<DB<SqliteDatabase>> {
[INFO] [stderr]   |              ^^^^^^^^^^^^^^
[INFO] [stderr] 
[INFO] [stderr] warning: function `create_table` is never used
[INFO] [stderr]   --> tests/common/setup_database.rs:17:14
[INFO] [stderr]    |
[INFO] [stderr] 17 | pub async fn create_table<T>(
[INFO] [stderr]    |              ^^^^^^^^^^^^
[INFO] [stderr] 
[INFO] [stderr] warning: static variable `logger_setup` should have an upper case name
[INFO] [stderr]  --> tests/common/logger.rs:3:8
[INFO] [stderr]   |
[INFO] [stderr] 3 | static logger_setup: OnceLock<bool> = OnceLock::new();
[INFO] [stderr]   |        ^^^^^^^^^^^^ help: convert the identifier to upper case: `LOGGER_SETUP`
[INFO] [stderr]   |
[INFO] [stderr]   = note: `#[warn(non_upper_case_globals)]` on by default
[INFO] [stderr] 
[INFO] [stderr] warning: unused variable: `test_lock`
[INFO] [stderr]    --> tests/schema_test.rs:178:9
[INFO] [stderr]     |
[INFO] [stderr] 178 |     let test_lock = test_mutex.lock();
[INFO] [stderr]     |         ^^^^^^^^^ help: if this is intentional, prefix it with an underscore: `_test_lock`
[INFO] [stderr]     |
[INFO] [stderr]     = note: `#[warn(unused_variables)]` on by default
[INFO] [stderr] 
[INFO] [stderr] warning: variable does not need to be mutable
[INFO] [stderr]    --> tests/schema_test.rs:183:9
[INFO] [stderr]     |
[INFO] [stderr] 183 |     let mut db: SqliteDatabase = SqliteDatabase::build(config).await.unwrap();
[INFO] [stderr]     |         ----^^
[INFO] [stderr]     |         |
[INFO] [stderr]     |         help: remove this `mut`
[INFO] [stderr]     |
[INFO] [stderr]     = note: `#[warn(unused_mut)]` on by default
[INFO] [stderr] 
[INFO] [stderr] warning: unused variable: `test_lock`
[INFO] [stderr]   --> tests/transaction_test.rs:68:9
[INFO] [stderr]    |
[INFO] [stderr] 68 |     let test_lock = test_mutex.lock();
[INFO] [stderr]    |         ^^^^^^^^^ help: if this is intentional, prefix it with an underscore: `_test_lock`
[INFO] [stderr]    |
[INFO] [stderr]    = note: `#[warn(unused_variables)]` on by default
[INFO] [stderr] 
[INFO] [stderr] warning: unused import: `sqlx::sqlx_macros`
[INFO] [stderr]   --> tests/location.rs:12:5
[INFO] [stderr]    |
[INFO] [stderr] 12 | use sqlx::sqlx_macros;
[INFO] [stderr]    |     ^^^^^^^^^^^^^^^^^
[INFO] [stderr]    |
[INFO] [stderr]    = note: `#[warn(unused_imports)]` on by default
[INFO] [stderr] 
[INFO] [stderr] warning: unused import: `tracing::debug`
[INFO] [stderr]  --> tests/insert.rs:9:5
[INFO] [stderr]   |
[INFO] [stderr] 9 | use tracing::debug;
[INFO] [stderr]   |     ^^^^^^^^^^^^^^
[INFO] [stderr]   |
[INFO] [stderr]   = note: `#[warn(unused_imports)]` on by default
[INFO] [stderr] 
[INFO] [stderr] warning: unused variable: `test_lock`
[INFO] [stderr]   --> tests/insert.rs:24:9
[INFO] [stderr]    |
[INFO] [stderr] 24 |     let test_lock = test_mutex.lock();
[INFO] [stderr]    |         ^^^^^^^^^ help: if this is intentional, prefix it with an underscore: `_test_lock`
[INFO] [stderr]    |
[INFO] [stderr]    = note: `#[warn(unused_variables)]` on by default
[INFO] [stderr] 
[INFO] [stderr] warning: unused import: `luna_orm::LunaOrmResult`
[INFO] [stderr]  --> tests/joined_test.rs:2:5
[INFO] [stderr]   |
[INFO] [stderr] 2 | use luna_orm::LunaOrmResult;
[INFO] [stderr]   |     ^^^^^^^^^^^^^^^^^^^^^^^
[INFO] [stderr]   |
[INFO] [stderr]   = note: `#[warn(unused_imports)]` on by default
[INFO] [stderr] 
[INFO] [stderr] warning: unused import: `setup_database::*`
[INFO] [stderr]  --> tests/common/mod.rs:7:9
[INFO] [stderr]   |
[INFO] [stderr] 7 | pub use setup_database::*;
[INFO] [stderr]   |         ^^^^^^^^^^^^^^^^^
[INFO] [stderr]   |
[INFO] [stderr]   = note: `#[warn(unused_imports)]` on by default
[INFO] [stderr] 
[INFO] [stderr] warning: unused variable: `timer`
[INFO] [stderr]  --> tests/timer.rs:8:9
[INFO] [stderr]   |
[INFO] [stderr] 8 |     let timer = Timer::new("hello");
[INFO] [stderr]   |         ^^^^^ help: if this is intentional, prefix it with an underscore: `_timer`
[INFO] [stderr]   |
[INFO] [stderr]   = note: `#[warn(unused_variables)]` on by default
[INFO] [stderr] 
[INFO] [stderr] warning: unused variable: `timer`
[INFO] [stderr]   --> tests/timer.rs:14:9
[INFO] [stderr]    |
[INFO] [stderr] 14 |     let timer = Timer::new("hello".to_string());
[INFO] [stderr]    |         ^^^^^ help: if this is intentional, prefix it with an underscore: `_timer`
[INFO] [stderr] 
[INFO] [stderr] warning: static `GLOBAL_TEST_MUTEX` is never used
[INFO] [stderr]  --> tests/common/mutex.rs:5:8
[INFO] [stderr]   |
[INFO] [stderr] 5 | static GLOBAL_TEST_MUTEX: OnceLock<Arc<Mutex<()>>> = OnceLock::new();
[INFO] [stderr]   |        ^^^^^^^^^^^^^^^^^
[INFO] [stderr]   |
[INFO] [stderr]   = note: `#[warn(dead_code)]` on by default
[INFO] [stderr] 
[INFO] [stderr] warning: function `get_test_mutex` is never used
[INFO] [stderr]  --> tests/common/mutex.rs:7:8
[INFO] [stderr]   |
[INFO] [stderr] 7 | pub fn get_test_mutex() -> &'static Arc<Mutex<()>> {
[INFO] [stderr]   |        ^^^^^^^^^^^^^^
[INFO] [stderr] 
[INFO] [stderr] warning: unused import: `tracing::debug`
[INFO] [stderr]  --> tests/create.rs:9:5
[INFO] [stderr]   |
[INFO] [stderr] 9 | use tracing::debug;
[INFO] [stderr]   |     ^^^^^^^^^^^^^^
[INFO] [stderr]   |
[INFO] [stderr]   = note: `#[warn(unused_imports)]` on by default
[INFO] [stderr] 
[INFO] [stderr] warning: unused variable: `test_lock`
[INFO] [stderr]   --> tests/create.rs:24:9
[INFO] [stderr]    |
[INFO] [stderr] 24 |     let test_lock = test_mutex.lock();
[INFO] [stderr]    |         ^^^^^^^^^ help: if this is intentional, prefix it with an underscore: `_test_lock`
[INFO] [stderr]    |
[INFO] [stderr]    = note: `#[warn(unused_variables)]` on by default
[INFO] [stderr] 
[INFO] [stderr] warning: unused variable: `result`
[INFO] [stderr]   --> tests/create.rs:36:9
[INFO] [stderr]    |
[INFO] [stderr] 36 |     let result = db.create(&mut entity).await?;
[INFO] [stderr]    |         ^^^^^^ help: if this is intentional, prefix it with an underscore: `_result`
[INFO] [stderr] 
[INFO] [stderr] warning: unused variable: `entities`
[INFO] [stderr]   --> tests/create.rs:46:9
[INFO] [stderr]    |
[INFO] [stderr] 46 |     let entities: Vec<UserSelectedEntity> = trx.search_all(&selection).await?;
[INFO] [stderr]    |         ^^^^^^^^ help: if this is intentional, prefix it with an underscore: `_entities`
[INFO] [stderr] 
[INFO] [stderr] warning: field `pool` is never read
[INFO] [stderr]   --> tests/mapper_test.rs:45:5
[INFO] [stderr]    |
[INFO] [stderr] 44 | pub struct HelloMapperImpl {
[INFO] [stderr]    |            --------------- field in this struct
[INFO] [stderr] 45 |     pool: AnyPool,
[INFO] [stderr]    |     ^^^^
[INFO] [stderr]    |
[INFO] [stderr]    = note: `#[warn(dead_code)]` on by default
[INFO] [stderr] 
[INFO] [stderr] warning: `luna-orm` (test "database_test") generated 9 warnings (run `cargo fix --test "database_test"` to apply 3 suggestions)
[INFO] [stderr] warning: `luna-orm` (test "schema_test") generated 9 warnings (7 duplicates) (run `cargo fix --test "schema_test"` to apply 1 suggestion)
[INFO] [stderr] warning: `luna-orm` (test "transaction_test") generated 8 warnings (7 duplicates)
[INFO] [stderr] warning: `luna-orm` (test "location") generated 1 warning (run `cargo fix --test "location"` to apply 1 suggestion)
[INFO] [stderr] warning: `luna-orm` (test "insert") generated 3 warnings (1 duplicate) (run `cargo fix --test "insert"` to apply 1 suggestion)
[INFO] [stderr] warning: `luna-orm` (test "joined_test") generated 1 warning (run `cargo fix --test "joined_test"` to apply 1 suggestion)
[INFO] [stderr] warning: `luna-orm` (test "timer") generated 8 warnings (3 duplicates) (run `cargo fix --test "timer"` to apply 1 suggestion)
[INFO] [stderr] warning: `luna-orm` (test "create") generated 5 warnings (1 duplicate) (run `cargo fix --test "create"` to apply 1 suggestion)
[INFO] [stderr] warning: `luna-orm` (test "mapper_test") generated 1 warning
[INFO] [stderr]     Finished `test` profile [unoptimized + debuginfo] target(s) in 0.16s
[INFO] [stderr]      Running unittests src/lib.rs (/opt/rustwide/target/debug/deps/luna_orm-4ff9887df8887392)
[INFO] [stdout] 
[INFO] [stdout] running 0 tests
[INFO] [stdout] 
[INFO] [stdout] test result: ok. 0 passed; 0 failed; 0 ignored; 0 measured; 0 filtered out; finished in 0.00s
[INFO] [stdout] 
[INFO] [stderr]      Running tests/create.rs (/opt/rustwide/target/debug/deps/create-dfa2370742ac6749)
[INFO] [stdout] 
[INFO] [stdout] running 1 test
[INFO] [stdout] test test_create ... FAILED
[INFO] [stdout] 
[INFO] [stdout] failures:
[INFO] [stdout] 
[INFO] [stdout] ---- test_create stdout ----
[INFO] [stdout] thread 'test_create' panicked at tests/common/setup_database.rs:6:66:
[INFO] [stdout] called `Result::unwrap()` on an `Err` value: DatabaseInitFail("create dir fail")
[INFO] [stdout] stack backtrace:
[INFO] [stdout]    0:     0x5c683bb3175a - std::backtrace_rs::backtrace::libunwind::trace::h207520d6e9873551
[INFO] [stdout]                                at /rustc/df4ca44d3fbc9301ee17f30f4d474e6ae4b05252/library/std/src/../../backtrace/src/backtrace/libunwind.rs:116:5
[INFO] [stdout]    1:     0x5c683bb3175a - std::backtrace_rs::backtrace::trace_unsynchronized::h2ed7433f370e3eca
[INFO] [stdout]                                at /rustc/df4ca44d3fbc9301ee17f30f4d474e6ae4b05252/library/std/src/../../backtrace/src/backtrace/mod.rs:66:5
[INFO] [stdout]    2:     0x5c683bb3175a - std::sys::backtrace::_print_fmt::h916fac51166b18d7
[INFO] [stdout]                                at /rustc/df4ca44d3fbc9301ee17f30f4d474e6ae4b05252/library/std/src/sys/backtrace.rs:66:9
[INFO] [stdout]    3:     0x5c683bb3175a - <std::sys::backtrace::BacktraceLock::print::DisplayBacktrace as core::fmt::Display>::fmt::ha0a4c9b8ce3802e6
[INFO] [stdout]                                at /rustc/df4ca44d3fbc9301ee17f30f4d474e6ae4b05252/library/std/src/sys/backtrace.rs:39:26
[INFO] [stdout]    4:     0x5c683bb5d593 - core::fmt::rt::Argument::fmt::h4cfc8587d52b3eb5
[INFO] [stdout]                                at /rustc/df4ca44d3fbc9301ee17f30f4d474e6ae4b05252/library/core/src/fmt/rt.rs:177:76
[INFO] [stdout]    5:     0x5c683bb5d593 - core::fmt::write::h522cc39e5b36ae9f
[INFO] [stdout]                                at /rustc/df4ca44d3fbc9301ee17f30f4d474e6ae4b05252/library/core/src/fmt/mod.rs:1190:21
[INFO] [stdout]    6:     0x5c683bb2d463 - std::io::Write::write_fmt::h7d3c26752da97734
[INFO] [stdout]                                at /rustc/df4ca44d3fbc9301ee17f30f4d474e6ae4b05252/library/std/src/io/mod.rs:1839:15
[INFO] [stdout]    7:     0x5c683bb315a2 - std::sys::backtrace::BacktraceLock::print::h4b9e00b29e9c0942
[INFO] [stdout]                                at /rustc/df4ca44d3fbc9301ee17f30f4d474e6ae4b05252/library/std/src/sys/backtrace.rs:42:9
[INFO] [stdout]    8:     0x5c683bb32bea - std::panicking::default_hook::{{closure}}::hb59b88280d0324d9
[INFO] [stdout]                                at /rustc/df4ca44d3fbc9301ee17f30f4d474e6ae4b05252/library/std/src/panicking.rs:268:22
[INFO] [stdout]    9:     0x5c683bb329f4 - std::panicking::default_hook::he1dd496665be4a29
[INFO] [stdout]                                at /rustc/df4ca44d3fbc9301ee17f30f4d474e6ae4b05252/library/std/src/panicking.rs:292:9
[INFO] [stdout]   10:     0x5c683b592d69 - <alloc::boxed::Box<F,A> as core::ops::function::Fn<Args>>::call::h4ff71de18744e1dc
[INFO] [stdout]                                at /rustc/df4ca44d3fbc9301ee17f30f4d474e6ae4b05252/library/alloc/src/boxed.rs:2468:9
[INFO] [stdout]   11:     0x5c683b592d69 - test::test_main::{{closure}}::hcf7c055ce117aa81
[INFO] [stdout]                                at /rustc/df4ca44d3fbc9301ee17f30f4d474e6ae4b05252/library/test/src/lib.rs:133:21
[INFO] [stdout]   12:     0x5c683bb332e8 - <alloc::boxed::Box<F,A> as core::ops::function::Fn<Args>>::call::h1d66c6bbd60c9692
[INFO] [stdout]                                at /rustc/df4ca44d3fbc9301ee17f30f4d474e6ae4b05252/library/alloc/src/boxed.rs:2468:9
[INFO] [stdout]   13:     0x5c683bb332e8 - std::panicking::rust_panic_with_hook::h2ff17fe8f26dfcf8
[INFO] [stdout]                                at /rustc/df4ca44d3fbc9301ee17f30f4d474e6ae4b05252/library/std/src/panicking.rs:809:13
[INFO] [stdout]   14:     0x5c683bb330aa - std::panicking::begin_panic_handler::{{closure}}::h4fad77951c07e101
[INFO] [stdout]                                at /rustc/df4ca44d3fbc9301ee17f30f4d474e6ae4b05252/library/std/src/panicking.rs:674:13
[INFO] [stdout]   15:     0x5c683bb31c39 - std::sys::backtrace::__rust_end_short_backtrace::hb1a25b3da5d0ea08
[INFO] [stdout]                                at /rustc/df4ca44d3fbc9301ee17f30f4d474e6ae4b05252/library/std/src/sys/backtrace.rs:170:18
[INFO] [stdout]   16:     0x5c683bb32d3c - rust_begin_unwind
[INFO] [stdout]                                at /rustc/df4ca44d3fbc9301ee17f30f4d474e6ae4b05252/library/std/src/panicking.rs:665:5
[INFO] [stdout]   17:     0x5c683bb5ac20 - core::panicking::panic_fmt::ha9db07b529f9b256
[INFO] [stdout]                                at /rustc/df4ca44d3fbc9301ee17f30f4d474e6ae4b05252/library/core/src/panicking.rs:75:14
[INFO] [stdout]   18:     0x5c683bb5b0c6 - core::result::unwrap_failed::h5e8218e4d4338b8a
[INFO] [stdout]                                at /rustc/df4ca44d3fbc9301ee17f30f4d474e6ae4b05252/library/core/src/result.rs:1698:5
[INFO] [stdout]   19:     0x5c683b4ca760 - core::result::Result<T,E>::unwrap::h1df71bd4c774287c
[INFO] [stdout]                                at /rustc/df4ca44d3fbc9301ee17f30f4d474e6ae4b05252/library/core/src/result.rs:1103:23
[INFO] [stdout]   20:     0x5c683b4ca760 - create::common::setup_database::setup_database::{{closure}}::h6428559b07a167dd
[INFO] [stdout]                                at /opt/rustwide/workdir/tests/common/setup_database.rs:6:30
[INFO] [stdout]   21:     0x5c683b4d2368 - create::test_create::{{closure}}::h74b158e375ed3fca
[INFO] [stdout]                                at /opt/rustwide/workdir/tests/create.rs:26:35
[INFO] [stdout]   22:     0x5c683b5001eb - <core::pin::Pin<P> as core::future::future::Future>::poll::h66c4ce2645ce093f
[INFO] [stdout]                                at /rustc/df4ca44d3fbc9301ee17f30f4d474e6ae4b05252/library/core/src/future/future.rs:123:9
[INFO] [stdout]   23:     0x5c683b50034b - <core::pin::Pin<P> as core::future::future::Future>::poll::hfdfd54511fa7f3ae
[INFO] [stdout]                                at /rustc/df4ca44d3fbc9301ee17f30f4d474e6ae4b05252/library/core/src/future/future.rs:123:9
[INFO] [stdout]   24:     0x5c683b4f5e6e - tokio::runtime::scheduler::current_thread::CoreGuard::block_on::{{closure}}::{{closure}}::{{closure}}::h423635328d5c684e
[INFO] [stdout]                                at /opt/rustwide/cargo-home/registry/src/index.crates.io-6f17d22bba15001f/tokio-1.41.0/src/runtime/scheduler/current_thread/mod.rs:729:57
[INFO] [stdout]   25:     0x5c683b4f5bc5 - tokio::runtime::coop::with_budget::he5481bb5afa9060f
[INFO] [stdout]                                at /opt/rustwide/cargo-home/registry/src/index.crates.io-6f17d22bba15001f/tokio-1.41.0/src/runtime/coop.rs:107:5
[INFO] [stdout]   26:     0x5c683b4f5bc5 - tokio::runtime::coop::budget::h843a5160198962c1
[INFO] [stdout]                                at /opt/rustwide/cargo-home/registry/src/index.crates.io-6f17d22bba15001f/tokio-1.41.0/src/runtime/coop.rs:73:5
[INFO] [stdout]   27:     0x5c683b4f5bc5 - tokio::runtime::scheduler::current_thread::CoreGuard::block_on::{{closure}}::{{closure}}::h66c5449419d3b74a
[INFO] [stdout]                                at /opt/rustwide/cargo-home/registry/src/index.crates.io-6f17d22bba15001f/tokio-1.41.0/src/runtime/scheduler/current_thread/mod.rs:729:25
[INFO] [stdout]   28:     0x5c683b4f30bd - tokio::runtime::scheduler::current_thread::Context::enter::hc6c800518b3faed6
[INFO] [stdout]                                at /opt/rustwide/cargo-home/registry/src/index.crates.io-6f17d22bba15001f/tokio-1.41.0/src/runtime/scheduler/current_thread/mod.rs:428:19
[INFO] [stdout]   29:     0x5c683b4f5377 - tokio::runtime::scheduler::current_thread::CoreGuard::block_on::{{closure}}::hbb64aee17e2f4a72
[INFO] [stdout]                                at /opt/rustwide/cargo-home/registry/src/index.crates.io-6f17d22bba15001f/tokio-1.41.0/src/runtime/scheduler/current_thread/mod.rs:728:36
[INFO] [stdout]   30:     0x5c683b4f46db - tokio::runtime::scheduler::current_thread::CoreGuard::enter::{{closure}}::h2685fbc35c52f0fd
[INFO] [stdout]                                at /opt/rustwide/cargo-home/registry/src/index.crates.io-6f17d22bba15001f/tokio-1.41.0/src/runtime/scheduler/current_thread/mod.rs:807:68
[INFO] [stdout]   31:     0x5c683b4ef08a - tokio::runtime::context::scoped::Scoped<T>::set::h0b0803d06d21b6c7
[INFO] [stdout]                                at /opt/rustwide/cargo-home/registry/src/index.crates.io-6f17d22bba15001f/tokio-1.41.0/src/runtime/context/scoped.rs:40:9
[INFO] [stdout]   32:     0x5c683b4d8896 - tokio::runtime::context::set_scheduler::{{closure}}::h6447f0c921e6e962
[INFO] [stdout]                                at /opt/rustwide/cargo-home/registry/src/index.crates.io-6f17d22bba15001f/tokio-1.41.0/src/runtime/context.rs:180:26
[INFO] [stdout]   33:     0x5c683b4f945d - std::thread::local::LocalKey<T>::try_with::h0c628d94a17f5a59
[INFO] [stdout]                                at /rustc/df4ca44d3fbc9301ee17f30f4d474e6ae4b05252/library/std/src/thread/local.rs:283:12
[INFO] [stdout]   34:     0x5c683b4f90cd - std::thread::local::LocalKey<T>::with::ha417515e620d8348
[INFO] [stdout]                                at /rustc/df4ca44d3fbc9301ee17f30f4d474e6ae4b05252/library/std/src/thread/local.rs:260:9
[INFO] [stdout]   35:     0x5c683b4d8841 - tokio::runtime::context::set_scheduler::hf04731bb897f7b62
[INFO] [stdout]                                at /opt/rustwide/cargo-home/registry/src/index.crates.io-6f17d22bba15001f/tokio-1.41.0/src/runtime/context.rs:180:9
[INFO] [stdout]   36:     0x5c683b4f3fa6 - tokio::runtime::scheduler::current_thread::CoreGuard::enter::hbfee2fd51576f033
[INFO] [stdout]                                at /opt/rustwide/cargo-home/registry/src/index.crates.io-6f17d22bba15001f/tokio-1.41.0/src/runtime/scheduler/current_thread/mod.rs:807:27
[INFO] [stdout]   37:     0x5c683b4f4718 - tokio::runtime::scheduler::current_thread::CoreGuard::block_on::h8a7f0edeac59258d
[INFO] [stdout]                                at /opt/rustwide/cargo-home/registry/src/index.crates.io-6f17d22bba15001f/tokio-1.41.0/src/runtime/scheduler/current_thread/mod.rs:716:19
[INFO] [stdout]   38:     0x5c683b4f0a15 - tokio::runtime::scheduler::current_thread::CurrentThread::block_on::{{closure}}::h8263358fb94cc519
[INFO] [stdout]                                at /opt/rustwide/cargo-home/registry/src/index.crates.io-6f17d22bba15001f/tokio-1.41.0/src/runtime/scheduler/current_thread/mod.rs:196:28
[INFO] [stdout]   39:     0x5c683b4ce2e7 - tokio::runtime::context::runtime::enter_runtime::h2c39354a97525c21
[INFO] [stdout]                                at /opt/rustwide/cargo-home/registry/src/index.crates.io-6f17d22bba15001f/tokio-1.41.0/src/runtime/context/runtime.rs:65:16
[INFO] [stdout]   40:     0x5c683b4f0678 - tokio::runtime::scheduler::current_thread::CurrentThread::block_on::hd97dcb6b22e0b198
[INFO] [stdout]                                at /opt/rustwide/cargo-home/registry/src/index.crates.io-6f17d22bba15001f/tokio-1.41.0/src/runtime/scheduler/current_thread/mod.rs:184:9
[INFO] [stdout]   41:     0x5c683b4b93e7 - tokio::runtime::runtime::Runtime::block_on_inner::he40244823aab0322
[INFO] [stdout]                                at /opt/rustwide/cargo-home/registry/src/index.crates.io-6f17d22bba15001f/tokio-1.41.0/src/runtime/runtime.rs:368:47
[INFO] [stdout]   42:     0x5c683b4b96e7 - tokio::runtime::runtime::Runtime::block_on::hca2433a2513473f5
[INFO] [stdout]                                at /opt/rustwide/cargo-home/registry/src/index.crates.io-6f17d22bba15001f/tokio-1.41.0/src/runtime/runtime.rs:340:13
[INFO] [stdout]   43:     0x5c683b4e4cc6 - sqlx_core::rt::test_block_on::hd3fe146ef7c25263
[INFO] [stdout]                                at /opt/rustwide/cargo-home/registry/src/index.crates.io-6f17d22bba15001f/sqlx-core-0.7.4/src/rt/mod.rs:119:16
[INFO] [stdout]   44:     0x5c683b4d2068 - create::test_create::hb8cbba69ea816e67
[INFO] [stdout]                                at /opt/rustwide/workdir/tests/create.rs:21:1
[INFO] [stdout]   45:     0x5c683b4d201c - create::test_create::{{closure}}::hb8376f8c17833d33
[INFO] [stdout]                                at /opt/rustwide/workdir/tests/create.rs:22:31
[INFO] [stdout]   46:     0x5c683b4845f6 - core::ops::function::FnOnce::call_once::h1a5fe90c904f4edd
[INFO] [stdout]                                at /rustc/df4ca44d3fbc9301ee17f30f4d474e6ae4b05252/library/core/src/ops/function.rs:250:5
[INFO] [stdout]   47:     0x5c683b59763b - core::ops::function::FnOnce::call_once::h22c3ba5715e93f05
[INFO] [stdout]                                at /rustc/df4ca44d3fbc9301ee17f30f4d474e6ae4b05252/library/core/src/ops/function.rs:250:5
[INFO] [stdout]   48:     0x5c683b59763b - test::__rust_begin_short_backtrace::h8e82d8113d0da17f
[INFO] [stdout]                                at /rustc/df4ca44d3fbc9301ee17f30f4d474e6ae4b05252/library/test/src/lib.rs:621:18
[INFO] [stdout]   49:     0x5c683b596fb7 - test::run_test_in_process::{{closure}}::h33235f4f20b7b7c7
[INFO] [stdout]                                at /rustc/df4ca44d3fbc9301ee17f30f4d474e6ae4b05252/library/test/src/lib.rs:644:60
[INFO] [stdout]   50:     0x5c683b596fb7 - <core::panic::unwind_safe::AssertUnwindSafe<F> as core::ops::function::FnOnce<()>>::call_once::hb5043206310c586f
[INFO] [stdout]                                at /rustc/df4ca44d3fbc9301ee17f30f4d474e6ae4b05252/library/core/src/panic/unwind_safe.rs:272:9
[INFO] [stdout]   51:     0x5c683b596fb7 - std::panicking::try::do_call::h9ad4731a60ab23e2
[INFO] [stdout]                                at /rustc/df4ca44d3fbc9301ee17f30f4d474e6ae4b05252/library/std/src/panicking.rs:557:40
[INFO] [stdout]   52:     0x5c683b596fb7 - std::panicking::try::h3824d23db772a716
[INFO] [stdout]                                at /rustc/df4ca44d3fbc9301ee17f30f4d474e6ae4b05252/library/std/src/panicking.rs:520:19
[INFO] [stdout]   53:     0x5c683b596fb7 - std::panic::catch_unwind::h5afd514605fde46b
[INFO] [stdout]                                at /rustc/df4ca44d3fbc9301ee17f30f4d474e6ae4b05252/library/std/src/panic.rs:358:14
[INFO] [stdout]   54:     0x5c683b596fb7 - test::run_test_in_process::h0d5cbfa7067d1720
[INFO] [stdout]                                at /rustc/df4ca44d3fbc9301ee17f30f4d474e6ae4b05252/library/test/src/lib.rs:644:27
[INFO] [stdout]   55:     0x5c683b596fb7 - test::run_test::{{closure}}::h708eb8872708115d
[INFO] [stdout]                                at /rustc/df4ca44d3fbc9301ee17f30f4d474e6ae4b05252/library/test/src/lib.rs:565:43
[INFO] [stdout]   56:     0x5c683b55a6d4 - test::run_test::{{closure}}::h392c51cee94713ab
[INFO] [stdout]                                at /rustc/df4ca44d3fbc9301ee17f30f4d474e6ae4b05252/library/test/src/lib.rs:595:41
[INFO] [stdout]   57:     0x5c683b55a6d4 - std::sys::backtrace::__rust_begin_short_backtrace::h2f40290710935a8b
[INFO] [stdout]                                at /rustc/df4ca44d3fbc9301ee17f30f4d474e6ae4b05252/library/std/src/sys/backtrace.rs:154:18
[INFO] [stdout]   58:     0x5c683b55de7e - std::thread::Builder::spawn_unchecked_::{{closure}}::{{closure}}::h3fd968d89053a903
[INFO] [stdout]                                at /rustc/df4ca44d3fbc9301ee17f30f4d474e6ae4b05252/library/std/src/thread/mod.rs:541:17
[INFO] [stdout]   59:     0x5c683b55de7e - <core::panic::unwind_safe::AssertUnwindSafe<F> as core::ops::function::FnOnce<()>>::call_once::h743f637ba4229880
[INFO] [stdout]                                at /rustc/df4ca44d3fbc9301ee17f30f4d474e6ae4b05252/library/core/src/panic/unwind_safe.rs:272:9
[INFO] [stdout]   60:     0x5c683b55de7e - std::panicking::try::do_call::h07440897322525a6
[INFO] [stdout]                                at /rustc/df4ca44d3fbc9301ee17f30f4d474e6ae4b05252/library/std/src/panicking.rs:557:40
[INFO] [stdout]   61:     0x5c683b55de7e - std::panicking::try::he5a2e00188156637
[INFO] [stdout]                                at /rustc/df4ca44d3fbc9301ee17f30f4d474e6ae4b05252/library/std/src/panicking.rs:520:19
[INFO] [stdout]   62:     0x5c683b55de7e - std::panic::catch_unwind::hbaf3cae49b3c6433
[INFO] [stdout]                                at /rustc/df4ca44d3fbc9301ee17f30f4d474e6ae4b05252/library/std/src/panic.rs:358:14
[INFO] [stdout]   63:     0x5c683b55de7e - std::thread::Builder::spawn_unchecked_::{{closure}}::h8e141ea224820bce
[INFO] [stdout]                                at /rustc/df4ca44d3fbc9301ee17f30f4d474e6ae4b05252/library/std/src/thread/mod.rs:540:30
[INFO] [stdout]   64:     0x5c683b55de7e - core::ops::function::FnOnce::call_once{{vtable.shim}}::h90d312fedd7b8ea8
[INFO] [stdout]                                at /rustc/df4ca44d3fbc9301ee17f30f4d474e6ae4b05252/library/core/src/ops/function.rs:250:5
[INFO] [stdout]   65:     0x5c683bb3750b - <alloc::boxed::Box<F,A> as core::ops::function::FnOnce<Args>>::call_once::h69aa08ddb6adb8b6
[INFO] [stdout]                                at /rustc/df4ca44d3fbc9301ee17f30f4d474e6ae4b05252/library/alloc/src/boxed.rs:2454:9
[INFO] [stdout]   66:     0x5c683bb3750b - <alloc::boxed::Box<F,A> as core::ops::function::FnOnce<Args>>::call_once::h5aa36efdb79c806f
[INFO] [stdout]                                at /rustc/df4ca44d3fbc9301ee17f30f4d474e6ae4b05252/library/alloc/src/boxed.rs:2454:9
[INFO] [stdout]   67:     0x5c683bb3750b - std::sys::pal::unix::thread::Thread::new::thread_start::h6cd80a1b4be5158d
[INFO] [stdout]                                at /rustc/df4ca44d3fbc9301ee17f30f4d474e6ae4b05252/library/std/src/sys/pal/unix/thread.rs:105:17
[INFO] [stdout]   68:     0x79e7d6f05ac3 - <unknown>
[INFO] [stdout]   69:     0x79e7d6f96a04 - clone
[INFO] [stdout]   70:                0x0 - <unknown>
[INFO] [stdout] 
[INFO] [stdout] 
[INFO] [stdout] failures:
[INFO] [stdout]     test_create
[INFO] [stdout] 
[INFO] [stdout] test result: FAILED. 0 passed; 1 failed; 0 ignored; 0 measured; 0 filtered out; finished in 0.04s
[INFO] [stdout] 
[INFO] [stderr] error: test failed, to rerun pass `--test create`
[INFO] running `Command { std: "docker" "inspect" "e2e3d81e6eb7342c8045768cfd9479b133ce0c0834e556cd59adcf4d71fb4de0", kill_on_drop: false }`
[INFO] running `Command { std: "docker" "rm" "-f" "e2e3d81e6eb7342c8045768cfd9479b133ce0c0834e556cd59adcf4d71fb4de0", kill_on_drop: false }`
[INFO] [stdout] e2e3d81e6eb7342c8045768cfd9479b133ce0c0834e556cd59adcf4d71fb4de0
