[INFO] fetching crate lua-shared 0.1.0...
[INFO] testing lua-shared-0.1.0 against nightly-2024-10-28+rustflags=-Zrandomize-layout for randomize-layout
[INFO] extracting crate lua-shared 0.1.0 into /workspace/builds/worker-1-tc2/source
[INFO] validating manifest of crates.io crate lua-shared 0.1.0 on toolchain nightly-2024-10-28
[INFO] running `Command { std: CARGO_HOME="/workspace/cargo-home" RUSTUP_HOME="/workspace/rustup-home" "/workspace/cargo-home/bin/cargo" "+nightly-2024-10-28" "metadata" "--manifest-path" "Cargo.toml" "--no-deps", kill_on_drop: false }`
[INFO] started tweaking crates.io crate lua-shared 0.1.0
[INFO] finished tweaking crates.io crate lua-shared 0.1.0
[INFO] tweaked toml for crates.io crate lua-shared 0.1.0 written to /workspace/builds/worker-1-tc2/source/Cargo.toml
[INFO] running `Command { std: CARGO_HOME="/workspace/cargo-home" RUSTUP_HOME="/workspace/rustup-home" "/workspace/cargo-home/bin/cargo" "+nightly-2024-10-28" "generate-lockfile" "--manifest-path" "Cargo.toml", kill_on_drop: false }`
[INFO] running `Command { std: CARGO_HOME="/workspace/cargo-home" RUSTUP_HOME="/workspace/rustup-home" "/workspace/cargo-home/bin/cargo" "+nightly-2024-10-28" "fetch" "--manifest-path" "Cargo.toml", kill_on_drop: false }`
[INFO] running `Command { std: "docker" "create" "-v" "/var/lib/crater-agent-workspace/builds/worker-1-tc2/target:/opt/rustwide/target:rw,Z" "-v" "/var/lib/crater-agent-workspace/builds/worker-1-tc2/source:/opt/rustwide/workdir:ro,Z" "-v" "/var/lib/crater-agent-workspace/cargo-home:/opt/rustwide/cargo-home:ro,Z" "-v" "/var/lib/crater-agent-workspace/rustup-home:/opt/rustwide/rustup-home:ro,Z" "-e" "SOURCE_DIR=/opt/rustwide/workdir" "-e" "CARGO_TARGET_DIR=/opt/rustwide/target" "-e" "CARGO_HOME=/opt/rustwide/cargo-home" "-e" "RUSTUP_HOME=/opt/rustwide/rustup-home" "-w" "/opt/rustwide/workdir" "-m" "1610612736" "--user" "0:0" "--network" "none" "ghcr.io/rust-lang/crates-build-env/linux@sha256:4a844ea9eb2546a2d2c7022eacef16ef2e8229c7fbb2c7d4d55a9ceca922f72d" "/opt/rustwide/cargo-home/bin/cargo" "+nightly-2024-10-28" "metadata" "--no-deps" "--format-version=1", kill_on_drop: false }`
[INFO] [stdout] 3210604e6b72c14f4847021857abe1791bdde296e96555e9855ba0071625afb9
[INFO] running `Command { std: "docker" "start" "-a" "3210604e6b72c14f4847021857abe1791bdde296e96555e9855ba0071625afb9", kill_on_drop: false }`
[INFO] running `Command { std: "docker" "inspect" "3210604e6b72c14f4847021857abe1791bdde296e96555e9855ba0071625afb9", kill_on_drop: false }`
[INFO] running `Command { std: "docker" "rm" "-f" "3210604e6b72c14f4847021857abe1791bdde296e96555e9855ba0071625afb9", kill_on_drop: false }`
[INFO] [stdout] 3210604e6b72c14f4847021857abe1791bdde296e96555e9855ba0071625afb9
[INFO] running `Command { std: "docker" "create" "-v" "/var/lib/crater-agent-workspace/builds/worker-1-tc2/target:/opt/rustwide/target:rw,Z" "-v" "/var/lib/crater-agent-workspace/builds/worker-1-tc2/source:/opt/rustwide/workdir:ro,Z" "-v" "/var/lib/crater-agent-workspace/cargo-home:/opt/rustwide/cargo-home:ro,Z" "-v" "/var/lib/crater-agent-workspace/rustup-home:/opt/rustwide/rustup-home:ro,Z" "-e" "SOURCE_DIR=/opt/rustwide/workdir" "-e" "CARGO_TARGET_DIR=/opt/rustwide/target" "-e" "CARGO_INCREMENTAL=0" "-e" "RUST_BACKTRACE=full" "-e" "RUSTFLAGS=--cap-lints=forbid -Zrandomize-layout" "-e" "RUSTDOCFLAGS=--cap-lints=forbid" "-e" "CARGO_HOME=/opt/rustwide/cargo-home" "-e" "RUSTUP_HOME=/opt/rustwide/rustup-home" "-w" "/opt/rustwide/workdir" "-m" "1610612736" "--user" "0:0" "--network" "none" "ghcr.io/rust-lang/crates-build-env/linux@sha256:4a844ea9eb2546a2d2c7022eacef16ef2e8229c7fbb2c7d4d55a9ceca922f72d" "/opt/rustwide/cargo-home/bin/cargo" "+nightly-2024-10-28" "build" "--frozen" "--message-format=json", kill_on_drop: false }`
[INFO] [stdout] 08dab5742d4436a7da25208a1576f3607834455fa201751960fc527a76a20a28
[INFO] running `Command { std: "docker" "start" "-a" "08dab5742d4436a7da25208a1576f3607834455fa201751960fc527a76a20a28", kill_on_drop: false }`
[INFO] [stderr]    Compiling lua-shared v0.1.0 (/opt/rustwide/workdir)
[INFO] [stderr]     Finished `dev` profile [unoptimized + debuginfo] target(s) in 0.16s
[INFO] running `Command { std: "docker" "inspect" "08dab5742d4436a7da25208a1576f3607834455fa201751960fc527a76a20a28", kill_on_drop: false }`
[INFO] running `Command { std: "docker" "rm" "-f" "08dab5742d4436a7da25208a1576f3607834455fa201751960fc527a76a20a28", kill_on_drop: false }`
[INFO] [stdout] 08dab5742d4436a7da25208a1576f3607834455fa201751960fc527a76a20a28
[INFO] running `Command { std: "docker" "create" "-v" "/var/lib/crater-agent-workspace/builds/worker-1-tc2/target:/opt/rustwide/target:rw,Z" "-v" "/var/lib/crater-agent-workspace/builds/worker-1-tc2/source:/opt/rustwide/workdir:ro,Z" "-v" "/var/lib/crater-agent-workspace/cargo-home:/opt/rustwide/cargo-home:ro,Z" "-v" "/var/lib/crater-agent-workspace/rustup-home:/opt/rustwide/rustup-home:ro,Z" "-e" "SOURCE_DIR=/opt/rustwide/workdir" "-e" "CARGO_TARGET_DIR=/opt/rustwide/target" "-e" "CARGO_INCREMENTAL=0" "-e" "RUST_BACKTRACE=full" "-e" "RUSTFLAGS=--cap-lints=forbid -Zrandomize-layout" "-e" "RUSTDOCFLAGS=--cap-lints=forbid" "-e" "CARGO_HOME=/opt/rustwide/cargo-home" "-e" "RUSTUP_HOME=/opt/rustwide/rustup-home" "-w" "/opt/rustwide/workdir" "-m" "1610612736" "--user" "0:0" "--network" "none" "ghcr.io/rust-lang/crates-build-env/linux@sha256:4a844ea9eb2546a2d2c7022eacef16ef2e8229c7fbb2c7d4d55a9ceca922f72d" "/opt/rustwide/cargo-home/bin/cargo" "+nightly-2024-10-28" "test" "--frozen" "--no-run" "--message-format=json", kill_on_drop: false }`
[INFO] [stdout] 0c9dd93663a03fafe376769c173a8f37e1eeb51d1e584713fe19fc7f610ca5d6
[INFO] running `Command { std: "docker" "start" "-a" "0c9dd93663a03fafe376769c173a8f37e1eeb51d1e584713fe19fc7f610ca5d6", kill_on_drop: false }`
[INFO] [stderr]    Compiling lua-shared v0.1.0 (/opt/rustwide/workdir)
[INFO] [stderr]     Finished `test` profile [unoptimized + debuginfo] target(s) in 0.10s
[INFO] running `Command { std: "docker" "inspect" "0c9dd93663a03fafe376769c173a8f37e1eeb51d1e584713fe19fc7f610ca5d6", kill_on_drop: false }`
[INFO] running `Command { std: "docker" "rm" "-f" "0c9dd93663a03fafe376769c173a8f37e1eeb51d1e584713fe19fc7f610ca5d6", kill_on_drop: false }`
[INFO] [stdout] 0c9dd93663a03fafe376769c173a8f37e1eeb51d1e584713fe19fc7f610ca5d6
[INFO] running `Command { std: "docker" "create" "-v" "/var/lib/crater-agent-workspace/builds/worker-1-tc2/target:/opt/rustwide/target:rw,Z" "-v" "/var/lib/crater-agent-workspace/builds/worker-1-tc2/source:/opt/rustwide/workdir:ro,Z" "-v" "/var/lib/crater-agent-workspace/cargo-home:/opt/rustwide/cargo-home:ro,Z" "-v" "/var/lib/crater-agent-workspace/rustup-home:/opt/rustwide/rustup-home:ro,Z" "-e" "SOURCE_DIR=/opt/rustwide/workdir" "-e" "CARGO_TARGET_DIR=/opt/rustwide/target" "-e" "CARGO_INCREMENTAL=0" "-e" "RUST_BACKTRACE=full" "-e" "RUSTFLAGS=--cap-lints=forbid -Zrandomize-layout" "-e" "RUSTDOCFLAGS=--cap-lints=forbid" "-e" "CARGO_HOME=/opt/rustwide/cargo-home" "-e" "RUSTUP_HOME=/opt/rustwide/rustup-home" "-w" "/opt/rustwide/workdir" "-m" "1610612736" "--user" "0:0" "--network" "none" "ghcr.io/rust-lang/crates-build-env/linux@sha256:4a844ea9eb2546a2d2c7022eacef16ef2e8229c7fbb2c7d4d55a9ceca922f72d" "/opt/rustwide/cargo-home/bin/cargo" "+nightly-2024-10-28" "test" "--frozen", kill_on_drop: false }`
[INFO] [stdout] 99b95523b7208275b27aff6c9ad99ff3e6b584b7e96ef90b6318aa00d6e4e43c
[INFO] running `Command { std: "docker" "start" "-a" "99b95523b7208275b27aff6c9ad99ff3e6b584b7e96ef90b6318aa00d6e4e43c", kill_on_drop: false }`
[INFO] [stderr]     Finished `test` profile [unoptimized + debuginfo] target(s) in 0.00s
[INFO] [stderr]      Running unittests src/lib.rs (/opt/rustwide/target/debug/deps/lua_shared-4e92ad95de87e92f)
[INFO] [stdout] 
[INFO] [stdout] running 0 tests
[INFO] [stdout] 
[INFO] [stdout] test result: ok. 0 passed; 0 failed; 0 ignored; 0 measured; 0 filtered out; finished in 0.00s
[INFO] [stdout] 
[INFO] [stderr]    Doc-tests lua_shared
[INFO] [stdout] 
[INFO] [stdout] running 1 test
[INFO] [stdout] test src/lib.rs - pushfunction (line 490) ... FAILED
[INFO] [stdout] 
[INFO] [stdout] failures:
[INFO] [stdout] 
[INFO] [stdout] ---- src/lib.rs - pushfunction (line 490) stdout ----
[INFO] [stdout] error: cannot find macro `cstr` in this scope
[INFO] [stdout]  --> src/lib.rs:497:21
[INFO] [stdout]   |
[INFO] [stdout] 9 | setfield(state, -2, cstr!("test_immutable_closure"));
[INFO] [stdout]   |                     ^^^^
[INFO] [stdout]   |
[INFO] [stdout] help: consider importing this macro
[INFO] [stdout]   |
[INFO] [stdout] 2 + use lua_shared::cstr;
[INFO] [stdout]   |
[INFO] [stdout] 
[INFO] [stdout] error: cannot find macro `cstr` in this scope
[INFO] [stdout]   --> src/lib.rs:503:21
[INFO] [stdout]    |
[INFO] [stdout] 15 | setfield(state, -2, cstr!("test_immutable_function"));
[INFO] [stdout]    |                     ^^^^
[INFO] [stdout]    |
[INFO] [stdout] help: consider importing this macro
[INFO] [stdout]    |
[INFO] [stdout] 2  + use lua_shared::cstr;
[INFO] [stdout]    |
[INFO] [stdout] 
[INFO] [stdout] error: cannot find macro `cstr` in this scope
[INFO] [stdout]   --> src/lib.rs:512:21
[INFO] [stdout]    |
[INFO] [stdout] 24 | setfield(state, -2, cstr!("test_mutable_closure"));
[INFO] [stdout]    |                     ^^^^
[INFO] [stdout]    |
[INFO] [stdout] help: consider importing this macro
[INFO] [stdout]    |
[INFO] [stdout] 2  + use lua_shared::cstr;
[INFO] [stdout]    |
[INFO] [stdout] 
[INFO] [stdout] error: cannot find macro `cstr` in this scope
[INFO] [stdout]   --> src/lib.rs:513:31
[INFO] [stdout]    |
[INFO] [stdout] 25 | setfield(state, GLOBALSINDEX, cstr!("tests"));
[INFO] [stdout]    |                               ^^^^
[INFO] [stdout]    |
[INFO] [stdout] help: consider importing this macro
[INFO] [stdout]    |
[INFO] [stdout] 2  + use lua_shared::cstr;
[INFO] [stdout]    |
[INFO] [stdout] 
[INFO] [stdout] error[E0425]: cannot find function `newstate` in this scope
[INFO] [stdout]  --> src/lib.rs:491:13
[INFO] [stdout]   |
[INFO] [stdout] 3 | let state = newstate();
[INFO] [stdout]   |             ^^^^^^^^ not found in this scope
[INFO] [stdout]   |
[INFO] [stdout] help: consider importing this function
[INFO] [stdout]   |
[INFO] [stdout] 2 + use lua_shared::newstate;
[INFO] [stdout]   |
[INFO] [stdout] 
[INFO] [stdout] error[E0425]: cannot find function `createtable` in this scope
[INFO] [stdout]  --> src/lib.rs:492:1
[INFO] [stdout]   |
[INFO] [stdout] 4 | createtable(state, 0, 2);
[INFO] [stdout]   | ^^^^^^^^^^^ not found in this scope
[INFO] [stdout]   |
[INFO] [stdout] help: consider importing this function
[INFO] [stdout]   |
[INFO] [stdout] 2 + use lua_shared::createtable;
[INFO] [stdout]   |
[INFO] [stdout] 
[INFO] [stdout] error[E0425]: cannot find function `pushfunction` in this scope
[INFO] [stdout]   --> src/lib.rs:493:1
[INFO] [stdout]    |
[INFO] [stdout] 5  | pushfunction(state, |_| {
[INFO] [stdout]    | ^^^^^^^^^^^^
[INFO] [stdout] ...
[INFO] [stdout] 10 | fn test_function(state: lua_State) -> Result {
[INFO] [stdout]    | -------------------------------------------- similarly named function `test_function` defined here
[INFO] [stdout]    |
[INFO] [stdout] help: a function with a similar name exists
[INFO] [stdout]    |
[INFO] [stdout] 5  | test_function(state, |_| {
[INFO] [stdout]    | ~~~~~~~~~~~~~
[INFO] [stdout] help: consider importing this function
[INFO] [stdout]    |
[INFO] [stdout] 2  + use lua_shared::pushfunction;
[INFO] [stdout]    |
[INFO] [stdout] 
[INFO] [stdout] error[E0425]: cannot find function `setfield` in this scope
[INFO] [stdout]  --> src/lib.rs:497:1
[INFO] [stdout]   |
[INFO] [stdout] 9 | setfield(state, -2, cstr!("test_immutable_closure"));
[INFO] [stdout]   | ^^^^^^^^ not found in this scope
[INFO] [stdout]   |
[INFO] [stdout] help: consider importing this function
[INFO] [stdout]   |
[INFO] [stdout] 2 + use lua_shared::setfield;
[INFO] [stdout]   |
[INFO] [stdout] 
[INFO] [stdout] error[E0412]: cannot find type `lua_State` in this scope
[INFO] [stdout]   --> src/lib.rs:498:25
[INFO] [stdout]    |
[INFO] [stdout] 10 | fn test_function(state: lua_State) -> Result {
[INFO] [stdout]    |                         ^^^^^^^^^ not found in this scope
[INFO] [stdout]    |
[INFO] [stdout] help: consider importing this type alias
[INFO] [stdout]    |
[INFO] [stdout] 2  + use lua_shared::lua_State;
[INFO] [stdout]    |
[INFO] [stdout] 
[INFO] [stdout] error[E0425]: cannot find function `pushfunction` in this scope
[INFO] [stdout]   --> src/lib.rs:502:1
[INFO] [stdout]    |
[INFO] [stdout] 10 | fn test_function(state: lua_State) -> Result {
[INFO] [stdout]    | -------------------------------------------- similarly named function `test_function` defined here
[INFO] [stdout] ...
[INFO] [stdout] 14 | pushfunction(state, test_function);
[INFO] [stdout]    | ^^^^^^^^^^^^
[INFO] [stdout]    |
[INFO] [stdout] help: a function with a similar name exists
[INFO] [stdout]    |
[INFO] [stdout] 14 | test_function(state, test_function);
[INFO] [stdout]    | ~~~~~~~~~~~~~
[INFO] [stdout] help: consider importing this function
[INFO] [stdout]    |
[INFO] [stdout] 2  + use lua_shared::pushfunction;
[INFO] [stdout]    |
[INFO] [stdout] 
[INFO] [stdout] error[E0425]: cannot find function `setfield` in this scope
[INFO] [stdout]   --> src/lib.rs:503:1
[INFO] [stdout]    |
[INFO] [stdout] 15 | setfield(state, -2, cstr!("test_immutable_function"));
[INFO] [stdout]    | ^^^^^^^^ not found in this scope
[INFO] [stdout]    |
[INFO] [stdout] help: consider importing this function
[INFO] [stdout]    |
[INFO] [stdout] 2  + use lua_shared::setfield;
[INFO] [stdout]    |
[INFO] [stdout] 
[INFO] [stdout] error[E0425]: cannot find function `pushinteger` in this scope
[INFO] [stdout]   --> src/lib.rs:508:5
[INFO] [stdout]    |
[INFO] [stdout] 20 |     pushinteger(state, counter);
[INFO] [stdout]    |     ^^^^^^^^^^^ not found in this scope
[INFO] [stdout]    |
[INFO] [stdout] help: consider importing this function
[INFO] [stdout]    |
[INFO] [stdout] 2  + use lua_shared::pushinteger;
[INFO] [stdout]    |
[INFO] [stdout] 
[INFO] [stdout] error[E0425]: cannot find function `setfield` in this scope
[INFO] [stdout]   --> src/lib.rs:512:1
[INFO] [stdout]    |
[INFO] [stdout] 24 | setfield(state, -2, cstr!("test_mutable_closure"));
[INFO] [stdout]    | ^^^^^^^^ not found in this scope
[INFO] [stdout]    |
[INFO] [stdout] help: consider importing this function
[INFO] [stdout]    |
[INFO] [stdout] 2  + use lua_shared::setfield;
[INFO] [stdout]    |
[INFO] [stdout] 
[INFO] [stdout] error[E0425]: cannot find function `setfield` in this scope
[INFO] [stdout]   --> src/lib.rs:513:1
[INFO] [stdout]    |
[INFO] [stdout] 25 | setfield(state, GLOBALSINDEX, cstr!("tests"));
[INFO] [stdout]    | ^^^^^^^^ not found in this scope
[INFO] [stdout]    |
[INFO] [stdout] help: consider importing this function
[INFO] [stdout]    |
[INFO] [stdout] 2  + use lua_shared::setfield;
[INFO] [stdout]    |
[INFO] [stdout] 
[INFO] [stdout] error[E0425]: cannot find value `GLOBALSINDEX` in this scope
[INFO] [stdout]   --> src/lib.rs:513:17
[INFO] [stdout]    |
[INFO] [stdout] 25 | setfield(state, GLOBALSINDEX, cstr!("tests"));
[INFO] [stdout]    |                 ^^^^^^^^^^^^ not found in this scope
[INFO] [stdout]    |
[INFO] [stdout] help: consider importing this static
[INFO] [stdout]    |
[INFO] [stdout] 2  + use lua_shared::GLOBALSINDEX;
[INFO] [stdout]    |
[INFO] [stdout] 
[INFO] [stdout] error[E0107]: missing generics for enum `Result`
[INFO] [stdout]   --> src/lib.rs:498:39
[INFO] [stdout]    |
[INFO] [stdout] 10 | fn test_function(state: lua_State) -> Result {
[INFO] [stdout]    |                                       ^^^^^^ expected 2 generic arguments
[INFO] [stdout]    |
[INFO] [stdout] help: add missing generic arguments
[INFO] [stdout]    |
[INFO] [stdout] 10 | fn test_function(state: lua_State) -> Result<T, E> {
[INFO] [stdout]    |                                             ++++++
[INFO] [stdout] 
[INFO] [stdout] error[E0425]: cannot find function `pushfunction_mut` in this scope
[INFO] [stdout]   --> src/lib.rs:506:1
[INFO] [stdout]    |
[INFO] [stdout] 18 | pushfunction_mut(state, move |_| {
[INFO] [stdout]    | ^^^^^^^^^^^^^^^^ not found in this scope
[INFO] [stdout] 
[INFO] [stdout] error: aborting due to 17 previous errors
[INFO] [stdout] 
[INFO] [stdout] Some errors have detailed explanations: E0107, E0412, E0425.
[INFO] [stdout] For more information about an error, try `rustc --explain E0107`.
[INFO] [stdout] Couldn't compile the test.
[INFO] [stdout] 
[INFO] [stdout] failures:
[INFO] [stdout]     src/lib.rs - pushfunction (line 490)
[INFO] [stdout] 
[INFO] [stdout] test result: FAILED. 0 passed; 1 failed; 0 ignored; 0 measured; 0 filtered out; finished in 0.05s
[INFO] [stdout] 
[INFO] [stderr] error: doctest failed, to rerun pass `--doc`
[INFO] running `Command { std: "docker" "inspect" "99b95523b7208275b27aff6c9ad99ff3e6b584b7e96ef90b6318aa00d6e4e43c", kill_on_drop: false }`
[INFO] running `Command { std: "docker" "rm" "-f" "99b95523b7208275b27aff6c9ad99ff3e6b584b7e96ef90b6318aa00d6e4e43c", kill_on_drop: false }`
[INFO] [stdout] 99b95523b7208275b27aff6c9ad99ff3e6b584b7e96ef90b6318aa00d6e4e43c
