[INFO] fetching crate lsm303 0.1.0...
[INFO] testing lsm303-0.1.0 against nightly-2024-10-28+rustflags=-Zrandomize-layout for randomize-layout
[INFO] extracting crate lsm303 0.1.0 into /workspace/builds/worker-3-tc2/source
[INFO] validating manifest of crates.io crate lsm303 0.1.0 on toolchain nightly-2024-10-28
[INFO] running `Command { std: CARGO_HOME="/workspace/cargo-home" RUSTUP_HOME="/workspace/rustup-home" "/workspace/cargo-home/bin/cargo" "+nightly-2024-10-28" "metadata" "--manifest-path" "Cargo.toml" "--no-deps", kill_on_drop: false }`
[INFO] started tweaking crates.io crate lsm303 0.1.0
[INFO] finished tweaking crates.io crate lsm303 0.1.0
[INFO] tweaked toml for crates.io crate lsm303 0.1.0 written to /workspace/builds/worker-3-tc2/source/Cargo.toml
[INFO] running `Command { std: CARGO_HOME="/workspace/cargo-home" RUSTUP_HOME="/workspace/rustup-home" "/workspace/cargo-home/bin/cargo" "+nightly-2024-10-28" "generate-lockfile" "--manifest-path" "Cargo.toml", kill_on_drop: false }`
[INFO] [stderr]     Updating crates.io index
[INFO] [stderr]      Locking 66 packages to latest compatible versions
[INFO] [stderr]       Adding bitflags v0.9.1 (available: v2.6.0)
[INFO] [stderr]       Adding dimensioned v0.6.0 (available: v0.8.0)
[INFO] [stderr]       Adding error-chain v0.10.0 (available: v0.12.4)
[INFO] [stderr]       Adding i2cdev v0.3.2 (available: v0.6.1)
[INFO] running `Command { std: CARGO_HOME="/workspace/cargo-home" RUSTUP_HOME="/workspace/rustup-home" "/workspace/cargo-home/bin/cargo" "+nightly-2024-10-28" "fetch" "--manifest-path" "Cargo.toml", kill_on_drop: false }`
[INFO] [stderr] warning: no edition set: defaulting to the 2015 edition while the latest is 2021
[INFO] running `Command { std: "docker" "create" "-v" "/var/lib/crater-agent-workspace/builds/worker-3-tc2/target:/opt/rustwide/target:rw,Z" "-v" "/var/lib/crater-agent-workspace/builds/worker-3-tc2/source:/opt/rustwide/workdir:ro,Z" "-v" "/var/lib/crater-agent-workspace/cargo-home:/opt/rustwide/cargo-home:ro,Z" "-v" "/var/lib/crater-agent-workspace/rustup-home:/opt/rustwide/rustup-home:ro,Z" "-e" "SOURCE_DIR=/opt/rustwide/workdir" "-e" "CARGO_TARGET_DIR=/opt/rustwide/target" "-e" "CARGO_HOME=/opt/rustwide/cargo-home" "-e" "RUSTUP_HOME=/opt/rustwide/rustup-home" "-w" "/opt/rustwide/workdir" "-m" "1610612736" "--user" "0:0" "--network" "none" "ghcr.io/rust-lang/crates-build-env/linux@sha256:4a844ea9eb2546a2d2c7022eacef16ef2e8229c7fbb2c7d4d55a9ceca922f72d" "/opt/rustwide/cargo-home/bin/cargo" "+nightly-2024-10-28" "metadata" "--no-deps" "--format-version=1", kill_on_drop: false }`
[INFO] [stdout] 8584fc18e1464eee68694a6c05302e12bb2b9e973b6075fc07cb5c4b9d3b1f60
[INFO] running `Command { std: "docker" "start" "-a" "8584fc18e1464eee68694a6c05302e12bb2b9e973b6075fc07cb5c4b9d3b1f60", kill_on_drop: false }`
[INFO] running `Command { std: "docker" "inspect" "8584fc18e1464eee68694a6c05302e12bb2b9e973b6075fc07cb5c4b9d3b1f60", kill_on_drop: false }`
[INFO] running `Command { std: "docker" "rm" "-f" "8584fc18e1464eee68694a6c05302e12bb2b9e973b6075fc07cb5c4b9d3b1f60", kill_on_drop: false }`
[INFO] [stdout] 8584fc18e1464eee68694a6c05302e12bb2b9e973b6075fc07cb5c4b9d3b1f60
[INFO] running `Command { std: "docker" "create" "-v" "/var/lib/crater-agent-workspace/builds/worker-3-tc2/target:/opt/rustwide/target:rw,Z" "-v" "/var/lib/crater-agent-workspace/builds/worker-3-tc2/source:/opt/rustwide/workdir:ro,Z" "-v" "/var/lib/crater-agent-workspace/cargo-home:/opt/rustwide/cargo-home:ro,Z" "-v" "/var/lib/crater-agent-workspace/rustup-home:/opt/rustwide/rustup-home:ro,Z" "-e" "SOURCE_DIR=/opt/rustwide/workdir" "-e" "CARGO_TARGET_DIR=/opt/rustwide/target" "-e" "CARGO_INCREMENTAL=0" "-e" "RUST_BACKTRACE=full" "-e" "RUSTFLAGS=--cap-lints=forbid -Zrandomize-layout" "-e" "RUSTDOCFLAGS=--cap-lints=forbid" "-e" "CARGO_HOME=/opt/rustwide/cargo-home" "-e" "RUSTUP_HOME=/opt/rustwide/rustup-home" "-w" "/opt/rustwide/workdir" "-m" "1610612736" "--user" "0:0" "--network" "none" "ghcr.io/rust-lang/crates-build-env/linux@sha256:4a844ea9eb2546a2d2c7022eacef16ef2e8229c7fbb2c7d4d55a9ceca922f72d" "/opt/rustwide/cargo-home/bin/cargo" "+nightly-2024-10-28" "build" "--frozen" "--message-format=json", kill_on_drop: false }`
[INFO] [stdout] c8ef18845ca52721937ca90b86a1340d9cb76f89da6ace4d6bb5994f0243b100
[INFO] running `Command { std: "docker" "start" "-a" "c8ef18845ca52721937ca90b86a1340d9cb76f89da6ace4d6bb5994f0243b100", kill_on_drop: false }`
[INFO] [stderr] warning: no edition set: defaulting to the 2015 edition while the latest is 2021
[INFO] [stderr]    Compiling proc-macro2 v1.0.89
[INFO] [stderr]    Compiling unicode-ident v1.0.13
[INFO] [stderr]    Compiling serde v1.0.214
[INFO] [stderr]    Compiling memchr v2.7.4
[INFO] [stderr]    Compiling libc v0.2.161
[INFO] [stderr]    Compiling rustix v0.38.38
[INFO] [stderr]    Compiling bitflags v2.6.0
[INFO] [stderr]    Compiling cfg-if v1.0.0
[INFO] [stderr]    Compiling version_check v0.9.5
[INFO] [stderr]    Compiling camino v1.1.9
[INFO] [stderr]    Compiling serde_json v1.0.132
[INFO] [stderr]    Compiling semver v1.0.23
[INFO] [stderr]    Compiling linux-raw-sys v0.4.14
[INFO] [stderr]    Compiling pulldown-cmark v0.9.6
[INFO] [stderr]    Compiling ryu v1.0.18
[INFO] [stderr]    Compiling itoa v1.0.11
[INFO] [stderr]    Compiling same-file v1.0.6
[INFO] [stderr]    Compiling once_cell v1.20.2
[INFO] [stderr]    Compiling fastrand v2.1.1
[INFO] [stderr]    Compiling unicase v2.8.0
[INFO] [stderr]    Compiling walkdir v2.5.0
[INFO] [stderr]    Compiling typenum v1.17.0
[INFO] [stderr]    Compiling bytecount v0.6.8
[INFO] [stderr]    Compiling glob v0.3.1
[INFO] [stderr]    Compiling byteorder v1.5.0
[INFO] [stderr]    Compiling nix v0.10.0
[INFO] [stderr]    Compiling gimli v0.31.1
[INFO] [stderr]    Compiling adler2 v2.0.0
[INFO] [stderr]    Compiling bitflags v1.3.2
[INFO] [stderr]    Compiling dimensioned v0.6.0
[INFO] [stderr]    Compiling miniz_oxide v0.8.0
[INFO] [stderr]    Compiling error-chain v0.12.4
[INFO] [stderr]    Compiling void v1.0.2
[INFO] [stderr]    Compiling rustc-demangle v0.1.24
[INFO] [stderr]    Compiling nodrop v0.1.14
[INFO] [stderr]    Compiling cfg-if v0.1.10
[INFO] [stderr]    Compiling bitflags v0.9.1
[INFO] [stderr]    Compiling object v0.36.5
[INFO] [stderr]    Compiling quote v1.0.37
[INFO] [stderr]    Compiling syn v2.0.86
[INFO] [stderr]    Compiling generic-array v0.5.1
[INFO] [stderr]    Compiling iovec v0.1.4
[INFO] [stderr]    Compiling bytes v0.4.12
[INFO] [stderr]    Compiling tempfile v3.13.0
[INFO] [stderr]    Compiling addr2line v0.24.2
[INFO] [stderr]    Compiling serde_derive v1.0.214
[INFO] [stderr]    Compiling backtrace v0.3.74
[INFO] [stderr]    Compiling error-chain v0.10.0
[INFO] [stderr]    Compiling cargo-platform v0.1.8
[INFO] [stderr]    Compiling cargo_metadata v0.14.2
[INFO] [stderr]    Compiling skeptic v0.13.7
[INFO] [stderr]    Compiling i2cdev v0.3.2
[INFO] [stderr]    Compiling lsm303 v0.1.0 (/opt/rustwide/workdir)
[INFO] [stdout] warning: lint `unused_doc_comment` has been renamed to `unused_doc_comments`
[INFO] [stdout]  --> src/errors.rs:3:10
[INFO] [stdout]   |
[INFO] [stdout] 3 | #![allow(unused_doc_comment)]
[INFO] [stdout]   |          ^^^^^^^^^^^^^^^^^^ help: use the new name: `unused_doc_comments`
[INFO] [stdout]   |
[INFO] [stdout]   = note: `#[warn(renamed_and_removed_lints)]` on by default
[INFO] [stdout] 
[INFO] [stdout] 
[INFO] [stdout] warning: use of deprecated macro `try`: use the `?` operator instead
[INFO] [stdout]    --> src/registers.rs:151:1
[INFO] [stdout]     |
[INFO] [stdout] 151 | / define_registers!{
[INFO] [stdout] 152 | |
[INFO] [stdout] 153 | |     // Accelerometer
[INFO] [stdout] ...   |
[INFO] [stdout] 233 | |     }
[INFO] [stdout] 234 | | }
[INFO] [stdout]     | |_^
[INFO] [stdout]     |
[INFO] [stdout]     = note: `#[warn(deprecated)]` on by default
[INFO] [stdout]     = note: this warning originates in the macro `__impl_bitflags` which comes from the expansion of the macro `define_registers` (in Nightly builds, run with -Z macro-backtrace for more info)
[INFO] [stdout] 
[INFO] [stdout] 
[INFO] [stdout] warning: use of deprecated macro `try`: use the `?` operator instead
[INFO] [stdout]    --> src/registers.rs:151:1
[INFO] [stdout]     |
[INFO] [stdout] 151 | / define_registers!{
[INFO] [stdout] 152 | |
[INFO] [stdout] 153 | |     // Accelerometer
[INFO] [stdout] ...   |
[INFO] [stdout] 233 | |     }
[INFO] [stdout] 234 | | }
[INFO] [stdout]     | |_^
[INFO] [stdout]     |
[INFO] [stdout]     = note: this warning originates in the macro `__impl_bitflags` which comes from the expansion of the macro `define_registers` (in Nightly builds, run with -Z macro-backtrace for more info)
[INFO] [stdout] 
[INFO] [stdout] 
[INFO] [stdout] warning: use of deprecated macro `try`: use the `?` operator instead
[INFO] [stdout]    --> src/registers.rs:151:1
[INFO] [stdout]     |
[INFO] [stdout] 151 | / define_registers!{
[INFO] [stdout] 152 | |
[INFO] [stdout] 153 | |     // Accelerometer
[INFO] [stdout] ...   |
[INFO] [stdout] 233 | |     }
[INFO] [stdout] 234 | | }
[INFO] [stdout]     | |_^
[INFO] [stdout]     |
[INFO] [stdout]     = note: this warning originates in the macro `__impl_bitflags` which comes from the expansion of the macro `define_registers` (in Nightly builds, run with -Z macro-backtrace for more info)
[INFO] [stdout] 
[INFO] [stdout] 
[INFO] [stdout] warning: use of deprecated macro `try`: use the `?` operator instead
[INFO] [stdout]    --> src/registers.rs:151:1
[INFO] [stdout]     |
[INFO] [stdout] 151 | / define_registers!{
[INFO] [stdout] 152 | |
[INFO] [stdout] 153 | |     // Accelerometer
[INFO] [stdout] ...   |
[INFO] [stdout] 233 | |     }
[INFO] [stdout] 234 | | }
[INFO] [stdout]     | |_^
[INFO] [stdout]     |
[INFO] [stdout]     = note: this warning originates in the macro `__impl_bitflags` which comes from the expansion of the macro `define_registers` (in Nightly builds, run with -Z macro-backtrace for more info)
[INFO] [stdout] 
[INFO] [stdout] 
[INFO] [stdout] warning: use of deprecated macro `try`: use the `?` operator instead
[INFO] [stdout]    --> src/registers.rs:151:1
[INFO] [stdout]     |
[INFO] [stdout] 151 | / define_registers!{
[INFO] [stdout] 152 | |
[INFO] [stdout] 153 | |     // Accelerometer
[INFO] [stdout] ...   |
[INFO] [stdout] 233 | |     }
[INFO] [stdout] 234 | | }
[INFO] [stdout]     | |_^
[INFO] [stdout]     |
[INFO] [stdout]     = note: this warning originates in the macro `__impl_bitflags` which comes from the expansion of the macro `define_registers` (in Nightly builds, run with -Z macro-backtrace for more info)
[INFO] [stdout] 
[INFO] [stdout] 
[INFO] [stdout] warning: use of deprecated macro `try`: use the `?` operator instead
[INFO] [stdout]    --> src/registers.rs:151:1
[INFO] [stdout]     |
[INFO] [stdout] 151 | / define_registers!{
[INFO] [stdout] 152 | |
[INFO] [stdout] 153 | |     // Accelerometer
[INFO] [stdout] ...   |
[INFO] [stdout] 233 | |     }
[INFO] [stdout] 234 | | }
[INFO] [stdout]     | |_^
[INFO] [stdout]     |
[INFO] [stdout]     = note: this warning originates in the macro `__impl_bitflags` which comes from the expansion of the macro `define_registers` (in Nightly builds, run with -Z macro-backtrace for more info)
[INFO] [stdout] 
[INFO] [stdout] 
[INFO] [stdout] warning: use of deprecated macro `try`: use the `?` operator instead
[INFO] [stdout]    --> src/registers.rs:151:1
[INFO] [stdout]     |
[INFO] [stdout] 151 | / define_registers!{
[INFO] [stdout] 152 | |
[INFO] [stdout] 153 | |     // Accelerometer
[INFO] [stdout] ...   |
[INFO] [stdout] 233 | |     }
[INFO] [stdout] 234 | | }
[INFO] [stdout]     | |_^
[INFO] [stdout]     |
[INFO] [stdout]     = note: this warning originates in the macro `__impl_bitflags` which comes from the expansion of the macro `define_registers` (in Nightly builds, run with -Z macro-backtrace for more info)
[INFO] [stdout] 
[INFO] [stdout] 
[INFO] [stdout] warning: use of deprecated macro `try`: use the `?` operator instead
[INFO] [stdout]    --> src/registers.rs:151:1
[INFO] [stdout]     |
[INFO] [stdout] 151 | / define_registers!{
[INFO] [stdout] 152 | |
[INFO] [stdout] 153 | |     // Accelerometer
[INFO] [stdout] ...   |
[INFO] [stdout] 233 | |     }
[INFO] [stdout] 234 | | }
[INFO] [stdout]     | |_^
[INFO] [stdout]     |
[INFO] [stdout]     = note: this warning originates in the macro `__impl_bitflags` which comes from the expansion of the macro `define_registers` (in Nightly builds, run with -Z macro-backtrace for more info)
[INFO] [stdout] 
[INFO] [stdout] 
[INFO] [stdout] warning: use of deprecated macro `try`: use the `?` operator instead
[INFO] [stdout]    --> src/registers.rs:151:1
[INFO] [stdout]     |
[INFO] [stdout] 151 | / define_registers!{
[INFO] [stdout] 152 | |
[INFO] [stdout] 153 | |     // Accelerometer
[INFO] [stdout] ...   |
[INFO] [stdout] 233 | |     }
[INFO] [stdout] 234 | | }
[INFO] [stdout]     | |_^
[INFO] [stdout]     |
[INFO] [stdout]     = note: this warning originates in the macro `__impl_bitflags` which comes from the expansion of the macro `define_registers` (in Nightly builds, run with -Z macro-backtrace for more info)
[INFO] [stdout] 
[INFO] [stdout] 
[INFO] [stdout] warning: use of deprecated macro `try`: use the `?` operator instead
[INFO] [stdout]    --> src/registers.rs:151:1
[INFO] [stdout]     |
[INFO] [stdout] 151 | / define_registers!{
[INFO] [stdout] 152 | |
[INFO] [stdout] 153 | |     // Accelerometer
[INFO] [stdout] ...   |
[INFO] [stdout] 233 | |     }
[INFO] [stdout] 234 | | }
[INFO] [stdout]     | |_^
[INFO] [stdout]     |
[INFO] [stdout]     = note: this warning originates in the macro `__impl_bitflags` which comes from the expansion of the macro `define_registers` (in Nightly builds, run with -Z macro-backtrace for more info)
[INFO] [stdout] 
[INFO] [stdout] 
[INFO] [stdout] warning: use of deprecated macro `try`: use the `?` operator instead
[INFO] [stdout]    --> src/registers.rs:151:1
[INFO] [stdout]     |
[INFO] [stdout] 151 | / define_registers!{
[INFO] [stdout] 152 | |
[INFO] [stdout] 153 | |     // Accelerometer
[INFO] [stdout] ...   |
[INFO] [stdout] 233 | |     }
[INFO] [stdout] 234 | | }
[INFO] [stdout]     | |_^
[INFO] [stdout]     |
[INFO] [stdout]     = note: this warning originates in the macro `__impl_bitflags` which comes from the expansion of the macro `define_registers` (in Nightly builds, run with -Z macro-backtrace for more info)
[INFO] [stdout] 
[INFO] [stdout] 
[INFO] [stdout] warning: use of deprecated macro `try`: use the `?` operator instead
[INFO] [stdout]    --> src/registers.rs:151:1
[INFO] [stdout]     |
[INFO] [stdout] 151 | / define_registers!{
[INFO] [stdout] 152 | |
[INFO] [stdout] 153 | |     // Accelerometer
[INFO] [stdout] ...   |
[INFO] [stdout] 233 | |     }
[INFO] [stdout] 234 | | }
[INFO] [stdout]     | |_^
[INFO] [stdout]     |
[INFO] [stdout]     = note: this warning originates in the macro `__impl_bitflags` which comes from the expansion of the macro `define_registers` (in Nightly builds, run with -Z macro-backtrace for more info)
[INFO] [stdout] 
[INFO] [stdout] 
[INFO] [stdout] warning: use of deprecated macro `try`: use the `?` operator instead
[INFO] [stdout]    --> src/registers.rs:151:1
[INFO] [stdout]     |
[INFO] [stdout] 151 | / define_registers!{
[INFO] [stdout] 152 | |
[INFO] [stdout] 153 | |     // Accelerometer
[INFO] [stdout] ...   |
[INFO] [stdout] 233 | |     }
[INFO] [stdout] 234 | | }
[INFO] [stdout]     | |_^
[INFO] [stdout]     |
[INFO] [stdout]     = note: this warning originates in the macro `__impl_bitflags` which comes from the expansion of the macro `define_registers` (in Nightly builds, run with -Z macro-backtrace for more info)
[INFO] [stdout] 
[INFO] [stdout] 
[INFO] [stdout] warning: use of deprecated macro `try`: use the `?` operator instead
[INFO] [stdout]    --> src/registers.rs:151:1
[INFO] [stdout]     |
[INFO] [stdout] 151 | / define_registers!{
[INFO] [stdout] 152 | |
[INFO] [stdout] 153 | |     // Accelerometer
[INFO] [stdout] ...   |
[INFO] [stdout] 233 | |     }
[INFO] [stdout] 234 | | }
[INFO] [stdout]     | |_^
[INFO] [stdout]     |
[INFO] [stdout]     = note: this warning originates in the macro `__impl_bitflags` which comes from the expansion of the macro `define_registers` (in Nightly builds, run with -Z macro-backtrace for more info)
[INFO] [stdout] 
[INFO] [stdout] 
[INFO] [stdout] warning: use of deprecated macro `try`: use the `?` operator instead
[INFO] [stdout]    --> src/registers.rs:151:1
[INFO] [stdout]     |
[INFO] [stdout] 151 | / define_registers!{
[INFO] [stdout] 152 | |
[INFO] [stdout] 153 | |     // Accelerometer
[INFO] [stdout] ...   |
[INFO] [stdout] 233 | |     }
[INFO] [stdout] 234 | | }
[INFO] [stdout]     | |_^
[INFO] [stdout]     |
[INFO] [stdout]     = note: this warning originates in the macro `__impl_bitflags` which comes from the expansion of the macro `define_registers` (in Nightly builds, run with -Z macro-backtrace for more info)
[INFO] [stdout] 
[INFO] [stdout] 
[INFO] [stdout] warning: use of deprecated macro `try`: use the `?` operator instead
[INFO] [stdout]    --> src/registers.rs:151:1
[INFO] [stdout]     |
[INFO] [stdout] 151 | / define_registers!{
[INFO] [stdout] 152 | |
[INFO] [stdout] 153 | |     // Accelerometer
[INFO] [stdout] ...   |
[INFO] [stdout] 233 | |     }
[INFO] [stdout] 234 | | }
[INFO] [stdout]     | |_^
[INFO] [stdout]     |
[INFO] [stdout]     = note: this warning originates in the macro `__impl_bitflags` which comes from the expansion of the macro `define_registers` (in Nightly builds, run with -Z macro-backtrace for more info)
[INFO] [stdout] 
[INFO] [stdout] 
[INFO] [stdout] warning: use of deprecated macro `try`: use the `?` operator instead
[INFO] [stdout]    --> src/registers.rs:151:1
[INFO] [stdout]     |
[INFO] [stdout] 151 | / define_registers!{
[INFO] [stdout] 152 | |
[INFO] [stdout] 153 | |     // Accelerometer
[INFO] [stdout] ...   |
[INFO] [stdout] 233 | |     }
[INFO] [stdout] 234 | | }
[INFO] [stdout]     | |_^
[INFO] [stdout]     |
[INFO] [stdout]     = note: this warning originates in the macro `__impl_bitflags` which comes from the expansion of the macro `define_registers` (in Nightly builds, run with -Z macro-backtrace for more info)
[INFO] [stdout] 
[INFO] [stdout] 
[INFO] [stdout] warning: use of deprecated macro `try`: use the `?` operator instead
[INFO] [stdout]    --> src/registers.rs:151:1
[INFO] [stdout]     |
[INFO] [stdout] 151 | / define_registers!{
[INFO] [stdout] 152 | |
[INFO] [stdout] 153 | |     // Accelerometer
[INFO] [stdout] ...   |
[INFO] [stdout] 233 | |     }
[INFO] [stdout] 234 | | }
[INFO] [stdout]     | |_^
[INFO] [stdout]     |
[INFO] [stdout]     = note: this warning originates in the macro `__impl_bitflags` which comes from the expansion of the macro `define_registers` (in Nightly builds, run with -Z macro-backtrace for more info)
[INFO] [stdout] 
[INFO] [stdout] 
[INFO] [stdout] warning: use of deprecated macro `try`: use the `?` operator instead
[INFO] [stdout]    --> src/registers.rs:151:1
[INFO] [stdout]     |
[INFO] [stdout] 151 | / define_registers!{
[INFO] [stdout] 152 | |
[INFO] [stdout] 153 | |     // Accelerometer
[INFO] [stdout] ...   |
[INFO] [stdout] 233 | |     }
[INFO] [stdout] 234 | | }
[INFO] [stdout]     | |_^
[INFO] [stdout]     |
[INFO] [stdout]     = note: this warning originates in the macro `__impl_bitflags` which comes from the expansion of the macro `define_registers` (in Nightly builds, run with -Z macro-backtrace for more info)
[INFO] [stdout] 
[INFO] [stdout] 
[INFO] [stdout] warning: use of deprecated macro `try`: use the `?` operator instead
[INFO] [stdout]    --> src/registers.rs:151:1
[INFO] [stdout]     |
[INFO] [stdout] 151 | / define_registers!{
[INFO] [stdout] 152 | |
[INFO] [stdout] 153 | |     // Accelerometer
[INFO] [stdout] ...   |
[INFO] [stdout] 233 | |     }
[INFO] [stdout] 234 | | }
[INFO] [stdout]     | |_^
[INFO] [stdout]     |
[INFO] [stdout]     = note: this warning originates in the macro `__impl_bitflags` which comes from the expansion of the macro `define_registers` (in Nightly builds, run with -Z macro-backtrace for more info)
[INFO] [stdout] 
[INFO] [stdout] 
[INFO] [stdout] warning: use of deprecated macro `try`: use the `?` operator instead
[INFO] [stdout]    --> src/registers.rs:151:1
[INFO] [stdout]     |
[INFO] [stdout] 151 | / define_registers!{
[INFO] [stdout] 152 | |
[INFO] [stdout] 153 | |     // Accelerometer
[INFO] [stdout] ...   |
[INFO] [stdout] 233 | |     }
[INFO] [stdout] 234 | | }
[INFO] [stdout]     | |_^
[INFO] [stdout]     |
[INFO] [stdout]     = note: this warning originates in the macro `__impl_bitflags` which comes from the expansion of the macro `define_registers` (in Nightly builds, run with -Z macro-backtrace for more info)
[INFO] [stdout] 
[INFO] [stdout] 
[INFO] [stdout] warning: use of deprecated macro `try`: use the `?` operator instead
[INFO] [stdout]    --> src/registers.rs:151:1
[INFO] [stdout]     |
[INFO] [stdout] 151 | / define_registers!{
[INFO] [stdout] 152 | |
[INFO] [stdout] 153 | |     // Accelerometer
[INFO] [stdout] ...   |
[INFO] [stdout] 233 | |     }
[INFO] [stdout] 234 | | }
[INFO] [stdout]     | |_^
[INFO] [stdout]     |
[INFO] [stdout]     = note: this warning originates in the macro `__impl_bitflags` which comes from the expansion of the macro `define_registers` (in Nightly builds, run with -Z macro-backtrace for more info)
[INFO] [stdout] 
[INFO] [stdout] 
[INFO] [stdout] warning: use of deprecated macro `try`: use the `?` operator instead
[INFO] [stdout]    --> src/registers.rs:151:1
[INFO] [stdout]     |
[INFO] [stdout] 151 | / define_registers!{
[INFO] [stdout] 152 | |
[INFO] [stdout] 153 | |     // Accelerometer
[INFO] [stdout] ...   |
[INFO] [stdout] 233 | |     }
[INFO] [stdout] 234 | | }
[INFO] [stdout]     | |_^
[INFO] [stdout]     |
[INFO] [stdout]     = note: this warning originates in the macro `__impl_bitflags` which comes from the expansion of the macro `define_registers` (in Nightly builds, run with -Z macro-backtrace for more info)
[INFO] [stdout] 
[INFO] [stdout] 
[INFO] [stdout] warning: use of deprecated macro `try`: use the `?` operator instead
[INFO] [stdout]    --> src/registers.rs:151:1
[INFO] [stdout]     |
[INFO] [stdout] 151 | / define_registers!{
[INFO] [stdout] 152 | |
[INFO] [stdout] 153 | |     // Accelerometer
[INFO] [stdout] ...   |
[INFO] [stdout] 233 | |     }
[INFO] [stdout] 234 | | }
[INFO] [stdout]     | |_^
[INFO] [stdout]     |
[INFO] [stdout]     = note: this warning originates in the macro `__impl_bitflags` which comes from the expansion of the macro `define_registers` (in Nightly builds, run with -Z macro-backtrace for more info)
[INFO] [stdout] 
[INFO] [stdout] 
[INFO] [stdout] warning: use of deprecated macro `try`: use the `?` operator instead
[INFO] [stdout]    --> src/registers.rs:151:1
[INFO] [stdout]     |
[INFO] [stdout] 151 | / define_registers!{
[INFO] [stdout] 152 | |
[INFO] [stdout] 153 | |     // Accelerometer
[INFO] [stdout] ...   |
[INFO] [stdout] 233 | |     }
[INFO] [stdout] 234 | | }
[INFO] [stdout]     | |_^
[INFO] [stdout]     |
[INFO] [stdout]     = note: this warning originates in the macro `__impl_bitflags` which comes from the expansion of the macro `define_registers` (in Nightly builds, run with -Z macro-backtrace for more info)
[INFO] [stdout] 
[INFO] [stdout] 
[INFO] [stdout] warning: use of deprecated macro `try`: use the `?` operator instead
[INFO] [stdout]    --> src/registers.rs:151:1
[INFO] [stdout]     |
[INFO] [stdout] 151 | / define_registers!{
[INFO] [stdout] 152 | |
[INFO] [stdout] 153 | |     // Accelerometer
[INFO] [stdout] ...   |
[INFO] [stdout] 233 | |     }
[INFO] [stdout] 234 | | }
[INFO] [stdout]     | |_^
[INFO] [stdout]     |
[INFO] [stdout]     = note: this warning originates in the macro `__impl_bitflags` which comes from the expansion of the macro `define_registers` (in Nightly builds, run with -Z macro-backtrace for more info)
[INFO] [stdout] 
[INFO] [stdout] 
[INFO] [stdout] warning: use of deprecated macro `try`: use the `?` operator instead
[INFO] [stdout]    --> src/registers.rs:151:1
[INFO] [stdout]     |
[INFO] [stdout] 151 | / define_registers!{
[INFO] [stdout] 152 | |
[INFO] [stdout] 153 | |     // Accelerometer
[INFO] [stdout] ...   |
[INFO] [stdout] 233 | |     }
[INFO] [stdout] 234 | | }
[INFO] [stdout]     | |_^
[INFO] [stdout]     |
[INFO] [stdout]     = note: this warning originates in the macro `__impl_bitflags` which comes from the expansion of the macro `define_registers` (in Nightly builds, run with -Z macro-backtrace for more info)
[INFO] [stdout] 
[INFO] [stdout] 
[INFO] [stdout] warning: use of deprecated macro `try`: use the `?` operator instead
[INFO] [stdout]    --> src/registers.rs:151:1
[INFO] [stdout]     |
[INFO] [stdout] 151 | / define_registers!{
[INFO] [stdout] 152 | |
[INFO] [stdout] 153 | |     // Accelerometer
[INFO] [stdout] ...   |
[INFO] [stdout] 233 | |     }
[INFO] [stdout] 234 | | }
[INFO] [stdout]     | |_^
[INFO] [stdout]     |
[INFO] [stdout]     = note: this warning originates in the macro `__impl_bitflags` which comes from the expansion of the macro `define_registers` (in Nightly builds, run with -Z macro-backtrace for more info)
[INFO] [stdout] 
[INFO] [stdout] 
[INFO] [stdout] warning: use of deprecated macro `try`: use the `?` operator instead
[INFO] [stdout]    --> src/registers.rs:151:1
[INFO] [stdout]     |
[INFO] [stdout] 151 | / define_registers!{
[INFO] [stdout] 152 | |
[INFO] [stdout] 153 | |     // Accelerometer
[INFO] [stdout] ...   |
[INFO] [stdout] 233 | |     }
[INFO] [stdout] 234 | | }
[INFO] [stdout]     | |_^
[INFO] [stdout]     |
[INFO] [stdout]     = note: this warning originates in the macro `__impl_bitflags` which comes from the expansion of the macro `define_registers` (in Nightly builds, run with -Z macro-backtrace for more info)
[INFO] [stdout] 
[INFO] [stdout] 
[INFO] [stdout] warning: use of deprecated macro `try`: use the `?` operator instead
[INFO] [stdout]    --> src/registers.rs:151:1
[INFO] [stdout]     |
[INFO] [stdout] 151 | / define_registers!{
[INFO] [stdout] 152 | |
[INFO] [stdout] 153 | |     // Accelerometer
[INFO] [stdout] ...   |
[INFO] [stdout] 233 | |     }
[INFO] [stdout] 234 | | }
[INFO] [stdout]     | |_^
[INFO] [stdout]     |
[INFO] [stdout]     = note: this warning originates in the macro `__impl_bitflags` which comes from the expansion of the macro `define_registers` (in Nightly builds, run with -Z macro-backtrace for more info)
[INFO] [stdout] 
[INFO] [stdout] 
[INFO] [stdout] warning: use of deprecated macro `try`: use the `?` operator instead
[INFO] [stdout]    --> src/registers.rs:151:1
[INFO] [stdout]     |
[INFO] [stdout] 151 | / define_registers!{
[INFO] [stdout] 152 | |
[INFO] [stdout] 153 | |     // Accelerometer
[INFO] [stdout] ...   |
[INFO] [stdout] 233 | |     }
[INFO] [stdout] 234 | | }
[INFO] [stdout]     | |_^
[INFO] [stdout]     |
[INFO] [stdout]     = note: this warning originates in the macro `__impl_bitflags` which comes from the expansion of the macro `define_registers` (in Nightly builds, run with -Z macro-backtrace for more info)
[INFO] [stdout] 
[INFO] [stdout] 
[INFO] [stdout] warning: use of deprecated macro `try`: use the `?` operator instead
[INFO] [stdout]    --> src/registers.rs:151:1
[INFO] [stdout]     |
[INFO] [stdout] 151 | / define_registers!{
[INFO] [stdout] 152 | |
[INFO] [stdout] 153 | |     // Accelerometer
[INFO] [stdout] ...   |
[INFO] [stdout] 233 | |     }
[INFO] [stdout] 234 | | }
[INFO] [stdout]     | |_^
[INFO] [stdout]     |
[INFO] [stdout]     = note: this warning originates in the macro `__impl_bitflags` which comes from the expansion of the macro `define_registers` (in Nightly builds, run with -Z macro-backtrace for more info)
[INFO] [stdout] 
[INFO] [stdout] 
[INFO] [stdout] warning: use of deprecated macro `try`: use the `?` operator instead
[INFO] [stdout]    --> src/registers.rs:151:1
[INFO] [stdout]     |
[INFO] [stdout] 151 | / define_registers!{
[INFO] [stdout] 152 | |
[INFO] [stdout] 153 | |     // Accelerometer
[INFO] [stdout] ...   |
[INFO] [stdout] 233 | |     }
[INFO] [stdout] 234 | | }
[INFO] [stdout]     | |_^
[INFO] [stdout]     |
[INFO] [stdout]     = note: this warning originates in the macro `__impl_bitflags` which comes from the expansion of the macro `define_registers` (in Nightly builds, run with -Z macro-backtrace for more info)
[INFO] [stdout] 
[INFO] [stdout] 
[INFO] [stdout] warning: use of deprecated macro `try`: use the `?` operator instead
[INFO] [stdout]    --> src/registers.rs:151:1
[INFO] [stdout]     |
[INFO] [stdout] 151 | / define_registers!{
[INFO] [stdout] 152 | |
[INFO] [stdout] 153 | |     // Accelerometer
[INFO] [stdout] ...   |
[INFO] [stdout] 233 | |     }
[INFO] [stdout] 234 | | }
[INFO] [stdout]     | |_^
[INFO] [stdout]     |
[INFO] [stdout]     = note: this warning originates in the macro `__impl_bitflags` which comes from the expansion of the macro `define_registers` (in Nightly builds, run with -Z macro-backtrace for more info)
[INFO] [stdout] 
[INFO] [stdout] 
[INFO] [stdout] warning: use of deprecated macro `try`: use the `?` operator instead
[INFO] [stdout]    --> src/registers.rs:151:1
[INFO] [stdout]     |
[INFO] [stdout] 151 | / define_registers!{
[INFO] [stdout] 152 | |
[INFO] [stdout] 153 | |     // Accelerometer
[INFO] [stdout] ...   |
[INFO] [stdout] 233 | |     }
[INFO] [stdout] 234 | | }
[INFO] [stdout]     | |_^
[INFO] [stdout]     |
[INFO] [stdout]     = note: this warning originates in the macro `__impl_bitflags` which comes from the expansion of the macro `define_registers` (in Nightly builds, run with -Z macro-backtrace for more info)
[INFO] [stdout] 
[INFO] [stdout] 
[INFO] [stdout] warning: use of deprecated macro `try`: use the `?` operator instead
[INFO] [stdout]    --> src/registers.rs:151:1
[INFO] [stdout]     |
[INFO] [stdout] 151 | / define_registers!{
[INFO] [stdout] 152 | |
[INFO] [stdout] 153 | |     // Accelerometer
[INFO] [stdout] ...   |
[INFO] [stdout] 233 | |     }
[INFO] [stdout] 234 | | }
[INFO] [stdout]     | |_^
[INFO] [stdout]     |
[INFO] [stdout]     = note: this warning originates in the macro `__impl_bitflags` which comes from the expansion of the macro `define_registers` (in Nightly builds, run with -Z macro-backtrace for more info)
[INFO] [stdout] 
[INFO] [stdout] 
[INFO] [stdout] warning: use of deprecated macro `try`: use the `?` operator instead
[INFO] [stdout]    --> src/registers.rs:151:1
[INFO] [stdout]     |
[INFO] [stdout] 151 | / define_registers!{
[INFO] [stdout] 152 | |
[INFO] [stdout] 153 | |     // Accelerometer
[INFO] [stdout] ...   |
[INFO] [stdout] 233 | |     }
[INFO] [stdout] 234 | | }
[INFO] [stdout]     | |_^
[INFO] [stdout]     |
[INFO] [stdout]     = note: this warning originates in the macro `__impl_bitflags` which comes from the expansion of the macro `define_registers` (in Nightly builds, run with -Z macro-backtrace for more info)
[INFO] [stdout] 
[INFO] [stdout] 
[INFO] [stdout] warning: use of deprecated macro `try`: use the `?` operator instead
[INFO] [stdout]    --> src/registers.rs:151:1
[INFO] [stdout]     |
[INFO] [stdout] 151 | / define_registers!{
[INFO] [stdout] 152 | |
[INFO] [stdout] 153 | |     // Accelerometer
[INFO] [stdout] ...   |
[INFO] [stdout] 233 | |     }
[INFO] [stdout] 234 | | }
[INFO] [stdout]     | |_^
[INFO] [stdout]     |
[INFO] [stdout]     = note: this warning originates in the macro `__impl_bitflags` which comes from the expansion of the macro `define_registers` (in Nightly builds, run with -Z macro-backtrace for more info)
[INFO] [stdout] 
[INFO] [stdout] 
[INFO] [stdout] warning: use of deprecated macro `try`: use the `?` operator instead
[INFO] [stdout]    --> src/registers.rs:151:1
[INFO] [stdout]     |
[INFO] [stdout] 151 | / define_registers!{
[INFO] [stdout] 152 | |
[INFO] [stdout] 153 | |     // Accelerometer
[INFO] [stdout] ...   |
[INFO] [stdout] 233 | |     }
[INFO] [stdout] 234 | | }
[INFO] [stdout]     | |_^
[INFO] [stdout]     |
[INFO] [stdout]     = note: this warning originates in the macro `__impl_bitflags` which comes from the expansion of the macro `define_registers` (in Nightly builds, run with -Z macro-backtrace for more info)
[INFO] [stdout] 
[INFO] [stdout] 
[INFO] [stdout] warning: use of deprecated macro `try`: use the `?` operator instead
[INFO] [stdout]    --> src/registers.rs:151:1
[INFO] [stdout]     |
[INFO] [stdout] 151 | / define_registers!{
[INFO] [stdout] 152 | |
[INFO] [stdout] 153 | |     // Accelerometer
[INFO] [stdout] ...   |
[INFO] [stdout] 233 | |     }
[INFO] [stdout] 234 | | }
[INFO] [stdout]     | |_^
[INFO] [stdout]     |
[INFO] [stdout]     = note: this warning originates in the macro `__impl_bitflags` which comes from the expansion of the macro `define_registers` (in Nightly builds, run with -Z macro-backtrace for more info)
[INFO] [stdout] 
[INFO] [stdout] 
[INFO] [stdout] warning: use of deprecated macro `try`: use the `?` operator instead
[INFO] [stdout]    --> src/registers.rs:151:1
[INFO] [stdout]     |
[INFO] [stdout] 151 | / define_registers!{
[INFO] [stdout] 152 | |
[INFO] [stdout] 153 | |     // Accelerometer
[INFO] [stdout] ...   |
[INFO] [stdout] 233 | |     }
[INFO] [stdout] 234 | | }
[INFO] [stdout]     | |_^
[INFO] [stdout]     |
[INFO] [stdout]     = note: this warning originates in the macro `__impl_bitflags` which comes from the expansion of the macro `define_registers` (in Nightly builds, run with -Z macro-backtrace for more info)
[INFO] [stdout] 
[INFO] [stdout] 
[INFO] [stdout] warning: use of deprecated macro `try`: use the `?` operator instead
[INFO] [stdout]    --> src/registers.rs:151:1
[INFO] [stdout]     |
[INFO] [stdout] 151 | / define_registers!{
[INFO] [stdout] 152 | |
[INFO] [stdout] 153 | |     // Accelerometer
[INFO] [stdout] ...   |
[INFO] [stdout] 233 | |     }
[INFO] [stdout] 234 | | }
[INFO] [stdout]     | |_^
[INFO] [stdout]     |
[INFO] [stdout]     = note: this warning originates in the macro `__impl_bitflags` which comes from the expansion of the macro `define_registers` (in Nightly builds, run with -Z macro-backtrace for more info)
[INFO] [stdout] 
[INFO] [stdout] 
[INFO] [stdout] warning: use of deprecated macro `try`: use the `?` operator instead
[INFO] [stdout]    --> src/registers.rs:151:1
[INFO] [stdout]     |
[INFO] [stdout] 151 | / define_registers!{
[INFO] [stdout] 152 | |
[INFO] [stdout] 153 | |     // Accelerometer
[INFO] [stdout] ...   |
[INFO] [stdout] 233 | |     }
[INFO] [stdout] 234 | | }
[INFO] [stdout]     | |_^
[INFO] [stdout]     |
[INFO] [stdout]     = note: this warning originates in the macro `__impl_bitflags` which comes from the expansion of the macro `define_registers` (in Nightly builds, run with -Z macro-backtrace for more info)
[INFO] [stdout] 
[INFO] [stdout] 
[INFO] [stdout] warning: use of deprecated macro `try`: use the `?` operator instead
[INFO] [stdout]    --> src/registers.rs:151:1
[INFO] [stdout]     |
[INFO] [stdout] 151 | / define_registers!{
[INFO] [stdout] 152 | |
[INFO] [stdout] 153 | |     // Accelerometer
[INFO] [stdout] ...   |
[INFO] [stdout] 233 | |     }
[INFO] [stdout] 234 | | }
[INFO] [stdout]     | |_^
[INFO] [stdout]     |
[INFO] [stdout]     = note: this warning originates in the macro `__impl_bitflags` which comes from the expansion of the macro `define_registers` (in Nightly builds, run with -Z macro-backtrace for more info)
[INFO] [stdout] 
[INFO] [stdout] 
[INFO] [stdout] warning: use of deprecated macro `try`: use the `?` operator instead
[INFO] [stdout]    --> src/registers.rs:151:1
[INFO] [stdout]     |
[INFO] [stdout] 151 | / define_registers!{
[INFO] [stdout] 152 | |
[INFO] [stdout] 153 | |     // Accelerometer
[INFO] [stdout] ...   |
[INFO] [stdout] 233 | |     }
[INFO] [stdout] 234 | | }
[INFO] [stdout]     | |_^
[INFO] [stdout]     |
[INFO] [stdout]     = note: this warning originates in the macro `__impl_bitflags` which comes from the expansion of the macro `define_registers` (in Nightly builds, run with -Z macro-backtrace for more info)
[INFO] [stdout] 
[INFO] [stdout] 
[INFO] [stdout] warning: use of deprecated macro `try`: use the `?` operator instead
[INFO] [stdout]    --> src/registers.rs:151:1
[INFO] [stdout]     |
[INFO] [stdout] 151 | / define_registers!{
[INFO] [stdout] 152 | |
[INFO] [stdout] 153 | |     // Accelerometer
[INFO] [stdout] ...   |
[INFO] [stdout] 233 | |     }
[INFO] [stdout] 234 | | }
[INFO] [stdout]     | |_^
[INFO] [stdout]     |
[INFO] [stdout]     = note: this warning originates in the macro `__impl_bitflags` which comes from the expansion of the macro `define_registers` (in Nightly builds, run with -Z macro-backtrace for more info)
[INFO] [stdout] 
[INFO] [stdout] 
[INFO] [stdout] warning: use of deprecated macro `try`: use the `?` operator instead
[INFO] [stdout]    --> src/registers.rs:151:1
[INFO] [stdout]     |
[INFO] [stdout] 151 | / define_registers!{
[INFO] [stdout] 152 | |
[INFO] [stdout] 153 | |     // Accelerometer
[INFO] [stdout] ...   |
[INFO] [stdout] 233 | |     }
[INFO] [stdout] 234 | | }
[INFO] [stdout]     | |_^
[INFO] [stdout]     |
[INFO] [stdout]     = note: this warning originates in the macro `__impl_bitflags` which comes from the expansion of the macro `define_registers` (in Nightly builds, run with -Z macro-backtrace for more info)
[INFO] [stdout] 
[INFO] [stdout] 
[INFO] [stdout] warning: use of deprecated macro `try`: use the `?` operator instead
[INFO] [stdout]    --> src/registers.rs:151:1
[INFO] [stdout]     |
[INFO] [stdout] 151 | / define_registers!{
[INFO] [stdout] 152 | |
[INFO] [stdout] 153 | |     // Accelerometer
[INFO] [stdout] ...   |
[INFO] [stdout] 233 | |     }
[INFO] [stdout] 234 | | }
[INFO] [stdout]     | |_^
[INFO] [stdout]     |
[INFO] [stdout]     = note: this warning originates in the macro `__impl_bitflags` which comes from the expansion of the macro `define_registers` (in Nightly builds, run with -Z macro-backtrace for more info)
[INFO] [stdout] 
[INFO] [stdout] 
[INFO] [stdout] warning: use of deprecated macro `try`: use the `?` operator instead
[INFO] [stdout]    --> src/registers.rs:151:1
[INFO] [stdout]     |
[INFO] [stdout] 151 | / define_registers!{
[INFO] [stdout] 152 | |
[INFO] [stdout] 153 | |     // Accelerometer
[INFO] [stdout] ...   |
[INFO] [stdout] 233 | |     }
[INFO] [stdout] 234 | | }
[INFO] [stdout]     | |_^
[INFO] [stdout]     |
[INFO] [stdout]     = note: this warning originates in the macro `__impl_bitflags` which comes from the expansion of the macro `define_registers` (in Nightly builds, run with -Z macro-backtrace for more info)
[INFO] [stdout] 
[INFO] [stdout] 
[INFO] [stdout] warning: use of deprecated macro `try`: use the `?` operator instead
[INFO] [stdout]    --> src/registers.rs:151:1
[INFO] [stdout]     |
[INFO] [stdout] 151 | / define_registers!{
[INFO] [stdout] 152 | |
[INFO] [stdout] 153 | |     // Accelerometer
[INFO] [stdout] ...   |
[INFO] [stdout] 233 | |     }
[INFO] [stdout] 234 | | }
[INFO] [stdout]     | |_^
[INFO] [stdout]     |
[INFO] [stdout]     = note: this warning originates in the macro `__impl_bitflags` which comes from the expansion of the macro `define_registers` (in Nightly builds, run with -Z macro-backtrace for more info)
[INFO] [stdout] 
[INFO] [stdout] 
[INFO] [stdout] warning: use of deprecated macro `try`: use the `?` operator instead
[INFO] [stdout]    --> src/registers.rs:151:1
[INFO] [stdout]     |
[INFO] [stdout] 151 | / define_registers!{
[INFO] [stdout] 152 | |
[INFO] [stdout] 153 | |     // Accelerometer
[INFO] [stdout] ...   |
[INFO] [stdout] 233 | |     }
[INFO] [stdout] 234 | | }
[INFO] [stdout]     | |_^
[INFO] [stdout]     |
[INFO] [stdout]     = note: this warning originates in the macro `__impl_bitflags` which comes from the expansion of the macro `define_registers` (in Nightly builds, run with -Z macro-backtrace for more info)
[INFO] [stdout] 
[INFO] [stdout] 
[INFO] [stdout] warning: use of deprecated macro `try`: use the `?` operator instead
[INFO] [stdout]    --> src/registers.rs:151:1
[INFO] [stdout]     |
[INFO] [stdout] 151 | / define_registers!{
[INFO] [stdout] 152 | |
[INFO] [stdout] 153 | |     // Accelerometer
[INFO] [stdout] ...   |
[INFO] [stdout] 233 | |     }
[INFO] [stdout] 234 | | }
[INFO] [stdout]     | |_^
[INFO] [stdout]     |
[INFO] [stdout]     = note: this warning originates in the macro `__impl_bitflags` which comes from the expansion of the macro `define_registers` (in Nightly builds, run with -Z macro-backtrace for more info)
[INFO] [stdout] 
[INFO] [stdout] 
[INFO] [stdout] warning: use of deprecated macro `try`: use the `?` operator instead
[INFO] [stdout]    --> src/registers.rs:151:1
[INFO] [stdout]     |
[INFO] [stdout] 151 | / define_registers!{
[INFO] [stdout] 152 | |
[INFO] [stdout] 153 | |     // Accelerometer
[INFO] [stdout] ...   |
[INFO] [stdout] 233 | |     }
[INFO] [stdout] 234 | | }
[INFO] [stdout]     | |_^
[INFO] [stdout]     |
[INFO] [stdout]     = note: this warning originates in the macro `__impl_bitflags` which comes from the expansion of the macro `define_registers` (in Nightly builds, run with -Z macro-backtrace for more info)
[INFO] [stdout] 
[INFO] [stdout] 
[INFO] [stdout] warning: use of deprecated macro `try`: use the `?` operator instead
[INFO] [stdout]    --> src/registers.rs:151:1
[INFO] [stdout]     |
[INFO] [stdout] 151 | / define_registers!{
[INFO] [stdout] 152 | |
[INFO] [stdout] 153 | |     // Accelerometer
[INFO] [stdout] ...   |
[INFO] [stdout] 233 | |     }
[INFO] [stdout] 234 | | }
[INFO] [stdout]     | |_^
[INFO] [stdout]     |
[INFO] [stdout]     = note: this warning originates in the macro `__impl_bitflags` which comes from the expansion of the macro `define_registers` (in Nightly builds, run with -Z macro-backtrace for more info)
[INFO] [stdout] 
[INFO] [stdout] 
[INFO] [stdout] warning: use of deprecated macro `try`: use the `?` operator instead
[INFO] [stdout]    --> src/registers.rs:151:1
[INFO] [stdout]     |
[INFO] [stdout] 151 | / define_registers!{
[INFO] [stdout] 152 | |
[INFO] [stdout] 153 | |     // Accelerometer
[INFO] [stdout] ...   |
[INFO] [stdout] 233 | |     }
[INFO] [stdout] 234 | | }
[INFO] [stdout]     | |_^
[INFO] [stdout]     |
[INFO] [stdout]     = note: this warning originates in the macro `__impl_bitflags` which comes from the expansion of the macro `define_registers` (in Nightly builds, run with -Z macro-backtrace for more info)
[INFO] [stdout] 
[INFO] [stdout] 
[INFO] [stdout] warning: use of deprecated macro `try`: use the `?` operator instead
[INFO] [stdout]    --> src/registers.rs:151:1
[INFO] [stdout]     |
[INFO] [stdout] 151 | / define_registers!{
[INFO] [stdout] 152 | |
[INFO] [stdout] 153 | |     // Accelerometer
[INFO] [stdout] ...   |
[INFO] [stdout] 233 | |     }
[INFO] [stdout] 234 | | }
[INFO] [stdout]     | |_^
[INFO] [stdout]     |
[INFO] [stdout]     = note: this warning originates in the macro `__impl_bitflags` which comes from the expansion of the macro `define_registers` (in Nightly builds, run with -Z macro-backtrace for more info)
[INFO] [stdout] 
[INFO] [stdout] 
[INFO] [stdout] warning: use of deprecated macro `try`: use the `?` operator instead
[INFO] [stdout]    --> src/registers.rs:151:1
[INFO] [stdout]     |
[INFO] [stdout] 151 | / define_registers!{
[INFO] [stdout] 152 | |
[INFO] [stdout] 153 | |     // Accelerometer
[INFO] [stdout] ...   |
[INFO] [stdout] 233 | |     }
[INFO] [stdout] 234 | | }
[INFO] [stdout]     | |_^
[INFO] [stdout]     |
[INFO] [stdout]     = note: this warning originates in the macro `__impl_bitflags` which comes from the expansion of the macro `define_registers` (in Nightly builds, run with -Z macro-backtrace for more info)
[INFO] [stdout] 
[INFO] [stdout] 
[INFO] [stdout] warning: unexpected `cfg` condition name: `none`
[INFO] [stdout]    --> src/magnetometer.rs:204:11
[INFO] [stdout]     |
[INFO] [stdout] 204 |     #[cfg(none)]
[INFO] [stdout]     |           ^^^^
[INFO] [stdout]     |
[INFO] [stdout]     = help: expected names are: `clippy`, `debug_assertions`, `doc`, `docsrs`, `doctest`, `feature`, `fmt_debug`, `miri`, `overflow_checks`, `panic`, `proc_macro`, `relocation_model`, `rustfmt`, `sanitize`, `sanitizer_cfi_generalize_pointers`, `sanitizer_cfi_normalize_integers`, `target_abi`, `target_arch`, `target_endian`, `target_env`, `target_family`, `target_feature`, `target_has_atomic`, `target_has_atomic_equal_alignment`, `target_has_atomic_load_store`, `target_os`, `target_pointer_width`, `target_thread_local`, `target_vendor`, `test`, `ub_checks`, `unix`, and `windows`
[INFO] [stdout]     = help: consider using a Cargo feature instead
[INFO] [stdout]     = help: or consider adding in `Cargo.toml` the `check-cfg` lint config for the lint:
[INFO] [stdout]              [lints.rust]
[INFO] [stdout]              unexpected_cfgs = { level = "warn", check-cfg = ['cfg(none)'] }
[INFO] [stdout]     = help: or consider adding `println!("cargo::rustc-check-cfg=cfg(none)");` to the top of the `build.rs`
[INFO] [stdout]     = note: see <https://doc.rust-lang.org/nightly/rustc/check-cfg/cargo-specifics.html> for more information about checking conditional configuration
[INFO] [stdout]     = note: `#[warn(unexpected_cfgs)]` on by default
[INFO] [stdout] help: found config with similar value
[INFO] [stdout]     |
[INFO] [stdout] 204 |     #[cfg(fmt_debug = "none")]
[INFO] [stdout]     |           ~~~~~~~~~~~~~~~~~~
[INFO] [stdout] help: found config with similar value
[INFO] [stdout]     |
[INFO] [stdout] 204 |     #[cfg(target_os = "none")]
[INFO] [stdout]     |           ~~~~~~~~~~~~~~~~~~
[INFO] [stdout] 
[INFO] [stdout] 
[INFO] [stdout] warning: use of deprecated method `std::error::Error::description`: use the Display impl or to_string()
[INFO] [stdout]   --> src/errors.rs:7:1
[INFO] [stdout]    |
[INFO] [stdout] 7  | / error_chain!{
[INFO] [stdout] 8  | |     errors {
[INFO] [stdout] 9  | |         /// Error opening the I2C device
[INFO] [stdout] 10 | |         FailedToOpenDevice{}
[INFO] [stdout] ...  |
[INFO] [stdout] 25 | |     }
[INFO] [stdout] 26 | | }
[INFO] [stdout]    | |_^
[INFO] [stdout]    |
[INFO] [stdout]    = note: this warning originates in the macro `error_chain_processed` which comes from the expansion of the macro `error_chain` (in Nightly builds, run with -Z macro-backtrace for more info)
[INFO] [stdout] 
[INFO] [stdout] 
[INFO] [stdout] warning: use of deprecated method `std::error::Error::cause`: replaced by Error::source, which can support downcasting
[INFO] [stdout]   --> src/errors.rs:7:1
[INFO] [stdout]    |
[INFO] [stdout] 7  | / error_chain!{
[INFO] [stdout] 8  | |     errors {
[INFO] [stdout] 9  | |         /// Error opening the I2C device
[INFO] [stdout] 10 | |         FailedToOpenDevice{}
[INFO] [stdout] ...  |
[INFO] [stdout] 25 | |     }
[INFO] [stdout] 26 | | }
[INFO] [stdout]    | |_^
[INFO] [stdout]    |
[INFO] [stdout]    = note: this warning originates in the macro `error_chain_processed` which comes from the expansion of the macro `error_chain` (in Nightly builds, run with -Z macro-backtrace for more info)
[INFO] [stdout] 
[INFO] [stdout] 
[INFO] [stderr]     Finished `dev` profile [unoptimized + debuginfo] target(s) in 8.90s
[INFO] [stderr] warning: the following packages contain code that will be rejected by a future version of Rust: dimensioned v0.6.0
[INFO] [stderr] note: to see what the problems were, use the option `--future-incompat-report`, or run `cargo report future-incompatibilities --id 1`
[INFO] running `Command { std: "docker" "inspect" "c8ef18845ca52721937ca90b86a1340d9cb76f89da6ace4d6bb5994f0243b100", kill_on_drop: false }`
[INFO] running `Command { std: "docker" "rm" "-f" "c8ef18845ca52721937ca90b86a1340d9cb76f89da6ace4d6bb5994f0243b100", kill_on_drop: false }`
[INFO] [stdout] c8ef18845ca52721937ca90b86a1340d9cb76f89da6ace4d6bb5994f0243b100
[INFO] running `Command { std: "docker" "create" "-v" "/var/lib/crater-agent-workspace/builds/worker-3-tc2/target:/opt/rustwide/target:rw,Z" "-v" "/var/lib/crater-agent-workspace/builds/worker-3-tc2/source:/opt/rustwide/workdir:ro,Z" "-v" "/var/lib/crater-agent-workspace/cargo-home:/opt/rustwide/cargo-home:ro,Z" "-v" "/var/lib/crater-agent-workspace/rustup-home:/opt/rustwide/rustup-home:ro,Z" "-e" "SOURCE_DIR=/opt/rustwide/workdir" "-e" "CARGO_TARGET_DIR=/opt/rustwide/target" "-e" "CARGO_INCREMENTAL=0" "-e" "RUST_BACKTRACE=full" "-e" "RUSTFLAGS=--cap-lints=forbid -Zrandomize-layout" "-e" "RUSTDOCFLAGS=--cap-lints=forbid" "-e" "CARGO_HOME=/opt/rustwide/cargo-home" "-e" "RUSTUP_HOME=/opt/rustwide/rustup-home" "-w" "/opt/rustwide/workdir" "-m" "1610612736" "--user" "0:0" "--network" "none" "ghcr.io/rust-lang/crates-build-env/linux@sha256:4a844ea9eb2546a2d2c7022eacef16ef2e8229c7fbb2c7d4d55a9ceca922f72d" "/opt/rustwide/cargo-home/bin/cargo" "+nightly-2024-10-28" "test" "--frozen" "--no-run" "--message-format=json", kill_on_drop: false }`
[INFO] [stdout] 77e15021ff7fd0470588a6ac998fd1d1fc4840047e1993140466b805521b70f5
[INFO] running `Command { std: "docker" "start" "-a" "77e15021ff7fd0470588a6ac998fd1d1fc4840047e1993140466b805521b70f5", kill_on_drop: false }`
[INFO] [stderr] warning: no edition set: defaulting to the 2015 edition while the latest is 2021
[INFO] [stdout] warning: lint `unused_doc_comment` has been renamed to `unused_doc_comments`
[INFO] [stdout]  --> src/errors.rs:3:10
[INFO] [stdout]   |
[INFO] [stdout] 3 | #![allow(unused_doc_comment)]
[INFO] [stdout]   |          ^^^^^^^^^^^^^^^^^^ help: use the new name: `unused_doc_comments`
[INFO] [stdout]   |
[INFO] [stdout]   = note: `#[warn(renamed_and_removed_lints)]` on by default
[INFO] [stdout] 
[INFO] [stdout] 
[INFO] [stdout] warning: use of deprecated macro `try`: use the `?` operator instead
[INFO] [stdout]    --> src/registers.rs:151:1
[INFO] [stdout]     |
[INFO] [stdout] 151 | / define_registers!{
[INFO] [stdout] 152 | |
[INFO] [stdout] 153 | |     // Accelerometer
[INFO] [stdout] ...   |
[INFO] [stdout] 233 | |     }
[INFO] [stdout] 234 | | }
[INFO] [stdout]     | |_^
[INFO] [stdout]     |
[INFO] [stdout]     = note: `#[warn(deprecated)]` on by default
[INFO] [stdout]     = note: this warning originates in the macro `__impl_bitflags` which comes from the expansion of the macro `define_registers` (in Nightly builds, run with -Z macro-backtrace for more info)
[INFO] [stdout] 
[INFO] [stdout] 
[INFO] [stdout] warning: use of deprecated macro `try`: use the `?` operator instead
[INFO] [stdout]    --> src/registers.rs:151:1
[INFO] [stdout]     |
[INFO] [stdout] 151 | / define_registers!{
[INFO] [stdout] 152 | |
[INFO] [stdout] 153 | |     // Accelerometer
[INFO] [stdout] ...   |
[INFO] [stdout] 233 | |     }
[INFO] [stdout] 234 | | }
[INFO] [stdout]     | |_^
[INFO] [stdout]     |
[INFO] [stdout]     = note: this warning originates in the macro `__impl_bitflags` which comes from the expansion of the macro `define_registers` (in Nightly builds, run with -Z macro-backtrace for more info)
[INFO] [stdout] 
[INFO] [stdout] 
[INFO] [stdout] warning: use of deprecated macro `try`: use the `?` operator instead
[INFO] [stdout]    --> src/registers.rs:151:1
[INFO] [stdout]     |
[INFO] [stdout] 151 | / define_registers!{
[INFO] [stdout] 152 | |
[INFO] [stdout] 153 | |     // Accelerometer
[INFO] [stdout] ...   |
[INFO] [stdout] 233 | |     }
[INFO] [stdout] 234 | | }
[INFO] [stdout]     | |_^
[INFO] [stdout]     |
[INFO] [stdout]     = note: this warning originates in the macro `__impl_bitflags` which comes from the expansion of the macro `define_registers` (in Nightly builds, run with -Z macro-backtrace for more info)
[INFO] [stdout] 
[INFO] [stdout] 
[INFO] [stdout] warning: use of deprecated macro `try`: use the `?` operator instead
[INFO] [stdout]    --> src/registers.rs:151:1
[INFO] [stdout]     |
[INFO] [stdout] 151 | / define_registers!{
[INFO] [stdout] 152 | |
[INFO] [stdout] 153 | |     // Accelerometer
[INFO] [stdout] ...   |
[INFO] [stdout] 233 | |     }
[INFO] [stdout] 234 | | }
[INFO] [stdout]     | |_^
[INFO] [stdout]     |
[INFO] [stdout]     = note: this warning originates in the macro `__impl_bitflags` which comes from the expansion of the macro `define_registers` (in Nightly builds, run with -Z macro-backtrace for more info)
[INFO] [stdout] 
[INFO] [stdout] 
[INFO] [stdout] warning: use of deprecated macro `try`: use the `?` operator instead
[INFO] [stdout]    --> src/registers.rs:151:1
[INFO] [stdout]     |
[INFO] [stdout] 151 | / define_registers!{
[INFO] [stdout] 152 | |
[INFO] [stdout] 153 | |     // Accelerometer
[INFO] [stdout] ...   |
[INFO] [stdout] 233 | |     }
[INFO] [stdout] 234 | | }
[INFO] [stdout]     | |_^
[INFO] [stdout]     |
[INFO] [stdout]     = note: this warning originates in the macro `__impl_bitflags` which comes from the expansion of the macro `define_registers` (in Nightly builds, run with -Z macro-backtrace for more info)
[INFO] [stdout] 
[INFO] [stdout] 
[INFO] [stdout] warning: use of deprecated macro `try`: use the `?` operator instead
[INFO] [stdout]    --> src/registers.rs:151:1
[INFO] [stdout]     |
[INFO] [stdout] 151 | / define_registers!{
[INFO] [stdout] 152 | |
[INFO] [stdout] 153 | |     // Accelerometer
[INFO] [stdout] ...   |
[INFO] [stdout] 233 | |     }
[INFO] [stdout] 234 | | }
[INFO] [stdout]     | |_^
[INFO] [stdout]     |
[INFO] [stdout]     = note: this warning originates in the macro `__impl_bitflags` which comes from the expansion of the macro `define_registers` (in Nightly builds, run with -Z macro-backtrace for more info)
[INFO] [stdout] 
[INFO] [stdout] 
[INFO] [stdout] warning: use of deprecated macro `try`: use the `?` operator instead
[INFO] [stdout]    --> src/registers.rs:151:1
[INFO] [stdout]     |
[INFO] [stdout] 151 | / define_registers!{
[INFO] [stdout] 152 | |
[INFO] [stdout] 153 | |     // Accelerometer
[INFO] [stdout] ...   |
[INFO] [stdout] 233 | |     }
[INFO] [stdout] 234 | | }
[INFO] [stdout]     | |_^
[INFO] [stdout]     |
[INFO] [stdout]     = note: this warning originates in the macro `__impl_bitflags` which comes from the expansion of the macro `define_registers` (in Nightly builds, run with -Z macro-backtrace for more info)
[INFO] [stdout] 
[INFO] [stdout] 
[INFO] [stdout] warning: use of deprecated macro `try`: use the `?` operator instead
[INFO] [stdout]    --> src/registers.rs:151:1
[INFO] [stdout]     |
[INFO] [stdout] 151 | / define_registers!{
[INFO] [stdout] 152 | |
[INFO] [stdout] 153 | |     // Accelerometer
[INFO] [stdout] ...   |
[INFO] [stdout] 233 | |     }
[INFO] [stdout] 234 | | }
[INFO] [stdout]     | |_^
[INFO] [stdout]     |
[INFO] [stdout]     = note: this warning originates in the macro `__impl_bitflags` which comes from the expansion of the macro `define_registers` (in Nightly builds, run with -Z macro-backtrace for more info)
[INFO] [stdout] 
[INFO] [stdout] 
[INFO] [stdout] warning: use of deprecated macro `try`: use the `?` operator instead
[INFO] [stdout]    --> src/registers.rs:151:1
[INFO] [stdout]     |
[INFO] [stdout] 151 | / define_registers!{
[INFO] [stdout] 152 | |
[INFO] [stdout] 153 | |     // Accelerometer
[INFO] [stdout] ...   |
[INFO] [stdout] 233 | |     }
[INFO] [stdout] 234 | | }
[INFO] [stdout]     | |_^
[INFO] [stdout]     |
[INFO] [stdout]     = note: this warning originates in the macro `__impl_bitflags` which comes from the expansion of the macro `define_registers` (in Nightly builds, run with -Z macro-backtrace for more info)
[INFO] [stdout] 
[INFO] [stdout] 
[INFO] [stdout] warning: use of deprecated macro `try`: use the `?` operator instead
[INFO] [stdout]    --> src/registers.rs:151:1
[INFO] [stdout]     |
[INFO] [stdout] 151 | / define_registers!{
[INFO] [stdout] 152 | |
[INFO] [stdout] 153 | |     // Accelerometer
[INFO] [stdout] ...   |
[INFO] [stdout] 233 | |     }
[INFO] [stdout] 234 | | }
[INFO] [stdout]     | |_^
[INFO] [stdout]     |
[INFO] [stdout]     = note: this warning originates in the macro `__impl_bitflags` which comes from the expansion of the macro `define_registers` (in Nightly builds, run with -Z macro-backtrace for more info)
[INFO] [stdout] 
[INFO] [stdout] 
[INFO] [stdout] warning: use of deprecated macro `try`: use the `?` operator instead
[INFO] [stdout]    --> src/registers.rs:151:1
[INFO] [stdout]     |
[INFO] [stdout] 151 | / define_registers!{
[INFO] [stdout] 152 | |
[INFO] [stdout] 153 | |     // Accelerometer
[INFO] [stdout] ...   |
[INFO] [stdout] 233 | |     }
[INFO] [stdout] 234 | | }
[INFO] [stdout]     | |_^
[INFO] [stdout]     |
[INFO] [stdout]     = note: this warning originates in the macro `__impl_bitflags` which comes from the expansion of the macro `define_registers` (in Nightly builds, run with -Z macro-backtrace for more info)
[INFO] [stdout] 
[INFO] [stdout] 
[INFO] [stdout] warning: use of deprecated macro `try`: use the `?` operator instead
[INFO] [stdout]    --> src/registers.rs:151:1
[INFO] [stdout]     |
[INFO] [stdout] 151 | / define_registers!{
[INFO] [stdout] 152 | |
[INFO] [stdout] 153 | |     // Accelerometer
[INFO] [stdout] ...   |
[INFO] [stdout] 233 | |     }
[INFO] [stdout] 234 | | }
[INFO] [stdout]     | |_^
[INFO] [stdout]     |
[INFO] [stdout]     = note: this warning originates in the macro `__impl_bitflags` which comes from the expansion of the macro `define_registers` (in Nightly builds, run with -Z macro-backtrace for more info)
[INFO] [stdout] 
[INFO] [stdout] 
[INFO] [stdout] warning: use of deprecated macro `try`: use the `?` operator instead
[INFO] [stdout]    --> src/registers.rs:151:1
[INFO] [stdout]     |
[INFO] [stdout] 151 | / define_registers!{
[INFO] [stdout] 152 | |
[INFO] [stdout] 153 | |     // Accelerometer
[INFO] [stdout] ...   |
[INFO] [stdout] 233 | |     }
[INFO] [stdout] 234 | | }
[INFO] [stdout]     | |_^
[INFO] [stdout]     |
[INFO] [stdout]     = note: this warning originates in the macro `__impl_bitflags` which comes from the expansion of the macro `define_registers` (in Nightly builds, run with -Z macro-backtrace for more info)
[INFO] [stdout] 
[INFO] [stdout] 
[INFO] [stdout] warning: use of deprecated macro `try`: use the `?` operator instead
[INFO] [stdout]    --> src/registers.rs:151:1
[INFO] [stdout]     |
[INFO] [stdout] 151 | / define_registers!{
[INFO] [stdout] 152 | |
[INFO] [stdout] 153 | |     // Accelerometer
[INFO] [stdout] ...   |
[INFO] [stdout] 233 | |     }
[INFO] [stdout] 234 | | }
[INFO] [stdout]     | |_^
[INFO] [stdout]     |
[INFO] [stdout]     = note: this warning originates in the macro `__impl_bitflags` which comes from the expansion of the macro `define_registers` (in Nightly builds, run with -Z macro-backtrace for more info)
[INFO] [stdout] 
[INFO] [stdout] 
[INFO] [stdout] warning: use of deprecated macro `try`: use the `?` operator instead
[INFO] [stdout]    --> src/registers.rs:151:1
[INFO] [stdout]     |
[INFO] [stdout] 151 | / define_registers!{
[INFO] [stdout] 152 | |
[INFO] [stdout] 153 | |     // Accelerometer
[INFO] [stdout] ...   |
[INFO] [stdout] 233 | |     }
[INFO] [stdout] 234 | | }
[INFO] [stdout]     | |_^
[INFO] [stdout]     |
[INFO] [stdout]     = note: this warning originates in the macro `__impl_bitflags` which comes from the expansion of the macro `define_registers` (in Nightly builds, run with -Z macro-backtrace for more info)
[INFO] [stdout] 
[INFO] [stdout] 
[INFO] [stdout] warning: use of deprecated macro `try`: use the `?` operator instead
[INFO] [stdout]    --> src/registers.rs:151:1
[INFO] [stdout]     |
[INFO] [stdout] 151 | / define_registers!{
[INFO] [stdout] 152 | |
[INFO] [stdout] 153 | |     // Accelerometer
[INFO] [stdout] ...   |
[INFO] [stdout] 233 | |     }
[INFO] [stdout] 234 | | }
[INFO] [stdout]     | |_^
[INFO] [stdout]     |
[INFO] [stdout]     = note: this warning originates in the macro `__impl_bitflags` which comes from the expansion of the macro `define_registers` (in Nightly builds, run with -Z macro-backtrace for more info)
[INFO] [stdout] 
[INFO] [stdout] 
[INFO] [stdout] warning: use of deprecated macro `try`: use the `?` operator instead
[INFO] [stdout]    --> src/registers.rs:151:1
[INFO] [stdout]     |
[INFO] [stdout] 151 | / define_registers!{
[INFO] [stdout] 152 | |
[INFO] [stdout] 153 | |     // Accelerometer
[INFO] [stdout] ...   |
[INFO] [stdout] 233 | |     }
[INFO] [stdout] 234 | | }
[INFO] [stdout]     | |_^
[INFO] [stdout]     |
[INFO] [stdout]     = note: this warning originates in the macro `__impl_bitflags` which comes from the expansion of the macro `define_registers` (in Nightly builds, run with -Z macro-backtrace for more info)
[INFO] [stdout] 
[INFO] [stdout] 
[INFO] [stdout] warning: use of deprecated macro `try`: use the `?` operator instead
[INFO] [stdout]    --> src/registers.rs:151:1
[INFO] [stdout]     |
[INFO] [stdout] 151 | / define_registers!{
[INFO] [stdout] 152 | |
[INFO] [stdout] 153 | |     // Accelerometer
[INFO] [stdout] ...   |
[INFO] [stdout] 233 | |     }
[INFO] [stdout] 234 | | }
[INFO] [stdout]     | |_^
[INFO] [stdout]     |
[INFO] [stdout]     = note: this warning originates in the macro `__impl_bitflags` which comes from the expansion of the macro `define_registers` (in Nightly builds, run with -Z macro-backtrace for more info)
[INFO] [stdout] 
[INFO] [stdout] 
[INFO] [stdout] warning: use of deprecated macro `try`: use the `?` operator instead
[INFO] [stdout]    --> src/registers.rs:151:1
[INFO] [stdout]     |
[INFO] [stdout] 151 | / define_registers!{
[INFO] [stdout] 152 | |
[INFO] [stdout] 153 | |     // Accelerometer
[INFO] [stdout] ...   |
[INFO] [stdout] 233 | |     }
[INFO] [stdout] 234 | | }
[INFO] [stdout]     | |_^
[INFO] [stdout]     |
[INFO] [stdout]     = note: this warning originates in the macro `__impl_bitflags` which comes from the expansion of the macro `define_registers` (in Nightly builds, run with -Z macro-backtrace for more info)
[INFO] [stdout] 
[INFO] [stdout] 
[INFO] [stdout] warning: use of deprecated macro `try`: use the `?` operator instead
[INFO] [stdout]    --> src/registers.rs:151:1
[INFO] [stdout]     |
[INFO] [stdout] 151 | / define_registers!{
[INFO] [stdout] 152 | |
[INFO] [stdout] 153 | |     // Accelerometer
[INFO] [stdout] ...   |
[INFO] [stdout] 233 | |     }
[INFO] [stdout] 234 | | }
[INFO] [stdout]     | |_^
[INFO] [stdout]     |
[INFO] [stdout]     = note: this warning originates in the macro `__impl_bitflags` which comes from the expansion of the macro `define_registers` (in Nightly builds, run with -Z macro-backtrace for more info)
[INFO] [stdout] 
[INFO] [stdout] 
[INFO] [stdout] warning: use of deprecated macro `try`: use the `?` operator instead
[INFO] [stdout]    --> src/registers.rs:151:1
[INFO] [stdout]     |
[INFO] [stdout] 151 | / define_registers!{
[INFO] [stdout] 152 | |
[INFO] [stdout] 153 | |     // Accelerometer
[INFO] [stdout] ...   |
[INFO] [stdout] 233 | |     }
[INFO] [stdout] 234 | | }
[INFO] [stdout]     | |_^
[INFO] [stdout]     |
[INFO] [stdout]     = note: this warning originates in the macro `__impl_bitflags` which comes from the expansion of the macro `define_registers` (in Nightly builds, run with -Z macro-backtrace for more info)
[INFO] [stdout] 
[INFO] [stdout] 
[INFO] [stdout] warning: use of deprecated macro `try`: use the `?` operator instead
[INFO] [stdout]    --> src/registers.rs:151:1
[INFO] [stdout]     |
[INFO] [stdout] 151 | / define_registers!{
[INFO] [stdout] 152 | |
[INFO] [stdout] 153 | |     // Accelerometer
[INFO] [stdout] ...   |
[INFO] [stdout] 233 | |     }
[INFO] [stdout] 234 | | }
[INFO] [stdout]     | |_^
[INFO] [stdout]     |
[INFO] [stdout]     = note: this warning originates in the macro `__impl_bitflags` which comes from the expansion of the macro `define_registers` (in Nightly builds, run with -Z macro-backtrace for more info)
[INFO] [stdout] 
[INFO] [stdout] 
[INFO] [stdout] warning: use of deprecated macro `try`: use the `?` operator instead
[INFO] [stdout]    --> src/registers.rs:151:1
[INFO] [stdout]     |
[INFO] [stdout] 151 | / define_registers!{
[INFO] [stdout] 152 | |
[INFO] [stdout] 153 | |     // Accelerometer
[INFO] [stdout] ...   |
[INFO] [stdout] 233 | |     }
[INFO] [stdout] 234 | | }
[INFO] [stdout]     | |_^
[INFO] [stdout]     |
[INFO] [stdout]     = note: this warning originates in the macro `__impl_bitflags` which comes from the expansion of the macro `define_registers` (in Nightly builds, run with -Z macro-backtrace for more info)
[INFO] [stdout] 
[INFO] [stdout] 
[INFO] [stdout] warning: use of deprecated macro `try`: use the `?` operator instead
[INFO] [stdout]    --> src/registers.rs:151:1
[INFO] [stdout]     |
[INFO] [stdout] 151 | / define_registers!{
[INFO] [stdout] 152 | |
[INFO] [stdout] 153 | |     // Accelerometer
[INFO] [stdout] ...   |
[INFO] [stdout] 233 | |     }
[INFO] [stdout] 234 | | }
[INFO] [stdout]     | |_^
[INFO] [stdout]     |
[INFO] [stdout]     = note: this warning originates in the macro `__impl_bitflags` which comes from the expansion of the macro `define_registers` (in Nightly builds, run with -Z macro-backtrace for more info)
[INFO] [stdout] 
[INFO] [stdout] 
[INFO] [stdout] warning: use of deprecated macro `try`: use the `?` operator instead
[INFO] [stdout]    --> src/registers.rs:151:1
[INFO] [stdout]     |
[INFO] [stdout] 151 | / define_registers!{
[INFO] [stdout] 152 | |
[INFO] [stdout] 153 | |     // Accelerometer
[INFO] [stdout] ...   |
[INFO] [stdout] 233 | |     }
[INFO] [stdout] 234 | | }
[INFO] [stdout]     | |_^
[INFO] [stdout]     |
[INFO] [stdout]     = note: this warning originates in the macro `__impl_bitflags` which comes from the expansion of the macro `define_registers` (in Nightly builds, run with -Z macro-backtrace for more info)
[INFO] [stdout] 
[INFO] [stdout] 
[INFO] [stdout] warning: use of deprecated macro `try`: use the `?` operator instead
[INFO] [stdout]    --> src/registers.rs:151:1
[INFO] [stdout]     |
[INFO] [stdout] 151 | / define_registers!{
[INFO] [stdout] 152 | |
[INFO] [stdout] 153 | |     // Accelerometer
[INFO] [stdout] ...   |
[INFO] [stdout] 233 | |     }
[INFO] [stdout] 234 | | }
[INFO] [stdout]     | |_^
[INFO] [stdout]     |
[INFO] [stdout]     = note: this warning originates in the macro `__impl_bitflags` which comes from the expansion of the macro `define_registers` (in Nightly builds, run with -Z macro-backtrace for more info)
[INFO] [stdout] 
[INFO] [stdout] 
[INFO] [stdout] warning: use of deprecated macro `try`: use the `?` operator instead
[INFO] [stdout]    --> src/registers.rs:151:1
[INFO] [stdout]     |
[INFO] [stdout] 151 | / define_registers!{
[INFO] [stdout] 152 | |
[INFO] [stdout] 153 | |     // Accelerometer
[INFO] [stdout] ...   |
[INFO] [stdout] 233 | |     }
[INFO] [stdout] 234 | | }
[INFO] [stdout]     | |_^
[INFO] [stdout]     |
[INFO] [stdout]     = note: this warning originates in the macro `__impl_bitflags` which comes from the expansion of the macro `define_registers` (in Nightly builds, run with -Z macro-backtrace for more info)
[INFO] [stdout] 
[INFO] [stdout] 
[INFO] [stdout] warning: use of deprecated macro `try`: use the `?` operator instead
[INFO] [stdout]    --> src/registers.rs:151:1
[INFO] [stdout]     |
[INFO] [stdout] 151 | / define_registers!{
[INFO] [stdout] 152 | |
[INFO] [stdout] 153 | |     // Accelerometer
[INFO] [stdout] ...   |
[INFO] [stdout] 233 | |     }
[INFO] [stdout] 234 | | }
[INFO] [stdout]     | |_^
[INFO] [stdout]     |
[INFO] [stdout]     = note: this warning originates in the macro `__impl_bitflags` which comes from the expansion of the macro `define_registers` (in Nightly builds, run with -Z macro-backtrace for more info)
[INFO] [stdout] 
[INFO] [stdout] 
[INFO] [stdout] warning: use of deprecated macro `try`: use the `?` operator instead
[INFO] [stdout]    --> src/registers.rs:151:1
[INFO] [stdout]     |
[INFO] [stdout] 151 | / define_registers!{
[INFO] [stdout] 152 | |
[INFO] [stdout] 153 | |     // Accelerometer
[INFO] [stdout] ...   |
[INFO] [stdout] 233 | |     }
[INFO] [stdout] 234 | | }
[INFO] [stdout]     | |_^
[INFO] [stdout]     |
[INFO] [stdout]     = note: this warning originates in the macro `__impl_bitflags` which comes from the expansion of the macro `define_registers` (in Nightly builds, run with -Z macro-backtrace for more info)
[INFO] [stdout] 
[INFO] [stdout] 
[INFO] [stdout] warning: use of deprecated macro `try`: use the `?` operator instead
[INFO] [stdout]    --> src/registers.rs:151:1
[INFO] [stdout]     |
[INFO] [stdout] 151 | / define_registers!{
[INFO] [stdout] 152 | |
[INFO] [stdout] 153 | |     // Accelerometer
[INFO] [stdout] ...   |
[INFO] [stdout] 233 | |     }
[INFO] [stdout] 234 | | }
[INFO] [stdout]     | |_^
[INFO] [stdout]     |
[INFO] [stdout]     = note: this warning originates in the macro `__impl_bitflags` which comes from the expansion of the macro `define_registers` (in Nightly builds, run with -Z macro-backtrace for more info)
[INFO] [stdout] 
[INFO] [stdout] 
[INFO] [stdout] warning: use of deprecated macro `try`: use the `?` operator instead
[INFO] [stdout]    --> src/registers.rs:151:1
[INFO] [stdout]     |
[INFO] [stdout] 151 | / define_registers!{
[INFO] [stdout] 152 | |
[INFO] [stdout] 153 | |     // Accelerometer
[INFO] [stdout] ...   |
[INFO] [stdout] 233 | |     }
[INFO] [stdout] 234 | | }
[INFO] [stdout]     | |_^
[INFO] [stdout]     |
[INFO] [stdout]     = note: this warning originates in the macro `__impl_bitflags` which comes from the expansion of the macro `define_registers` (in Nightly builds, run with -Z macro-backtrace for more info)
[INFO] [stdout] 
[INFO] [stdout] 
[INFO] [stdout] warning: use of deprecated macro `try`: use the `?` operator instead
[INFO] [stdout]    --> src/registers.rs:151:1
[INFO] [stdout]     |
[INFO] [stdout] 151 | / define_registers!{
[INFO] [stdout] 152 | |
[INFO] [stdout] 153 | |     // Accelerometer
[INFO] [stdout] ...   |
[INFO] [stdout] 233 | |     }
[INFO] [stdout] 234 | | }
[INFO] [stdout]     | |_^
[INFO] [stdout]     |
[INFO] [stdout]     = note: this warning originates in the macro `__impl_bitflags` which comes from the expansion of the macro `define_registers` (in Nightly builds, run with -Z macro-backtrace for more info)
[INFO] [stdout] 
[INFO] [stdout] 
[INFO] [stdout] warning: use of deprecated macro `try`: use the `?` operator instead
[INFO] [stdout]    --> src/registers.rs:151:1
[INFO] [stdout]     |
[INFO] [stdout] 151 | / define_registers!{
[INFO] [stdout] 152 | |
[INFO] [stdout] 153 | |     // Accelerometer
[INFO] [stdout] ...   |
[INFO] [stdout] 233 | |     }
[INFO] [stdout] 234 | | }
[INFO] [stdout]     | |_^
[INFO] [stdout]     |
[INFO] [stdout]     = note: this warning originates in the macro `__impl_bitflags` which comes from the expansion of the macro `define_registers` (in Nightly builds, run with -Z macro-backtrace for more info)
[INFO] [stdout] 
[INFO] [stdout] 
[INFO] [stdout] warning: use of deprecated macro `try`: use the `?` operator instead
[INFO] [stdout]    --> src/registers.rs:151:1
[INFO] [stdout]     |
[INFO] [stdout] 151 | / define_registers!{
[INFO] [stdout] 152 | |
[INFO] [stdout] 153 | |     // Accelerometer
[INFO] [stdout] ...   |
[INFO] [stdout] 233 | |     }
[INFO] [stdout] 234 | | }
[INFO] [stdout]     | |_^
[INFO] [stdout]     |
[INFO] [stdout]     = note: this warning originates in the macro `__impl_bitflags` which comes from the expansion of the macro `define_registers` (in Nightly builds, run with -Z macro-backtrace for more info)
[INFO] [stdout] 
[INFO] [stdout] 
[INFO] [stdout] warning: use of deprecated macro `try`: use the `?` operator instead
[INFO] [stdout]    --> src/registers.rs:151:1
[INFO] [stdout]     |
[INFO] [stdout] 151 | / define_registers!{
[INFO] [stdout] 152 | |
[INFO] [stdout] 153 | |     // Accelerometer
[INFO] [stdout] ...   |
[INFO] [stdout] 233 | |     }
[INFO] [stdout] 234 | | }
[INFO] [stdout]     | |_^
[INFO] [stdout]     |
[INFO] [stdout]     = note: this warning originates in the macro `__impl_bitflags` which comes from the expansion of the macro `define_registers` (in Nightly builds, run with -Z macro-backtrace for more info)
[INFO] [stdout] 
[INFO] [stdout] 
[INFO] [stdout] warning: use of deprecated macro `try`: use the `?` operator instead
[INFO] [stdout]    --> src/registers.rs:151:1
[INFO] [stdout]     |
[INFO] [stdout] 151 | / define_registers!{
[INFO] [stdout] 152 | |
[INFO] [stdout] 153 | |     // Accelerometer
[INFO] [stdout] ...   |
[INFO] [stdout] 233 | |     }
[INFO] [stdout] 234 | | }
[INFO] [stdout]     | |_^
[INFO] [stdout]     |
[INFO] [stdout]     = note: this warning originates in the macro `__impl_bitflags` which comes from the expansion of the macro `define_registers` (in Nightly builds, run with -Z macro-backtrace for more info)
[INFO] [stdout] 
[INFO] [stdout] 
[INFO] [stdout] warning: use of deprecated macro `try`: use the `?` operator instead
[INFO] [stdout]    --> src/registers.rs:151:1
[INFO] [stdout]     |
[INFO] [stdout] 151 | / define_registers!{
[INFO] [stdout] 152 | |
[INFO] [stdout] 153 | |     // Accelerometer
[INFO] [stdout] ...   |
[INFO] [stdout] 233 | |     }
[INFO] [stdout] 234 | | }
[INFO] [stdout]     | |_^
[INFO] [stdout]     |
[INFO] [stdout]     = note: this warning originates in the macro `__impl_bitflags` which comes from the expansion of the macro `define_registers` (in Nightly builds, run with -Z macro-backtrace for more info)
[INFO] [stdout] 
[INFO] [stdout] 
[INFO] [stdout] warning: use of deprecated macro `try`: use the `?` operator instead
[INFO] [stdout]    --> src/registers.rs:151:1
[INFO] [stdout]     |
[INFO] [stdout] 151 | / define_registers!{
[INFO] [stdout] 152 | |
[INFO] [stdout] 153 | |     // Accelerometer
[INFO] [stdout] ...   |
[INFO] [stdout] 233 | |     }
[INFO] [stdout] 234 | | }
[INFO] [stdout]     | |_^
[INFO] [stdout]     |
[INFO] [stdout]     = note: this warning originates in the macro `__impl_bitflags` which comes from the expansion of the macro `define_registers` (in Nightly builds, run with -Z macro-backtrace for more info)
[INFO] [stdout] 
[INFO] [stdout] 
[INFO] [stdout] warning: use of deprecated macro `try`: use the `?` operator instead
[INFO] [stdout]    --> src/registers.rs:151:1
[INFO] [stdout]     |
[INFO] [stdout] 151 | / define_registers!{
[INFO] [stdout] 152 | |
[INFO] [stdout] 153 | |     // Accelerometer
[INFO] [stdout] ...   |
[INFO] [stdout] 233 | |     }
[INFO] [stdout] 234 | | }
[INFO] [stdout]     | |_^
[INFO] [stdout]     |
[INFO] [stdout]     = note: this warning originates in the macro `__impl_bitflags` which comes from the expansion of the macro `define_registers` (in Nightly builds, run with -Z macro-backtrace for more info)
[INFO] [stdout] 
[INFO] [stdout] 
[INFO] [stdout] warning: use of deprecated macro `try`: use the `?` operator instead
[INFO] [stdout]    --> src/registers.rs:151:1
[INFO] [stdout]     |
[INFO] [stdout] 151 | / define_registers!{
[INFO] [stdout] 152 | |
[INFO] [stdout] 153 | |     // Accelerometer
[INFO] [stdout] ...   |
[INFO] [stdout] 233 | |     }
[INFO] [stdout] 234 | | }
[INFO] [stdout]     | |_^
[INFO] [stdout]     |
[INFO] [stdout]     = note: this warning originates in the macro `__impl_bitflags` which comes from the expansion of the macro `define_registers` (in Nightly builds, run with -Z macro-backtrace for more info)
[INFO] [stdout] 
[INFO] [stdout] 
[INFO] [stdout] warning: use of deprecated macro `try`: use the `?` operator instead
[INFO] [stdout]    --> src/registers.rs:151:1
[INFO] [stdout]     |
[INFO] [stdout] 151 | / define_registers!{
[INFO] [stdout] 152 | |
[INFO] [stdout] 153 | |     // Accelerometer
[INFO] [stdout] ...   |
[INFO] [stdout] 233 | |     }
[INFO] [stdout] 234 | | }
[INFO] [stdout]     | |_^
[INFO] [stdout]     |
[INFO] [stdout]     = note: this warning originates in the macro `__impl_bitflags` which comes from the expansion of the macro `define_registers` (in Nightly builds, run with -Z macro-backtrace for more info)
[INFO] [stdout] 
[INFO] [stdout] 
[INFO] [stdout] warning: use of deprecated macro `try`: use the `?` operator instead
[INFO] [stdout]    --> src/registers.rs:151:1
[INFO] [stdout]     |
[INFO] [stdout] 151 | / define_registers!{
[INFO] [stdout] 152 | |
[INFO] [stdout] 153 | |     // Accelerometer
[INFO] [stdout] ...   |
[INFO] [stdout] 233 | |     }
[INFO] [stdout] 234 | | }
[INFO] [stdout]     | |_^
[INFO] [stdout]     |
[INFO] [stdout]     = note: this warning originates in the macro `__impl_bitflags` which comes from the expansion of the macro `define_registers` (in Nightly builds, run with -Z macro-backtrace for more info)
[INFO] [stdout] 
[INFO] [stdout] 
[INFO] [stdout] warning: use of deprecated macro `try`: use the `?` operator instead
[INFO] [stdout]    --> src/registers.rs:151:1
[INFO] [stdout]     |
[INFO] [stdout] 151 | / define_registers!{
[INFO] [stdout] 152 | |
[INFO] [stdout] 153 | |     // Accelerometer
[INFO] [stdout] ...   |
[INFO] [stdout] 233 | |     }
[INFO] [stdout] 234 | | }
[INFO] [stdout]     | |_^
[INFO] [stdout]     |
[INFO] [stdout]     = note: this warning originates in the macro `__impl_bitflags` which comes from the expansion of the macro `define_registers` (in Nightly builds, run with -Z macro-backtrace for more info)
[INFO] [stdout] 
[INFO] [stdout] 
[INFO] [stdout] warning: use of deprecated macro `try`: use the `?` operator instead
[INFO] [stdout]    --> src/registers.rs:151:1
[INFO] [stdout]     |
[INFO] [stdout] 151 | / define_registers!{
[INFO] [stdout] 152 | |
[INFO] [stdout] 153 | |     // Accelerometer
[INFO] [stdout] ...   |
[INFO] [stdout] 233 | |     }
[INFO] [stdout] 234 | | }
[INFO] [stdout]     | |_^
[INFO] [stdout]     |
[INFO] [stdout]     = note: this warning originates in the macro `__impl_bitflags` which comes from the expansion of the macro `define_registers` (in Nightly builds, run with -Z macro-backtrace for more info)
[INFO] [stdout] 
[INFO] [stdout] 
[INFO] [stdout] warning: use of deprecated macro `try`: use the `?` operator instead
[INFO] [stdout]    --> src/registers.rs:151:1
[INFO] [stdout]     |
[INFO] [stdout] 151 | / define_registers!{
[INFO] [stdout] 152 | |
[INFO] [stdout] 153 | |     // Accelerometer
[INFO] [stdout] ...   |
[INFO] [stdout] 233 | |     }
[INFO] [stdout] 234 | | }
[INFO] [stdout]     | |_^
[INFO] [stdout]     |
[INFO] [stdout]     = note: this warning originates in the macro `__impl_bitflags` which comes from the expansion of the macro `define_registers` (in Nightly builds, run with -Z macro-backtrace for more info)
[INFO] [stdout] 
[INFO] [stdout] 
[INFO] [stdout] warning: use of deprecated macro `try`: use the `?` operator instead
[INFO] [stdout]    --> src/registers.rs:151:1
[INFO] [stdout]     |
[INFO] [stdout] 151 | / define_registers!{
[INFO] [stdout] 152 | |
[INFO] [stdout] 153 | |     // Accelerometer
[INFO] [stdout] ...   |
[INFO] [stdout] 233 | |     }
[INFO] [stdout] 234 | | }
[INFO] [stdout]     | |_^
[INFO] [stdout]     |
[INFO] [stdout]     = note: this warning originates in the macro `__impl_bitflags` which comes from the expansion of the macro `define_registers` (in Nightly builds, run with -Z macro-backtrace for more info)
[INFO] [stdout] 
[INFO] [stdout] 
[INFO] [stdout] warning: use of deprecated macro `try`: use the `?` operator instead
[INFO] [stdout]    --> src/registers.rs:151:1
[INFO] [stdout]     |
[INFO] [stdout] 151 | / define_registers!{
[INFO] [stdout] 152 | |
[INFO] [stdout] 153 | |     // Accelerometer
[INFO] [stdout] ...   |
[INFO] [stdout] 233 | |     }
[INFO] [stdout] 234 | | }
[INFO] [stdout]     | |_^
[INFO] [stdout]     |
[INFO] [stdout]     = note: this warning originates in the macro `__impl_bitflags` which comes from the expansion of the macro `define_registers` (in Nightly builds, run with -Z macro-backtrace for more info)
[INFO] [stdout] 
[INFO] [stdout] 
[INFO] [stdout] warning: use of deprecated macro `try`: use the `?` operator instead
[INFO] [stdout]    --> src/registers.rs:151:1
[INFO] [stdout]     |
[INFO] [stdout] 151 | / define_registers!{
[INFO] [stdout] 152 | |
[INFO] [stdout] 153 | |     // Accelerometer
[INFO] [stdout] ...   |
[INFO] [stdout] 233 | |     }
[INFO] [stdout] 234 | | }
[INFO] [stdout]     | |_^
[INFO] [stdout]     |
[INFO] [stdout]     = note: this warning originates in the macro `__impl_bitflags` which comes from the expansion of the macro `define_registers` (in Nightly builds, run with -Z macro-backtrace for more info)
[INFO] [stdout] 
[INFO] [stdout] 
[INFO] [stdout] warning: use of deprecated macro `try`: use the `?` operator instead
[INFO] [stdout]    --> src/registers.rs:151:1
[INFO] [stdout]     |
[INFO] [stdout] 151 | / define_registers!{
[INFO] [stdout] 152 | |
[INFO] [stdout] 153 | |     // Accelerometer
[INFO] [stdout] ...   |
[INFO] [stdout] 233 | |     }
[INFO] [stdout] 234 | | }
[INFO] [stdout]     | |_^
[INFO] [stdout]     |
[INFO] [stdout]     = note: this warning originates in the macro `__impl_bitflags` which comes from the expansion of the macro `define_registers` (in Nightly builds, run with -Z macro-backtrace for more info)
[INFO] [stdout] 
[INFO] [stdout] 
[INFO] [stdout] warning: use of deprecated macro `try`: use the `?` operator instead
[INFO] [stdout]    --> src/registers.rs:151:1
[INFO] [stdout]     |
[INFO] [stdout] 151 | / define_registers!{
[INFO] [stdout] 152 | |
[INFO] [stdout] 153 | |     // Accelerometer
[INFO] [stdout] ...   |
[INFO] [stdout] 233 | |     }
[INFO] [stdout] 234 | | }
[INFO] [stdout]     | |_^
[INFO] [stdout]     |
[INFO] [stdout]     = note: this warning originates in the macro `__impl_bitflags` which comes from the expansion of the macro `define_registers` (in Nightly builds, run with -Z macro-backtrace for more info)
[INFO] [stdout] 
[INFO] [stdout] 
[INFO] [stdout] warning: use of deprecated macro `try`: use the `?` operator instead
[INFO] [stdout]    --> src/registers.rs:151:1
[INFO] [stdout]     |
[INFO] [stdout] 151 | / define_registers!{
[INFO] [stdout] 152 | |
[INFO] [stdout] 153 | |     // Accelerometer
[INFO] [stdout] ...   |
[INFO] [stdout] 233 | |     }
[INFO] [stdout] 234 | | }
[INFO] [stdout]     | |_^
[INFO] [stdout]     |
[INFO] [stdout]     = note: this warning originates in the macro `__impl_bitflags` which comes from the expansion of the macro `define_registers` (in Nightly builds, run with -Z macro-backtrace for more info)
[INFO] [stdout] 
[INFO] [stdout] 
[INFO] [stdout] warning: use of deprecated macro `try`: use the `?` operator instead
[INFO] [stdout]    --> src/registers.rs:151:1
[INFO] [stdout]     |
[INFO] [stdout] 151 | / define_registers!{
[INFO] [stdout] 152 | |
[INFO] [stdout] 153 | |     // Accelerometer
[INFO] [stdout] ...   |
[INFO] [stdout] 233 | |     }
[INFO] [stdout] 234 | | }
[INFO] [stdout]     | |_^
[INFO] [stdout]     |
[INFO] [stdout]     = note: this warning originates in the macro `__impl_bitflags` which comes from the expansion of the macro `define_registers` (in Nightly builds, run with -Z macro-backtrace for more info)
[INFO] [stdout] 
[INFO] [stdout] 
[INFO] [stdout] warning: use of deprecated macro `try`: use the `?` operator instead
[INFO] [stdout]    --> src/registers.rs:151:1
[INFO] [stdout]     |
[INFO] [stdout] 151 | / define_registers!{
[INFO] [stdout] 152 | |
[INFO] [stdout] 153 | |     // Accelerometer
[INFO] [stdout] ...   |
[INFO] [stdout] 233 | |     }
[INFO] [stdout] 234 | | }
[INFO] [stdout]     | |_^
[INFO] [stdout]     |
[INFO] [stdout]     = note: this warning originates in the macro `__impl_bitflags` which comes from the expansion of the macro `define_registers` (in Nightly builds, run with -Z macro-backtrace for more info)
[INFO] [stdout] 
[INFO] [stdout] 
[INFO] [stdout] warning: use of deprecated macro `try`: use the `?` operator instead
[INFO] [stdout]    --> src/registers.rs:151:1
[INFO] [stdout]     |
[INFO] [stdout] 151 | / define_registers!{
[INFO] [stdout] 152 | |
[INFO] [stdout] 153 | |     // Accelerometer
[INFO] [stdout] ...   |
[INFO] [stdout] 233 | |     }
[INFO] [stdout] 234 | | }
[INFO] [stdout]     | |_^
[INFO] [stdout]     |
[INFO] [stdout]     = note: this warning originates in the macro `__impl_bitflags` which comes from the expansion of the macro `define_registers` (in Nightly builds, run with -Z macro-backtrace for more info)
[INFO] [stdout] 
[INFO] [stdout] 
[INFO] [stdout] warning: use of deprecated macro `try`: use the `?` operator instead
[INFO] [stdout]    --> src/registers.rs:151:1
[INFO] [stdout]     |
[INFO] [stdout] 151 | / define_registers!{
[INFO] [stdout] 152 | |
[INFO] [stdout] 153 | |     // Accelerometer
[INFO] [stdout] ...   |
[INFO] [stdout] 233 | |     }
[INFO] [stdout] 234 | | }
[INFO] [stdout]     | |_^
[INFO] [stdout]     |
[INFO] [stdout]     = note: this warning originates in the macro `__impl_bitflags` which comes from the expansion of the macro `define_registers` (in Nightly builds, run with -Z macro-backtrace for more info)
[INFO] [stdout] 
[INFO] [stdout] 
[INFO] [stdout] warning: use of deprecated macro `try`: use the `?` operator instead
[INFO] [stdout]    --> src/registers.rs:151:1
[INFO] [stdout]     |
[INFO] [stdout] 151 | / define_registers!{
[INFO] [stdout] 152 | |
[INFO] [stdout] 153 | |     // Accelerometer
[INFO] [stdout] ...   |
[INFO] [stdout] 233 | |     }
[INFO] [stdout] 234 | | }
[INFO] [stdout]     | |_^
[INFO] [stdout]     |
[INFO] [stdout]     = note: this warning originates in the macro `__impl_bitflags` which comes from the expansion of the macro `define_registers` (in Nightly builds, run with -Z macro-backtrace for more info)
[INFO] [stdout] 
[INFO] [stdout] 
[INFO] [stdout] warning: use of deprecated macro `try`: use the `?` operator instead
[INFO] [stdout]    --> src/registers.rs:151:1
[INFO] [stdout]     |
[INFO] [stdout] 151 | / define_registers!{
[INFO] [stdout] 152 | |
[INFO] [stdout] 153 | |     // Accelerometer
[INFO] [stdout] ...   |
[INFO] [stdout] 233 | |     }
[INFO] [stdout] 234 | | }
[INFO] [stdout]     | |_^
[INFO] [stdout]     |
[INFO] [stdout]     = note: this warning originates in the macro `__impl_bitflags` which comes from the expansion of the macro `define_registers` (in Nightly builds, run with -Z macro-backtrace for more info)
[INFO] [stdout] 
[INFO] [stdout] 
[INFO] [stdout] warning: unexpected `cfg` condition name: `none`
[INFO] [stdout]    --> src/magnetometer.rs:204:11
[INFO] [stdout]     |
[INFO] [stdout] 204 |     #[cfg(none)]
[INFO] [stdout]     |           ^^^^
[INFO] [stdout]     |
[INFO] [stdout]     = help: expected names are: `clippy`, `debug_assertions`, `doc`, `docsrs`, `doctest`, `feature`, `fmt_debug`, `miri`, `overflow_checks`, `panic`, `proc_macro`, `relocation_model`, `rustfmt`, `sanitize`, `sanitizer_cfi_generalize_pointers`, `sanitizer_cfi_normalize_integers`, `target_abi`, `target_arch`, `target_endian`, `target_env`, `target_family`, `target_feature`, `target_has_atomic`, `target_has_atomic_equal_alignment`, `target_has_atomic_load_store`, `target_os`, `target_pointer_width`, `target_thread_local`, `target_vendor`, `test`, `ub_checks`, `unix`, and `windows`
[INFO] [stdout]     = help: consider using a Cargo feature instead
[INFO] [stdout]     = help: or consider adding in `Cargo.toml` the `check-cfg` lint config for the lint:
[INFO] [stdout]              [lints.rust]
[INFO] [stdout]              unexpected_cfgs = { level = "warn", check-cfg = ['cfg(none)'] }
[INFO] [stdout]     = help: or consider adding `println!("cargo::rustc-check-cfg=cfg(none)");` to the top of the `build.rs`
[INFO] [stdout]     = note: see <https://doc.rust-lang.org/nightly/rustc/check-cfg/cargo-specifics.html> for more information about checking conditional configuration
[INFO] [stdout]     = note: `#[warn(unexpected_cfgs)]` on by default
[INFO] [stdout] help: found config with similar value
[INFO] [stdout]     |
[INFO] [stdout] 204 |     #[cfg(fmt_debug = "none")]
[INFO] [stdout]     |           ~~~~~~~~~~~~~~~~~~
[INFO] [stdout] help: found config with similar value
[INFO] [stdout]     |
[INFO] [stdout] 204 |     #[cfg(target_os = "none")]
[INFO] [stdout]     |           ~~~~~~~~~~~~~~~~~~
[INFO] [stdout] 
[INFO] [stdout] 
[INFO] [stdout] warning: use of deprecated method `std::error::Error::description`: use the Display impl or to_string()
[INFO] [stdout]   --> src/errors.rs:7:1
[INFO] [stdout]    |
[INFO] [stdout] 7  | / error_chain!{
[INFO] [stdout] 8  | |     errors {
[INFO] [stdout] 9  | |         /// Error opening the I2C device
[INFO] [stdout] 10 | |         FailedToOpenDevice{}
[INFO] [stdout] ...  |
[INFO] [stdout] 25 | |     }
[INFO] [stdout] 26 | | }
[INFO] [stdout]    | |_^
[INFO] [stdout]    |
[INFO] [stdout]    = note: this warning originates in the macro `error_chain_processed` which comes from the expansion of the macro `error_chain` (in Nightly builds, run with -Z macro-backtrace for more info)
[INFO] [stdout] 
[INFO] [stdout] 
[INFO] [stderr]    Compiling lsm303 v0.1.0 (/opt/rustwide/workdir)
[INFO] [stdout] warning: use of deprecated method `std::error::Error::cause`: replaced by Error::source, which can support downcasting
[INFO] [stdout]   --> src/errors.rs:7:1
[INFO] [stdout]    |
[INFO] [stdout] 7  | / error_chain!{
[INFO] [stdout] 8  | |     errors {
[INFO] [stdout] 9  | |         /// Error opening the I2C device
[INFO] [stdout] 10 | |         FailedToOpenDevice{}
[INFO] [stdout] ...  |
[INFO] [stdout] 25 | |     }
[INFO] [stdout] 26 | | }
[INFO] [stdout]    | |_^
[INFO] [stdout]    |
[INFO] [stdout]    = note: this warning originates in the macro `error_chain_processed` which comes from the expansion of the macro `error_chain` (in Nightly builds, run with -Z macro-backtrace for more info)
[INFO] [stdout] 
[INFO] [stdout] 
[INFO] [stdout] warning: lint `unused_doc_comment` has been renamed to `unused_doc_comments`
[INFO] [stdout]  --> examples/read.rs:1:10
[INFO] [stdout]   |
[INFO] [stdout] 1 | #![allow(unused_doc_comment)]
[INFO] [stdout]   |          ^^^^^^^^^^^^^^^^^^ help: use the new name: `unused_doc_comments`
[INFO] [stdout]   |
[INFO] [stdout]   = note: `#[warn(renamed_and_removed_lints)]` on by default
[INFO] [stdout] 
[INFO] [stdout] 
[INFO] [stdout] warning: lint `unused_doc_comment` has been renamed to `unused_doc_comments`
[INFO] [stdout]  --> src/errors.rs:3:10
[INFO] [stdout]   |
[INFO] [stdout] 3 | #![allow(unused_doc_comment)]
[INFO] [stdout]   |          ^^^^^^^^^^^^^^^^^^ help: use the new name: `unused_doc_comments`
[INFO] [stdout]   |
[INFO] [stdout]   = note: `#[warn(renamed_and_removed_lints)]` on by default
[INFO] [stdout] 
[INFO] [stdout] 
[INFO] [stdout] warning: use of deprecated macro `try`: use the `?` operator instead
[INFO] [stdout]    --> src/registers.rs:151:1
[INFO] [stdout]     |
[INFO] [stdout] 151 | / define_registers!{
[INFO] [stdout] 152 | |
[INFO] [stdout] 153 | |     // Accelerometer
[INFO] [stdout] ...   |
[INFO] [stdout] 233 | |     }
[INFO] [stdout] 234 | | }
[INFO] [stdout]     | |_^
[INFO] [stdout]     |
[INFO] [stdout]     = note: `#[warn(deprecated)]` on by default
[INFO] [stdout]     = note: this warning originates in the macro `__impl_bitflags` which comes from the expansion of the macro `define_registers` (in Nightly builds, run with -Z macro-backtrace for more info)
[INFO] [stdout] 
[INFO] [stdout] 
[INFO] [stdout] warning: use of deprecated macro `try`: use the `?` operator instead
[INFO] [stdout]    --> src/registers.rs:151:1
[INFO] [stdout]     |
[INFO] [stdout] 151 | / define_registers!{
[INFO] [stdout] 152 | |
[INFO] [stdout] 153 | |     // Accelerometer
[INFO] [stdout] ...   |
[INFO] [stdout] 233 | |     }
[INFO] [stdout] 234 | | }
[INFO] [stdout]     | |_^
[INFO] [stdout]     |
[INFO] [stdout]     = note: this warning originates in the macro `__impl_bitflags` which comes from the expansion of the macro `define_registers` (in Nightly builds, run with -Z macro-backtrace for more info)
[INFO] [stdout] 
[INFO] [stdout] 
[INFO] [stdout] warning: use of deprecated macro `try`: use the `?` operator instead
[INFO] [stdout]    --> src/registers.rs:151:1
[INFO] [stdout]     |
[INFO] [stdout] 151 | / define_registers!{
[INFO] [stdout] 152 | |
[INFO] [stdout] 153 | |     // Accelerometer
[INFO] [stdout] ...   |
[INFO] [stdout] 233 | |     }
[INFO] [stdout] 234 | | }
[INFO] [stdout]     | |_^
[INFO] [stdout]     |
[INFO] [stdout]     = note: this warning originates in the macro `__impl_bitflags` which comes from the expansion of the macro `define_registers` (in Nightly builds, run with -Z macro-backtrace for more info)
[INFO] [stdout] 
[INFO] [stdout] 
[INFO] [stdout] warning: use of deprecated macro `try`: use the `?` operator instead
[INFO] [stdout]    --> src/registers.rs:151:1
[INFO] [stdout]     |
[INFO] [stdout] 151 | / define_registers!{
[INFO] [stdout] 152 | |
[INFO] [stdout] 153 | |     // Accelerometer
[INFO] [stdout] ...   |
[INFO] [stdout] 233 | |     }
[INFO] [stdout] 234 | | }
[INFO] [stdout]     | |_^
[INFO] [stdout]     |
[INFO] [stdout]     = note: this warning originates in the macro `__impl_bitflags` which comes from the expansion of the macro `define_registers` (in Nightly builds, run with -Z macro-backtrace for more info)
[INFO] [stdout] 
[INFO] [stdout] 
[INFO] [stdout] warning: use of deprecated macro `try`: use the `?` operator instead
[INFO] [stdout]    --> src/registers.rs:151:1
[INFO] [stdout]     |
[INFO] [stdout] 151 | / define_registers!{
[INFO] [stdout] 152 | |
[INFO] [stdout] 153 | |     // Accelerometer
[INFO] [stdout] ...   |
[INFO] [stdout] 233 | |     }
[INFO] [stdout] 234 | | }
[INFO] [stdout]     | |_^
[INFO] [stdout]     |
[INFO] [stdout]     = note: this warning originates in the macro `__impl_bitflags` which comes from the expansion of the macro `define_registers` (in Nightly builds, run with -Z macro-backtrace for more info)
[INFO] [stdout] 
[INFO] [stdout] 
[INFO] [stdout] warning: use of deprecated macro `try`: use the `?` operator instead
[INFO] [stdout]    --> src/registers.rs:151:1
[INFO] [stdout]     |
[INFO] [stdout] 151 | / define_registers!{
[INFO] [stdout] 152 | |
[INFO] [stdout] 153 | |     // Accelerometer
[INFO] [stdout] ...   |
[INFO] [stdout] 233 | |     }
[INFO] [stdout] 234 | | }
[INFO] [stdout]     | |_^
[INFO] [stdout]     |
[INFO] [stdout]     = note: this warning originates in the macro `__impl_bitflags` which comes from the expansion of the macro `define_registers` (in Nightly builds, run with -Z macro-backtrace for more info)
[INFO] [stdout] 
[INFO] [stdout] 
[INFO] [stdout] warning: use of deprecated macro `try`: use the `?` operator instead
[INFO] [stdout]    --> src/registers.rs:151:1
[INFO] [stdout]     |
[INFO] [stdout] 151 | / define_registers!{
[INFO] [stdout] 152 | |
[INFO] [stdout] 153 | |     // Accelerometer
[INFO] [stdout] ...   |
[INFO] [stdout] 233 | |     }
[INFO] [stdout] 234 | | }
[INFO] [stdout]     | |_^
[INFO] [stdout]     |
[INFO] [stdout]     = note: this warning originates in the macro `__impl_bitflags` which comes from the expansion of the macro `define_registers` (in Nightly builds, run with -Z macro-backtrace for more info)
[INFO] [stdout] 
[INFO] [stdout] 
[INFO] [stdout] warning: use of deprecated macro `try`: use the `?` operator instead
[INFO] [stdout]    --> src/registers.rs:151:1
[INFO] [stdout]     |
[INFO] [stdout] 151 | / define_registers!{
[INFO] [stdout] 152 | |
[INFO] [stdout] 153 | |     // Accelerometer
[INFO] [stdout] ...   |
[INFO] [stdout] 233 | |     }
[INFO] [stdout] 234 | | }
[INFO] [stdout]     | |_^
[INFO] [stdout]     |
[INFO] [stdout]     = note: this warning originates in the macro `__impl_bitflags` which comes from the expansion of the macro `define_registers` (in Nightly builds, run with -Z macro-backtrace for more info)
[INFO] [stdout] 
[INFO] [stdout] 
[INFO] [stdout] warning: use of deprecated macro `try`: use the `?` operator instead
[INFO] [stdout]    --> src/registers.rs:151:1
[INFO] [stdout]     |
[INFO] [stdout] 151 | / define_registers!{
[INFO] [stdout] 152 | |
[INFO] [stdout] 153 | |     // Accelerometer
[INFO] [stdout] ...   |
[INFO] [stdout] 233 | |     }
[INFO] [stdout] 234 | | }
[INFO] [stdout]     | |_^
[INFO] [stdout]     |
[INFO] [stdout]     = note: this warning originates in the macro `__impl_bitflags` which comes from the expansion of the macro `define_registers` (in Nightly builds, run with -Z macro-backtrace for more info)
[INFO] [stdout] 
[INFO] [stdout] 
[INFO] [stdout] warning: use of deprecated macro `try`: use the `?` operator instead
[INFO] [stdout]    --> src/registers.rs:151:1
[INFO] [stdout]     |
[INFO] [stdout] 151 | / define_registers!{
[INFO] [stdout] 152 | |
[INFO] [stdout] 153 | |     // Accelerometer
[INFO] [stdout] ...   |
[INFO] [stdout] 233 | |     }
[INFO] [stdout] 234 | | }
[INFO] [stdout]     | |_^
[INFO] [stdout]     |
[INFO] [stdout]     = note: this warning originates in the macro `__impl_bitflags` which comes from the expansion of the macro `define_registers` (in Nightly builds, run with -Z macro-backtrace for more info)
[INFO] [stdout] 
[INFO] [stdout] 
[INFO] [stdout] warning: use of deprecated macro `try`: use the `?` operator instead
[INFO] [stdout]    --> src/registers.rs:151:1
[INFO] [stdout]     |
[INFO] [stdout] 151 | / define_registers!{
[INFO] [stdout] 152 | |
[INFO] [stdout] 153 | |     // Accelerometer
[INFO] [stdout] ...   |
[INFO] [stdout] 233 | |     }
[INFO] [stdout] 234 | | }
[INFO] [stdout]     | |_^
[INFO] [stdout]     |
[INFO] [stdout]     = note: this warning originates in the macro `__impl_bitflags` which comes from the expansion of the macro `define_registers` (in Nightly builds, run with -Z macro-backtrace for more info)
[INFO] [stdout] 
[INFO] [stdout] 
[INFO] [stdout] warning: use of deprecated macro `try`: use the `?` operator instead
[INFO] [stdout]    --> src/registers.rs:151:1
[INFO] [stdout]     |
[INFO] [stdout] 151 | / define_registers!{
[INFO] [stdout] 152 | |
[INFO] [stdout] 153 | |     // Accelerometer
[INFO] [stdout] ...   |
[INFO] [stdout] 233 | |     }
[INFO] [stdout] 234 | | }
[INFO] [stdout]     | |_^
[INFO] [stdout]     |
[INFO] [stdout]     = note: this warning originates in the macro `__impl_bitflags` which comes from the expansion of the macro `define_registers` (in Nightly builds, run with -Z macro-backtrace for more info)
[INFO] [stdout] 
[INFO] [stdout] 
[INFO] [stdout] warning: use of deprecated macro `try`: use the `?` operator instead
[INFO] [stdout]    --> src/registers.rs:151:1
[INFO] [stdout]     |
[INFO] [stdout] 151 | / define_registers!{
[INFO] [stdout] 152 | |
[INFO] [stdout] 153 | |     // Accelerometer
[INFO] [stdout] ...   |
[INFO] [stdout] 233 | |     }
[INFO] [stdout] 234 | | }
[INFO] [stdout]     | |_^
[INFO] [stdout]     |
[INFO] [stdout]     = note: this warning originates in the macro `__impl_bitflags` which comes from the expansion of the macro `define_registers` (in Nightly builds, run with -Z macro-backtrace for more info)
[INFO] [stdout] 
[INFO] [stdout] 
[INFO] [stdout] warning: use of deprecated macro `try`: use the `?` operator instead
[INFO] [stdout]    --> src/registers.rs:151:1
[INFO] [stdout]     |
[INFO] [stdout] 151 | / define_registers!{
[INFO] [stdout] 152 | |
[INFO] [stdout] 153 | |     // Accelerometer
[INFO] [stdout] ...   |
[INFO] [stdout] 233 | |     }
[INFO] [stdout] 234 | | }
[INFO] [stdout]     | |_^
[INFO] [stdout]     |
[INFO] [stdout]     = note: this warning originates in the macro `__impl_bitflags` which comes from the expansion of the macro `define_registers` (in Nightly builds, run with -Z macro-backtrace for more info)
[INFO] [stdout] 
[INFO] [stdout] 
[INFO] [stdout] warning: use of deprecated macro `try`: use the `?` operator instead
[INFO] [stdout]    --> src/registers.rs:151:1
[INFO] [stdout]     |
[INFO] [stdout] 151 | / define_registers!{
[INFO] [stdout] 152 | |
[INFO] [stdout] 153 | |     // Accelerometer
[INFO] [stdout] ...   |
[INFO] [stdout] 233 | |     }
[INFO] [stdout] 234 | | }
[INFO] [stdout]     | |_^
[INFO] [stdout]     |
[INFO] [stdout]     = note: this warning originates in the macro `__impl_bitflags` which comes from the expansion of the macro `define_registers` (in Nightly builds, run with -Z macro-backtrace for more info)
[INFO] [stdout] 
[INFO] [stdout] 
[INFO] [stdout] warning: use of deprecated macro `try`: use the `?` operator instead
[INFO] [stdout]    --> src/registers.rs:151:1
[INFO] [stdout]     |
[INFO] [stdout] 151 | / define_registers!{
[INFO] [stdout] 152 | |
[INFO] [stdout] 153 | |     // Accelerometer
[INFO] [stdout] ...   |
[INFO] [stdout] 233 | |     }
[INFO] [stdout] 234 | | }
[INFO] [stdout]     | |_^
[INFO] [stdout]     |
[INFO] [stdout]     = note: this warning originates in the macro `__impl_bitflags` which comes from the expansion of the macro `define_registers` (in Nightly builds, run with -Z macro-backtrace for more info)
[INFO] [stdout] 
[INFO] [stdout] 
[INFO] [stdout] warning: use of deprecated macro `try`: use the `?` operator instead
[INFO] [stdout]    --> src/registers.rs:151:1
[INFO] [stdout]     |
[INFO] [stdout] 151 | / define_registers!{
[INFO] [stdout] 152 | |
[INFO] [stdout] 153 | |     // Accelerometer
[INFO] [stdout] ...   |
[INFO] [stdout] 233 | |     }
[INFO] [stdout] 234 | | }
[INFO] [stdout]     | |_^
[INFO] [stdout]     |
[INFO] [stdout]     = note: this warning originates in the macro `__impl_bitflags` which comes from the expansion of the macro `define_registers` (in Nightly builds, run with -Z macro-backtrace for more info)
[INFO] [stdout] 
[INFO] [stdout] 
[INFO] [stdout] warning: use of deprecated macro `try`: use the `?` operator instead
[INFO] [stdout]    --> src/registers.rs:151:1
[INFO] [stdout]     |
[INFO] [stdout] 151 | / define_registers!{
[INFO] [stdout] 152 | |
[INFO] [stdout] 153 | |     // Accelerometer
[INFO] [stdout] ...   |
[INFO] [stdout] 233 | |     }
[INFO] [stdout] 234 | | }
[INFO] [stdout]     | |_^
[INFO] [stdout]     |
[INFO] [stdout]     = note: this warning originates in the macro `__impl_bitflags` which comes from the expansion of the macro `define_registers` (in Nightly builds, run with -Z macro-backtrace for more info)
[INFO] [stdout] 
[INFO] [stdout] 
[INFO] [stdout] warning: use of deprecated macro `try`: use the `?` operator instead
[INFO] [stdout]    --> src/registers.rs:151:1
[INFO] [stdout]     |
[INFO] [stdout] 151 | / define_registers!{
[INFO] [stdout] 152 | |
[INFO] [stdout] 153 | |     // Accelerometer
[INFO] [stdout] ...   |
[INFO] [stdout] 233 | |     }
[INFO] [stdout] 234 | | }
[INFO] [stdout]     | |_^
[INFO] [stdout]     |
[INFO] [stdout]     = note: this warning originates in the macro `__impl_bitflags` which comes from the expansion of the macro `define_registers` (in Nightly builds, run with -Z macro-backtrace for more info)
[INFO] [stdout] 
[INFO] [stdout] 
[INFO] [stdout] warning: use of deprecated macro `try`: use the `?` operator instead
[INFO] [stdout]    --> src/registers.rs:151:1
[INFO] [stdout]     |
[INFO] [stdout] 151 | / define_registers!{
[INFO] [stdout] 152 | |
[INFO] [stdout] 153 | |     // Accelerometer
[INFO] [stdout] ...   |
[INFO] [stdout] 233 | |     }
[INFO] [stdout] 234 | | }
[INFO] [stdout]     | |_^
[INFO] [stdout]     |
[INFO] [stdout]     = note: this warning originates in the macro `__impl_bitflags` which comes from the expansion of the macro `define_registers` (in Nightly builds, run with -Z macro-backtrace for more info)
[INFO] [stdout] 
[INFO] [stdout] 
[INFO] [stdout] warning: use of deprecated macro `try`: use the `?` operator instead
[INFO] [stdout]    --> src/registers.rs:151:1
[INFO] [stdout]     |
[INFO] [stdout] 151 | / define_registers!{
[INFO] [stdout] 152 | |
[INFO] [stdout] 153 | |     // Accelerometer
[INFO] [stdout] ...   |
[INFO] [stdout] 233 | |     }
[INFO] [stdout] 234 | | }
[INFO] [stdout]     | |_^
[INFO] [stdout]     |
[INFO] [stdout]     = note: this warning originates in the macro `__impl_bitflags` which comes from the expansion of the macro `define_registers` (in Nightly builds, run with -Z macro-backtrace for more info)
[INFO] [stdout] 
[INFO] [stdout] 
[INFO] [stdout] warning: use of deprecated macro `try`: use the `?` operator instead
[INFO] [stdout]    --> src/registers.rs:151:1
[INFO] [stdout]     |
[INFO] [stdout] 151 | / define_registers!{
[INFO] [stdout] 152 | |
[INFO] [stdout] 153 | |     // Accelerometer
[INFO] [stdout] ...   |
[INFO] [stdout] 233 | |     }
[INFO] [stdout] 234 | | }
[INFO] [stdout]     | |_^
[INFO] [stdout]     |
[INFO] [stdout]     = note: this warning originates in the macro `__impl_bitflags` which comes from the expansion of the macro `define_registers` (in Nightly builds, run with -Z macro-backtrace for more info)
[INFO] [stdout] 
[INFO] [stdout] 
[INFO] [stdout] warning: use of deprecated macro `try`: use the `?` operator instead
[INFO] [stdout]    --> src/registers.rs:151:1
[INFO] [stdout]     |
[INFO] [stdout] 151 | / define_registers!{
[INFO] [stdout] 152 | |
[INFO] [stdout] 153 | |     // Accelerometer
[INFO] [stdout] ...   |
[INFO] [stdout] 233 | |     }
[INFO] [stdout] 234 | | }
[INFO] [stdout]     | |_^
[INFO] [stdout]     |
[INFO] [stdout]     = note: this warning originates in the macro `__impl_bitflags` which comes from the expansion of the macro `define_registers` (in Nightly builds, run with -Z macro-backtrace for more info)
[INFO] [stdout] 
[INFO] [stdout] 
[INFO] [stdout] warning: use of deprecated macro `try`: use the `?` operator instead
[INFO] [stdout]    --> src/registers.rs:151:1
[INFO] [stdout]     |
[INFO] [stdout] 151 | / define_registers!{
[INFO] [stdout] 152 | |
[INFO] [stdout] 153 | |     // Accelerometer
[INFO] [stdout] ...   |
[INFO] [stdout] 233 | |     }
[INFO] [stdout] 234 | | }
[INFO] [stdout]     | |_^
[INFO] [stdout]     |
[INFO] [stdout]     = note: this warning originates in the macro `__impl_bitflags` which comes from the expansion of the macro `define_registers` (in Nightly builds, run with -Z macro-backtrace for more info)
[INFO] [stdout] 
[INFO] [stdout] 
[INFO] [stdout] warning: use of deprecated macro `try`: use the `?` operator instead
[INFO] [stdout]    --> src/registers.rs:151:1
[INFO] [stdout]     |
[INFO] [stdout] 151 | / define_registers!{
[INFO] [stdout] 152 | |
[INFO] [stdout] 153 | |     // Accelerometer
[INFO] [stdout] ...   |
[INFO] [stdout] 233 | |     }
[INFO] [stdout] 234 | | }
[INFO] [stdout]     | |_^
[INFO] [stdout]     |
[INFO] [stdout]     = note: this warning originates in the macro `__impl_bitflags` which comes from the expansion of the macro `define_registers` (in Nightly builds, run with -Z macro-backtrace for more info)
[INFO] [stdout] 
[INFO] [stdout] 
[INFO] [stdout] warning: use of deprecated macro `try`: use the `?` operator instead
[INFO] [stdout]    --> src/registers.rs:151:1
[INFO] [stdout]     |
[INFO] [stdout] 151 | / define_registers!{
[INFO] [stdout] 152 | |
[INFO] [stdout] 153 | |     // Accelerometer
[INFO] [stdout] ...   |
[INFO] [stdout] 233 | |     }
[INFO] [stdout] 234 | | }
[INFO] [stdout]     | |_^
[INFO] [stdout]     |
[INFO] [stdout]     = note: this warning originates in the macro `__impl_bitflags` which comes from the expansion of the macro `define_registers` (in Nightly builds, run with -Z macro-backtrace for more info)
[INFO] [stdout] 
[INFO] [stdout] 
[INFO] [stdout] warning: use of deprecated macro `try`: use the `?` operator instead
[INFO] [stdout]    --> src/registers.rs:151:1
[INFO] [stdout]     |
[INFO] [stdout] 151 | / define_registers!{
[INFO] [stdout] 152 | |
[INFO] [stdout] 153 | |     // Accelerometer
[INFO] [stdout] ...   |
[INFO] [stdout] 233 | |     }
[INFO] [stdout] 234 | | }
[INFO] [stdout]     | |_^
[INFO] [stdout]     |
[INFO] [stdout]     = note: this warning originates in the macro `__impl_bitflags` which comes from the expansion of the macro `define_registers` (in Nightly builds, run with -Z macro-backtrace for more info)
[INFO] [stdout] 
[INFO] [stdout] 
[INFO] [stdout] warning: use of deprecated macro `try`: use the `?` operator instead
[INFO] [stdout]    --> src/registers.rs:151:1
[INFO] [stdout]     |
[INFO] [stdout] 151 | / define_registers!{
[INFO] [stdout] 152 | |
[INFO] [stdout] 153 | |     // Accelerometer
[INFO] [stdout] ...   |
[INFO] [stdout] 233 | |     }
[INFO] [stdout] 234 | | }
[INFO] [stdout]     | |_^
[INFO] [stdout]     |
[INFO] [stdout]     = note: this warning originates in the macro `__impl_bitflags` which comes from the expansion of the macro `define_registers` (in Nightly builds, run with -Z macro-backtrace for more info)
[INFO] [stdout] 
[INFO] [stdout] 
[INFO] [stdout] warning: use of deprecated macro `try`: use the `?` operator instead
[INFO] [stdout]    --> src/registers.rs:151:1
[INFO] [stdout]     |
[INFO] [stdout] 151 | / define_registers!{
[INFO] [stdout] 152 | |
[INFO] [stdout] 153 | |     // Accelerometer
[INFO] [stdout] ...   |
[INFO] [stdout] 233 | |     }
[INFO] [stdout] 234 | | }
[INFO] [stdout]     | |_^
[INFO] [stdout]     |
[INFO] [stdout]     = note: this warning originates in the macro `__impl_bitflags` which comes from the expansion of the macro `define_registers` (in Nightly builds, run with -Z macro-backtrace for more info)
[INFO] [stdout] 
[INFO] [stdout] 
[INFO] [stdout] warning: use of deprecated macro `try`: use the `?` operator instead
[INFO] [stdout]    --> src/registers.rs:151:1
[INFO] [stdout]     |
[INFO] [stdout] 151 | / define_registers!{
[INFO] [stdout] 152 | |
[INFO] [stdout] 153 | |     // Accelerometer
[INFO] [stdout] ...   |
[INFO] [stdout] 233 | |     }
[INFO] [stdout] 234 | | }
[INFO] [stdout]     | |_^
[INFO] [stdout]     |
[INFO] [stdout]     = note: this warning originates in the macro `__impl_bitflags` which comes from the expansion of the macro `define_registers` (in Nightly builds, run with -Z macro-backtrace for more info)
[INFO] [stdout] 
[INFO] [stdout] 
[INFO] [stdout] warning: use of deprecated macro `try`: use the `?` operator instead
[INFO] [stdout]    --> src/registers.rs:151:1
[INFO] [stdout]     |
[INFO] [stdout] 151 | / define_registers!{
[INFO] [stdout] 152 | |
[INFO] [stdout] 153 | |     // Accelerometer
[INFO] [stdout] ...   |
[INFO] [stdout] 233 | |     }
[INFO] [stdout] 234 | | }
[INFO] [stdout]     | |_^
[INFO] [stdout]     |
[INFO] [stdout]     = note: this warning originates in the macro `__impl_bitflags` which comes from the expansion of the macro `define_registers` (in Nightly builds, run with -Z macro-backtrace for more info)
[INFO] [stdout] 
[INFO] [stdout] 
[INFO] [stdout] warning: use of deprecated macro `try`: use the `?` operator instead
[INFO] [stdout]    --> src/registers.rs:151:1
[INFO] [stdout]     |
[INFO] [stdout] 151 | / define_registers!{
[INFO] [stdout] 152 | |
[INFO] [stdout] 153 | |     // Accelerometer
[INFO] [stdout] ...   |
[INFO] [stdout] 233 | |     }
[INFO] [stdout] 234 | | }
[INFO] [stdout]     | |_^
[INFO] [stdout]     |
[INFO] [stdout]     = note: this warning originates in the macro `__impl_bitflags` which comes from the expansion of the macro `define_registers` (in Nightly builds, run with -Z macro-backtrace for more info)
[INFO] [stdout] 
[INFO] [stdout] 
[INFO] [stdout] warning: use of deprecated macro `try`: use the `?` operator instead
[INFO] [stdout]    --> src/registers.rs:151:1
[INFO] [stdout]     |
[INFO] [stdout] 151 | / define_registers!{
[INFO] [stdout] 152 | |
[INFO] [stdout] 153 | |     // Accelerometer
[INFO] [stdout] ...   |
[INFO] [stdout] 233 | |     }
[INFO] [stdout] 234 | | }
[INFO] [stdout]     | |_^
[INFO] [stdout]     |
[INFO] [stdout]     = note: this warning originates in the macro `__impl_bitflags` which comes from the expansion of the macro `define_registers` (in Nightly builds, run with -Z macro-backtrace for more info)
[INFO] [stdout] 
[INFO] [stdout] 
[INFO] [stdout] warning: use of deprecated macro `try`: use the `?` operator instead
[INFO] [stdout]    --> src/registers.rs:151:1
[INFO] [stdout]     |
[INFO] [stdout] 151 | / define_registers!{
[INFO] [stdout] 152 | |
[INFO] [stdout] 153 | |     // Accelerometer
[INFO] [stdout] ...   |
[INFO] [stdout] 233 | |     }
[INFO] [stdout] 234 | | }
[INFO] [stdout]     | |_^
[INFO] [stdout]     |
[INFO] [stdout]     = note: this warning originates in the macro `__impl_bitflags` which comes from the expansion of the macro `define_registers` (in Nightly builds, run with -Z macro-backtrace for more info)
[INFO] [stdout] 
[INFO] [stdout] 
[INFO] [stdout] warning: use of deprecated macro `try`: use the `?` operator instead
[INFO] [stdout]    --> src/registers.rs:151:1
[INFO] [stdout]     |
[INFO] [stdout] 151 | / define_registers!{
[INFO] [stdout] 152 | |
[INFO] [stdout] 153 | |     // Accelerometer
[INFO] [stdout] ...   |
[INFO] [stdout] 233 | |     }
[INFO] [stdout] 234 | | }
[INFO] [stdout]     | |_^
[INFO] [stdout]     |
[INFO] [stdout]     = note: this warning originates in the macro `__impl_bitflags` which comes from the expansion of the macro `define_registers` (in Nightly builds, run with -Z macro-backtrace for more info)
[INFO] [stdout] 
[INFO] [stdout] 
[INFO] [stdout] warning: use of deprecated macro `try`: use the `?` operator instead
[INFO] [stdout]    --> src/registers.rs:151:1
[INFO] [stdout]     |
[INFO] [stdout] 151 | / define_registers!{
[INFO] [stdout] 152 | |
[INFO] [stdout] 153 | |     // Accelerometer
[INFO] [stdout] ...   |
[INFO] [stdout] 233 | |     }
[INFO] [stdout] 234 | | }
[INFO] [stdout]     | |_^
[INFO] [stdout]     |
[INFO] [stdout]     = note: this warning originates in the macro `__impl_bitflags` which comes from the expansion of the macro `define_registers` (in Nightly builds, run with -Z macro-backtrace for more info)
[INFO] [stdout] 
[INFO] [stdout] 
[INFO] [stdout] warning: use of deprecated macro `try`: use the `?` operator instead
[INFO] [stdout]    --> src/registers.rs:151:1
[INFO] [stdout]     |
[INFO] [stdout] 151 | / define_registers!{
[INFO] [stdout] 152 | |
[INFO] [stdout] 153 | |     // Accelerometer
[INFO] [stdout] ...   |
[INFO] [stdout] 233 | |     }
[INFO] [stdout] 234 | | }
[INFO] [stdout]     | |_^
[INFO] [stdout]     |
[INFO] [stdout]     = note: this warning originates in the macro `__impl_bitflags` which comes from the expansion of the macro `define_registers` (in Nightly builds, run with -Z macro-backtrace for more info)
[INFO] [stdout] 
[INFO] [stdout] 
[INFO] [stdout] warning: use of deprecated macro `try`: use the `?` operator instead
[INFO] [stdout]    --> src/registers.rs:151:1
[INFO] [stdout]     |
[INFO] [stdout] 151 | / define_registers!{
[INFO] [stdout] 152 | |
[INFO] [stdout] 153 | |     // Accelerometer
[INFO] [stdout] ...   |
[INFO] [stdout] 233 | |     }
[INFO] [stdout] 234 | | }
[INFO] [stdout]     | |_^
[INFO] [stdout]     |
[INFO] [stdout]     = note: this warning originates in the macro `__impl_bitflags` which comes from the expansion of the macro `define_registers` (in Nightly builds, run with -Z macro-backtrace for more info)
[INFO] [stdout] 
[INFO] [stdout] 
[INFO] [stdout] warning: use of deprecated macro `try`: use the `?` operator instead
[INFO] [stdout]    --> src/registers.rs:151:1
[INFO] [stdout]     |
[INFO] [stdout] 151 | / define_registers!{
[INFO] [stdout] 152 | |
[INFO] [stdout] 153 | |     // Accelerometer
[INFO] [stdout] ...   |
[INFO] [stdout] 233 | |     }
[INFO] [stdout] 234 | | }
[INFO] [stdout]     | |_^
[INFO] [stdout]     |
[INFO] [stdout]     = note: this warning originates in the macro `__impl_bitflags` which comes from the expansion of the macro `define_registers` (in Nightly builds, run with -Z macro-backtrace for more info)
[INFO] [stdout] 
[INFO] [stdout] 
[INFO] [stdout] warning: use of deprecated macro `try`: use the `?` operator instead
[INFO] [stdout]    --> src/registers.rs:151:1
[INFO] [stdout]     |
[INFO] [stdout] 151 | / define_registers!{
[INFO] [stdout] 152 | |
[INFO] [stdout] 153 | |     // Accelerometer
[INFO] [stdout] ...   |
[INFO] [stdout] 233 | |     }
[INFO] [stdout] 234 | | }
[INFO] [stdout]     | |_^
[INFO] [stdout]     |
[INFO] [stdout]     = note: this warning originates in the macro `__impl_bitflags` which comes from the expansion of the macro `define_registers` (in Nightly builds, run with -Z macro-backtrace for more info)
[INFO] [stdout] 
[INFO] [stdout] 
[INFO] [stdout] warning: use of deprecated macro `try`: use the `?` operator instead
[INFO] [stdout]    --> src/registers.rs:151:1
[INFO] [stdout]     |
[INFO] [stdout] 151 | / define_registers!{
[INFO] [stdout] 152 | |
[INFO] [stdout] 153 | |     // Accelerometer
[INFO] [stdout] ...   |
[INFO] [stdout] 233 | |     }
[INFO] [stdout] 234 | | }
[INFO] [stdout]     | |_^
[INFO] [stdout]     |
[INFO] [stdout]     = note: this warning originates in the macro `__impl_bitflags` which comes from the expansion of the macro `define_registers` (in Nightly builds, run with -Z macro-backtrace for more info)
[INFO] [stdout] 
[INFO] [stdout] 
[INFO] [stdout] warning: use of deprecated macro `try`: use the `?` operator instead
[INFO] [stdout]    --> src/registers.rs:151:1
[INFO] [stdout]     |
[INFO] [stdout] 151 | / define_registers!{
[INFO] [stdout] 152 | |
[INFO] [stdout] 153 | |     // Accelerometer
[INFO] [stdout] ...   |
[INFO] [stdout] 233 | |     }
[INFO] [stdout] 234 | | }
[INFO] [stdout]     | |_^
[INFO] [stdout]     |
[INFO] [stdout]     = note: this warning originates in the macro `__impl_bitflags` which comes from the expansion of the macro `define_registers` (in Nightly builds, run with -Z macro-backtrace for more info)
[INFO] [stdout] 
[INFO] [stdout] 
[INFO] [stdout] warning: use of deprecated macro `try`: use the `?` operator instead
[INFO] [stdout]    --> src/registers.rs:151:1
[INFO] [stdout]     |
[INFO] [stdout] 151 | / define_registers!{
[INFO] [stdout] 152 | |
[INFO] [stdout] 153 | |     // Accelerometer
[INFO] [stdout] ...   |
[INFO] [stdout] 233 | |     }
[INFO] [stdout] 234 | | }
[INFO] [stdout]     | |_^
[INFO] [stdout]     |
[INFO] [stdout]     = note: this warning originates in the macro `__impl_bitflags` which comes from the expansion of the macro `define_registers` (in Nightly builds, run with -Z macro-backtrace for more info)
[INFO] [stdout] 
[INFO] [stdout] 
[INFO] [stdout] warning: use of deprecated macro `try`: use the `?` operator instead
[INFO] [stdout]    --> src/registers.rs:151:1
[INFO] [stdout]     |
[INFO] [stdout] 151 | / define_registers!{
[INFO] [stdout] 152 | |
[INFO] [stdout] 153 | |     // Accelerometer
[INFO] [stdout] ...   |
[INFO] [stdout] 233 | |     }
[INFO] [stdout] 234 | | }
[INFO] [stdout]     | |_^
[INFO] [stdout]     |
[INFO] [stdout]     = note: this warning originates in the macro `__impl_bitflags` which comes from the expansion of the macro `define_registers` (in Nightly builds, run with -Z macro-backtrace for more info)
[INFO] [stdout] 
[INFO] [stdout] 
[INFO] [stdout] warning: use of deprecated macro `try`: use the `?` operator instead
[INFO] [stdout]    --> src/registers.rs:151:1
[INFO] [stdout]     |
[INFO] [stdout] 151 | / define_registers!{
[INFO] [stdout] 152 | |
[INFO] [stdout] 153 | |     // Accelerometer
[INFO] [stdout] ...   |
[INFO] [stdout] 233 | |     }
[INFO] [stdout] 234 | | }
[INFO] [stdout]     | |_^
[INFO] [stdout]     |
[INFO] [stdout]     = note: this warning originates in the macro `__impl_bitflags` which comes from the expansion of the macro `define_registers` (in Nightly builds, run with -Z macro-backtrace for more info)
[INFO] [stdout] 
[INFO] [stdout] 
[INFO] [stdout] warning: use of deprecated macro `try`: use the `?` operator instead
[INFO] [stdout]    --> src/registers.rs:151:1
[INFO] [stdout]     |
[INFO] [stdout] 151 | / define_registers!{
[INFO] [stdout] 152 | |
[INFO] [stdout] 153 | |     // Accelerometer
[INFO] [stdout] ...   |
[INFO] [stdout] 233 | |     }
[INFO] [stdout] 234 | | }
[INFO] [stdout]     | |_^
[INFO] [stdout]     |
[INFO] [stdout]     = note: this warning originates in the macro `__impl_bitflags` which comes from the expansion of the macro `define_registers` (in Nightly builds, run with -Z macro-backtrace for more info)
[INFO] [stdout] 
[INFO] [stdout] 
[INFO] [stdout] warning: use of deprecated macro `try`: use the `?` operator instead
[INFO] [stdout]    --> src/registers.rs:151:1
[INFO] [stdout]     |
[INFO] [stdout] 151 | / define_registers!{
[INFO] [stdout] 152 | |
[INFO] [stdout] 153 | |     // Accelerometer
[INFO] [stdout] ...   |
[INFO] [stdout] 233 | |     }
[INFO] [stdout] 234 | | }
[INFO] [stdout]     | |_^
[INFO] [stdout]     |
[INFO] [stdout]     = note: this warning originates in the macro `__impl_bitflags` which comes from the expansion of the macro `define_registers` (in Nightly builds, run with -Z macro-backtrace for more info)
[INFO] [stdout] 
[INFO] [stdout] 
[INFO] [stdout] warning: use of deprecated macro `try`: use the `?` operator instead
[INFO] [stdout]    --> src/registers.rs:151:1
[INFO] [stdout]     |
[INFO] [stdout] 151 | / define_registers!{
[INFO] [stdout] 152 | |
[INFO] [stdout] 153 | |     // Accelerometer
[INFO] [stdout] ...   |
[INFO] [stdout] 233 | |     }
[INFO] [stdout] 234 | | }
[INFO] [stdout]     | |_^
[INFO] [stdout]     |
[INFO] [stdout]     = note: this warning originates in the macro `__impl_bitflags` which comes from the expansion of the macro `define_registers` (in Nightly builds, run with -Z macro-backtrace for more info)
[INFO] [stdout] 
[INFO] [stdout] 
[INFO] [stdout] warning: use of deprecated macro `try`: use the `?` operator instead
[INFO] [stdout]    --> src/registers.rs:151:1
[INFO] [stdout]     |
[INFO] [stdout] 151 | / define_registers!{
[INFO] [stdout] 152 | |
[INFO] [stdout] 153 | |     // Accelerometer
[INFO] [stdout] ...   |
[INFO] [stdout] 233 | |     }
[INFO] [stdout] 234 | | }
[INFO] [stdout]     | |_^
[INFO] [stdout]     |
[INFO] [stdout]     = note: this warning originates in the macro `__impl_bitflags` which comes from the expansion of the macro `define_registers` (in Nightly builds, run with -Z macro-backtrace for more info)
[INFO] [stdout] 
[INFO] [stdout] 
[INFO] [stdout] warning: use of deprecated macro `try`: use the `?` operator instead
[INFO] [stdout]    --> src/registers.rs:151:1
[INFO] [stdout]     |
[INFO] [stdout] 151 | / define_registers!{
[INFO] [stdout] 152 | |
[INFO] [stdout] 153 | |     // Accelerometer
[INFO] [stdout] ...   |
[INFO] [stdout] 233 | |     }
[INFO] [stdout] 234 | | }
[INFO] [stdout]     | |_^
[INFO] [stdout]     |
[INFO] [stdout]     = note: this warning originates in the macro `__impl_bitflags` which comes from the expansion of the macro `define_registers` (in Nightly builds, run with -Z macro-backtrace for more info)
[INFO] [stdout] 
[INFO] [stdout] 
[INFO] [stdout] warning: use of deprecated macro `try`: use the `?` operator instead
[INFO] [stdout]    --> src/registers.rs:151:1
[INFO] [stdout]     |
[INFO] [stdout] 151 | / define_registers!{
[INFO] [stdout] 152 | |
[INFO] [stdout] 153 | |     // Accelerometer
[INFO] [stdout] ...   |
[INFO] [stdout] 233 | |     }
[INFO] [stdout] 234 | | }
[INFO] [stdout]     | |_^
[INFO] [stdout]     |
[INFO] [stdout]     = note: this warning originates in the macro `__impl_bitflags` which comes from the expansion of the macro `define_registers` (in Nightly builds, run with -Z macro-backtrace for more info)
[INFO] [stdout] 
[INFO] [stdout] 
[INFO] [stdout] warning: use of deprecated macro `try`: use the `?` operator instead
[INFO] [stdout]    --> src/registers.rs:151:1
[INFO] [stdout]     |
[INFO] [stdout] 151 | / define_registers!{
[INFO] [stdout] 152 | |
[INFO] [stdout] 153 | |     // Accelerometer
[INFO] [stdout] ...   |
[INFO] [stdout] 233 | |     }
[INFO] [stdout] 234 | | }
[INFO] [stdout]     | |_^
[INFO] [stdout]     |
[INFO] [stdout]     = note: this warning originates in the macro `__impl_bitflags` which comes from the expansion of the macro `define_registers` (in Nightly builds, run with -Z macro-backtrace for more info)
[INFO] [stdout] 
[INFO] [stdout] 
[INFO] [stdout] warning: use of deprecated macro `try`: use the `?` operator instead
[INFO] [stdout]    --> src/registers.rs:151:1
[INFO] [stdout]     |
[INFO] [stdout] 151 | / define_registers!{
[INFO] [stdout] 152 | |
[INFO] [stdout] 153 | |     // Accelerometer
[INFO] [stdout] ...   |
[INFO] [stdout] 233 | |     }
[INFO] [stdout] 234 | | }
[INFO] [stdout]     | |_^
[INFO] [stdout]     |
[INFO] [stdout]     = note: this warning originates in the macro `__impl_bitflags` which comes from the expansion of the macro `define_registers` (in Nightly builds, run with -Z macro-backtrace for more info)
[INFO] [stdout] 
[INFO] [stdout] 
[INFO] [stdout] warning: use of deprecated macro `try`: use the `?` operator instead
[INFO] [stdout]    --> src/registers.rs:151:1
[INFO] [stdout]     |
[INFO] [stdout] 151 | / define_registers!{
[INFO] [stdout] 152 | |
[INFO] [stdout] 153 | |     // Accelerometer
[INFO] [stdout] ...   |
[INFO] [stdout] 233 | |     }
[INFO] [stdout] 234 | | }
[INFO] [stdout]     | |_^
[INFO] [stdout]     |
[INFO] [stdout]     = note: this warning originates in the macro `__impl_bitflags` which comes from the expansion of the macro `define_registers` (in Nightly builds, run with -Z macro-backtrace for more info)
[INFO] [stdout] 
[INFO] [stdout] 
[INFO] [stdout] warning: use of deprecated macro `try`: use the `?` operator instead
[INFO] [stdout]    --> src/registers.rs:151:1
[INFO] [stdout]     |
[INFO] [stdout] 151 | / define_registers!{
[INFO] [stdout] 152 | |
[INFO] [stdout] 153 | |     // Accelerometer
[INFO] [stdout] ...   |
[INFO] [stdout] 233 | |     }
[INFO] [stdout] 234 | | }
[INFO] [stdout]     | |_^
[INFO] [stdout]     |
[INFO] [stdout]     = note: this warning originates in the macro `__impl_bitflags` which comes from the expansion of the macro `define_registers` (in Nightly builds, run with -Z macro-backtrace for more info)
[INFO] [stdout] 
[INFO] [stdout] 
[INFO] [stdout] warning: use of deprecated macro `try`: use the `?` operator instead
[INFO] [stdout]    --> src/registers.rs:151:1
[INFO] [stdout]     |
[INFO] [stdout] 151 | / define_registers!{
[INFO] [stdout] 152 | |
[INFO] [stdout] 153 | |     // Accelerometer
[INFO] [stdout] ...   |
[INFO] [stdout] 233 | |     }
[INFO] [stdout] 234 | | }
[INFO] [stdout]     | |_^
[INFO] [stdout]     |
[INFO] [stdout]     = note: this warning originates in the macro `__impl_bitflags` which comes from the expansion of the macro `define_registers` (in Nightly builds, run with -Z macro-backtrace for more info)
[INFO] [stdout] 
[INFO] [stdout] 
[INFO] [stdout] warning: use of deprecated macro `try`: use the `?` operator instead
[INFO] [stdout]    --> src/registers.rs:151:1
[INFO] [stdout]     |
[INFO] [stdout] 151 | / define_registers!{
[INFO] [stdout] 152 | |
[INFO] [stdout] 153 | |     // Accelerometer
[INFO] [stdout] ...   |
[INFO] [stdout] 233 | |     }
[INFO] [stdout] 234 | | }
[INFO] [stdout]     | |_^
[INFO] [stdout]     |
[INFO] [stdout]     = note: this warning originates in the macro `__impl_bitflags` which comes from the expansion of the macro `define_registers` (in Nightly builds, run with -Z macro-backtrace for more info)
[INFO] [stdout] 
[INFO] [stdout] 
[INFO] [stdout] warning: unexpected `cfg` condition name: `none`
[INFO] [stdout]    --> src/magnetometer.rs:204:11
[INFO] [stdout]     |
[INFO] [stdout] 204 |     #[cfg(none)]
[INFO] [stdout]     |           ^^^^
[INFO] [stdout]     |
[INFO] [stdout]     = help: expected names are: `clippy`, `debug_assertions`, `doc`, `docsrs`, `doctest`, `feature`, `fmt_debug`, `miri`, `overflow_checks`, `panic`, `proc_macro`, `relocation_model`, `rustfmt`, `sanitize`, `sanitizer_cfi_generalize_pointers`, `sanitizer_cfi_normalize_integers`, `target_abi`, `target_arch`, `target_endian`, `target_env`, `target_family`, `target_feature`, `target_has_atomic`, `target_has_atomic_equal_alignment`, `target_has_atomic_load_store`, `target_os`, `target_pointer_width`, `target_thread_local`, `target_vendor`, `test`, `ub_checks`, `unix`, and `windows`
[INFO] [stdout]     = help: consider using a Cargo feature instead
[INFO] [stdout]     = help: or consider adding in `Cargo.toml` the `check-cfg` lint config for the lint:
[INFO] [stdout]              [lints.rust]
[INFO] [stdout]              unexpected_cfgs = { level = "warn", check-cfg = ['cfg(none)'] }
[INFO] [stdout]     = help: or consider adding `println!("cargo::rustc-check-cfg=cfg(none)");` to the top of the `build.rs`
[INFO] [stdout]     = note: see <https://doc.rust-lang.org/nightly/rustc/check-cfg/cargo-specifics.html> for more information about checking conditional configuration
[INFO] [stdout]     = note: `#[warn(unexpected_cfgs)]` on by default
[INFO] [stdout] help: found config with similar value
[INFO] [stdout]     |
[INFO] [stdout] 204 |     #[cfg(fmt_debug = "none")]
[INFO] [stdout]     |           ~~~~~~~~~~~~~~~~~~
[INFO] [stdout] help: found config with similar value
[INFO] [stdout]     |
[INFO] [stdout] 204 |     #[cfg(target_os = "none")]
[INFO] [stdout]     |           ~~~~~~~~~~~~~~~~~~
[INFO] [stdout] 
[INFO] [stdout] 
[INFO] [stdout] warning: use of deprecated method `std::error::Error::description`: use the Display impl or to_string()
[INFO] [stdout]   --> src/errors.rs:7:1
[INFO] [stdout]    |
[INFO] [stdout] 7  | / error_chain!{
[INFO] [stdout] 8  | |     errors {
[INFO] [stdout] 9  | |         /// Error opening the I2C device
[INFO] [stdout] 10 | |         FailedToOpenDevice{}
[INFO] [stdout] ...  |
[INFO] [stdout] 25 | |     }
[INFO] [stdout] 26 | | }
[INFO] [stdout]    | |_^
[INFO] [stdout]    |
[INFO] [stdout]    = note: this warning originates in the macro `error_chain_processed` which comes from the expansion of the macro `error_chain` (in Nightly builds, run with -Z macro-backtrace for more info)
[INFO] [stdout] 
[INFO] [stdout] 
[INFO] [stdout] warning: use of deprecated method `std::error::Error::cause`: replaced by Error::source, which can support downcasting
[INFO] [stdout]   --> src/errors.rs:7:1
[INFO] [stdout]    |
[INFO] [stdout] 7  | / error_chain!{
[INFO] [stdout] 8  | |     errors {
[INFO] [stdout] 9  | |         /// Error opening the I2C device
[INFO] [stdout] 10 | |         FailedToOpenDevice{}
[INFO] [stdout] ...  |
[INFO] [stdout] 25 | |     }
[INFO] [stdout] 26 | | }
[INFO] [stdout]    | |_^
[INFO] [stdout]    |
[INFO] [stdout]    = note: this warning originates in the macro `error_chain_processed` which comes from the expansion of the macro `error_chain` (in Nightly builds, run with -Z macro-backtrace for more info)
[INFO] [stdout] 
[INFO] [stdout] 
[INFO] [stderr]     Finished `test` profile [unoptimized + debuginfo] target(s) in 0.71s
[INFO] [stderr] warning: the following packages contain code that will be rejected by a future version of Rust: dimensioned v0.6.0
[INFO] [stderr] note: to see what the problems were, use the option `--future-incompat-report`, or run `cargo report future-incompatibilities --id 1`
[INFO] running `Command { std: "docker" "inspect" "77e15021ff7fd0470588a6ac998fd1d1fc4840047e1993140466b805521b70f5", kill_on_drop: false }`
[INFO] running `Command { std: "docker" "rm" "-f" "77e15021ff7fd0470588a6ac998fd1d1fc4840047e1993140466b805521b70f5", kill_on_drop: false }`
[INFO] [stdout] 77e15021ff7fd0470588a6ac998fd1d1fc4840047e1993140466b805521b70f5
[INFO] running `Command { std: "docker" "create" "-v" "/var/lib/crater-agent-workspace/builds/worker-3-tc2/target:/opt/rustwide/target:rw,Z" "-v" "/var/lib/crater-agent-workspace/builds/worker-3-tc2/source:/opt/rustwide/workdir:ro,Z" "-v" "/var/lib/crater-agent-workspace/cargo-home:/opt/rustwide/cargo-home:ro,Z" "-v" "/var/lib/crater-agent-workspace/rustup-home:/opt/rustwide/rustup-home:ro,Z" "-e" "SOURCE_DIR=/opt/rustwide/workdir" "-e" "CARGO_TARGET_DIR=/opt/rustwide/target" "-e" "CARGO_INCREMENTAL=0" "-e" "RUST_BACKTRACE=full" "-e" "RUSTFLAGS=--cap-lints=forbid -Zrandomize-layout" "-e" "RUSTDOCFLAGS=--cap-lints=forbid" "-e" "CARGO_HOME=/opt/rustwide/cargo-home" "-e" "RUSTUP_HOME=/opt/rustwide/rustup-home" "-w" "/opt/rustwide/workdir" "-m" "1610612736" "--user" "0:0" "--network" "none" "ghcr.io/rust-lang/crates-build-env/linux@sha256:4a844ea9eb2546a2d2c7022eacef16ef2e8229c7fbb2c7d4d55a9ceca922f72d" "/opt/rustwide/cargo-home/bin/cargo" "+nightly-2024-10-28" "test" "--frozen", kill_on_drop: false }`
[INFO] [stdout] b889d3b95686c55878e7994fbe81001a8a7a7fcd00b75970f9bdf8950a55e088
[INFO] running `Command { std: "docker" "start" "-a" "b889d3b95686c55878e7994fbe81001a8a7a7fcd00b75970f9bdf8950a55e088", kill_on_drop: false }`
[INFO] [stderr] warning: no edition set: defaulting to the 2015 edition while the latest is 2021
[INFO] [stderr] warning: lint `unused_doc_comment` has been renamed to `unused_doc_comments`
[INFO] [stderr]  --> src/errors.rs:3:10
[INFO] [stderr]   |
[INFO] [stderr] 3 | #![allow(unused_doc_comment)]
[INFO] [stderr]   |          ^^^^^^^^^^^^^^^^^^ help: use the new name: `unused_doc_comments`
[INFO] [stderr]   |
[INFO] [stderr]   = note: `#[warn(renamed_and_removed_lints)]` on by default
[INFO] [stderr] 
[INFO] [stderr] warning: use of deprecated macro `try`: use the `?` operator instead
[INFO] [stderr]    --> src/registers.rs:151:1
[INFO] [stderr]     |
[INFO] [stderr] 151 | / define_registers!{
[INFO] [stderr] 152 | |
[INFO] [stderr] 153 | |     // Accelerometer
[INFO] [stderr] ...   |
[INFO] [stderr] 233 | |     }
[INFO] [stderr] 234 | | }
[INFO] [stderr]     | |_^
[INFO] [stderr]     |
[INFO] [stderr]     = note: `#[warn(deprecated)]` on by default
[INFO] [stderr]     = note: this warning originates in the macro `__impl_bitflags` which comes from the expansion of the macro `define_registers` (in Nightly builds, run with -Z macro-backtrace for more info)
[INFO] [stderr] 
[INFO] [stderr] warning: use of deprecated macro `try`: use the `?` operator instead
[INFO] [stderr]    --> src/registers.rs:151:1
[INFO] [stderr]     |
[INFO] [stderr] 151 | / define_registers!{
[INFO] [stderr] 152 | |
[INFO] [stderr] 153 | |     // Accelerometer
[INFO] [stderr] ...   |
[INFO] [stderr] 233 | |     }
[INFO] [stderr] 234 | | }
[INFO] [stderr]     | |_^
[INFO] [stderr]     |
[INFO] [stderr]     = note: this warning originates in the macro `__impl_bitflags` which comes from the expansion of the macro `define_registers` (in Nightly builds, run with -Z macro-backtrace for more info)
[INFO] [stderr] 
[INFO] [stderr] warning: unexpected `cfg` condition name: `none`
[INFO] [stderr]    --> src/magnetometer.rs:204:11
[INFO] [stderr]     |
[INFO] [stderr] 204 |     #[cfg(none)]
[INFO] [stderr]     |           ^^^^
[INFO] [stderr]     |
[INFO] [stderr]     = help: expected names are: `clippy`, `debug_assertions`, `doc`, `docsrs`, `doctest`, `feature`, `fmt_debug`, `miri`, `overflow_checks`, `panic`, `proc_macro`, `relocation_model`, `rustfmt`, `sanitize`, `sanitizer_cfi_generalize_pointers`, `sanitizer_cfi_normalize_integers`, `target_abi`, `target_arch`, `target_endian`, `target_env`, `target_family`, `target_feature`, `target_has_atomic`, `target_has_atomic_equal_alignment`, `target_has_atomic_load_store`, `target_os`, `target_pointer_width`, `target_thread_local`, `target_vendor`, `test`, `ub_checks`, `unix`, and `windows`
[INFO] [stderr]     = help: consider using a Cargo feature instead
[INFO] [stderr]     = help: or consider adding in `Cargo.toml` the `check-cfg` lint config for the lint:
[INFO] [stderr]              [lints.rust]
[INFO] [stderr]              unexpected_cfgs = { level = "warn", check-cfg = ['cfg(none)'] }
[INFO] [stderr]     = help: or consider adding `println!("cargo::rustc-check-cfg=cfg(none)");` to the top of the `build.rs`
[INFO] [stderr]     = note: see <https://doc.rust-lang.org/nightly/rustc/check-cfg/cargo-specifics.html> for more information about checking conditional configuration
[INFO] [stderr]     = note: `#[warn(unexpected_cfgs)]` on by default
[INFO] [stderr] help: found config with similar value
[INFO] [stderr]     |
[INFO] [stderr] 204 |     #[cfg(fmt_debug = "none")]
[INFO] [stderr]     |           ~~~~~~~~~~~~~~~~~~
[INFO] [stderr] help: found config with similar value
[INFO] [stderr]     |
[INFO] [stderr] 204 |     #[cfg(target_os = "none")]
[INFO] [stderr]     |           ~~~~~~~~~~~~~~~~~~
[INFO] [stderr] 
[INFO] [stderr] warning: use of deprecated method `std::error::Error::description`: use the Display impl or to_string()
[INFO] [stderr]   --> src/errors.rs:7:1
[INFO] [stderr]    |
[INFO] [stderr] 7  | / error_chain!{
[INFO] [stderr] 8  | |     errors {
[INFO] [stderr] 9  | |         /// Error opening the I2C device
[INFO] [stderr] 10 | |         FailedToOpenDevice{}
[INFO] [stderr] ...  |
[INFO] [stderr] 25 | |     }
[INFO] [stderr] 26 | | }
[INFO] [stderr]    | |_^
[INFO] [stderr]    |
[INFO] [stderr]    = note: this warning originates in the macro `error_chain_processed` which comes from the expansion of the macro `error_chain` (in Nightly builds, run with -Z macro-backtrace for more info)
[INFO] [stderr] 
[INFO] [stderr] warning: use of deprecated method `std::error::Error::cause`: replaced by Error::source, which can support downcasting
[INFO] [stderr]   --> src/errors.rs:7:1
[INFO] [stderr]    |
[INFO] [stderr] 7  | / error_chain!{
[INFO] [stderr] 8  | |     errors {
[INFO] [stderr] 9  | |         /// Error opening the I2C device
[INFO] [stderr] 10 | |         FailedToOpenDevice{}
[INFO] [stderr] ...  |
[INFO] [stderr] 25 | |     }
[INFO] [stderr] 26 | | }
[INFO] [stderr]    | |_^
[INFO] [stderr]    |
[INFO] [stderr]    = note: this warning originates in the macro `error_chain_processed` which comes from the expansion of the macro `error_chain` (in Nightly builds, run with -Z macro-backtrace for more info)
[INFO] [stderr] 
[INFO] [stderr] warning: `lsm303` (lib) generated 61 warnings (55 duplicates) (run `cargo fix --lib -p lsm303` to apply 1 suggestion)
[INFO] [stderr] warning: `lsm303` (lib test) generated 61 warnings (61 duplicates)
[INFO] [stderr] warning: lint `unused_doc_comment` has been renamed to `unused_doc_comments`
[INFO] [stderr]  --> examples/read.rs:1:10
[INFO] [stderr]   |
[INFO] [stderr] 1 | #![allow(unused_doc_comment)]
[INFO] [stderr]   |          ^^^^^^^^^^^^^^^^^^ help: use the new name: `unused_doc_comments`
[INFO] [stderr]   |
[INFO] [stderr]   = note: `#[warn(renamed_and_removed_lints)]` on by default
[INFO] [stderr] 
[INFO] [stderr] warning: `lsm303` (example "read") generated 1 warning (run `cargo fix --example "read"` to apply 1 suggestion)
[INFO] [stderr]     Finished `test` profile [unoptimized + debuginfo] target(s) in 0.05s
[INFO] [stderr] warning: the following packages contain code that will be rejected by a future version of Rust: dimensioned v0.6.0
[INFO] [stderr] note: to see what the problems were, use the option `--future-incompat-report`, or run `cargo report future-incompatibilities --id 1`
[INFO] [stderr]      Running unittests src/lib.rs (/opt/rustwide/target/debug/deps/lsm303-b413f9f7fdecc45d)
[INFO] [stdout] 
[INFO] [stdout] running 0 tests
[INFO] [stdout] 
[INFO] [stdout] test result: ok. 0 passed; 0 failed; 0 ignored; 0 measured; 0 filtered out; finished in 0.00s
[INFO] [stdout] 
[INFO] [stderr]    Doc-tests lsm303
[INFO] [stderr] warning: lint `unused_doc_comment` has been renamed to `unused_doc_comments`
[INFO] [stderr]  --> src/errors.rs:3:10
[INFO] [stderr]   |
[INFO] [stderr] 3 | #![allow(unused_doc_comment)]
[INFO] [stderr]   |          ^^^^^^^^^^^^^^^^^^ help: use the new name: `unused_doc_comments`
[INFO] [stderr]   |
[INFO] [stderr]   = note: `#[warn(renamed_and_removed_lints)]` on by default
[INFO] [stderr] 
[INFO] [stderr] warning: 1 warning emitted
[INFO] [stderr] 
[INFO] [stdout] 
[INFO] [stdout] running 13 tests
[INFO] [stdout] test src/accelerometer.rs - accelerometer::Accelerometer<Dev>::set_rate (line 243) - compile ... ok
[INFO] [stdout] test src/accelerometer.rs - accelerometer::Rate (line 53) - compile ... ok
[INFO] [stdout] test src/magnetometer.rs - magnetometer::Magnetometer<Dev>::set_gain (line 164) - compile ... ok
[INFO] [stdout] test src/accelerometer.rs - accelerometer::Accelerometer<Dev>::read_acceleration (line 161) - compile ... ok
[INFO] [stdout] test src/registers.rs - registers::read_register (line 20) ... FAILED
[INFO] [stdout] test src/registers.rs - registers::write_register (line 35) ... FAILED
[INFO] [stdout] test src/magnetometer.rs - magnetometer::Magnetometer<Dev>::read_magnetic_field (line 117) - compile ... ok
[INFO] [stdout] test src/accelerometer.rs - accelerometer::Accelerometer<Dev>::set_scale (line 213) - compile ... ok
[INFO] [stdout] test src/lib.rs - (line 8) - compile ... ok
[INFO] [stdout] test src/magnetometer.rs - magnetometer::Magnetometer<Dev>::from_i2c_device (line 83) - compile ... ok
[INFO] [stdout] test src/accelerometer.rs - accelerometer::Accelerometer<Dev>::from_i2c_device (line 121) - compile ... ok
[INFO] [stdout] test src/magnetometer.rs - magnetometer::Magnetometer<LinuxI2CDevice>::new (line 53) ... ok
[INFO] [stdout] test src/accelerometer.rs - accelerometer::Accelerometer<LinuxI2CDevice>::new (line 91) ... ok
[INFO] [stdout] 
[INFO] [stdout] failures:
[INFO] [stdout] 
[INFO] [stdout] ---- src/registers.rs - registers::read_register (line 20) stdout ----
[INFO] [stdout] error[E0424]: expected value, found module `self`
[INFO] [stdout]  --> src/registers.rs:21:31
[INFO] [stdout]   |
[INFO] [stdout] 2 | fn main() { #[allow(non_snake_case)] fn _doctest_main_src_registers_rs_20_0() {
[INFO] [stdout]   |                                         ----------------------------------- this function can't have a `self` parameter
[INFO] [stdout] 3 | let mut flags = read_register(self.device, CRA_REG_M, CraRegM)?;
[INFO] [stdout]   |                               ^^^^ `self` value is a keyword only available in methods with a `self` parameter
[INFO] [stdout] 
[INFO] [stdout] error[E0425]: cannot find value `CRA_REG_M` in this scope
[INFO] [stdout]  --> src/registers.rs:21:44
[INFO] [stdout]   |
[INFO] [stdout] 3 | let mut flags = read_register(self.device, CRA_REG_M, CraRegM)?;
[INFO] [stdout]   |                                            ^^^^^^^^^ not found in this scope
[INFO] [stdout] 
[INFO] [stdout] error[E0425]: cannot find value `CraRegM` in this scope
[INFO] [stdout]  --> src/registers.rs:21:55
[INFO] [stdout]   |
[INFO] [stdout] 3 | let mut flags = read_register(self.device, CRA_REG_M, CraRegM)?;
[INFO] [stdout]   |                                                       ^^^^^^^ not found in this scope
[INFO] [stdout] 
[INFO] [stdout] error[E0425]: cannot find function `read_register` in this scope
[INFO] [stdout]  --> src/registers.rs:21:17
[INFO] [stdout]   |
[INFO] [stdout] 3 | let mut flags = read_register(self.device, CRA_REG_M, CraRegM)?;
[INFO] [stdout]   |                 ^^^^^^^^^^^^^ not found in this scope
[INFO] [stdout] 
[INFO] [stdout] error: aborting due to 4 previous errors
[INFO] [stdout] 
[INFO] [stdout] Some errors have detailed explanations: E0424, E0425.
[INFO] [stdout] For more information about an error, try `rustc --explain E0424`.
[INFO] [stdout] Couldn't compile the test.
[INFO] [stdout] ---- src/registers.rs - registers::write_register (line 35) stdout ----
[INFO] [stdout] error: cannot find macro `write_register` in this scope
[INFO] [stdout]  --> src/registers.rs:36:1
[INFO] [stdout]   |
[INFO] [stdout] 3 | write_register!(self.device, CRA_REG_M, flags)?;
[INFO] [stdout]   | ^^^^^^^^^^^^^^
[INFO] [stdout] 
[INFO] [stdout] error: aborting due to 1 previous error
[INFO] [stdout] 
[INFO] [stdout] Couldn't compile the test.
[INFO] [stdout] 
[INFO] [stdout] failures:
[INFO] [stdout]     src/registers.rs - registers::read_register (line 20)
[INFO] [stdout]     src/registers.rs - registers::write_register (line 35)
[INFO] [stdout] 
[INFO] [stdout] test result: FAILED. 11 passed; 2 failed; 0 ignored; 0 measured; 0 filtered out; finished in 0.42s
[INFO] [stdout] 
[INFO] [stderr] error: doctest failed, to rerun pass `--doc`
[INFO] running `Command { std: "docker" "inspect" "b889d3b95686c55878e7994fbe81001a8a7a7fcd00b75970f9bdf8950a55e088", kill_on_drop: false }`
[INFO] running `Command { std: "docker" "rm" "-f" "b889d3b95686c55878e7994fbe81001a8a7a7fcd00b75970f9bdf8950a55e088", kill_on_drop: false }`
[INFO] [stdout] b889d3b95686c55878e7994fbe81001a8a7a7fcd00b75970f9bdf8950a55e088
