[INFO] fetching crate lrcall-macro 0.1.5...
[INFO] testing lrcall-macro-0.1.5 against nightly-2024-10-28+rustflags=-Zrandomize-layout for randomize-layout
[INFO] extracting crate lrcall-macro 0.1.5 into /workspace/builds/worker-3-tc2/source
[INFO] validating manifest of crates.io crate lrcall-macro 0.1.5 on toolchain nightly-2024-10-28
[INFO] running `Command { std: CARGO_HOME="/workspace/cargo-home" RUSTUP_HOME="/workspace/rustup-home" "/workspace/cargo-home/bin/cargo" "+nightly-2024-10-28" "metadata" "--manifest-path" "Cargo.toml" "--no-deps", kill_on_drop: false }`
[INFO] started tweaking crates.io crate lrcall-macro 0.1.5
[INFO] removed 0 missing tests
[INFO] finished tweaking crates.io crate lrcall-macro 0.1.5
[INFO] tweaked toml for crates.io crate lrcall-macro 0.1.5 written to /workspace/builds/worker-3-tc2/source/Cargo.toml
[INFO] running `Command { std: CARGO_HOME="/workspace/cargo-home" RUSTUP_HOME="/workspace/rustup-home" "/workspace/cargo-home/bin/cargo" "+nightly-2024-10-28" "generate-lockfile" "--manifest-path" "Cargo.toml", kill_on_drop: false }`
[INFO] [stderr]     Updating crates.io index
[INFO] [stderr]      Locking 85 packages to latest compatible versions
[INFO] running `Command { std: CARGO_HOME="/workspace/cargo-home" RUSTUP_HOME="/workspace/rustup-home" "/workspace/cargo-home/bin/cargo" "+nightly-2024-10-28" "fetch" "--manifest-path" "Cargo.toml", kill_on_drop: false }`
[INFO] running `Command { std: "docker" "create" "-v" "/var/lib/crater-agent-workspace/builds/worker-3-tc2/target:/opt/rustwide/target:rw,Z" "-v" "/var/lib/crater-agent-workspace/builds/worker-3-tc2/source:/opt/rustwide/workdir:ro,Z" "-v" "/var/lib/crater-agent-workspace/cargo-home:/opt/rustwide/cargo-home:ro,Z" "-v" "/var/lib/crater-agent-workspace/rustup-home:/opt/rustwide/rustup-home:ro,Z" "-e" "SOURCE_DIR=/opt/rustwide/workdir" "-e" "CARGO_TARGET_DIR=/opt/rustwide/target" "-e" "CARGO_HOME=/opt/rustwide/cargo-home" "-e" "RUSTUP_HOME=/opt/rustwide/rustup-home" "-w" "/opt/rustwide/workdir" "-m" "1610612736" "--user" "0:0" "--network" "none" "ghcr.io/rust-lang/crates-build-env/linux@sha256:4a844ea9eb2546a2d2c7022eacef16ef2e8229c7fbb2c7d4d55a9ceca922f72d" "/opt/rustwide/cargo-home/bin/cargo" "+nightly-2024-10-28" "metadata" "--no-deps" "--format-version=1", kill_on_drop: false }`
[INFO] [stdout] 1a20834319f19d90b3cdd34dc9a5aa7862ff53d1911b12ceb75b7a5a5dfd896e
[INFO] running `Command { std: "docker" "start" "-a" "1a20834319f19d90b3cdd34dc9a5aa7862ff53d1911b12ceb75b7a5a5dfd896e", kill_on_drop: false }`
[INFO] running `Command { std: "docker" "inspect" "1a20834319f19d90b3cdd34dc9a5aa7862ff53d1911b12ceb75b7a5a5dfd896e", kill_on_drop: false }`
[INFO] running `Command { std: "docker" "rm" "-f" "1a20834319f19d90b3cdd34dc9a5aa7862ff53d1911b12ceb75b7a5a5dfd896e", kill_on_drop: false }`
[INFO] [stdout] 1a20834319f19d90b3cdd34dc9a5aa7862ff53d1911b12ceb75b7a5a5dfd896e
[INFO] running `Command { std: "docker" "create" "-v" "/var/lib/crater-agent-workspace/builds/worker-3-tc2/target:/opt/rustwide/target:rw,Z" "-v" "/var/lib/crater-agent-workspace/builds/worker-3-tc2/source:/opt/rustwide/workdir:ro,Z" "-v" "/var/lib/crater-agent-workspace/cargo-home:/opt/rustwide/cargo-home:ro,Z" "-v" "/var/lib/crater-agent-workspace/rustup-home:/opt/rustwide/rustup-home:ro,Z" "-e" "SOURCE_DIR=/opt/rustwide/workdir" "-e" "CARGO_TARGET_DIR=/opt/rustwide/target" "-e" "CARGO_INCREMENTAL=0" "-e" "RUST_BACKTRACE=full" "-e" "RUSTFLAGS=--cap-lints=forbid -Zrandomize-layout" "-e" "RUSTDOCFLAGS=--cap-lints=forbid" "-e" "CARGO_HOME=/opt/rustwide/cargo-home" "-e" "RUSTUP_HOME=/opt/rustwide/rustup-home" "-w" "/opt/rustwide/workdir" "-m" "1610612736" "--user" "0:0" "--network" "none" "ghcr.io/rust-lang/crates-build-env/linux@sha256:4a844ea9eb2546a2d2c7022eacef16ef2e8229c7fbb2c7d4d55a9ceca922f72d" "/opt/rustwide/cargo-home/bin/cargo" "+nightly-2024-10-28" "build" "--frozen" "--message-format=json", kill_on_drop: false }`
[INFO] [stdout] bba55e2f155e1a00783061b27f23f4dfd3a30684c574796c4b2fe2af9a6bcf2a
[INFO] running `Command { std: "docker" "start" "-a" "bba55e2f155e1a00783061b27f23f4dfd3a30684c574796c4b2fe2af9a6bcf2a", kill_on_drop: false }`
[INFO] [stderr]    Compiling proc-macro2 v1.0.89
[INFO] [stderr]    Compiling unicode-ident v1.0.13
[INFO] [stderr]    Compiling quote v1.0.37
[INFO] [stderr]    Compiling syn v2.0.86
[INFO] [stderr]    Compiling lrcall-macro v0.1.5 (/opt/rustwide/workdir)
[INFO] [stderr]     Finished `dev` profile [unoptimized + debuginfo] target(s) in 5.32s
[INFO] running `Command { std: "docker" "inspect" "bba55e2f155e1a00783061b27f23f4dfd3a30684c574796c4b2fe2af9a6bcf2a", kill_on_drop: false }`
[INFO] running `Command { std: "docker" "rm" "-f" "bba55e2f155e1a00783061b27f23f4dfd3a30684c574796c4b2fe2af9a6bcf2a", kill_on_drop: false }`
[INFO] [stdout] bba55e2f155e1a00783061b27f23f4dfd3a30684c574796c4b2fe2af9a6bcf2a
[INFO] running `Command { std: "docker" "create" "-v" "/var/lib/crater-agent-workspace/builds/worker-3-tc2/target:/opt/rustwide/target:rw,Z" "-v" "/var/lib/crater-agent-workspace/builds/worker-3-tc2/source:/opt/rustwide/workdir:ro,Z" "-v" "/var/lib/crater-agent-workspace/cargo-home:/opt/rustwide/cargo-home:ro,Z" "-v" "/var/lib/crater-agent-workspace/rustup-home:/opt/rustwide/rustup-home:ro,Z" "-e" "SOURCE_DIR=/opt/rustwide/workdir" "-e" "CARGO_TARGET_DIR=/opt/rustwide/target" "-e" "CARGO_INCREMENTAL=0" "-e" "RUST_BACKTRACE=full" "-e" "RUSTFLAGS=--cap-lints=forbid -Zrandomize-layout" "-e" "RUSTDOCFLAGS=--cap-lints=forbid" "-e" "CARGO_HOME=/opt/rustwide/cargo-home" "-e" "RUSTUP_HOME=/opt/rustwide/rustup-home" "-w" "/opt/rustwide/workdir" "-m" "1610612736" "--user" "0:0" "--network" "none" "ghcr.io/rust-lang/crates-build-env/linux@sha256:4a844ea9eb2546a2d2c7022eacef16ef2e8229c7fbb2c7d4d55a9ceca922f72d" "/opt/rustwide/cargo-home/bin/cargo" "+nightly-2024-10-28" "test" "--frozen" "--no-run" "--message-format=json", kill_on_drop: false }`
[INFO] [stdout] 9a53abc3a3b0963aade5d26fc32340aa3b23eca939be383da6139d232675ed75
[INFO] running `Command { std: "docker" "start" "-a" "9a53abc3a3b0963aade5d26fc32340aa3b23eca939be383da6139d232675ed75", kill_on_drop: false }`
[INFO] [stderr]    Compiling proc-macro2 v1.0.89
[INFO] [stderr]    Compiling unicode-ident v1.0.13
[INFO] [stderr]    Compiling pin-project-lite v0.2.15
[INFO] [stderr]    Compiling autocfg v1.4.0
[INFO] [stderr]    Compiling futures-sink v0.3.31
[INFO] [stderr]    Compiling cfg-if v1.0.0
[INFO] [stderr]    Compiling futures-core v0.3.31
[INFO] [stderr]    Compiling libc v0.2.161
[INFO] [stderr]    Compiling once_cell v1.20.2
[INFO] [stderr]    Compiling byteorder v1.5.0
[INFO] [stderr]    Compiling futures-task v0.3.31
[INFO] [stderr]    Compiling thiserror v1.0.66
[INFO] [stderr]    Compiling pin-utils v0.1.0
[INFO] [stderr]    Compiling memchr v2.7.4
[INFO] [stderr]    Compiling futures-io v0.3.31
[INFO] [stderr]    Compiling lazy_static v1.5.0
[INFO] [stderr]    Compiling serde v1.0.214
[INFO] [stderr]    Compiling percent-encoding v2.3.1
[INFO] [stderr]    Compiling sharded-slab v0.1.7
[INFO] [stderr]    Compiling log v0.4.22
[INFO] [stderr]    Compiling anyhow v1.0.92
[INFO] [stderr]    Compiling tokio v1.41.0
[INFO] [stderr]    Compiling futures-channel v0.3.31
[INFO] [stderr]    Compiling bytes v1.8.0
[INFO] [stderr]    Compiling tracing-core v0.1.32
[INFO] [stderr]    Compiling thread_local v1.1.8
[INFO] [stderr]    Compiling fnv v1.0.7
[INFO] [stderr]    Compiling static_assertions v1.1.0
[INFO] [stderr]    Compiling humantime v2.1.0
[INFO] [stderr]    Compiling opentelemetry-semantic-conventions v0.16.0
[INFO] [stderr]    Compiling assert-type-eq v0.1.0
[INFO] [stderr]    Compiling slab v0.4.9
[INFO] [stderr]    Compiling quote v1.0.37
[INFO] [stderr]    Compiling syn v2.0.86
[INFO] [stderr]    Compiling tracing-subscriber v0.3.18
[INFO] [stderr]    Compiling getrandom v0.2.15
[INFO] [stderr]    Compiling rand_core v0.6.4
[INFO] [stderr]    Compiling tokio-util v0.7.12
[INFO] [stderr]    Compiling zerocopy-derive v0.7.35
[INFO] [stderr]    Compiling futures-macro v0.3.31
[INFO] [stderr]    Compiling thiserror-impl v1.0.66
[INFO] [stderr]    Compiling tracing-attributes v0.1.27
[INFO] [stderr]    Compiling async-trait v0.1.83
[INFO] [stderr]    Compiling serde_derive v1.0.214
[INFO] [stderr]    Compiling pin-project-internal v1.1.7
[INFO] [stderr]    Compiling lrcall-macro v0.1.5
[INFO] [stderr]    Compiling lrcall-macro v0.1.5 (/opt/rustwide/workdir)
[INFO] [stderr]    Compiling zerocopy v0.7.35
[INFO] [stderr]    Compiling opentelemetry v0.24.0
[INFO] [stderr]    Compiling futures-util v0.3.31
[INFO] [stderr]    Compiling tracing v0.1.40
[INFO] [stderr]    Compiling pin-project v1.1.7
[INFO] [stderr]    Compiling ppv-lite86 v0.2.20
[INFO] [stderr]    Compiling rand_chacha v0.3.1
[INFO] [stderr]    Compiling rand v0.8.5
[INFO] [stderr]    Compiling futures-executor v0.3.31
[INFO] [stderr]    Compiling opentelemetry_sdk v0.24.1
[INFO] [stderr]    Compiling futures v0.3.31
[INFO] [stderr]    Compiling tracing-opentelemetry v0.25.0
[INFO] [stderr]    Compiling lrcall v0.1.5
[INFO] [stderr]     Finished `test` profile [unoptimized + debuginfo] target(s) in 15.09s
[INFO] running `Command { std: "docker" "inspect" "9a53abc3a3b0963aade5d26fc32340aa3b23eca939be383da6139d232675ed75", kill_on_drop: false }`
[INFO] running `Command { std: "docker" "rm" "-f" "9a53abc3a3b0963aade5d26fc32340aa3b23eca939be383da6139d232675ed75", kill_on_drop: false }`
[INFO] [stdout] 9a53abc3a3b0963aade5d26fc32340aa3b23eca939be383da6139d232675ed75
[INFO] running `Command { std: "docker" "create" "-v" "/var/lib/crater-agent-workspace/builds/worker-3-tc2/target:/opt/rustwide/target:rw,Z" "-v" "/var/lib/crater-agent-workspace/builds/worker-3-tc2/source:/opt/rustwide/workdir:ro,Z" "-v" "/var/lib/crater-agent-workspace/cargo-home:/opt/rustwide/cargo-home:ro,Z" "-v" "/var/lib/crater-agent-workspace/rustup-home:/opt/rustwide/rustup-home:ro,Z" "-e" "SOURCE_DIR=/opt/rustwide/workdir" "-e" "CARGO_TARGET_DIR=/opt/rustwide/target" "-e" "CARGO_INCREMENTAL=0" "-e" "RUST_BACKTRACE=full" "-e" "RUSTFLAGS=--cap-lints=forbid -Zrandomize-layout" "-e" "RUSTDOCFLAGS=--cap-lints=forbid" "-e" "CARGO_HOME=/opt/rustwide/cargo-home" "-e" "RUSTUP_HOME=/opt/rustwide/rustup-home" "-w" "/opt/rustwide/workdir" "-m" "1610612736" "--user" "0:0" "--network" "none" "ghcr.io/rust-lang/crates-build-env/linux@sha256:4a844ea9eb2546a2d2c7022eacef16ef2e8229c7fbb2c7d4d55a9ceca922f72d" "/opt/rustwide/cargo-home/bin/cargo" "+nightly-2024-10-28" "test" "--frozen", kill_on_drop: false }`
[INFO] [stdout] 9b62d2b285fe8b6877172607e8aa58a1a13de2ef43b7cb119388556e0123d61c
[INFO] running `Command { std: "docker" "start" "-a" "9b62d2b285fe8b6877172607e8aa58a1a13de2ef43b7cb119388556e0123d61c", kill_on_drop: false }`
[INFO] [stderr]     Finished `test` profile [unoptimized + debuginfo] target(s) in 0.08s
[INFO] [stderr]      Running unittests src/lib.rs (/opt/rustwide/target/debug/deps/lrcall_macro-66698c543af0ad3e)
[INFO] [stderr]      Running tests/server.rs (/opt/rustwide/target/debug/deps/server-9515ccb438a72090)
[INFO] [stdout] 
[INFO] [stdout] running 5 tests
[INFO] [stdout] test snake_to_camel_basic ... ok
[INFO] [stdout] test snake_to_camel_capital_in_middle ... ok
[INFO] [stdout] test snake_to_camel_underscore_consecutive ... ok
[INFO] [stdout] test snake_to_camel_underscore_prefix ... ok
[INFO] [stdout] test snake_to_camel_underscore_suffix ... ok
[INFO] [stdout] 
[INFO] [stdout] test result: ok. 5 passed; 0 failed; 0 ignored; 0 measured; 0 filtered out; finished in 0.00s
[INFO] [stdout] 
[INFO] [stdout] 
[INFO] [stdout] running 2 tests
[INFO] [stdout] test syntax ... ok
[INFO] [stdout] test raw_idents_work ... ok
[INFO] [stdout] 
[INFO] [stdout] test result: ok. 2 passed; 0 failed; 0 ignored; 0 measured; 0 filtered out; finished in 0.00s
[INFO] [stdout] 
[INFO] [stderr]      Running tests/service.rs (/opt/rustwide/target/debug/deps/service-775a1f24b79f04c8)
[INFO] [stdout] 
[INFO] [stdout] running 7 tests
[INFO] [stdout] test explicit_serde ... ok
[INFO] [stdout] test att_service_trait ... ok
[INFO] [stdout] test custom_derives ... ok
[INFO] [stdout] test implicit_serde ... ok
[INFO] [stdout] test raw_idents ... ok
[INFO] [stdout] test service_with_cfg_rpc ... ok
[INFO] [stdout] test syntax ... ok
[INFO] [stdout] 
[INFO] [stdout] test result: ok. 7 passed; 0 failed; 0 ignored; 0 measured; 0 filtered out; finished in 0.00s
[INFO] [stdout] 
[INFO] [stderr]    Doc-tests lrcall_macro
[INFO] [stdout] 
[INFO] [stdout] running 1 test
[INFO] [stdout] test src/lib.rs - service (line 380) - compile ... FAILED
[INFO] [stdout] 
[INFO] [stdout] failures:
[INFO] [stdout] 
[INFO] [stdout] ---- src/lib.rs - service (line 380) stdout ----
[INFO] [stdout] error[E0599]: no function or associated item named `new` found for struct `CalculatorClient` in the current scope
[INFO] [stdout]   --> src/lib.rs:401:32
[INFO] [stdout]    |
[INFO] [stdout] 5  | #[service]
[INFO] [stdout]    | ---------- function or associated item `new` not found for this struct
[INFO] [stdout] ...
[INFO] [stdout] 23 | let client = CalculatorClient::new(client::Config::default(), client_side);
[INFO] [stdout]    |                                ^^^ function or associated item not found in `CalculatorClient<_, _>`
[INFO] [stdout]    |
[INFO] [stdout] note: if you're trying to build a new `CalculatorClient<_, _>` consider using one of the following associated functions:
[INFO] [stdout]       CalculatorClient::<L, R>::full_client
[INFO] [stdout]       CalculatorClient::<L, R>::lpc_client
[INFO] [stdout]       CalculatorClient::<L, R>::rpc_client
[INFO] [stdout]   --> src/lib.rs:383:1
[INFO] [stdout]    |
[INFO] [stdout] 5  | #[service]
[INFO] [stdout]    | ^^^^^^^^^^
[INFO] [stdout]    = help: items from traits can only be used if the trait is implemented and in scope
[INFO] [stdout]    = note: the following trait defines an item `new`, perhaps you need to implement it:
[INFO] [stdout]            candidate #1: `rand::distributions::uniform::UniformSampler`
[INFO] [stdout]    = note: this error originates in the attribute macro `service` (in Nightly builds, run with -Z macro-backtrace for more info)
[INFO] [stdout] 
[INFO] [stdout] error: aborting due to 1 previous error
[INFO] [stdout] 
[INFO] [stdout] For more information about this error, try `rustc --explain E0599`.
[INFO] [stdout] Couldn't compile the test.
[INFO] [stdout] 
[INFO] [stdout] failures:
[INFO] [stdout]     src/lib.rs - service (line 380)
[INFO] [stdout] 
[INFO] [stdout] test result: FAILED. 0 passed; 1 failed; 0 ignored; 0 measured; 0 filtered out; finished in 0.18s
[INFO] [stdout] 
[INFO] [stderr] error: doctest failed, to rerun pass `--doc`
[INFO] running `Command { std: "docker" "inspect" "9b62d2b285fe8b6877172607e8aa58a1a13de2ef43b7cb119388556e0123d61c", kill_on_drop: false }`
[INFO] running `Command { std: "docker" "rm" "-f" "9b62d2b285fe8b6877172607e8aa58a1a13de2ef43b7cb119388556e0123d61c", kill_on_drop: false }`
[INFO] [stdout] 9b62d2b285fe8b6877172607e8aa58a1a13de2ef43b7cb119388556e0123d61c
