[INFO] fetching crate loupe 0.1.3...
[INFO] testing loupe-0.1.3 against nightly-2024-10-28 for randomize-layout
[INFO] extracting crate loupe 0.1.3 into /workspace/builds/worker-2-tc1/source
[INFO] validating manifest of crates.io crate loupe 0.1.3 on toolchain nightly-2024-10-28
[INFO] running `Command { std: CARGO_HOME="/workspace/cargo-home" RUSTUP_HOME="/workspace/rustup-home" "/workspace/cargo-home/bin/cargo" "+nightly-2024-10-28" "metadata" "--manifest-path" "Cargo.toml" "--no-deps", kill_on_drop: false }`
[INFO] started tweaking crates.io crate loupe 0.1.3
[INFO] finished tweaking crates.io crate loupe 0.1.3
[INFO] tweaked toml for crates.io crate loupe 0.1.3 written to /workspace/builds/worker-2-tc1/source/Cargo.toml
[INFO] running `Command { std: CARGO_HOME="/workspace/cargo-home" RUSTUP_HOME="/workspace/rustup-home" "/workspace/cargo-home/bin/cargo" "+nightly-2024-10-28" "generate-lockfile" "--manifest-path" "Cargo.toml", kill_on_drop: false }`
[INFO] [stderr]     Updating crates.io index
[INFO] [stderr]      Locking 9 packages to latest compatible versions
[INFO] [stderr]       Adding indexmap v1.9.3 (available: v2.6.0)
[INFO] running `Command { std: CARGO_HOME="/workspace/cargo-home" RUSTUP_HOME="/workspace/rustup-home" "/workspace/cargo-home/bin/cargo" "+nightly-2024-10-28" "fetch" "--manifest-path" "Cargo.toml", kill_on_drop: false }`
[INFO] running `Command { std: "docker" "create" "-v" "/var/lib/crater-agent-workspace/builds/worker-2-tc1/target:/opt/rustwide/target:rw,Z" "-v" "/var/lib/crater-agent-workspace/builds/worker-2-tc1/source:/opt/rustwide/workdir:ro,Z" "-v" "/var/lib/crater-agent-workspace/cargo-home:/opt/rustwide/cargo-home:ro,Z" "-v" "/var/lib/crater-agent-workspace/rustup-home:/opt/rustwide/rustup-home:ro,Z" "-e" "SOURCE_DIR=/opt/rustwide/workdir" "-e" "CARGO_TARGET_DIR=/opt/rustwide/target" "-e" "CARGO_HOME=/opt/rustwide/cargo-home" "-e" "RUSTUP_HOME=/opt/rustwide/rustup-home" "-w" "/opt/rustwide/workdir" "-m" "1610612736" "--user" "0:0" "--network" "none" "ghcr.io/rust-lang/crates-build-env/linux@sha256:4a844ea9eb2546a2d2c7022eacef16ef2e8229c7fbb2c7d4d55a9ceca922f72d" "/opt/rustwide/cargo-home/bin/cargo" "+nightly-2024-10-28" "metadata" "--no-deps" "--format-version=1", kill_on_drop: false }`
[INFO] [stdout] 9c41034442c6b03f5c281529ccacc21b96938a26715f36cf0efec5111d488413
[INFO] running `Command { std: "docker" "start" "-a" "9c41034442c6b03f5c281529ccacc21b96938a26715f36cf0efec5111d488413", kill_on_drop: false }`
[INFO] running `Command { std: "docker" "inspect" "9c41034442c6b03f5c281529ccacc21b96938a26715f36cf0efec5111d488413", kill_on_drop: false }`
[INFO] running `Command { std: "docker" "rm" "-f" "9c41034442c6b03f5c281529ccacc21b96938a26715f36cf0efec5111d488413", kill_on_drop: false }`
[INFO] [stdout] 9c41034442c6b03f5c281529ccacc21b96938a26715f36cf0efec5111d488413
[INFO] running `Command { std: "docker" "create" "-v" "/var/lib/crater-agent-workspace/builds/worker-2-tc1/target:/opt/rustwide/target:rw,Z" "-v" "/var/lib/crater-agent-workspace/builds/worker-2-tc1/source:/opt/rustwide/workdir:ro,Z" "-v" "/var/lib/crater-agent-workspace/cargo-home:/opt/rustwide/cargo-home:ro,Z" "-v" "/var/lib/crater-agent-workspace/rustup-home:/opt/rustwide/rustup-home:ro,Z" "-e" "SOURCE_DIR=/opt/rustwide/workdir" "-e" "CARGO_TARGET_DIR=/opt/rustwide/target" "-e" "CARGO_INCREMENTAL=0" "-e" "RUST_BACKTRACE=full" "-e" "RUSTFLAGS=--cap-lints=forbid" "-e" "RUSTDOCFLAGS=--cap-lints=forbid" "-e" "CARGO_HOME=/opt/rustwide/cargo-home" "-e" "RUSTUP_HOME=/opt/rustwide/rustup-home" "-w" "/opt/rustwide/workdir" "-m" "1610612736" "--user" "0:0" "--network" "none" "ghcr.io/rust-lang/crates-build-env/linux@sha256:4a844ea9eb2546a2d2c7022eacef16ef2e8229c7fbb2c7d4d55a9ceca922f72d" "/opt/rustwide/cargo-home/bin/cargo" "+nightly-2024-10-28" "build" "--frozen" "--message-format=json", kill_on_drop: false }`
[INFO] [stdout] bc20b234a175be68c158b15780459d9a44492d79c540b08458e5b30d1dc0a4a8
[INFO] running `Command { std: "docker" "start" "-a" "bc20b234a175be68c158b15780459d9a44492d79c540b08458e5b30d1dc0a4a8", kill_on_drop: false }`
[INFO] [stderr]    Compiling proc-macro2 v1.0.89
[INFO] [stderr]    Compiling unicode-ident v1.0.13
[INFO] [stderr]    Compiling syn v1.0.109
[INFO] [stderr]    Compiling rustversion v1.0.18
[INFO] [stderr]    Compiling quote v1.0.37
[INFO] [stderr]    Compiling loupe-derive v0.1.3
[INFO] [stderr]    Compiling loupe v0.1.3 (/opt/rustwide/workdir)
[INFO] [stdout] warning: unused import: `alloc::*`
[INFO] [stdout]   --> src/memory_usage/mod.rs:17:9
[INFO] [stdout]    |
[INFO] [stdout] 17 | pub use alloc::*;
[INFO] [stdout]    |         ^^^^^^^^
[INFO] [stdout]    |
[INFO] [stdout]    = note: `#[warn(unused_imports)]` on by default
[INFO] [stdout] 
[INFO] [stdout] 
[INFO] [stdout] warning: unused import: `any::*`
[INFO] [stdout]   --> src/memory_usage/mod.rs:18:9
[INFO] [stdout]    |
[INFO] [stdout] 18 | pub use any::*;
[INFO] [stdout]    |         ^^^^^^
[INFO] [stdout] 
[INFO] [stdout] 
[INFO] [stdout] warning: unused import: `cell::*`
[INFO] [stdout]   --> src/memory_usage/mod.rs:19:9
[INFO] [stdout]    |
[INFO] [stdout] 19 | pub use cell::*;
[INFO] [stdout]    |         ^^^^^^^
[INFO] [stdout] 
[INFO] [stdout] 
[INFO] [stdout] warning: unused import: `collection::*`
[INFO] [stdout]   --> src/memory_usage/mod.rs:20:9
[INFO] [stdout]    |
[INFO] [stdout] 20 | pub use collection::*;
[INFO] [stdout]    |         ^^^^^^^^^^^^^
[INFO] [stdout] 
[INFO] [stdout] 
[INFO] [stdout] warning: unused import: `marker::*`
[INFO] [stdout]   --> src/memory_usage/mod.rs:21:9
[INFO] [stdout]    |
[INFO] [stdout] 21 | pub use marker::*;
[INFO] [stdout]    |         ^^^^^^^^^
[INFO] [stdout] 
[INFO] [stdout] 
[INFO] [stdout] warning: unused import: `option::*`
[INFO] [stdout]   --> src/memory_usage/mod.rs:22:9
[INFO] [stdout]    |
[INFO] [stdout] 22 | pub use option::*;
[INFO] [stdout]    |         ^^^^^^^^^
[INFO] [stdout] 
[INFO] [stdout] 
[INFO] [stdout] warning: unused import: `path::*`
[INFO] [stdout]   --> src/memory_usage/mod.rs:23:9
[INFO] [stdout]    |
[INFO] [stdout] 23 | pub use path::*;
[INFO] [stdout]    |         ^^^^^^^
[INFO] [stdout] 
[INFO] [stdout] 
[INFO] [stdout] warning: unused import: `primitive::*`
[INFO] [stdout]   --> src/memory_usage/mod.rs:24:9
[INFO] [stdout]    |
[INFO] [stdout] 24 | pub use primitive::*;
[INFO] [stdout]    |         ^^^^^^^^^^^^
[INFO] [stdout] 
[INFO] [stdout] 
[INFO] [stdout] warning: unused import: `ptr::*`
[INFO] [stdout]   --> src/memory_usage/mod.rs:25:9
[INFO] [stdout]    |
[INFO] [stdout] 25 | pub use ptr::*;
[INFO] [stdout]    |         ^^^^^^
[INFO] [stdout] 
[INFO] [stdout] 
[INFO] [stdout] warning: unused import: `r#box::*`
[INFO] [stdout]   --> src/memory_usage/mod.rs:26:9
[INFO] [stdout]    |
[INFO] [stdout] 26 | pub use r#box::*;
[INFO] [stdout]    |         ^^^^^^^^
[INFO] [stdout] 
[INFO] [stdout] 
[INFO] [stdout] warning: unused import: `remote::*`
[INFO] [stdout]   --> src/memory_usage/mod.rs:27:9
[INFO] [stdout]    |
[INFO] [stdout] 27 | pub use remote::*;
[INFO] [stdout]    |         ^^^^^^^^^
[INFO] [stdout] 
[INFO] [stdout] 
[INFO] [stdout] warning: unused import: `result::*`
[INFO] [stdout]   --> src/memory_usage/mod.rs:28:9
[INFO] [stdout]    |
[INFO] [stdout] 28 | pub use result::*;
[INFO] [stdout]    |         ^^^^^^^^^
[INFO] [stdout] 
[INFO] [stdout] 
[INFO] [stdout] warning: unused import: `slice::*`
[INFO] [stdout]   --> src/memory_usage/mod.rs:29:9
[INFO] [stdout]    |
[INFO] [stdout] 29 | pub use slice::*;
[INFO] [stdout]    |         ^^^^^^^^
[INFO] [stdout] 
[INFO] [stdout] 
[INFO] [stdout] warning: unused import: `string::*`
[INFO] [stdout]   --> src/memory_usage/mod.rs:30:9
[INFO] [stdout]    |
[INFO] [stdout] 30 | pub use string::*;
[INFO] [stdout]    |         ^^^^^^^^^
[INFO] [stdout] 
[INFO] [stdout] 
[INFO] [stdout] warning: unused import: `sync::*`
[INFO] [stdout]   --> src/memory_usage/mod.rs:31:9
[INFO] [stdout]    |
[INFO] [stdout] 31 | pub use sync::*;
[INFO] [stdout]    |         ^^^^^^^
[INFO] [stdout] 
[INFO] [stdout] 
[INFO] [stderr]     Finished `dev` profile [unoptimized + debuginfo] target(s) in 3.22s
[INFO] running `Command { std: "docker" "inspect" "bc20b234a175be68c158b15780459d9a44492d79c540b08458e5b30d1dc0a4a8", kill_on_drop: false }`
[INFO] running `Command { std: "docker" "rm" "-f" "bc20b234a175be68c158b15780459d9a44492d79c540b08458e5b30d1dc0a4a8", kill_on_drop: false }`
[INFO] [stdout] bc20b234a175be68c158b15780459d9a44492d79c540b08458e5b30d1dc0a4a8
[INFO] running `Command { std: "docker" "create" "-v" "/var/lib/crater-agent-workspace/builds/worker-2-tc1/target:/opt/rustwide/target:rw,Z" "-v" "/var/lib/crater-agent-workspace/builds/worker-2-tc1/source:/opt/rustwide/workdir:ro,Z" "-v" "/var/lib/crater-agent-workspace/cargo-home:/opt/rustwide/cargo-home:ro,Z" "-v" "/var/lib/crater-agent-workspace/rustup-home:/opt/rustwide/rustup-home:ro,Z" "-e" "SOURCE_DIR=/opt/rustwide/workdir" "-e" "CARGO_TARGET_DIR=/opt/rustwide/target" "-e" "CARGO_INCREMENTAL=0" "-e" "RUST_BACKTRACE=full" "-e" "RUSTFLAGS=--cap-lints=forbid" "-e" "RUSTDOCFLAGS=--cap-lints=forbid" "-e" "CARGO_HOME=/opt/rustwide/cargo-home" "-e" "RUSTUP_HOME=/opt/rustwide/rustup-home" "-w" "/opt/rustwide/workdir" "-m" "1610612736" "--user" "0:0" "--network" "none" "ghcr.io/rust-lang/crates-build-env/linux@sha256:4a844ea9eb2546a2d2c7022eacef16ef2e8229c7fbb2c7d4d55a9ceca922f72d" "/opt/rustwide/cargo-home/bin/cargo" "+nightly-2024-10-28" "test" "--frozen" "--no-run" "--message-format=json", kill_on_drop: false }`
[INFO] [stdout] 9cdc9d9c17227cc922644a72566a6fdfb06b607bb2734bf8bc5254a523d4a087
[INFO] running `Command { std: "docker" "start" "-a" "9cdc9d9c17227cc922644a72566a6fdfb06b607bb2734bf8bc5254a523d4a087", kill_on_drop: false }`
[INFO] [stdout] warning: unused import: `alloc::*`
[INFO] [stdout]   --> src/memory_usage/mod.rs:17:9
[INFO] [stdout]    |
[INFO] [stdout] 17 | pub use alloc::*;
[INFO] [stdout]    |         ^^^^^^^^
[INFO] [stdout]    |
[INFO] [stdout]    = note: `#[warn(unused_imports)]` on by default
[INFO] [stdout] 
[INFO] [stdout] 
[INFO] [stdout] warning: unused import: `any::*`
[INFO] [stdout]   --> src/memory_usage/mod.rs:18:9
[INFO] [stdout]    |
[INFO] [stdout] 18 | pub use any::*;
[INFO] [stdout]    |         ^^^^^^
[INFO] [stdout] 
[INFO] [stdout] 
[INFO] [stdout] warning: unused import: `cell::*`
[INFO] [stdout]   --> src/memory_usage/mod.rs:19:9
[INFO] [stdout]    |
[INFO] [stdout] 19 | pub use cell::*;
[INFO] [stdout]    |         ^^^^^^^
[INFO] [stdout] 
[INFO] [stdout] 
[INFO] [stdout] warning: unused import: `collection::*`
[INFO] [stdout]   --> src/memory_usage/mod.rs:20:9
[INFO] [stdout]    |
[INFO] [stdout] 20 | pub use collection::*;
[INFO] [stdout]    |         ^^^^^^^^^^^^^
[INFO] [stdout] 
[INFO] [stdout] 
[INFO] [stdout] warning: unused import: `marker::*`
[INFO] [stdout]   --> src/memory_usage/mod.rs:21:9
[INFO] [stdout]    |
[INFO] [stdout] 21 | pub use marker::*;
[INFO] [stdout]    |         ^^^^^^^^^
[INFO] [stdout] 
[INFO] [stdout] 
[INFO] [stdout] warning: unused import: `option::*`
[INFO] [stdout]   --> src/memory_usage/mod.rs:22:9
[INFO] [stdout]    |
[INFO] [stdout] 22 | pub use option::*;
[INFO] [stdout]    |         ^^^^^^^^^
[INFO] [stdout] 
[INFO] [stdout] 
[INFO] [stdout] warning: unused import: `path::*`
[INFO] [stdout]   --> src/memory_usage/mod.rs:23:9
[INFO] [stdout]    |
[INFO] [stdout] 23 | pub use path::*;
[INFO] [stdout]    |         ^^^^^^^
[INFO] [stdout] 
[INFO] [stdout] 
[INFO] [stdout] warning: unused import: `primitive::*`
[INFO] [stdout]   --> src/memory_usage/mod.rs:24:9
[INFO] [stdout]    |
[INFO] [stdout] 24 | pub use primitive::*;
[INFO] [stdout]    |         ^^^^^^^^^^^^
[INFO] [stdout] 
[INFO] [stdout] 
[INFO] [stdout] warning: unused import: `ptr::*`
[INFO] [stdout]   --> src/memory_usage/mod.rs:25:9
[INFO] [stdout]    |
[INFO] [stdout] 25 | pub use ptr::*;
[INFO] [stdout]    |         ^^^^^^
[INFO] [stdout] 
[INFO] [stdout] 
[INFO] [stdout] warning: unused import: `r#box::*`
[INFO] [stdout]   --> src/memory_usage/mod.rs:26:9
[INFO] [stdout]    |
[INFO] [stdout] 26 | pub use r#box::*;
[INFO] [stdout]    |         ^^^^^^^^
[INFO] [stdout] 
[INFO] [stdout] 
[INFO] [stdout] warning: unused import: `remote::*`
[INFO] [stdout]   --> src/memory_usage/mod.rs:27:9
[INFO] [stdout]    |
[INFO] [stdout] 27 | pub use remote::*;
[INFO] [stdout]    |         ^^^^^^^^^
[INFO] [stdout] 
[INFO] [stdout] 
[INFO] [stdout] warning: unused import: `result::*`
[INFO] [stdout]   --> src/memory_usage/mod.rs:28:9
[INFO] [stdout]    |
[INFO] [stdout] 28 | pub use result::*;
[INFO] [stdout]    |         ^^^^^^^^^
[INFO] [stdout] 
[INFO] [stdout] 
[INFO] [stdout] warning: unused import: `slice::*`
[INFO] [stdout]   --> src/memory_usage/mod.rs:29:9
[INFO] [stdout]    |
[INFO] [stdout] 29 | pub use slice::*;
[INFO] [stdout]    |         ^^^^^^^^
[INFO] [stdout] 
[INFO] [stdout] 
[INFO] [stdout] warning: unused import: `string::*`
[INFO] [stdout]   --> src/memory_usage/mod.rs:30:9
[INFO] [stdout]    |
[INFO] [stdout] 30 | pub use string::*;
[INFO] [stdout]    |         ^^^^^^^^^
[INFO] [stdout] 
[INFO] [stdout] 
[INFO] [stdout] warning: unused import: `sync::*`
[INFO] [stdout]   --> src/memory_usage/mod.rs:31:9
[INFO] [stdout]    |
[INFO] [stdout] 31 | pub use sync::*;
[INFO] [stdout]    |         ^^^^^^^
[INFO] [stdout] 
[INFO] [stdout] 
[INFO] [stderr]    Compiling loupe v0.1.3 (/opt/rustwide/workdir)
[INFO] [stdout] warning: unused import: `alloc::*`
[INFO] [stdout]   --> src/memory_usage/mod.rs:17:9
[INFO] [stdout]    |
[INFO] [stdout] 17 | pub use alloc::*;
[INFO] [stdout]    |         ^^^^^^^^
[INFO] [stdout]    |
[INFO] [stdout]    = note: `#[warn(unused_imports)]` on by default
[INFO] [stdout] 
[INFO] [stdout] 
[INFO] [stdout] warning: unused import: `any::*`
[INFO] [stdout]   --> src/memory_usage/mod.rs:18:9
[INFO] [stdout]    |
[INFO] [stdout] 18 | pub use any::*;
[INFO] [stdout]    |         ^^^^^^
[INFO] [stdout] 
[INFO] [stdout] 
[INFO] [stdout] warning: unused import: `cell::*`
[INFO] [stdout]   --> src/memory_usage/mod.rs:19:9
[INFO] [stdout]    |
[INFO] [stdout] 19 | pub use cell::*;
[INFO] [stdout]    |         ^^^^^^^
[INFO] [stdout] 
[INFO] [stdout] 
[INFO] [stdout] warning: unused import: `collection::*`
[INFO] [stdout]   --> src/memory_usage/mod.rs:20:9
[INFO] [stdout]    |
[INFO] [stdout] 20 | pub use collection::*;
[INFO] [stdout]    |         ^^^^^^^^^^^^^
[INFO] [stdout] 
[INFO] [stdout] 
[INFO] [stdout] warning: unused import: `marker::*`
[INFO] [stdout]   --> src/memory_usage/mod.rs:21:9
[INFO] [stdout]    |
[INFO] [stdout] 21 | pub use marker::*;
[INFO] [stdout]    |         ^^^^^^^^^
[INFO] [stdout] 
[INFO] [stdout] 
[INFO] [stdout] warning: unused import: `option::*`
[INFO] [stdout]   --> src/memory_usage/mod.rs:22:9
[INFO] [stdout]    |
[INFO] [stdout] 22 | pub use option::*;
[INFO] [stdout]    |         ^^^^^^^^^
[INFO] [stdout] 
[INFO] [stdout] 
[INFO] [stdout] warning: unused import: `path::*`
[INFO] [stdout]   --> src/memory_usage/mod.rs:23:9
[INFO] [stdout]    |
[INFO] [stdout] 23 | pub use path::*;
[INFO] [stdout]    |         ^^^^^^^
[INFO] [stdout] 
[INFO] [stdout] 
[INFO] [stdout] warning: unused import: `primitive::*`
[INFO] [stdout]   --> src/memory_usage/mod.rs:24:9
[INFO] [stdout]    |
[INFO] [stdout] 24 | pub use primitive::*;
[INFO] [stdout]    |         ^^^^^^^^^^^^
[INFO] [stdout] 
[INFO] [stdout] 
[INFO] [stdout] warning: unused import: `ptr::*`
[INFO] [stdout]   --> src/memory_usage/mod.rs:25:9
[INFO] [stdout]    |
[INFO] [stdout] 25 | pub use ptr::*;
[INFO] [stdout]    |         ^^^^^^
[INFO] [stdout] 
[INFO] [stdout] 
[INFO] [stdout] warning: unused import: `r#box::*`
[INFO] [stdout]   --> src/memory_usage/mod.rs:26:9
[INFO] [stdout]    |
[INFO] [stdout] 26 | pub use r#box::*;
[INFO] [stdout]    |         ^^^^^^^^
[INFO] [stdout] 
[INFO] [stdout] 
[INFO] [stdout] warning: unused import: `remote::*`
[INFO] [stdout]   --> src/memory_usage/mod.rs:27:9
[INFO] [stdout]    |
[INFO] [stdout] 27 | pub use remote::*;
[INFO] [stdout]    |         ^^^^^^^^^
[INFO] [stdout] 
[INFO] [stdout] 
[INFO] [stdout] warning: unused import: `result::*`
[INFO] [stdout]   --> src/memory_usage/mod.rs:28:9
[INFO] [stdout]    |
[INFO] [stdout] 28 | pub use result::*;
[INFO] [stdout]    |         ^^^^^^^^^
[INFO] [stdout] 
[INFO] [stdout] 
[INFO] [stdout] warning: unused import: `slice::*`
[INFO] [stdout]   --> src/memory_usage/mod.rs:29:9
[INFO] [stdout]    |
[INFO] [stdout] 29 | pub use slice::*;
[INFO] [stdout]    |         ^^^^^^^^
[INFO] [stdout] 
[INFO] [stdout] 
[INFO] [stdout] warning: unused import: `string::*`
[INFO] [stdout]   --> src/memory_usage/mod.rs:30:9
[INFO] [stdout]    |
[INFO] [stdout] 30 | pub use string::*;
[INFO] [stdout]    |         ^^^^^^^^^
[INFO] [stdout] 
[INFO] [stdout] 
[INFO] [stdout] warning: unused import: `sync::*`
[INFO] [stdout]   --> src/memory_usage/mod.rs:31:9
[INFO] [stdout]    |
[INFO] [stdout] 31 | pub use sync::*;
[INFO] [stdout]    |         ^^^^^^^
[INFO] [stdout] 
[INFO] [stdout] 
[INFO] [stderr]     Finished `test` profile [unoptimized + debuginfo] target(s) in 0.47s
[INFO] running `Command { std: "docker" "inspect" "9cdc9d9c17227cc922644a72566a6fdfb06b607bb2734bf8bc5254a523d4a087", kill_on_drop: false }`
[INFO] running `Command { std: "docker" "rm" "-f" "9cdc9d9c17227cc922644a72566a6fdfb06b607bb2734bf8bc5254a523d4a087", kill_on_drop: false }`
[INFO] [stdout] 9cdc9d9c17227cc922644a72566a6fdfb06b607bb2734bf8bc5254a523d4a087
[INFO] running `Command { std: "docker" "create" "-v" "/var/lib/crater-agent-workspace/builds/worker-2-tc1/target:/opt/rustwide/target:rw,Z" "-v" "/var/lib/crater-agent-workspace/builds/worker-2-tc1/source:/opt/rustwide/workdir:ro,Z" "-v" "/var/lib/crater-agent-workspace/cargo-home:/opt/rustwide/cargo-home:ro,Z" "-v" "/var/lib/crater-agent-workspace/rustup-home:/opt/rustwide/rustup-home:ro,Z" "-e" "SOURCE_DIR=/opt/rustwide/workdir" "-e" "CARGO_TARGET_DIR=/opt/rustwide/target" "-e" "CARGO_INCREMENTAL=0" "-e" "RUST_BACKTRACE=full" "-e" "RUSTFLAGS=--cap-lints=forbid" "-e" "RUSTDOCFLAGS=--cap-lints=forbid" "-e" "CARGO_HOME=/opt/rustwide/cargo-home" "-e" "RUSTUP_HOME=/opt/rustwide/rustup-home" "-w" "/opt/rustwide/workdir" "-m" "1610612736" "--user" "0:0" "--network" "none" "ghcr.io/rust-lang/crates-build-env/linux@sha256:4a844ea9eb2546a2d2c7022eacef16ef2e8229c7fbb2c7d4d55a9ceca922f72d" "/opt/rustwide/cargo-home/bin/cargo" "+nightly-2024-10-28" "test" "--frozen", kill_on_drop: false }`
[INFO] [stdout] 62f27b4dcdb22c64f22e1f9a8a4a70b64f8227ced0ca3d8af150e4d8acfd47ab
[INFO] running `Command { std: "docker" "start" "-a" "62f27b4dcdb22c64f22e1f9a8a4a70b64f8227ced0ca3d8af150e4d8acfd47ab", kill_on_drop: false }`
[INFO] [stderr] warning: unused import: `alloc::*`
[INFO] [stderr]   --> src/memory_usage/mod.rs:17:9
[INFO] [stderr]    |
[INFO] [stderr] 17 | pub use alloc::*;
[INFO] [stderr]    |         ^^^^^^^^
[INFO] [stderr]    |
[INFO] [stderr]    = note: `#[warn(unused_imports)]` on by default
[INFO] [stderr] 
[INFO] [stderr] warning: unused import: `any::*`
[INFO] [stderr]   --> src/memory_usage/mod.rs:18:9
[INFO] [stderr]    |
[INFO] [stderr] 18 | pub use any::*;
[INFO] [stderr]    |         ^^^^^^
[INFO] [stderr] 
[INFO] [stderr] warning: unused import: `cell::*`
[INFO] [stderr]   --> src/memory_usage/mod.rs:19:9
[INFO] [stderr]    |
[INFO] [stderr] 19 | pub use cell::*;
[INFO] [stderr]    |         ^^^^^^^
[INFO] [stderr] 
[INFO] [stderr] warning: unused import: `collection::*`
[INFO] [stderr]   --> src/memory_usage/mod.rs:20:9
[INFO] [stderr]    |
[INFO] [stderr] 20 | pub use collection::*;
[INFO] [stderr]    |         ^^^^^^^^^^^^^
[INFO] [stderr] 
[INFO] [stderr] warning: unused import: `marker::*`
[INFO] [stderr]   --> src/memory_usage/mod.rs:21:9
[INFO] [stderr]    |
[INFO] [stderr] 21 | pub use marker::*;
[INFO] [stderr]    |         ^^^^^^^^^
[INFO] [stderr] 
[INFO] [stderr] warning: unused import: `option::*`
[INFO] [stderr]   --> src/memory_usage/mod.rs:22:9
[INFO] [stderr]    |
[INFO] [stderr] 22 | pub use option::*;
[INFO] [stderr]    |         ^^^^^^^^^
[INFO] [stderr] 
[INFO] [stderr] warning: unused import: `path::*`
[INFO] [stderr]   --> src/memory_usage/mod.rs:23:9
[INFO] [stderr]    |
[INFO] [stderr] 23 | pub use path::*;
[INFO] [stderr]    |         ^^^^^^^
[INFO] [stderr] 
[INFO] [stderr] warning: unused import: `primitive::*`
[INFO] [stderr]   --> src/memory_usage/mod.rs:24:9
[INFO] [stderr]    |
[INFO] [stderr] 24 | pub use primitive::*;
[INFO] [stderr]    |         ^^^^^^^^^^^^
[INFO] [stderr] 
[INFO] [stderr] warning: unused import: `ptr::*`
[INFO] [stderr]   --> src/memory_usage/mod.rs:25:9
[INFO] [stderr]    |
[INFO] [stderr] 25 | pub use ptr::*;
[INFO] [stderr]    |         ^^^^^^
[INFO] [stderr] 
[INFO] [stderr] warning: unused import: `r#box::*`
[INFO] [stderr]   --> src/memory_usage/mod.rs:26:9
[INFO] [stderr]    |
[INFO] [stderr] 26 | pub use r#box::*;
[INFO] [stderr]    |         ^^^^^^^^
[INFO] [stderr] 
[INFO] [stderr] warning: unused import: `remote::*`
[INFO] [stderr]   --> src/memory_usage/mod.rs:27:9
[INFO] [stderr]    |
[INFO] [stderr] 27 | pub use remote::*;
[INFO] [stderr]    |         ^^^^^^^^^
[INFO] [stderr] 
[INFO] [stderr] warning: unused import: `result::*`
[INFO] [stderr]   --> src/memory_usage/mod.rs:28:9
[INFO] [stderr]    |
[INFO] [stderr] 28 | pub use result::*;
[INFO] [stderr]    |         ^^^^^^^^^
[INFO] [stderr] 
[INFO] [stderr] warning: unused import: `slice::*`
[INFO] [stderr]   --> src/memory_usage/mod.rs:29:9
[INFO] [stderr]    |
[INFO] [stderr] 29 | pub use slice::*;
[INFO] [stderr]    |         ^^^^^^^^
[INFO] [stderr] 
[INFO] [stderr] warning: unused import: `string::*`
[INFO] [stderr]   --> src/memory_usage/mod.rs:30:9
[INFO] [stderr]    |
[INFO] [stderr] 30 | pub use string::*;
[INFO] [stderr]    |         ^^^^^^^^^
[INFO] [stderr] 
[INFO] [stderr] warning: unused import: `sync::*`
[INFO] [stderr]   --> src/memory_usage/mod.rs:31:9
[INFO] [stderr]    |
[INFO] [stderr] 31 | pub use sync::*;
[INFO] [stderr]    |         ^^^^^^^
[INFO] [stderr] 
[INFO] [stderr] warning: `loupe` (lib) generated 15 warnings (run `cargo fix --lib -p loupe` to apply 15 suggestions)
[INFO] [stderr] warning: `loupe` (lib test) generated 15 warnings (15 duplicates)
[INFO] [stderr]     Finished `test` profile [unoptimized + debuginfo] target(s) in 0.01s
[INFO] [stderr]      Running unittests src/lib.rs (/opt/rustwide/target/debug/deps/loupe-92dc93fbda4b6237)
[INFO] [stdout] 
[INFO] [stdout] running 55 tests
[INFO] [stdout] test memory_usage::alloc::test_alloc_types::test_layout ... ok
[INFO] [stdout] test memory_usage::any::test_any_types::test_boxed_any ... ok
[INFO] [stdout] test memory_usage::cell::test_cell_types::test_refcell ... ok
[INFO] [stdout] test memory_usage::cell::test_cell_types::test_unsafecell ... ok
[INFO] [stdout] test memory_usage::collection::test_collection_types::test_hashmap ... ok
[INFO] [stdout] test memory_usage::collection::test_collection_types::test_hashmap_not_unique ... ok
[INFO] [stdout] test memory_usage::collection::test_vec_types::test_vec ... ok
[INFO] [stdout] test memory_usage::collection::test_vec_types::test_vec_not_unique ... ok
[INFO] [stdout] test memory_usage::option::test_option_types::test_option ... ok
[INFO] [stdout] test memory_usage::path::test_path_types::test_pathbuf ... ok
[INFO] [stdout] test memory_usage::primitive::test_array_types::test_array ... ok
[INFO] [stdout] test memory_usage::primitive::test_numeric_types::test_bool ... ok
[INFO] [stdout] test memory_usage::primitive::test_numeric_types::test_char ... ok
[INFO] [stdout] test memory_usage::primitive::test_numeric_types::test_f32 ... ok
[INFO] [stdout] test memory_usage::primitive::test_numeric_types::test_f64 ... ok
[INFO] [stdout] test memory_usage::primitive::test_numeric_types::test_i16 ... ok
[INFO] [stdout] test memory_usage::primitive::test_numeric_types::test_i32 ... ok
[INFO] [stdout] test memory_usage::primitive::test_numeric_types::test_i64 ... ok
[INFO] [stdout] test memory_usage::primitive::test_numeric_types::test_i8 ... ok
[INFO] [stdout] test memory_usage::primitive::test_numeric_types::test_isize ... ok
[INFO] [stdout] test memory_usage::primitive::test_numeric_types::test_u16 ... ok
[INFO] [stdout] test memory_usage::primitive::test_numeric_types::test_u64 ... ok
[INFO] [stdout] test memory_usage::primitive::test_numeric_types::test_u32 ... ok
[INFO] [stdout] test memory_usage::primitive::test_numeric_types::test_u8 ... ok
[INFO] [stdout] test memory_usage::primitive::test_numeric_types::test_usize ... ok
[INFO] [stdout] test memory_usage::primitive::test_tuple_types::test_empty_tuple ... ok
[INFO] [stdout] test memory_usage::primitive::test_tuple_types::test_tuple ... ok
[INFO] [stdout] test memory_usage::ptr::test_pointer_types::test_mutable_pointer ... ok
[INFO] [stdout] test memory_usage::ptr::test_pointer_types::test_nonnull_pointer ... ok
[INFO] [stdout] test memory_usage::ptr::test_pointer_types::test_pointer ... ok
[INFO] [stdout] test memory_usage::ptr::test_reference_types::test_mutable_reference ... ok
[INFO] [stdout] test memory_usage::ptr::test_reference_types::test_reference ... ok
[INFO] [stdout] test memory_usage::r#box::test_box_types::test_box ... ok
[INFO] [stdout] test memory_usage::r#box::test_box_types::test_boxed_slice ... ok
[INFO] [stdout] test memory_usage::result::test_result_types::test_result ... ok
[INFO] [stdout] test memory_usage::slice::test_slice_types::test_slice ... ok
[INFO] [stdout] test memory_usage::slice::test_slice_types::test_slice_dynamically_sized ... ok
[INFO] [stdout] test memory_usage::string::test_string_types::test_string ... ok
[INFO] [stdout] test memory_usage::string::test_string_types::test_str ... ok
[INFO] [stdout] test memory_usage::sync::test_sync_types::test_arc ... ok
[INFO] [stdout] test memory_usage::sync::test_sync_types::test_atomic_bool ... ok
[INFO] [stdout] test memory_usage::sync::test_sync_types::test_atomic_i32 ... ok
[INFO] [stdout] test memory_usage::sync::test_sync_types::test_atomic_i64 ... ok
[INFO] [stdout] test memory_usage::sync::test_sync_types::test_atomic_i8 ... ok
[INFO] [stdout] test memory_usage::sync::test_sync_types::test_atomic_i16 ... ok
[INFO] [stdout] test memory_usage::sync::test_sync_types::test_atomic_isize ... ok
[INFO] [stdout] test memory_usage::sync::test_sync_types::test_atomic_u16 ... ok
[INFO] [stdout] test memory_usage::sync::test_sync_types::test_atomic_u32 ... ok
[INFO] [stdout] test memory_usage::sync::test_sync_types::test_atomic_u64 ... ok
[INFO] [stdout] test memory_usage::sync::test_sync_types::test_atomic_u8 ... ok
[INFO] [stdout] test memory_usage::sync::test_sync_types::test_atomic_usize ... ok
[INFO] [stdout] test memory_usage::sync::test_sync_types::test_weak ... ok
[INFO] [stdout] test tests::test_size_of_val_helper ... ok
[INFO] [stdout] test memory_usage::sync::test_sync_types::test_mutex ... FAILED
[INFO] [stdout] test memory_usage::sync::test_sync_types::test_rwlock ... FAILED
[INFO] [stdout] 
[INFO] [stdout] failures:
[INFO] [stdout] 
[INFO] [stdout] ---- memory_usage::sync::test_sync_types::test_mutex stdout ----
[INFO] [stdout] thread 'memory_usage::sync::test_sync_types::test_mutex' panicked at src/memory_usage/sync.rs:155:9:
[INFO] [stdout] assertion `left == right` failed
[INFO] [stdout]   left: 16
[INFO] [stdout]  right: 12
[INFO] [stdout] stack backtrace:
[INFO] [stdout]    0:     0x6299c6807fea - std::backtrace_rs::backtrace::libunwind::trace::h207520d6e9873551
[INFO] [stdout]                                at /rustc/df4ca44d3fbc9301ee17f30f4d474e6ae4b05252/library/std/src/../../backtrace/src/backtrace/libunwind.rs:116:5
[INFO] [stdout]    1:     0x6299c6807fea - std::backtrace_rs::backtrace::trace_unsynchronized::h2ed7433f370e3eca
[INFO] [stdout]                                at /rustc/df4ca44d3fbc9301ee17f30f4d474e6ae4b05252/library/std/src/../../backtrace/src/backtrace/mod.rs:66:5
[INFO] [stdout]    2:     0x6299c6807fea - std::sys::backtrace::_print_fmt::h916fac51166b18d7
[INFO] [stdout]                                at /rustc/df4ca44d3fbc9301ee17f30f4d474e6ae4b05252/library/std/src/sys/backtrace.rs:66:9
[INFO] [stdout]    3:     0x6299c6807fea - <std::sys::backtrace::BacktraceLock::print::DisplayBacktrace as core::fmt::Display>::fmt::ha0a4c9b8ce3802e6
[INFO] [stdout]                                at /rustc/df4ca44d3fbc9301ee17f30f4d474e6ae4b05252/library/std/src/sys/backtrace.rs:39:26
[INFO] [stdout]    4:     0x6299c682e383 - core::fmt::rt::Argument::fmt::h4cfc8587d52b3eb5
[INFO] [stdout]                                at /rustc/df4ca44d3fbc9301ee17f30f4d474e6ae4b05252/library/core/src/fmt/rt.rs:177:76
[INFO] [stdout]    5:     0x6299c682e383 - core::fmt::write::h522cc39e5b36ae9f
[INFO] [stdout]                                at /rustc/df4ca44d3fbc9301ee17f30f4d474e6ae4b05252/library/core/src/fmt/mod.rs:1190:21
[INFO] [stdout]    6:     0x6299c6804c53 - std::io::Write::write_fmt::h7d3c26752da97734
[INFO] [stdout]                                at /rustc/df4ca44d3fbc9301ee17f30f4d474e6ae4b05252/library/std/src/io/mod.rs:1839:15
[INFO] [stdout]    7:     0x6299c6807e32 - std::sys::backtrace::BacktraceLock::print::h4b9e00b29e9c0942
[INFO] [stdout]                                at /rustc/df4ca44d3fbc9301ee17f30f4d474e6ae4b05252/library/std/src/sys/backtrace.rs:42:9
[INFO] [stdout]    8:     0x6299c680947a - std::panicking::default_hook::{{closure}}::hb59b88280d0324d9
[INFO] [stdout]                                at /rustc/df4ca44d3fbc9301ee17f30f4d474e6ae4b05252/library/std/src/panicking.rs:268:22
[INFO] [stdout]    9:     0x6299c6809284 - std::panicking::default_hook::he1dd496665be4a29
[INFO] [stdout]                                at /rustc/df4ca44d3fbc9301ee17f30f4d474e6ae4b05252/library/std/src/panicking.rs:292:9
[INFO] [stdout]   10:     0x6299c67d3079 - <alloc::boxed::Box<F,A> as core::ops::function::Fn<Args>>::call::h4ff71de18744e1dc
[INFO] [stdout]                                at /rustc/df4ca44d3fbc9301ee17f30f4d474e6ae4b05252/library/alloc/src/boxed.rs:2468:9
[INFO] [stdout]   11:     0x6299c67d3079 - test::test_main::{{closure}}::hcf7c055ce117aa81
[INFO] [stdout]                                at /rustc/df4ca44d3fbc9301ee17f30f4d474e6ae4b05252/library/test/src/lib.rs:133:21
[INFO] [stdout]   12:     0x6299c6809b78 - <alloc::boxed::Box<F,A> as core::ops::function::Fn<Args>>::call::h1d66c6bbd60c9692
[INFO] [stdout]                                at /rustc/df4ca44d3fbc9301ee17f30f4d474e6ae4b05252/library/alloc/src/boxed.rs:2468:9
[INFO] [stdout]   13:     0x6299c6809b78 - std::panicking::rust_panic_with_hook::h2ff17fe8f26dfcf8
[INFO] [stdout]                                at /rustc/df4ca44d3fbc9301ee17f30f4d474e6ae4b05252/library/std/src/panicking.rs:809:13
[INFO] [stdout]   14:     0x6299c680993a - std::panicking::begin_panic_handler::{{closure}}::h4fad77951c07e101
[INFO] [stdout]                                at /rustc/df4ca44d3fbc9301ee17f30f4d474e6ae4b05252/library/std/src/panicking.rs:674:13
[INFO] [stdout]   15:     0x6299c68084c9 - std::sys::backtrace::__rust_end_short_backtrace::hb1a25b3da5d0ea08
[INFO] [stdout]                                at /rustc/df4ca44d3fbc9301ee17f30f4d474e6ae4b05252/library/std/src/sys/backtrace.rs:170:18
[INFO] [stdout]   16:     0x6299c68095cc - rust_begin_unwind
[INFO] [stdout]                                at /rustc/df4ca44d3fbc9301ee17f30f4d474e6ae4b05252/library/std/src/panicking.rs:665:5
[INFO] [stdout]   17:     0x6299c682ce20 - core::panicking::panic_fmt::ha9db07b529f9b256
[INFO] [stdout]                                at /rustc/df4ca44d3fbc9301ee17f30f4d474e6ae4b05252/library/core/src/panicking.rs:75:14
[INFO] [stdout]   18:     0x6299c682d14b - core::panicking::assert_failed_inner::h04f38944d74a80a8
[INFO] [stdout]   19:     0x6299c677ef0b - core::panicking::assert_failed::ha1c9f2c7fde5cb3c
[INFO] [stdout]                                at /rustc/df4ca44d3fbc9301ee17f30f4d474e6ae4b05252/library/core/src/panicking.rs:377:5
[INFO] [stdout]   20:     0x6299c6782489 - loupe::memory_usage::sync::test_sync_types::test_mutex::hed15a7ef2efe34c1
[INFO] [stdout]                                at /opt/rustwide/workdir/src/memory_usage/mod.rs:78:9
[INFO] [stdout]   21:     0x6299c6782327 - loupe::memory_usage::sync::test_sync_types::test_mutex::{{closure}}::h15edcb3442d338e3
[INFO] [stdout]                                at /opt/rustwide/workdir/src/memory_usage/sync.rs:151:20
[INFO] [stdout]   22:     0x6299c677da36 - core::ops::function::FnOnce::call_once::h2811ca6d47ab9083
[INFO] [stdout]                                at /rustc/df4ca44d3fbc9301ee17f30f4d474e6ae4b05252/library/core/src/ops/function.rs:250:5
[INFO] [stdout]   23:     0x6299c67d794b - core::ops::function::FnOnce::call_once::h22c3ba5715e93f05
[INFO] [stdout]                                at /rustc/df4ca44d3fbc9301ee17f30f4d474e6ae4b05252/library/core/src/ops/function.rs:250:5
[INFO] [stdout]   24:     0x6299c67d794b - test::__rust_begin_short_backtrace::h8e82d8113d0da17f
[INFO] [stdout]                                at /rustc/df4ca44d3fbc9301ee17f30f4d474e6ae4b05252/library/test/src/lib.rs:621:18
[INFO] [stdout]   25:     0x6299c67d72c7 - test::run_test_in_process::{{closure}}::h33235f4f20b7b7c7
[INFO] [stdout]                                at /rustc/df4ca44d3fbc9301ee17f30f4d474e6ae4b05252/library/test/src/lib.rs:644:60
[INFO] [stdout]   26:     0x6299c67d72c7 - <core::panic::unwind_safe::AssertUnwindSafe<F> as core::ops::function::FnOnce<()>>::call_once::hb5043206310c586f
[INFO] [stdout]                                at /rustc/df4ca44d3fbc9301ee17f30f4d474e6ae4b05252/library/core/src/panic/unwind_safe.rs:272:9
[INFO] [stdout]   27:     0x6299c67d72c7 - std::panicking::try::do_call::h9ad4731a60ab23e2
[INFO] [stdout]                                at /rustc/df4ca44d3fbc9301ee17f30f4d474e6ae4b05252/library/std/src/panicking.rs:557:40
[INFO] [stdout]   28:     0x6299c67d72c7 - std::panicking::try::h3824d23db772a716
[INFO] [stdout]                                at /rustc/df4ca44d3fbc9301ee17f30f4d474e6ae4b05252/library/std/src/panicking.rs:520:19
[INFO] [stdout]   29:     0x6299c67d72c7 - std::panic::catch_unwind::h5afd514605fde46b
[INFO] [stdout]                                at /rustc/df4ca44d3fbc9301ee17f30f4d474e6ae4b05252/library/std/src/panic.rs:358:14
[INFO] [stdout]   30:     0x6299c67d72c7 - test::run_test_in_process::h0d5cbfa7067d1720
[INFO] [stdout]                                at /rustc/df4ca44d3fbc9301ee17f30f4d474e6ae4b05252/library/test/src/lib.rs:644:27
[INFO] [stdout]   31:     0x6299c67d72c7 - test::run_test::{{closure}}::h708eb8872708115d
[INFO] [stdout]                                at /rustc/df4ca44d3fbc9301ee17f30f4d474e6ae4b05252/library/test/src/lib.rs:565:43
[INFO] [stdout]   32:     0x6299c679a9e4 - test::run_test::{{closure}}::h392c51cee94713ab
[INFO] [stdout]                                at /rustc/df4ca44d3fbc9301ee17f30f4d474e6ae4b05252/library/test/src/lib.rs:595:41
[INFO] [stdout]   33:     0x6299c679a9e4 - std::sys::backtrace::__rust_begin_short_backtrace::h2f40290710935a8b
[INFO] [stdout]                                at /rustc/df4ca44d3fbc9301ee17f30f4d474e6ae4b05252/library/std/src/sys/backtrace.rs:154:18
[INFO] [stdout]   34:     0x6299c679e18e - std::thread::Builder::spawn_unchecked_::{{closure}}::{{closure}}::h3fd968d89053a903
[INFO] [stdout]                                at /rustc/df4ca44d3fbc9301ee17f30f4d474e6ae4b05252/library/std/src/thread/mod.rs:541:17
[INFO] [stdout]   35:     0x6299c679e18e - <core::panic::unwind_safe::AssertUnwindSafe<F> as core::ops::function::FnOnce<()>>::call_once::h743f637ba4229880
[INFO] [stdout]                                at /rustc/df4ca44d3fbc9301ee17f30f4d474e6ae4b05252/library/core/src/panic/unwind_safe.rs:272:9
[INFO] [stdout]   36:     0x6299c679e18e - std::panicking::try::do_call::h07440897322525a6
[INFO] [stdout]                                at /rustc/df4ca44d3fbc9301ee17f30f4d474e6ae4b05252/library/std/src/panicking.rs:557:40
[INFO] [stdout]   37:     0x6299c679e18e - std::panicking::try::he5a2e00188156637
[INFO] [stdout]                                at /rustc/df4ca44d3fbc9301ee17f30f4d474e6ae4b05252/library/std/src/panicking.rs:520:19
[INFO] [stdout]   38:     0x6299c679e18e - std::panic::catch_unwind::hbaf3cae49b3c6433
[INFO] [stdout]                                at /rustc/df4ca44d3fbc9301ee17f30f4d474e6ae4b05252/library/std/src/panic.rs:358:14
[INFO] [stdout]   39:     0x6299c679e18e - std::thread::Builder::spawn_unchecked_::{{closure}}::h8e141ea224820bce
[INFO] [stdout]                                at /rustc/df4ca44d3fbc9301ee17f30f4d474e6ae4b05252/library/std/src/thread/mod.rs:540:30
[INFO] [stdout]   40:     0x6299c679e18e - core::ops::function::FnOnce::call_once{{vtable.shim}}::h90d312fedd7b8ea8
[INFO] [stdout]                                at /rustc/df4ca44d3fbc9301ee17f30f4d474e6ae4b05252/library/core/src/ops/function.rs:250:5
[INFO] [stdout]   41:     0x6299c680d96b - <alloc::boxed::Box<F,A> as core::ops::function::FnOnce<Args>>::call_once::h69aa08ddb6adb8b6
[INFO] [stdout]                                at /rustc/df4ca44d3fbc9301ee17f30f4d474e6ae4b05252/library/alloc/src/boxed.rs:2454:9
[INFO] [stdout]   42:     0x6299c680d96b - <alloc::boxed::Box<F,A> as core::ops::function::FnOnce<Args>>::call_once::h5aa36efdb79c806f
[INFO] [stdout]                                at /rustc/df4ca44d3fbc9301ee17f30f4d474e6ae4b05252/library/alloc/src/boxed.rs:2454:9
[INFO] [stdout]   43:     0x6299c680d96b - std::sys::pal::unix::thread::Thread::new::thread_start::h6cd80a1b4be5158d
[INFO] [stdout]                                at /rustc/df4ca44d3fbc9301ee17f30f4d474e6ae4b05252/library/std/src/sys/pal/unix/thread.rs:105:17
[INFO] [stdout]   44:     0x758a4f298ac3 - <unknown>
[INFO] [stdout]   45:     0x758a4f329a04 - clone
[INFO] [stdout]   46:                0x0 - <unknown>
[INFO] [stdout] 
[INFO] [stdout] ---- memory_usage::sync::test_sync_types::test_rwlock stdout ----
[INFO] [stdout] thread 'memory_usage::sync::test_sync_types::test_rwlock' panicked at src/memory_usage/sync.rs:166:9:
[INFO] [stdout] assertion `left == right` failed
[INFO] [stdout]   left: 20
[INFO] [stdout]  right: 16
[INFO] [stdout] stack backtrace:
[INFO] [stdout]    0:     0x6299c6807fea - std::backtrace_rs::backtrace::libunwind::trace::h207520d6e9873551
[INFO] [stdout]                                at /rustc/df4ca44d3fbc9301ee17f30f4d474e6ae4b05252/library/std/src/../../backtrace/src/backtrace/libunwind.rs:116:5
[INFO] [stdout]    1:     0x6299c6807fea - std::backtrace_rs::backtrace::trace_unsynchronized::h2ed7433f370e3eca
[INFO] [stdout]                                at /rustc/df4ca44d3fbc9301ee17f30f4d474e6ae4b05252/library/std/src/../../backtrace/src/backtrace/mod.rs:66:5
[INFO] [stdout]    2:     0x6299c6807fea - std::sys::backtrace::_print_fmt::h916fac51166b18d7
[INFO] [stdout]                                at /rustc/df4ca44d3fbc9301ee17f30f4d474e6ae4b05252/library/std/src/sys/backtrace.rs:66:9
[INFO] [stdout]    3:     0x6299c6807fea - <std::sys::backtrace::BacktraceLock::print::DisplayBacktrace as core::fmt::Display>::fmt::ha0a4c9b8ce3802e6
[INFO] [stdout]                                at /rustc/df4ca44d3fbc9301ee17f30f4d474e6ae4b05252/library/std/src/sys/backtrace.rs:39:26
[INFO] [stdout]    4:     0x6299c682e383 - core::fmt::rt::Argument::fmt::h4cfc8587d52b3eb5
[INFO] [stdout]                                at /rustc/df4ca44d3fbc9301ee17f30f4d474e6ae4b05252/library/core/src/fmt/rt.rs:177:76
[INFO] [stdout]    5:     0x6299c682e383 - core::fmt::write::h522cc39e5b36ae9f
[INFO] [stdout]                                at /rustc/df4ca44d3fbc9301ee17f30f4d474e6ae4b05252/library/core/src/fmt/mod.rs:1190:21
[INFO] [stdout]    6:     0x6299c6804c53 - std::io::Write::write_fmt::h7d3c26752da97734
[INFO] [stdout]                                at /rustc/df4ca44d3fbc9301ee17f30f4d474e6ae4b05252/library/std/src/io/mod.rs:1839:15
[INFO] [stdout]    7:     0x6299c6807e32 - std::sys::backtrace::BacktraceLock::print::h4b9e00b29e9c0942
[INFO] [stdout]                                at /rustc/df4ca44d3fbc9301ee17f30f4d474e6ae4b05252/library/std/src/sys/backtrace.rs:42:9
[INFO] [stdout]    8:     0x6299c680947a - std::panicking::default_hook::{{closure}}::hb59b88280d0324d9
[INFO] [stdout]                                at /rustc/df4ca44d3fbc9301ee17f30f4d474e6ae4b05252/library/std/src/panicking.rs:268:22
[INFO] [stdout]    9:     0x6299c6809284 - std::panicking::default_hook::he1dd496665be4a29
[INFO] [stdout]                                at /rustc/df4ca44d3fbc9301ee17f30f4d474e6ae4b05252/library/std/src/panicking.rs:292:9
[INFO] [stdout]   10:     0x6299c67d3079 - <alloc::boxed::Box<F,A> as core::ops::function::Fn<Args>>::call::h4ff71de18744e1dc
[INFO] [stdout]                                at /rustc/df4ca44d3fbc9301ee17f30f4d474e6ae4b05252/library/alloc/src/boxed.rs:2468:9
[INFO] [stdout]   11:     0x6299c67d3079 - test::test_main::{{closure}}::hcf7c055ce117aa81
[INFO] [stdout]                                at /rustc/df4ca44d3fbc9301ee17f30f4d474e6ae4b05252/library/test/src/lib.rs:133:21
[INFO] [stdout]   12:     0x6299c6809b78 - <alloc::boxed::Box<F,A> as core::ops::function::Fn<Args>>::call::h1d66c6bbd60c9692
[INFO] [stdout]                                at /rustc/df4ca44d3fbc9301ee17f30f4d474e6ae4b05252/library/alloc/src/boxed.rs:2468:9
[INFO] [stdout]   13:     0x6299c6809b78 - std::panicking::rust_panic_with_hook::h2ff17fe8f26dfcf8
[INFO] [stdout]                                at /rustc/df4ca44d3fbc9301ee17f30f4d474e6ae4b05252/library/std/src/panicking.rs:809:13
[INFO] [stdout]   14:     0x6299c680993a - std::panicking::begin_panic_handler::{{closure}}::h4fad77951c07e101
[INFO] [stdout]                                at /rustc/df4ca44d3fbc9301ee17f30f4d474e6ae4b05252/library/std/src/panicking.rs:674:13
[INFO] [stdout]   15:     0x6299c68084c9 - std::sys::backtrace::__rust_end_short_backtrace::hb1a25b3da5d0ea08
[INFO] [stdout]                                at /rustc/df4ca44d3fbc9301ee17f30f4d474e6ae4b05252/library/std/src/sys/backtrace.rs:170:18
[INFO] [stdout]   16:     0x6299c68095cc - rust_begin_unwind
[INFO] [stdout]                                at /rustc/df4ca44d3fbc9301ee17f30f4d474e6ae4b05252/library/std/src/panicking.rs:665:5
[INFO] [stdout]   17:     0x6299c682ce20 - core::panicking::panic_fmt::ha9db07b529f9b256
[INFO] [stdout]                                at /rustc/df4ca44d3fbc9301ee17f30f4d474e6ae4b05252/library/core/src/panicking.rs:75:14
[INFO] [stdout]   18:     0x6299c682d14b - core::panicking::assert_failed_inner::h04f38944d74a80a8
[INFO] [stdout]   19:     0x6299c677ef0b - core::panicking::assert_failed::ha1c9f2c7fde5cb3c
[INFO] [stdout]                                at /rustc/df4ca44d3fbc9301ee17f30f4d474e6ae4b05252/library/core/src/panicking.rs:377:5
[INFO] [stdout]   20:     0x6299c67827f0 - loupe::memory_usage::sync::test_sync_types::test_rwlock::h8b0634078070210a
[INFO] [stdout]                                at /opt/rustwide/workdir/src/memory_usage/mod.rs:78:9
[INFO] [stdout]   21:     0x6299c6782687 - loupe::memory_usage::sync::test_sync_types::test_rwlock::{{closure}}::h321325b8563fb90a
[INFO] [stdout]                                at /opt/rustwide/workdir/src/memory_usage/sync.rs:162:21
[INFO] [stdout]   22:     0x6299c677dc66 - core::ops::function::FnOnce::call_once::h4a2befd289d7961c
[INFO] [stdout]                                at /rustc/df4ca44d3fbc9301ee17f30f4d474e6ae4b05252/library/core/src/ops/function.rs:250:5
[INFO] [stdout]   23:     0x6299c67d794b - core::ops::function::FnOnce::call_once::h22c3ba5715e93f05
[INFO] [stdout]                                at /rustc/df4ca44d3fbc9301ee17f30f4d474e6ae4b05252/library/core/src/ops/function.rs:250:5
[INFO] [stdout]   24:     0x6299c67d794b - test::__rust_begin_short_backtrace::h8e82d8113d0da17f
[INFO] [stdout]                                at /rustc/df4ca44d3fbc9301ee17f30f4d474e6ae4b05252/library/test/src/lib.rs:621:18
[INFO] [stdout]   25:     0x6299c67d72c7 - test::run_test_in_process::{{closure}}::h33235f4f20b7b7c7
[INFO] [stdout]                                at /rustc/df4ca44d3fbc9301ee17f30f4d474e6ae4b05252/library/test/src/lib.rs:644:60
[INFO] [stdout]   26:     0x6299c67d72c7 - <core::panic::unwind_safe::AssertUnwindSafe<F> as core::ops::function::FnOnce<()>>::call_once::hb5043206310c586f
[INFO] [stdout]                                at /rustc/df4ca44d3fbc9301ee17f30f4d474e6ae4b05252/library/core/src/panic/unwind_safe.rs:272:9
[INFO] [stdout]   27:     0x6299c67d72c7 - std::panicking::try::do_call::h9ad4731a60ab23e2
[INFO] [stdout]                                at /rustc/df4ca44d3fbc9301ee17f30f4d474e6ae4b05252/library/std/src/panicking.rs:557:40
[INFO] [stdout]   28:     0x6299c67d72c7 - std::panicking::try::h3824d23db772a716
[INFO] [stdout]                                at /rustc/df4ca44d3fbc9301ee17f30f4d474e6ae4b05252/library/std/src/panicking.rs:520:19
[INFO] [stdout]   29:     0x6299c67d72c7 - std::panic::catch_unwind::h5afd514605fde46b
[INFO] [stdout]                                at /rustc/df4ca44d3fbc9301ee17f30f4d474e6ae4b05252/library/std/src/panic.rs:358:14
[INFO] [stdout]   30:     0x6299c67d72c7 - test::run_test_in_process::h0d5cbfa7067d1720
[INFO] [stdout]                                at /rustc/df4ca44d3fbc9301ee17f30f4d474e6ae4b05252/library/test/src/lib.rs:644:27
[INFO] [stdout]   31:     0x6299c67d72c7 - test::run_test::{{closure}}::h708eb8872708115d
[INFO] [stdout]                                at /rustc/df4ca44d3fbc9301ee17f30f4d474e6ae4b05252/library/test/src/lib.rs:565:43
[INFO] [stdout]   32:     0x6299c679a9e4 - test::run_test::{{closure}}::h392c51cee94713ab
[INFO] [stdout]                                at /rustc/df4ca44d3fbc9301ee17f30f4d474e6ae4b05252/library/test/src/lib.rs:595:41
[INFO] [stdout]   33:     0x6299c679a9e4 - std::sys::backtrace::__rust_begin_short_backtrace::h2f40290710935a8b
[INFO] [stdout]                                at /rustc/df4ca44d3fbc9301ee17f30f4d474e6ae4b05252/library/std/src/sys/backtrace.rs:154:18
[INFO] [stdout]   34:     0x6299c679e18e - std::thread::Builder::spawn_unchecked_::{{closure}}::{{closure}}::h3fd968d89053a903
[INFO] [stdout]                                at /rustc/df4ca44d3fbc9301ee17f30f4d474e6ae4b05252/library/std/src/thread/mod.rs:541:17
[INFO] [stdout]   35:     0x6299c679e18e - <core::panic::unwind_safe::AssertUnwindSafe<F> as core::ops::function::FnOnce<()>>::call_once::h743f637ba4229880
[INFO] [stdout]                                at /rustc/df4ca44d3fbc9301ee17f30f4d474e6ae4b05252/library/core/src/panic/unwind_safe.rs:272:9
[INFO] [stdout]   36:     0x6299c679e18e - std::panicking::try::do_call::h07440897322525a6
[INFO] [stdout]                                at /rustc/df4ca44d3fbc9301ee17f30f4d474e6ae4b05252/library/std/src/panicking.rs:557:40
[INFO] [stdout]   37:     0x6299c679e18e - std::panicking::try::he5a2e00188156637
[INFO] [stdout]                                at /rustc/df4ca44d3fbc9301ee17f30f4d474e6ae4b05252/library/std/src/panicking.rs:520:19
[INFO] [stdout]   38:     0x6299c679e18e - std::panic::catch_unwind::hbaf3cae49b3c6433
[INFO] [stdout]                                at /rustc/df4ca44d3fbc9301ee17f30f4d474e6ae4b05252/library/std/src/panic.rs:358:14
[INFO] [stdout]   39:     0x6299c679e18e - std::thread::Builder::spawn_unchecked_::{{closure}}::h8e141ea224820bce
[INFO] [stdout]                                at /rustc/df4ca44d3fbc9301ee17f30f4d474e6ae4b05252/library/std/src/thread/mod.rs:540:30
[INFO] [stdout]   40:     0x6299c679e18e - core::ops::function::FnOnce::call_once{{vtable.shim}}::h90d312fedd7b8ea8
[INFO] [stdout]                                at /rustc/df4ca44d3fbc9301ee17f30f4d474e6ae4b05252/library/core/src/ops/function.rs:250:5
[INFO] [stdout]   41:     0x6299c680d96b - <alloc::boxed::Box<F,A> as core::ops::function::FnOnce<Args>>::call_once::h69aa08ddb6adb8b6
[INFO] [stdout]                                at /rustc/df4ca44d3fbc9301ee17f30f4d474e6ae4b05252/library/alloc/src/boxed.rs:2454:9
[INFO] [stdout]   42:     0x6299c680d96b - <alloc::boxed::Box<F,A> as core::ops::function::FnOnce<Args>>::call_once::h5aa36efdb79c806f
[INFO] [stdout]                                at /rustc/df4ca44d3fbc9301ee17f30f4d474e6ae4b05252/library/alloc/src/boxed.rs:2454:9
[INFO] [stdout]   43:     0x6299c680d96b - std::sys::pal::unix::thread::Thread::new::thread_start::h6cd80a1b4be5158d
[INFO] [stdout]                                at /rustc/df4ca44d3fbc9301ee17f30f4d474e6ae4b05252/library/std/src/sys/pal/unix/thread.rs:105:17
[INFO] [stdout]   44:     0x758a4f298ac3 - <unknown>
[INFO] [stdout]   45:     0x758a4f329a04 - clone
[INFO] [stdout]   46:                0x0 - <unknown>
[INFO] [stdout] 
[INFO] [stdout] 
[INFO] [stdout] failures:
[INFO] [stdout]     memory_usage::sync::test_sync_types::test_mutex
[INFO] [stdout]     memory_usage::sync::test_sync_types::test_rwlock
[INFO] [stdout] 
[INFO] [stdout] test result: FAILED. 53 passed; 2 failed; 0 ignored; 0 measured; 0 filtered out; finished in 0.01s
[INFO] [stdout] 
[INFO] [stderr] error: test failed, to rerun pass `--lib`
[INFO] running `Command { std: "docker" "inspect" "62f27b4dcdb22c64f22e1f9a8a4a70b64f8227ced0ca3d8af150e4d8acfd47ab", kill_on_drop: false }`
[INFO] running `Command { std: "docker" "rm" "-f" "62f27b4dcdb22c64f22e1f9a8a4a70b64f8227ced0ca3d8af150e4d8acfd47ab", kill_on_drop: false }`
[INFO] [stdout] 62f27b4dcdb22c64f22e1f9a8a4a70b64f8227ced0ca3d8af150e4d8acfd47ab
