[INFO] fetching crate lotus-shared 0.3.2...
[INFO] testing lotus-shared-0.3.2 against nightly-2024-10-28+rustflags=-Zrandomize-layout for randomize-layout
[INFO] extracting crate lotus-shared 0.3.2 into /workspace/builds/worker-6-tc2/source
[INFO] validating manifest of crates.io crate lotus-shared 0.3.2 on toolchain nightly-2024-10-28
[INFO] running `Command { std: CARGO_HOME="/workspace/cargo-home" RUSTUP_HOME="/workspace/rustup-home" "/workspace/cargo-home/bin/cargo" "+nightly-2024-10-28" "metadata" "--manifest-path" "Cargo.toml" "--no-deps", kill_on_drop: false }`
[INFO] started tweaking crates.io crate lotus-shared 0.3.2
[INFO] finished tweaking crates.io crate lotus-shared 0.3.2
[INFO] tweaked toml for crates.io crate lotus-shared 0.3.2 written to /workspace/builds/worker-6-tc2/source/Cargo.toml
[INFO] running `Command { std: CARGO_HOME="/workspace/cargo-home" RUSTUP_HOME="/workspace/rustup-home" "/workspace/cargo-home/bin/cargo" "+nightly-2024-10-28" "generate-lockfile" "--manifest-path" "Cargo.toml", kill_on_drop: false }`
[INFO] [stderr]     Updating crates.io index
[INFO] [stderr]      Locking 134 packages to latest compatible versions
[INFO] running `Command { std: CARGO_HOME="/workspace/cargo-home" RUSTUP_HOME="/workspace/rustup-home" "/workspace/cargo-home/bin/cargo" "+nightly-2024-10-28" "fetch" "--manifest-path" "Cargo.toml", kill_on_drop: false }`
[INFO] running `Command { std: "docker" "create" "-v" "/var/lib/crater-agent-workspace/builds/worker-6-tc2/target:/opt/rustwide/target:rw,Z" "-v" "/var/lib/crater-agent-workspace/builds/worker-6-tc2/source:/opt/rustwide/workdir:ro,Z" "-v" "/var/lib/crater-agent-workspace/cargo-home:/opt/rustwide/cargo-home:ro,Z" "-v" "/var/lib/crater-agent-workspace/rustup-home:/opt/rustwide/rustup-home:ro,Z" "-e" "SOURCE_DIR=/opt/rustwide/workdir" "-e" "CARGO_TARGET_DIR=/opt/rustwide/target" "-e" "CARGO_HOME=/opt/rustwide/cargo-home" "-e" "RUSTUP_HOME=/opt/rustwide/rustup-home" "-w" "/opt/rustwide/workdir" "-m" "1610612736" "--user" "0:0" "--network" "none" "ghcr.io/rust-lang/crates-build-env/linux@sha256:4a844ea9eb2546a2d2c7022eacef16ef2e8229c7fbb2c7d4d55a9ceca922f72d" "/opt/rustwide/cargo-home/bin/cargo" "+nightly-2024-10-28" "metadata" "--no-deps" "--format-version=1", kill_on_drop: false }`
[INFO] [stdout] d1ffff425f8beece4870c19e78048f19a9aaec759117b10786affd4383719607
[INFO] running `Command { std: "docker" "start" "-a" "d1ffff425f8beece4870c19e78048f19a9aaec759117b10786affd4383719607", kill_on_drop: false }`
[INFO] running `Command { std: "docker" "inspect" "d1ffff425f8beece4870c19e78048f19a9aaec759117b10786affd4383719607", kill_on_drop: false }`
[INFO] running `Command { std: "docker" "rm" "-f" "d1ffff425f8beece4870c19e78048f19a9aaec759117b10786affd4383719607", kill_on_drop: false }`
[INFO] [stdout] d1ffff425f8beece4870c19e78048f19a9aaec759117b10786affd4383719607
[INFO] running `Command { std: "docker" "create" "-v" "/var/lib/crater-agent-workspace/builds/worker-6-tc2/target:/opt/rustwide/target:rw,Z" "-v" "/var/lib/crater-agent-workspace/builds/worker-6-tc2/source:/opt/rustwide/workdir:ro,Z" "-v" "/var/lib/crater-agent-workspace/cargo-home:/opt/rustwide/cargo-home:ro,Z" "-v" "/var/lib/crater-agent-workspace/rustup-home:/opt/rustwide/rustup-home:ro,Z" "-e" "SOURCE_DIR=/opt/rustwide/workdir" "-e" "CARGO_TARGET_DIR=/opt/rustwide/target" "-e" "CARGO_INCREMENTAL=0" "-e" "RUST_BACKTRACE=full" "-e" "RUSTFLAGS=--cap-lints=forbid -Zrandomize-layout" "-e" "RUSTDOCFLAGS=--cap-lints=forbid" "-e" "CARGO_HOME=/opt/rustwide/cargo-home" "-e" "RUSTUP_HOME=/opt/rustwide/rustup-home" "-w" "/opt/rustwide/workdir" "-m" "1610612736" "--user" "0:0" "--network" "none" "ghcr.io/rust-lang/crates-build-env/linux@sha256:4a844ea9eb2546a2d2c7022eacef16ef2e8229c7fbb2c7d4d55a9ceca922f72d" "/opt/rustwide/cargo-home/bin/cargo" "+nightly-2024-10-28" "build" "--frozen" "--message-format=json", kill_on_drop: false }`
[INFO] [stdout] 1691455a59f4a882eb16d20529aac2388c703a4ca677c1418f8b27d531e4ee5c
[INFO] running `Command { std: "docker" "start" "-a" "1691455a59f4a882eb16d20529aac2388c703a4ca677c1418f8b27d531e4ee5c", kill_on_drop: false }`
[INFO] [stderr]    Compiling proc-macro2 v1.0.89
[INFO] [stderr]    Compiling unicode-ident v1.0.13
[INFO] [stderr]    Compiling serde v1.0.214
[INFO] [stderr]    Compiling serde_json v1.0.132
[INFO] [stderr]    Compiling thiserror v1.0.66
[INFO] [stderr]    Compiling memchr v2.7.4
[INFO] [stderr]    Compiling itoa v1.0.11
[INFO] [stderr]    Compiling ryu v1.0.18
[INFO] [stderr]    Compiling quote v1.0.37
[INFO] [stderr]    Compiling syn v2.0.86
[INFO] [stderr]    Compiling serde_derive v1.0.214
[INFO] [stderr]    Compiling thiserror-impl v1.0.66
[INFO] [stderr]    Compiling serde_repr v0.1.19
[INFO] [stderr]    Compiling lotus-shared v0.3.2 (/opt/rustwide/workdir)
[INFO] [stderr]     Finished `dev` profile [unoptimized + debuginfo] target(s) in 5.52s
[INFO] running `Command { std: "docker" "inspect" "1691455a59f4a882eb16d20529aac2388c703a4ca677c1418f8b27d531e4ee5c", kill_on_drop: false }`
[INFO] running `Command { std: "docker" "rm" "-f" "1691455a59f4a882eb16d20529aac2388c703a4ca677c1418f8b27d531e4ee5c", kill_on_drop: false }`
[INFO] [stdout] 1691455a59f4a882eb16d20529aac2388c703a4ca677c1418f8b27d531e4ee5c
[INFO] running `Command { std: "docker" "create" "-v" "/var/lib/crater-agent-workspace/builds/worker-6-tc2/target:/opt/rustwide/target:rw,Z" "-v" "/var/lib/crater-agent-workspace/builds/worker-6-tc2/source:/opt/rustwide/workdir:ro,Z" "-v" "/var/lib/crater-agent-workspace/cargo-home:/opt/rustwide/cargo-home:ro,Z" "-v" "/var/lib/crater-agent-workspace/rustup-home:/opt/rustwide/rustup-home:ro,Z" "-e" "SOURCE_DIR=/opt/rustwide/workdir" "-e" "CARGO_TARGET_DIR=/opt/rustwide/target" "-e" "CARGO_INCREMENTAL=0" "-e" "RUST_BACKTRACE=full" "-e" "RUSTFLAGS=--cap-lints=forbid -Zrandomize-layout" "-e" "RUSTDOCFLAGS=--cap-lints=forbid" "-e" "CARGO_HOME=/opt/rustwide/cargo-home" "-e" "RUSTUP_HOME=/opt/rustwide/rustup-home" "-w" "/opt/rustwide/workdir" "-m" "1610612736" "--user" "0:0" "--network" "none" "ghcr.io/rust-lang/crates-build-env/linux@sha256:4a844ea9eb2546a2d2c7022eacef16ef2e8229c7fbb2c7d4d55a9ceca922f72d" "/opt/rustwide/cargo-home/bin/cargo" "+nightly-2024-10-28" "test" "--frozen" "--no-run" "--message-format=json", kill_on_drop: false }`
[INFO] [stdout] 42781962855aa5bb5d40b1f0669d3975e89555eeeef39ded6fdc5589cd25828c
[INFO] running `Command { std: "docker" "start" "-a" "42781962855aa5bb5d40b1f0669d3975e89555eeeef39ded6fdc5589cd25828c", kill_on_drop: false }`
[INFO] [stderr]    Compiling lotus-shared v0.3.2 (/opt/rustwide/workdir)
[INFO] [stderr]     Finished `test` profile [unoptimized + debuginfo] target(s) in 0.44s
[INFO] running `Command { std: "docker" "inspect" "42781962855aa5bb5d40b1f0669d3975e89555eeeef39ded6fdc5589cd25828c", kill_on_drop: false }`
[INFO] running `Command { std: "docker" "rm" "-f" "42781962855aa5bb5d40b1f0669d3975e89555eeeef39ded6fdc5589cd25828c", kill_on_drop: false }`
[INFO] [stdout] 42781962855aa5bb5d40b1f0669d3975e89555eeeef39ded6fdc5589cd25828c
[INFO] running `Command { std: "docker" "create" "-v" "/var/lib/crater-agent-workspace/builds/worker-6-tc2/target:/opt/rustwide/target:rw,Z" "-v" "/var/lib/crater-agent-workspace/builds/worker-6-tc2/source:/opt/rustwide/workdir:ro,Z" "-v" "/var/lib/crater-agent-workspace/cargo-home:/opt/rustwide/cargo-home:ro,Z" "-v" "/var/lib/crater-agent-workspace/rustup-home:/opt/rustwide/rustup-home:ro,Z" "-e" "SOURCE_DIR=/opt/rustwide/workdir" "-e" "CARGO_TARGET_DIR=/opt/rustwide/target" "-e" "CARGO_INCREMENTAL=0" "-e" "RUST_BACKTRACE=full" "-e" "RUSTFLAGS=--cap-lints=forbid -Zrandomize-layout" "-e" "RUSTDOCFLAGS=--cap-lints=forbid" "-e" "CARGO_HOME=/opt/rustwide/cargo-home" "-e" "RUSTUP_HOME=/opt/rustwide/rustup-home" "-w" "/opt/rustwide/workdir" "-m" "1610612736" "--user" "0:0" "--network" "none" "ghcr.io/rust-lang/crates-build-env/linux@sha256:4a844ea9eb2546a2d2c7022eacef16ef2e8229c7fbb2c7d4d55a9ceca922f72d" "/opt/rustwide/cargo-home/bin/cargo" "+nightly-2024-10-28" "test" "--frozen", kill_on_drop: false }`
[INFO] [stdout] 75e0b87522b2b739bf3cb812da73090161523b7210f35b5b39ca923a447ec738
[INFO] running `Command { std: "docker" "start" "-a" "75e0b87522b2b739bf3cb812da73090161523b7210f35b5b39ca923a447ec738", kill_on_drop: false }`
[INFO] [stderr]     Finished `test` profile [unoptimized + debuginfo] target(s) in 0.03s
[INFO] [stderr]      Running unittests src/lib.rs (/opt/rustwide/target/debug/deps/lotus_shared-5619010ef4c6021c)
[INFO] [stdout] 
[INFO] [stdout] running 1 test
[INFO] [stdout] test message::tests::test_message ... ok
[INFO] [stdout] 
[INFO] [stdout] test result: ok. 1 passed; 0 failed; 0 ignored; 0 measured; 0 filtered out; finished in 0.00s
[INFO] [stdout] 
[INFO] [stderr]    Doc-tests lotus_shared
[INFO] [stdout] 
[INFO] [stdout] running 1 test
[INFO] [stdout] test src/message.rs - message::Message (line 8) - compile ... FAILED
[INFO] [stdout] 
[INFO] [stdout] failures:
[INFO] [stdout] 
[INFO] [stdout] ---- src/message.rs - message::Message (line 8) stdout ----
[INFO] [stdout] error[E0433]: failed to resolve: use of undeclared crate or module `lotus_script`
[INFO] [stdout]  --> src/message.rs:10:5
[INFO] [stdout]   |
[INFO] [stdout] 4 | use lotus_script::prelude::*;
[INFO] [stdout]   |     ^^^^^^^^^^^^ use of undeclared crate or module `lotus_script`
[INFO] [stdout] 
[INFO] [stdout] error[E0433]: failed to resolve: use of undeclared crate or module `log`
[INFO] [stdout]   --> src/message.rs:24:8
[INFO] [stdout]    |
[INFO] [stdout] 18 |        log::info!("Received message: {}", m.value);
[INFO] [stdout]    |        ^^^ use of undeclared crate or module `log`
[INFO] [stdout] 
[INFO] [stdout] error[E0405]: cannot find trait `MessageType` in this scope
[INFO] [stdout]   --> src/message.rs:16:6
[INFO] [stdout]    |
[INFO] [stdout] 10 | impl MessageType for TestMessage {
[INFO] [stdout]    |      ^^^^^^^^^^^ not found in this scope
[INFO] [stdout]    |
[INFO] [stdout] help: consider importing this trait
[INFO] [stdout]    |
[INFO] [stdout] 2  + use lotus_shared::message::MessageType;
[INFO] [stdout]    |
[INFO] [stdout] 
[INFO] [stdout] error[E0412]: cannot find type `Message` in this scope
[INFO] [stdout]   --> src/message.rs:22:21
[INFO] [stdout]    |
[INFO] [stdout] 16 | fn handle(message: &Message) {
[INFO] [stdout]    |                     ^^^^^^^ not found in this scope
[INFO] [stdout]    |
[INFO] [stdout] help: consider importing this struct
[INFO] [stdout]    |
[INFO] [stdout] 2  + use lotus_shared::message::Message;
[INFO] [stdout]    |
[INFO] [stdout] 
[INFO] [stdout] error[E0433]: failed to resolve: use of undeclared type `Message`
[INFO] [stdout]   --> src/message.rs:28:9
[INFO] [stdout]    |
[INFO] [stdout] 22 | handle(&Message::new(TestMessage { value: 42 }));
[INFO] [stdout]    |         ^^^^^^^ use of undeclared type `Message`
[INFO] [stdout]    |
[INFO] [stdout] help: consider importing this struct
[INFO] [stdout]    |
[INFO] [stdout] 2  + use lotus_shared::message::Message;
[INFO] [stdout]    |
[INFO] [stdout] 
[INFO] [stdout] error: aborting due to 5 previous errors
[INFO] [stdout] 
[INFO] [stdout] Some errors have detailed explanations: E0405, E0412, E0433.
[INFO] [stdout] For more information about an error, try `rustc --explain E0405`.
[INFO] [stdout] Couldn't compile the test.
[INFO] [stdout] 
[INFO] [stdout] failures:
[INFO] [stdout]     src/message.rs - message::Message (line 8)
[INFO] [stdout] 
[INFO] [stdout] test result: FAILED. 0 passed; 1 failed; 0 ignored; 0 measured; 0 filtered out; finished in 0.04s
[INFO] [stdout] 
[INFO] [stderr] error: doctest failed, to rerun pass `--doc`
[INFO] running `Command { std: "docker" "inspect" "75e0b87522b2b739bf3cb812da73090161523b7210f35b5b39ca923a447ec738", kill_on_drop: false }`
[INFO] running `Command { std: "docker" "rm" "-f" "75e0b87522b2b739bf3cb812da73090161523b7210f35b5b39ca923a447ec738", kill_on_drop: false }`
[INFO] [stdout] 75e0b87522b2b739bf3cb812da73090161523b7210f35b5b39ca923a447ec738
