[INFO] fetching crate loginmanager 0.2.4...
[INFO] testing loginmanager-0.2.4 against nightly-2024-10-28+rustflags=-Zrandomize-layout for randomize-layout
[INFO] extracting crate loginmanager 0.2.4 into /workspace/builds/worker-4-tc2/source
[INFO] validating manifest of crates.io crate loginmanager 0.2.4 on toolchain nightly-2024-10-28
[INFO] running `Command { std: CARGO_HOME="/workspace/cargo-home" RUSTUP_HOME="/workspace/rustup-home" "/workspace/cargo-home/bin/cargo" "+nightly-2024-10-28" "metadata" "--manifest-path" "Cargo.toml" "--no-deps", kill_on_drop: false }`
[INFO] started tweaking crates.io crate loginmanager 0.2.4
[INFO] finished tweaking crates.io crate loginmanager 0.2.4
[INFO] tweaked toml for crates.io crate loginmanager 0.2.4 written to /workspace/builds/worker-4-tc2/source/Cargo.toml
[INFO] running `Command { std: CARGO_HOME="/workspace/cargo-home" RUSTUP_HOME="/workspace/rustup-home" "/workspace/cargo-home/bin/cargo" "+nightly-2024-10-28" "generate-lockfile" "--manifest-path" "Cargo.toml", kill_on_drop: false }`
[INFO] [stderr]     Updating crates.io index
[INFO] [stderr]      Locking 177 packages to latest compatible versions
[INFO] running `Command { std: CARGO_HOME="/workspace/cargo-home" RUSTUP_HOME="/workspace/rustup-home" "/workspace/cargo-home/bin/cargo" "+nightly-2024-10-28" "fetch" "--manifest-path" "Cargo.toml", kill_on_drop: false }`
[INFO] running `Command { std: "docker" "create" "-v" "/var/lib/crater-agent-workspace/builds/worker-4-tc2/target:/opt/rustwide/target:rw,Z" "-v" "/var/lib/crater-agent-workspace/builds/worker-4-tc2/source:/opt/rustwide/workdir:ro,Z" "-v" "/var/lib/crater-agent-workspace/cargo-home:/opt/rustwide/cargo-home:ro,Z" "-v" "/var/lib/crater-agent-workspace/rustup-home:/opt/rustwide/rustup-home:ro,Z" "-e" "SOURCE_DIR=/opt/rustwide/workdir" "-e" "CARGO_TARGET_DIR=/opt/rustwide/target" "-e" "CARGO_HOME=/opt/rustwide/cargo-home" "-e" "RUSTUP_HOME=/opt/rustwide/rustup-home" "-w" "/opt/rustwide/workdir" "-m" "1610612736" "--user" "0:0" "--network" "none" "ghcr.io/rust-lang/crates-build-env/linux@sha256:4a844ea9eb2546a2d2c7022eacef16ef2e8229c7fbb2c7d4d55a9ceca922f72d" "/opt/rustwide/cargo-home/bin/cargo" "+nightly-2024-10-28" "metadata" "--no-deps" "--format-version=1", kill_on_drop: false }`
[INFO] [stdout] 6637b83018bef3f16487261afb729af7bc258a4339e44a24ac7a14e180ab67ed
[INFO] running `Command { std: "docker" "start" "-a" "6637b83018bef3f16487261afb729af7bc258a4339e44a24ac7a14e180ab67ed", kill_on_drop: false }`
[INFO] running `Command { std: "docker" "inspect" "6637b83018bef3f16487261afb729af7bc258a4339e44a24ac7a14e180ab67ed", kill_on_drop: false }`
[INFO] running `Command { std: "docker" "rm" "-f" "6637b83018bef3f16487261afb729af7bc258a4339e44a24ac7a14e180ab67ed", kill_on_drop: false }`
[INFO] [stdout] 6637b83018bef3f16487261afb729af7bc258a4339e44a24ac7a14e180ab67ed
[INFO] running `Command { std: "docker" "create" "-v" "/var/lib/crater-agent-workspace/builds/worker-4-tc2/target:/opt/rustwide/target:rw,Z" "-v" "/var/lib/crater-agent-workspace/builds/worker-4-tc2/source:/opt/rustwide/workdir:ro,Z" "-v" "/var/lib/crater-agent-workspace/cargo-home:/opt/rustwide/cargo-home:ro,Z" "-v" "/var/lib/crater-agent-workspace/rustup-home:/opt/rustwide/rustup-home:ro,Z" "-e" "SOURCE_DIR=/opt/rustwide/workdir" "-e" "CARGO_TARGET_DIR=/opt/rustwide/target" "-e" "CARGO_INCREMENTAL=0" "-e" "RUST_BACKTRACE=full" "-e" "RUSTFLAGS=--cap-lints=forbid -Zrandomize-layout" "-e" "RUSTDOCFLAGS=--cap-lints=forbid" "-e" "CARGO_HOME=/opt/rustwide/cargo-home" "-e" "RUSTUP_HOME=/opt/rustwide/rustup-home" "-w" "/opt/rustwide/workdir" "-m" "1610612736" "--user" "0:0" "--network" "none" "ghcr.io/rust-lang/crates-build-env/linux@sha256:4a844ea9eb2546a2d2c7022eacef16ef2e8229c7fbb2c7d4d55a9ceca922f72d" "/opt/rustwide/cargo-home/bin/cargo" "+nightly-2024-10-28" "build" "--frozen" "--message-format=json", kill_on_drop: false }`
[INFO] [stdout] be0022e3c335a1a2502a18abe096ea2c23ff19e332368a828350f2a424001fdd
[INFO] running `Command { std: "docker" "start" "-a" "be0022e3c335a1a2502a18abe096ea2c23ff19e332368a828350f2a424001fdd", kill_on_drop: false }`
[INFO] [stderr]    Compiling generic-array v0.14.7
[INFO] [stderr]    Compiling pin-project-lite v0.2.15
[INFO] [stderr]    Compiling futures-sink v0.3.31
[INFO] [stderr]    Compiling syn v2.0.86
[INFO] [stderr]    Compiling getrandom v0.2.15
[INFO] [stderr]    Compiling futures-task v0.3.31
[INFO] [stderr]    Compiling pin-utils v0.1.0
[INFO] [stderr]    Compiling futures-io v0.3.31
[INFO] [stderr]    Compiling bytes v1.8.0
[INFO] [stderr]    Compiling serde v1.0.214
[INFO] [stderr]    Compiling futures-channel v0.3.31
[INFO] [stderr]    Compiling socket2 v0.5.7
[INFO] [stderr]    Compiling mio v1.0.2
[INFO] [stderr]    Compiling rand_core v0.6.4
[INFO] [stderr]    Compiling byteorder v1.5.0
[INFO] [stderr]    Compiling httparse v1.9.5
[INFO] [stderr]    Compiling tracing-core v0.1.32
[INFO] [stderr]    Compiling tower-service v0.3.3
[INFO] [stderr]    Compiling percent-encoding v2.3.1
[INFO] [stderr]    Compiling http v1.1.0
[INFO] [stderr]    Compiling num-conv v0.1.0
[INFO] [stderr]    Compiling powerfmt v0.2.0
[INFO] [stderr]    Compiling serde_json v1.0.132
[INFO] [stderr]    Compiling crypto-common v0.1.6
[INFO] [stderr]    Compiling inout v0.1.3
[INFO] [stderr]    Compiling block-buffer v0.10.4
[INFO] [stderr]    Compiling universal-hash v0.5.1
[INFO] [stderr]    Compiling digest v0.10.7
[INFO] [stderr]    Compiling cipher v0.4.4
[INFO] [stderr]    Compiling polyval v0.6.2
[INFO] [stderr]    Compiling tracing v0.1.40
[INFO] [stderr]    Compiling smallvec v1.13.2
[INFO] [stderr]    Compiling httpdate v1.0.3
[INFO] [stderr]    Compiling tower-layer v0.3.3
[INFO] [stderr]    Compiling http-body v1.0.1
[INFO] [stderr]    Compiling time-core v0.1.2
[INFO] [stderr]    Compiling hmac v0.12.1
[INFO] [stderr]    Compiling time-macros v0.2.18
[INFO] [stderr]    Compiling ghash v0.5.1
[INFO] [stderr]    Compiling ctr v0.9.2
[INFO] [stderr]    Compiling aes v0.8.4
[INFO] [stderr]    Compiling deranged v0.3.11
[INFO] [stderr]    Compiling aead v0.5.2
[INFO] [stderr]    Compiling form_urlencoded v1.2.1
[INFO] [stderr]    Compiling cookie v0.18.1
[INFO] [stderr]    Compiling mime v0.3.17
[INFO] [stderr]    Compiling sync_wrapper v0.1.2
[INFO] [stderr]    Compiling sync_wrapper v1.0.1
[INFO] [stderr]    Compiling hkdf v0.12.4
[INFO] [stderr]    Compiling sha2 v0.10.8
[INFO] [stderr]    Compiling aes-gcm v0.10.3
[INFO] [stderr]    Compiling base64 v0.22.1
[INFO] [stderr]    Compiling matchit v0.7.3
[INFO] [stderr]    Compiling hex v0.4.3
[INFO] [stderr]    Compiling urlencoding v2.1.3
[INFO] [stderr]    Compiling time v0.3.36
[INFO] [stderr]    Compiling futures-macro v0.3.31
[INFO] [stderr]    Compiling tokio-macros v2.4.0
[INFO] [stderr]    Compiling zerocopy-derive v0.7.35
[INFO] [stderr]    Compiling serde_derive v1.0.214
[INFO] [stderr]    Compiling async-trait v0.1.83
[INFO] [stderr]    Compiling tokio v1.41.0
[INFO] [stderr]    Compiling zerocopy v0.7.35
[INFO] [stderr]    Compiling futures-util v0.3.31
[INFO] [stderr]    Compiling ppv-lite86 v0.2.20
[INFO] [stderr]    Compiling rand_chacha v0.3.1
[INFO] [stderr]    Compiling rand v0.8.5
[INFO] [stderr]    Compiling http-body-util v0.1.2
[INFO] [stderr]    Compiling futures-executor v0.3.31
[INFO] [stderr]    Compiling hyper v1.5.0
[INFO] [stderr]    Compiling tower v0.5.1
[INFO] [stderr]    Compiling futures v0.3.31
[INFO] [stderr]    Compiling axum-core v0.4.5
[INFO] [stderr]    Compiling hyper-util v0.1.10
[INFO] [stderr]    Compiling serde_urlencoded v0.7.1
[INFO] [stderr]    Compiling serde_path_to_error v0.1.16
[INFO] [stderr]    Compiling axum v0.7.7
[INFO] [stderr]    Compiling loginmanager v0.2.4 (/opt/rustwide/workdir)
[INFO] [stderr]     Finished `dev` profile [unoptimized + debuginfo] target(s) in 28.67s
[INFO] running `Command { std: "docker" "inspect" "be0022e3c335a1a2502a18abe096ea2c23ff19e332368a828350f2a424001fdd", kill_on_drop: false }`
[INFO] running `Command { std: "docker" "rm" "-f" "be0022e3c335a1a2502a18abe096ea2c23ff19e332368a828350f2a424001fdd", kill_on_drop: false }`
[INFO] [stdout] be0022e3c335a1a2502a18abe096ea2c23ff19e332368a828350f2a424001fdd
[INFO] running `Command { std: "docker" "create" "-v" "/var/lib/crater-agent-workspace/builds/worker-4-tc2/target:/opt/rustwide/target:rw,Z" "-v" "/var/lib/crater-agent-workspace/builds/worker-4-tc2/source:/opt/rustwide/workdir:ro,Z" "-v" "/var/lib/crater-agent-workspace/cargo-home:/opt/rustwide/cargo-home:ro,Z" "-v" "/var/lib/crater-agent-workspace/rustup-home:/opt/rustwide/rustup-home:ro,Z" "-e" "SOURCE_DIR=/opt/rustwide/workdir" "-e" "CARGO_TARGET_DIR=/opt/rustwide/target" "-e" "CARGO_INCREMENTAL=0" "-e" "RUST_BACKTRACE=full" "-e" "RUSTFLAGS=--cap-lints=forbid -Zrandomize-layout" "-e" "RUSTDOCFLAGS=--cap-lints=forbid" "-e" "CARGO_HOME=/opt/rustwide/cargo-home" "-e" "RUSTUP_HOME=/opt/rustwide/rustup-home" "-w" "/opt/rustwide/workdir" "-m" "1610612736" "--user" "0:0" "--network" "none" "ghcr.io/rust-lang/crates-build-env/linux@sha256:4a844ea9eb2546a2d2c7022eacef16ef2e8229c7fbb2c7d4d55a9ceca922f72d" "/opt/rustwide/cargo-home/bin/cargo" "+nightly-2024-10-28" "test" "--frozen" "--no-run" "--message-format=json", kill_on_drop: false }`
[INFO] [stdout] 6d25b95e099b54d515f421e157df262aeb64895e771164d9a47826fbfc75e532
[INFO] running `Command { std: "docker" "start" "-a" "6d25b95e099b54d515f421e157df262aeb64895e771164d9a47826fbfc75e532", kill_on_drop: false }`
[INFO] [stderr]    Compiling loginmanager v0.2.4 (/opt/rustwide/workdir)
[INFO] [stderr]     Finished `test` profile [unoptimized + debuginfo] target(s) in 0.74s
[INFO] running `Command { std: "docker" "inspect" "6d25b95e099b54d515f421e157df262aeb64895e771164d9a47826fbfc75e532", kill_on_drop: false }`
[INFO] running `Command { std: "docker" "rm" "-f" "6d25b95e099b54d515f421e157df262aeb64895e771164d9a47826fbfc75e532", kill_on_drop: false }`
[INFO] [stdout] 6d25b95e099b54d515f421e157df262aeb64895e771164d9a47826fbfc75e532
[INFO] running `Command { std: "docker" "create" "-v" "/var/lib/crater-agent-workspace/builds/worker-4-tc2/target:/opt/rustwide/target:rw,Z" "-v" "/var/lib/crater-agent-workspace/builds/worker-4-tc2/source:/opt/rustwide/workdir:ro,Z" "-v" "/var/lib/crater-agent-workspace/cargo-home:/opt/rustwide/cargo-home:ro,Z" "-v" "/var/lib/crater-agent-workspace/rustup-home:/opt/rustwide/rustup-home:ro,Z" "-e" "SOURCE_DIR=/opt/rustwide/workdir" "-e" "CARGO_TARGET_DIR=/opt/rustwide/target" "-e" "CARGO_INCREMENTAL=0" "-e" "RUST_BACKTRACE=full" "-e" "RUSTFLAGS=--cap-lints=forbid -Zrandomize-layout" "-e" "RUSTDOCFLAGS=--cap-lints=forbid" "-e" "CARGO_HOME=/opt/rustwide/cargo-home" "-e" "RUSTUP_HOME=/opt/rustwide/rustup-home" "-w" "/opt/rustwide/workdir" "-m" "1610612736" "--user" "0:0" "--network" "none" "ghcr.io/rust-lang/crates-build-env/linux@sha256:4a844ea9eb2546a2d2c7022eacef16ef2e8229c7fbb2c7d4d55a9ceca922f72d" "/opt/rustwide/cargo-home/bin/cargo" "+nightly-2024-10-28" "test" "--frozen", kill_on_drop: false }`
[INFO] [stdout] c65467abd6701529554fd905fc2171babc5da20d77c735d29b1ec17382fe6615
[INFO] running `Command { std: "docker" "start" "-a" "c65467abd6701529554fd905fc2171babc5da20d77c735d29b1ec17382fe6615", kill_on_drop: false }`
[INFO] [stderr]     Finished `test` profile [unoptimized + debuginfo] target(s) in 0.11s
[INFO] [stderr]      Running unittests src/lib.rs (/opt/rustwide/target/debug/deps/loginmanager-e37686c384727645)
[INFO] [stdout] 
[INFO] [stdout] running 0 tests
[INFO] [stderr]    Doc-tests loginmanager
[INFO] [stdout] 
[INFO] [stdout] test result: ok. 0 passed; 0 failed; 0 ignored; 0 measured; 0 filtered out; finished in 0.00s
[INFO] [stdout] 
[INFO] [stdout] 
[INFO] [stdout] running 1 test
[INFO] [stdout] test src/extractors.rs - extractors::UserMinix (line 8) - compile ... FAILED
[INFO] [stdout] 
[INFO] [stdout] failures:
[INFO] [stdout] 
[INFO] [stdout] ---- src/extractors.rs - extractors::UserMinix (line 8) stdout ----
[INFO] [stdout] error[E0432]: unresolved import `actix_web`
[INFO] [stdout]   --> src/extractors.rs:24:5
[INFO] [stdout]    |
[INFO] [stdout] 19 | use actix_web::HttpRequest;
[INFO] [stdout]    |     ^^^^^^^^^ use of undeclared crate or module `actix_web`
[INFO] [stdout] 
[INFO] [stdout] error: cannot find attribute `async_trait` in this scope
[INFO] [stdout]   --> src/extractors.rs:25:3
[INFO] [stdout]    |
[INFO] [stdout] 20 | #[async_trait(?Send)]
[INFO] [stdout]    |   ^^^^^^^^^^^
[INFO] [stdout]    |
[INFO] [stdout]    = note: `async_trait` is in scope, but it is a crate, not an attribute
[INFO] [stdout] help: consider importing one of these attribute macros
[INFO] [stdout]    |
[INFO] [stdout] 2  + use async_trait::async_trait;
[INFO] [stdout]    |
[INFO] [stdout] 2  + use axum::async_trait;
[INFO] [stdout]    |
[INFO] [stdout] 
[INFO] [stdout] error: cannot find attribute `async_trait` in this scope
[INFO] [stdout]  --> src/extractors.rs:10:3
[INFO] [stdout]   |
[INFO] [stdout] 5 | #[async_trait]
[INFO] [stdout]   |   ^^^^^^^^^^^
[INFO] [stdout]   |
[INFO] [stdout]   = note: `async_trait` is in scope, but it is a crate, not an attribute
[INFO] [stdout] help: consider importing one of these attribute macros
[INFO] [stdout]   |
[INFO] [stdout] 2 + use async_trait::async_trait;
[INFO] [stdout]   |
[INFO] [stdout] 2 + use axum::async_trait;
[INFO] [stdout]   |
[INFO] [stdout] 
[INFO] [stdout] error[E0412]: cannot find type `User` in this scope
[INFO] [stdout]  --> src/extractors.rs:11:62
[INFO] [stdout]   |
[INFO] [stdout] 6 | impl loginmanager::UserMinix<axum::http::request::Parts> for User {
[INFO] [stdout]   |                                                              ^^^^ not found in this scope
[INFO] [stdout] 
[INFO] [stdout] error[E0412]: cannot find type `User` in this scope
[INFO] [stdout]   --> src/extractors.rs:26:47
[INFO] [stdout]    |
[INFO] [stdout] 21 | impl loginmanager::UserMinix<HttpRequest> for User {
[INFO] [stdout]    |                                               ^^^^ not found in this scope
[INFO] [stdout] 
[INFO] [stdout] error: aborting due to 5 previous errors
[INFO] [stdout] 
[INFO] [stdout] Some errors have detailed explanations: E0412, E0432.
[INFO] [stdout] For more information about an error, try `rustc --explain E0412`.
[INFO] [stdout] Couldn't compile the test.
[INFO] [stdout] 
[INFO] [stdout] failures:
[INFO] [stdout]     src/extractors.rs - extractors::UserMinix (line 8)
[INFO] [stdout] 
[INFO] [stdout] test result: FAILED. 0 passed; 1 failed; 0 ignored; 0 measured; 0 filtered out; finished in 0.10s
[INFO] [stdout] 
[INFO] [stderr] error: doctest failed, to rerun pass `--doc`
[INFO] running `Command { std: "docker" "inspect" "c65467abd6701529554fd905fc2171babc5da20d77c735d29b1ec17382fe6615", kill_on_drop: false }`
[INFO] running `Command { std: "docker" "rm" "-f" "c65467abd6701529554fd905fc2171babc5da20d77c735d29b1ec17382fe6615", kill_on_drop: false }`
[INFO] [stdout] c65467abd6701529554fd905fc2171babc5da20d77c735d29b1ec17382fe6615
